Results for 4.3.0 20070528 (experimental) testsuite on i686-pc-cygwin
Rob1weld@aol.com
Rob1weld@aol.com
Thu May 31 23:28:00 GMT 2007
LAST_UPDATED: Mon May 28 16:39:01 UTC 2007 (revision 125132)
=== acats tests ===
FAIL: c23003b
FAIL: c23003g
FAIL: c23003i
FAIL: c32001b
FAIL: cd1009a
FAIL: cd1009i
FAIL: cd1c03a
FAIL: cd2a21a
FAIL: cd2a21c
FAIL: cd2a21e
FAIL: cd2a22j
FAIL: cd2a23a
FAIL: cd2a23e
FAIL: cd2a24a
FAIL: cd2a31a
FAIL: cd2a31c
FAIL: cd2a32a
FAIL: cxg2002
FAIL: cxg2003
FAIL: cxg2004
FAIL: cxg2006
FAIL: cxg2007
FAIL: cxg2010
FAIL: cxg2011
FAIL: cxg2012
FAIL: cxg2013
FAIL: cxg2015
FAIL: cxg2016
FAIL: cxg2017
FAIL: cxg2018
FAIL: cxg2019
FAIL: cxg2020
FAIL: cxg2021
=== acats Summary ===
# of expected passes 1926
# of unexpected failures 33
# of unsupported tests 356
Native configuration is i686-pc-cygwin
=== g++ tests ===
Running target unix
FAIL: tmpdir-g++.dg-struct-layout-1/t026 cp_compat_x_tst.o-cp_compat_y_tst.o
execute
FAIL: g++.dg/abi/local1.C execution test
FAIL: g++.dg/abi/rtti1.C scan-assembler-dem-not _\\ntypeinfo_
(file://\\ntypeinfo) for A[: _\\t\\n_ (file://\\t\\n) ]
FAIL: g++.dg/abi/rtti3.C scan-assembler .weak[ _\\t]_?_ZTSPP1A_
(file://\\t]_?_ZTSPP1A)
FAIL: g++.dg/abi/thunk4.C scan-assembler .weak[
_\\t]_?_ZThn._N7Derived3FooEv_ (file://\\t]_?_ZThn._N7Derived3FooEv)
FAIL: g++.dg/eh/weak1.C execution test
FAIL: g++.dg/ext/attribute-test-3.C execution test
FAIL: g++.dg/ext/attribute-test-4.C execution test
FAIL: g++.dg/ext/dllimport7.C C++ specific error (test for errors, line 24)
FAIL: g++.dg/opt/complex3.C (internal compiler error)
FAIL: g++.dg/opt/complex3.C (test for excess errors)
FAIL: g++.dg/opt/vt1.C scan-assembler-not
section[^\\n\\r]*_ZTV1S[^\\n\\r]*"[^w"_\\n\\r_ (file://\\n\\r) ]*"
FAIL: g++.dg/other/unused1.C scan-assembler
(string|ascii?)z?\\t"class2("|\\\\\\\\000)
FAIL: g++.dg/other/unused1.C scan-assembler
(string|ascii?)z?\\t"printer("|\\\\\\\\000)
XPASS: g++.dg/tree-ssa/ivopts-1.C scan-tree-dump-not offset: -4B
XPASS: g++.dg/tree-ssa/ivopts-1.C scan-tree-dump-not &x\\[5\\]
FAIL: g++.dg/pch/externc-1.C -g assembly comparison
FAIL: g++.dg/pch/externc-1.C -O2 -g assembly comparison
FAIL: g++.dg/pch/static-1.C -g assembly comparison
FAIL: g++.dg/pch/static-1.C -O2 -g assembly comparison
FAIL: g++.dg/pch/system-1.C -g assembly comparison
FAIL: g++.dg/pch/system-1.C -O2 -g assembly comparison
FAIL: g++.dg/pch/system-2.C -g assembly comparison
FAIL: g++.dg/pch/system-2.C -O2 -g assembly comparison
FAIL: g++.dg/pch/uninst.C -g assembly comparison
FAIL: g++.dg/pch/uninst.C -O2 -g assembly comparison
FAIL: g++.dg/pch/wchar-1.C -g assembly comparison
FAIL: g++.dg/pch/wchar-1.C -O2 -g assembly comparison
FAIL: g++.old-deja/g++.eh/badalloc1.C execution test
XPASS: g++.old-deja/g++.ext/attrib5.C execution test
FAIL: g++.old-deja/g++.other/init18.C execution test
FAIL: g++.old-deja/g++.other/init19.C execution test
FAIL: g++.old-deja/g++.other/init5.C execution test
=== g++ Summary ===
# of expected passes 15251
# of unexpected failures 30
# of unexpected successes 3
# of expected failures 86
# of unsupported tests 178
/cygdrive/c/gcc-4_3-trunk-build/gcc/testsuite/g++/../../g++ version 4.3.0
20070528 (experimental)
=== gcc tests ===
Running target unix
FAIL: gcc.c-torture/compile/20001226-1.c (test for excess errors)
FAIL: gcc.c-torture/compile/limits-declparen.c (test for excess errors)
FAIL: gcc.c-torture/compile/limits-exprparen.c (test for excess errors)
FAIL: gcc.c-torture/compile/limits-pointer.c (test for excess errors)
FAIL: gcc.c-torture/execute/20050316-2.c execution, -O0
FAIL: gcc.c-torture/execute/20050316-2.c execution, -O1
FAIL: gcc.c-torture/execute/20050316-2.c execution, -O2
FAIL: gcc.c-torture/execute/20050604-1.c execution, -O3
-fomit-frame-pointer -funroll-loops
FAIL: gcc.c-torture/execute/20050604-1.c execution, -O3
-fomit-frame-pointer -funroll-all-loops -finline-functions
FAIL: gcc.c-torture/execute/990127-2.c execution, -Os
FAIL: gcc.dg/compat/vector-2 c_compat_x_tst.o-c_compat_y_tst.o execute
FAIL: gcc.dg/20021014-1.c (test for excess errors)
WARNING: gcc.dg/20021014-1.c compilation failed to produce executable
FAIL: gcc.dg/builtin-apply4.c execution test
FAIL: gcc.dg/builtins-20.c (test for excess errors)
FAIL: gcc.dg/builtins-59.c scan-tree-dump __builtin_cexpi
FAIL: gcc.dg/builtins-59.c scan-tree-dump-not sincos
FAIL: gcc.dg/builtins-61.c scan-tree-dump cexpi
FAIL: gcc.dg/builtins-61.c scan-tree-dump sin
FAIL: gcc.dg/builtins-61.c scan-tree-dump cos
FAIL: gcc.dg/builtins-61.c scan-tree-dump return 0.0
FAIL: gcc.dg/builtins-62.c scan-tree-dump-times cexpi 3
FAIL: gcc.dg/float-range-3.c (test for excess errors)
FAIL: gcc.dg/float-range-4.c (test for excess errors)
FAIL: gcc.dg/float-range-5.c (test for excess errors)
FAIL: gcc.dg/pr25993.c (test for excess errors)
FAIL: gcc.dg/setjmp-3.c (test for excess errors)
WARNING: gcc.dg/setjmp-3.c compilation failed to produce executable
FAIL: gcc.dg/setjmp-4.c (test for excess errors)
WARNING: gcc.dg/setjmp-4.c compilation failed to produce executable
FAIL: gcc.dg/matrix/matrix-1.c scan-ipa-dump-times Flattened 3 dimensions 1
FAIL: gcc.dg/matrix/matrix-2.c scan-ipa-dump-times Flattened 2 dimensions 1
FAIL: gcc.dg/matrix/matrix-3.c scan-ipa-dump-times Flattened 2 dimensions 1
FAIL: gcc.dg/matrix/matrix-6.c scan-ipa-dump-times Flattened 2 dimensions 1
FAIL: largefile.c (test for excess errors)
FAIL: largefile.c (test for excess errors)
FAIL: largefile.c (test for excess errors)
FAIL: largefile.c (test for excess errors)
FAIL: largefile.c (test for excess errors)
FAIL: largefile.c (test for excess errors)
FAIL: largefile.c (test for excess errors)
FAIL: gcc.dg/tree-ssa/gen-vect-11.c scan-tree-dump-times vectorized 1 loops 1
FAIL: gcc.dg/tree-ssa/gen-vect-11a.c scan-tree-dump-times vectorized 1 loops
1
FAIL: gcc.dg/tree-ssa/loop-1.c scan-assembler-times foo 5
FAIL: gcc.dg/tree-ssa/pr27781.c scan-tree-dump func _\\(\\_ (file://\\(\\) );
XPASS: gcc.dg/tree-ssa/update-threading.c scan-tree-dump-times Invalid sum 0
FAIL: gcc.dg/vect/pr31041.c (test for excess errors)
XPASS: gcc.dg/vect/vect-iv-4.c scan-tree-dump-times vectorized 1 loops 1
FAIL: compiler driver --coverage option(s) (compiler options)
FAIL: gcc.target/i386/pic-1.c (test for errors, line 11)
FAIL: gcc.target/i386/pr21291.c (test for excess errors)
=== gcc Summary ===
# of expected passes 46552
# of unexpected failures 46
# of unexpected successes 2
# of expected failures 134
# of untested testcases 42
# of unsupported tests 427
/cygdrive/c/gcc-4_3-trunk-build/gcc/xgcc version 4.3.0 20070528
(experimental)
=== gfortran tests ===
Running target unix
=== gfortran Summary ===
# of expected passes 17993
# of expected failures 8
# of unsupported tests 86
/cygdrive/c/gcc-4_3-trunk-build/gcc/testsuite/gfortran/../../gfortran
version 4.3.0 20070528 (experimental)
=== gnat tests ===
Running target unix
FAIL: gnat.dg/address_conversion.adb execution test
FAIL: gnat.dg/curr_task.adb execution test
FAIL: gnat.dg/entry_queues.adb execution test
FAIL: gnat.dg/interface2.adb execution test
FAIL: gnat.dg/iprot_test.adb execution test
FAIL: gnat.dg/test_delay.adb execution test
FAIL: gnat.dg/test_image.adb execution test
FAIL: gnat.dg/test_prio.adb execution test
FAIL: gnat.dg/test_self_ref.adb execution test
FAIL: gnat.dg/timing_events.adb execution test
=== gnat Summary ===
# of expected passes 159
# of unexpected failures 10
=== obj-c++ tests ===
Running target unix
FAIL: obj-c++.dg/bitfield-1.mm (internal compiler error)
FAIL: obj-c++.dg/bitfield-1.mm (test for excess errors)
WARNING: obj-c++.dg/bitfield-1.mm compilation failed to produce executable
FAIL: obj-c++.dg/comp-types-10.mm (internal compiler error)
FAIL: obj-c++.dg/comp-types-10.mm (test for excess errors)
FAIL: obj-c++.dg/cxx-class-1.mm (test for excess errors)
FAIL: obj-c++.dg/cxx-ivars-2.mm execution test
FAIL: obj-c++.dg/encode-2.mm scan-assembler {Vec<float>=ffi}
FAIL: obj-c++.dg/encode-2.mm scan-assembler {Vec<double>=ddi}
FAIL: obj-c++.dg/encode-3.mm execution test
FAIL: obj-c++.dg/encode-8.mm execution test
FAIL: obj-c++.dg/gnu-runtime-2.mm (test for excess errors)
FAIL: obj-c++.dg/isa-field-1.mm (test for excess errors)
FAIL: obj-c++.dg/lookup-2.mm (test for excess errors)
WARNING: obj-c++.dg/lookup-2.mm compilation failed to produce executable
FAIL: obj-c++.dg/try-catch-2.mm (test for excess errors)
WARNING: obj-c++.dg/try-catch-2.mm compilation failed to produce executable
FAIL: obj-c++.dg/try-catch-9.mm (internal compiler error)
FAIL: obj-c++.dg/try-catch-9.mm (test for excess errors)
WARNING: obj-c++.dg/try-catch-9.mm compilation failed to produce executable
=== obj-c++ Summary ===
# of expected passes 421
# of unexpected failures 16
# of unsupported tests 13
/cygdrive/c/gcc-4_3-trunk-build/gcc/testsuite/obj-c++/../../g++ version
4.3.0 20070528 (experimental)
=== objc tests ===
Running target unix
=== objc Summary ===
# of expected passes 1892
# of expected failures 7
# of unsupported tests 24
/cygdrive/c/gcc-4_3-trunk-build/gcc/xgcc version 4.3.0 20070528
(experimental)
=== libstdc++ tests ===
Running target unix
FAIL: 22_locale/locale/cons/unicode.cc (test for excess errors)
WARNING: 22_locale/locale/cons/unicode.cc compilation failed to produce
executable
FAIL: 22_locale/locale/cons/unicode.cc (test for excess errors)
WARNING: 22_locale/locale/cons/unicode.cc compilation failed to produce
executable
XPASS: 26_numerics/headers/cmath/c99_classification_macros_c.cc (test for
excess errors)
XPASS: 26_numerics/headers/cmath/c99_classification_macros_c.cc (test for
excess errors)
FAIL: 27_io/basic_filebuf/seekoff/char/1-io.cc execution test
FAIL: 27_io/basic_filebuf/seekoff/char/1-io.cc execution test
FAIL: 27_io/basic_filebuf/seekoff/char/2-io.cc execution test
FAIL: 27_io/basic_filebuf/seekoff/char/2-io.cc execution test
FAIL: 27_io/basic_filebuf/seekpos/char/1-io.cc execution test
FAIL: 27_io/basic_filebuf/seekpos/char/1-io.cc execution test
FAIL: 27_io/basic_filebuf/seekpos/char/2-io.cc execution test
FAIL: 27_io/basic_filebuf/seekpos/char/2-io.cc execution test
FAIL: 27_io/basic_filebuf/sgetn/char/1-in.cc execution test
FAIL: 27_io/basic_filebuf/sgetn/char/1-in.cc execution test
FAIL: 27_io/basic_filebuf/sgetn/char/1-in.cc execution test
FAIL: 27_io/basic_filebuf/sgetn/char/1-io.cc execution test
FAIL: 27_io/basic_filebuf/sgetn/char/1-io.cc execution test
FAIL: 27_io/basic_filebuf/sgetn/char/1-io.cc execution test
FAIL: 27_io/basic_filebuf/sgetn/char/2-in.cc execution test
FAIL: 27_io/basic_filebuf/sgetn/char/2-in.cc execution test
FAIL: 27_io/basic_filebuf/sgetn/char/2-in.cc execution test
FAIL: 27_io/basic_filebuf/sgetn/char/2-io.cc execution test
FAIL: 27_io/basic_filebuf/sgetn/char/2-io.cc execution test
FAIL: 27_io/basic_filebuf/sgetn/char/2-io.cc execution test
FAIL: 27_io/basic_istream/readsome/char/6746-2.cc execution test
FAIL: 27_io/basic_istream/readsome/char/6746-2.cc execution test
FAIL: 27_io/basic_istream/readsome/char/6746-2.cc execution test
FAIL: ext/codecvt/1.cc (test for excess errors)
WARNING: ext/codecvt/1.cc compilation failed to produce executable
FAIL: ext/codecvt/char-1.cc (test for excess errors)
WARNING: ext/codecvt/char-1.cc compilation failed to produce executable
FAIL: ext/codecvt/char-2.cc (test for excess errors)
WARNING: ext/codecvt/char-2.cc compilation failed to produce executable
FAIL: ext/enc_filebuf/char/13189.cc (test for excess errors)
WARNING: ext/enc_filebuf/char/13189.cc compilation failed to produce
executable
FAIL: ext/enc_filebuf/char/13189.cc (test for excess errors)
WARNING: ext/enc_filebuf/char/13189.cc compilation failed to produce
executable
FAIL: ext/enc_filebuf/char/13598.cc (test for excess errors)
WARNING: ext/enc_filebuf/char/13598.cc compilation failed to produce
executable
FAIL: ext/enc_filebuf/char/13598.cc (test for excess errors)
WARNING: ext/enc_filebuf/char/13598.cc compilation failed to produce
executable
FAIL: ext/pb_ds/example/priority_queue_dijkstra.cc execution test
FAIL: ext/pb_ds/example/priority_queue_dijkstra.cc execution test
=== libstdc++ Summary ===
# of expected passes 8161
# of unexpected failures 34
# of unexpected successes 2
# of expected failures 104
# of unsupported tests 532
Compiler version: 4.3.0 20070528 (experimental)
Platform: i686-pc-cygwin
configure flags: --prefix=/usr --exec-prefix=/usr --sysconfdir=/etc
--libdir=/usr/lib --libexecdir=/usr/lib --mandir=/usr/share/man
--infodir=/usr/share/info --with-gxx-include-dir=/usr/include/c++/4.3 --verbose
--enable-languages=c,ada,c++,fortran,java,objc,obj-c++ --with-tune=athlon-xp
--with-cpu=athlon-xp --with-arch=athlon-xp
--enable-stage1-checking=assert,gc,misc,rtl,rtlflag,runtime,tree
More information about the Gcc-testresults
mailing list