Results for 4.3.0 20070531 (experimental) testsuite on i386-pc-linux-gnu
fxcoudert@localhost.localdomain
fxcoudert@localhost.localdomain
Thu May 31 04:44:00 GMT 2007
LAST_UPDATED: Thu May 31 02:00:26 UTC 2007 (revision 125211S)
Native configuration is i386-pc-linux-gnu
=== gcc tests ===
Running target unix
FAIL: gcc.c-torture/execute/mayalias-2.c compilation, -O3 -g (internal compiler error)
UNRESOLVED: gcc.c-torture/execute/mayalias-2.c execution, -O3 -g
FAIL: gcc.c-torture/execute/mayalias-3.c compilation, -O3 -g (internal compiler error)
UNRESOLVED: gcc.c-torture/execute/mayalias-3.c execution, -O3 -g
XPASS: gcc.dg/tree-ssa/20040204-1.c scan-tree-dump-times link_error 0
XPASS: gcc.dg/tree-ssa/update-threading.c scan-tree-dump-times Invalid sum 0
XPASS: gcc.dg/vect/vect-iv-4.c scan-tree-dump-times vectorized 1 loops 1
FAIL: gcc.target/i386/pr21291.c (test for excess errors)
=== gcc Summary ===
# of expected passes 45645
# of unexpected failures 3
# of unexpected successes 3
# of expected failures 134
# of unresolved testcases 2
# of untested testcases 35
# of unsupported tests 388
/home/fxcoudert/gfortran_nightbuild/ibin-20070531/gcc/xgcc version 4.3.0 20070531 (experimental)
=== gfortran tests ===
Running target unix
FAIL: gfortran.dg/allocate_stat_1.f90 -O0 execution test
FAIL: gfortran.dg/allocate_stat_1.f90 -O1 execution test
FAIL: gfortran.dg/allocate_stat_1.f90 -O2 execution test
FAIL: gfortran.dg/allocate_stat_1.f90 -O3 -fomit-frame-pointer execution test
FAIL: gfortran.dg/allocate_stat_1.f90 -O3 -fomit-frame-pointer -funroll-loops execution test
FAIL: gfortran.dg/allocate_stat_1.f90 -O3 -fomit-frame-pointer -funroll-all-loops -finline-functions execution test
FAIL: gfortran.dg/allocate_stat_1.f90 -O3 -g execution test
FAIL: gfortran.dg/allocate_stat_1.f90 -Os execution test
FAIL: gfortran.dg/csqrt_2.f -O0 execution test
FAIL: gfortran.dg/csqrt_2.f -O1 execution test
FAIL: gfortran.dg/csqrt_2.f -O2 execution test
FAIL: gfortran.dg/csqrt_2.f -O3 -fomit-frame-pointer execution test
FAIL: gfortran.dg/csqrt_2.f -O3 -fomit-frame-pointer -funroll-loops execution test
FAIL: gfortran.dg/csqrt_2.f -O3 -fomit-frame-pointer -funroll-all-loops -finline-functions execution test
FAIL: gfortran.dg/csqrt_2.f -O3 -g execution test
FAIL: gfortran.dg/csqrt_2.f -Os execution test
=== gfortran Summary ===
# of expected passes 18202
# of unexpected failures 16
# of expected failures 8
# of unsupported tests 24
/home/fxcoudert/gfortran_nightbuild/ibin-20070531/gcc/testsuite/gfortran/../../gfortran version 4.3.0 20070531 (experimental)
Compiler version: 4.3.0 20070531 (experimental)
Platform: i386-pc-linux-gnu
configure flags: --prefix=/home/fxcoudert/gfortran_nightbuild/irun-20070531 --enable-languages=c,fortran --build=i386-pc-linux-gnu --enable-checking=release --with-gmp=/home/fxcoudert/gfortran_nightbuild/software
More information about the Gcc-testresults
mailing list