Results for 4.2.1 20070525 (prerelease) (Debian 4.2-20070525-1) testsuite on alpha-unknown-linux-gnu
Matthias Klose
doko@debian.org
Tue May 29 23:54:00 GMT 2007
LAST_UPDATED: Sun May 20 13:30:10 UTC 2007 (revision 124872MS)
Native configuration is alpha-unknown-linux-gnu
=== libffi tests ===
Running target unix
=== libffi Summary ===
# of expected passes 1096
# of unsupported tests 8
=== libgomp tests ===
Running target unix
=== libgomp Summary ===
# of expected passes 1566
=== libstdc++ tests ===
Running target unix
FAIL: abi_check
XPASS: 26_numerics/cmath/c99_classification_macros_c.cc (test for excess errors)
XPASS: 27_io/fpos/14320-1.cc execution test
FAIL: ext/pb_ds/regression/hash_data_map_rand.cc execution test
=== libstdc++ Summary ===
# of expected passes 3840
# of unexpected failures 2
# of unexpected successes 2
# of expected failures 14
# of unsupported tests 316
=== g++ tests ===
Running target unix
FAIL: tmpdir-g++.dg-struct-layout-1/t026 cp_compat_x_tst.o-cp_compat_y_tst.o execute
FAIL: g++.dg/opt/pr23714.C (internal compiler error)
FAIL: g++.dg/opt/pr23714.C (test for excess errors)
FAIL: g++.dg/other/unused1.C scan-assembler (string|ascii?)z?\\t"class2("|\\\\\\\\000)
FAIL: g++.dg/other/unused1.C scan-assembler (string|ascii?)z?\\t"printer("|\\\\\\\\000)
=== g++ Summary ===
# of expected passes 13326
# of unexpected failures 5
# of expected failures 66
# of unsupported tests 118
/build/buildd/gcc-4.2-4.2-20070525/build/gcc/testsuite/g++/../../g++ version 4.2.1 20070525 (prerelease) (Debian 4.2-20070525-1)
=== gcc tests ===
Running target unix
FAIL: gcc.c-torture/compile/20061005-1.c -O0 (internal compiler error)
FAIL: gcc.c-torture/compile/20061005-1.c -O0 (test for excess errors)
FAIL: gcc.c-torture/compile/20061005-1.c -O1 (internal compiler error)
FAIL: gcc.c-torture/compile/20061005-1.c -O1 (test for excess errors)
FAIL: gcc.c-torture/compile/20061005-1.c -O2 (internal compiler error)
FAIL: gcc.c-torture/compile/20061005-1.c -O2 (test for excess errors)
FAIL: gcc.c-torture/compile/20061005-1.c -O3 -fomit-frame-pointer (internal compiler error)
FAIL: gcc.c-torture/compile/20061005-1.c -O3 -fomit-frame-pointer (test for excess errors)
FAIL: gcc.c-torture/compile/20061005-1.c -O3 -g (internal compiler error)
FAIL: gcc.c-torture/compile/20061005-1.c -O3 -g (test for excess errors)
FAIL: gcc.c-torture/compile/20061005-1.c -Os (internal compiler error)
FAIL: gcc.c-torture/compile/20061005-1.c -Os (test for excess errors)
FAIL: gcc.c-torture/execute/20050121-1.c compilation, -O0 (internal compiler error)
UNRESOLVED: gcc.c-torture/execute/20050121-1.c execution, -O0
UNRESOLVED: gcc.c-torture/execute/mayalias-2.c execution, -O3 -g
FAIL: gcc.dg/compat/scalar-return-4 c_compat_y_tst.o compile, (internal compiler error)
UNRESOLVED: gcc.dg/compat/scalar-return-4 c_compat_x_tst.o-c_compat_y_tst.o link
UNRESOLVED: gcc.dg/compat/scalar-return-4 c_compat_x_tst.o-c_compat_y_tst.o execute
FAIL: tmpdir-gcc.dg-struct-layout-1/t003 c_compat_x_tst.o-c_compat_y_tst.o execute
FAIL: gcc.dg/cleanup-10.c execution test
FAIL: gcc.dg/cleanup-11.c execution test
FAIL: gcc.dg/cleanup-8.c execution test
FAIL: gcc.dg/cleanup-9.c execution test
FAIL: gcc.dg/pr27095.c scan-assembler-not (?n)strlen(.*\\n)+.*strlen
FAIL: gcc.dg/torture/fp-int-convert-timode.c -O0 execution test
FAIL: gcc.dg/torture/fp-int-convert-timode.c -O1 execution test
FAIL: gcc.dg/torture/fp-int-convert-timode.c -O2 execution test
FAIL: gcc.dg/torture/fp-int-convert-timode.c -O3 -fomit-frame-pointer execution test
FAIL: gcc.dg/torture/fp-int-convert-timode.c -O3 -g execution test
FAIL: gcc.dg/torture/fp-int-convert-timode.c -Os execution test
FAIL: gcc.dg/vect/pr21591.c scan-tree-dump-times vectorized 1 loops 1
XPASS: gcc.dg/vect/vect-reduc-1char.c scan-tree-dump-times vectorized 3 loops 1
XPASS: gcc.dg/vect/vect-reduc-1short.c scan-tree-dump-times vectorized 3 loops 1
XPASS: gcc.dg/vect/wrapv-vect-reduc-2char.c scan-tree-dump-times vectorized 3 loops 1
XPASS: gcc.dg/vect/wrapv-vect-reduc-2short.c scan-tree-dump-times vectorized 3 loops 1
=== gcc Summary ===
# of expected passes 41101
# of unexpected failures 27
# of unexpected successes 4
# of expected failures 112
# of unresolved testcases 4
# of untested testcases 28
# of unsupported tests 436
/build/buildd/gcc-4.2-4.2-20070525/build/gcc/xgcc version 4.2.1 20070525 (prerelease) (Debian 4.2-20070525-1)
=== gfortran tests ===
Running target unix
FAIL: gfortran.dg/c_by_val_1.f -O0 execution test
FAIL: gfortran.dg/c_by_val_1.f -O1 execution test
FAIL: gfortran.dg/c_by_val_1.f -O2 execution test
FAIL: gfortran.dg/c_by_val_1.f -O3 -fomit-frame-pointer execution test
FAIL: gfortran.dg/c_by_val_1.f -O3 -fomit-frame-pointer -funroll-loops execution test
FAIL: gfortran.dg/c_by_val_1.f -O3 -fomit-frame-pointer -funroll-all-loops -finline-functions execution test
FAIL: gfortran.dg/c_by_val_1.f -O3 -g execution test
FAIL: gfortran.dg/c_by_val_1.f -Os execution test
FAIL: gfortran.dg/char_cshift_2.f90 -O3 -fomit-frame-pointer -funroll-loops execution test
FAIL: gfortran.dg/char_cshift_2.f90 -O3 -fomit-frame-pointer -funroll-all-loops -finline-functions execution test
XPASS: gfortran.dg/csqrt_2.f -O0 execution test
XPASS: gfortran.dg/csqrt_2.f -O1 execution test
XPASS: gfortran.dg/csqrt_2.f -O2 execution test
XPASS: gfortran.dg/csqrt_2.f -O3 -fomit-frame-pointer execution test
XPASS: gfortran.dg/csqrt_2.f -O3 -fomit-frame-pointer -funroll-loops execution test
XPASS: gfortran.dg/csqrt_2.f -O3 -fomit-frame-pointer -funroll-all-loops -finline-functions execution test
XPASS: gfortran.dg/csqrt_2.f -O3 -g execution test
XPASS: gfortran.dg/csqrt_2.f -Os execution test
FAIL: gfortran.fortran-torture/execute/intrinsic_len.f90 execution, -O3 -fomit-frame-pointer -funroll-loops
FAIL: gfortran.fortran-torture/execute/intrinsic_len.f90 execution, -O3 -fomit-frame-pointer -funroll-all-loops -finline-functions
=== gfortran Summary ===
# of expected passes 16094
# of unexpected failures 12
# of unexpected successes 8
# of expected failures 6
# of unsupported tests 24
/build/buildd/gcc-4.2-4.2-20070525/build/gcc/testsuite/gfortran/../../gfortran version 4.2.1 20070525 (prerelease) (Debian 4.2-20070525-1)
=== obj-c++ tests ===
Running target unix
FAIL: obj-c++.dg/bitfield-1.mm (test for excess errors)
FAIL: obj-c++.dg/bitfield-4.mm (test for excess errors)
FAIL: obj-c++.dg/cxx-ivars-2.mm execution test
FAIL: obj-c++.dg/encode-8.mm execution test
FAIL: obj-c++.dg/isa-field-1.mm (test for excess errors)
FAIL: obj-c++.dg/layout-1.mm (test for excess errors)
FAIL: obj-c++.dg/lookup-2.mm (test for excess errors)
UNRESOLVED: obj-c++.dg/lookup-2.mm compilation failed to produce executable
FAIL: obj-c++.dg/try-catch-2.mm (test for excess errors)
UNRESOLVED: obj-c++.dg/try-catch-2.mm compilation failed to produce executable
FAIL: obj-c++.dg/try-catch-9.mm (test for excess errors)
UNRESOLVED: obj-c++.dg/try-catch-9.mm compilation failed to produce executable
=== obj-c++ Summary ===
# of expected passes 426
# of unexpected failures 9
# of unresolved testcases 3
# of unsupported tests 13
/build/buildd/gcc-4.2-4.2-20070525/build/gcc/testsuite/obj-c++/../../g++ version 4.2.1 20070525 (prerelease) (Debian 4.2-20070525-1)
=== objc tests ===
Running target unix
=== objc Summary ===
# of expected passes 1804
# of expected failures 7
# of unsupported tests 25
/build/buildd/gcc-4.2-4.2-20070525/build/gcc/xgcc version 4.2.1 20070525 (prerelease) (Debian 4.2-20070525-1)
=== treelang tests ===
Running target unix
FAIL: treelang/execute/funccall.tree (test for excess errors)
UNRESOLVED: treelang/execute/funccall.tree compilation failed to produce executable
FAIL: treelang/execute/initial.tree (test for excess errors)
UNRESOLVED: treelang/execute/initial.tree compilation failed to produce executable
FAIL: treelang/execute/static.tree (test for excess errors)
UNRESOLVED: treelang/execute/static.tree compilation failed to produce executable
=== treelang Summary ===
# of expected passes 46
# of unexpected failures 3
# of unresolved testcases 3
Compiler version: 4.2.1 20070525 (prerelease) (Debian 4.2-20070525-1)
Platform: alpha-unknown-linux-gnu
configure flags: -v --prefix=/usr --enable-shared --with-system-zlib --libexecdir=/usr/lib --without-included-gettext --enable-threads=posix --enable-nls --with-gxx-include-dir=/usr/include/c++/4.2 --program-suffix=-4.2 --enable-clocale=gnu --enable-libstdcxx-debug --enable-mpfr --disable-libssp --disable-werror --with-long-double-128 --enable-checking=release --build=alpha-linux-gnu --host=alpha-linux-gnu --target=alpha-linux-gnu --enable-languages=c,c++,fortran,objc,obj-c++,treelang
BOOT_CFLAGS=-O2
Build Dependencies:
Desired=Unknown/Install/Remove/Purge/Hold
| Status=Not/Installed/Config-files/Unpacked/Failed-config/Half-installed
|/ Err?=(none)/Hold/Reinst-required/X=both-problems (Status,Err: uppercase=bad)
||/ Name Version Description
+++-==============-=================-==============================================
ii binutils 2.17cvs20070426-7 The GNU assembler, linker and binary utilities
ii libc6.1 2.5-7 GNU C Library: Shared libraries
Patches that Debian applied in this version:
rename-info-files:
Allow transformations on info file names. Reference the
transformed info file names in the texinfo files.
gcc-version:
Add package identification to the gcc version string
gcc-textdomain:
Set gettext's domain and textdomain to the versioned package name.
gcc-driver-extra-langs:
Add options and specs for languages that are not built from a source
(but built from separate sources).
gcc-hash-style-both:
Link using --hash-style=both (alpha, amd64, ia64, i386, powerpc, ppc64, s390, sparc)
libstdc++-pic:
Build and install libstdc++_pic.a library.
libstdc++-doclink:
adjust hrefs to point to the local documentation
gccbug:
Use sensible-editor instead of vi as fallback editor
gccbug-posix:
Make gccbug POSIX compliant (patch by David Weinehall)
http://www.opengroup.org/onlinepubs/009695399/utilities/test.html
libstdc++-doxygen:
libstdc++ doxygen docs: Set SHORT_NAMES to YES
libjava-stacktrace:
libgcj: Lookup source file name and line number in separated
debug files found in /usr/lib/debug
libjava-subdir:
- Set the libjava sublibdir to /usr/lib/gcj-4.2
- Set the default libgcj database dir to /var/lib/gcj-4.2
libjava-lib32subdir:
- When running the i386 binaries on amd64, look in /usr/lib32/gcj-x-y
libjava-jnipath:
- Add /usr/lib/jni to java.library.path.
- When running the i386 binaries on amd64, look in
- /usr/lib32/gcj-x.y and /usr/lib32/jni instead.
libjava-lib32-properties:
- When running the i386 binaries on amd64, adjust the properties
java.home, gnu.classpath.home.url, sun.boot.class.path,
gnu.gcj.precompiled.db.path.
libjava-sjlj:
Don't try to use _Unwind_Backtrace on SJLJ targets.
See bug #387875, #388505, GCC PR 29206.
libjava-soname:
Bump the libgcj soversion.
libjava-rpath:
- Link ecjx and gij with -rpath \$(dbexecdir)
libffi-configure:
Add --enable-libffi option to toplevel configure script
alpha-no-ev4-directive:
arm-libffi:
Add closure support to libffi for arm
arm-gij:
Enable gij interpreter on arm
boehm-gc-nocheck:
Disable running the boehm-gc testsuite. Hangs the buildd at least on hppa.
note-gnu-stack:
Add .note.GNU-stack sections for gcc's crt files, libffi and boehm-gc
Taken from FC.
hppa-caller-save-pic-tls:
Make sure %r19 an %r27 aren't clobbered.
http://gcc.gnu.org/ml/gcc-patches/2007-05/msg00144.html
classpath-config-guess:
Update config.guess/config.sub in the classpath directory.
arm-pr28516:
Fix PR28516 on ARM
arm-pr30486:
Fix 30486 on ARM
arm-unbreak-eabi-armv4t:
Fix armv4t build on ARM
m68k-save_pic:
gcc/config/m68k/m68k.c:
correctly save the pic register, when not done by reload()
(fixes _Unwind_RaiseException and thus exception handling)
fixes 345574
m68k-dwarf:
correct the dwarf frame information, but preserve compatibility
m68k-limit_reload:
correctly limit reload class
fixes 375522
m68k-prevent-qipush:
prevent combine from creating a byte push on the stack (invalid on m68k)
m68k-peephole:
Convert some text peepholes to rtl peepholes, so the correct
DWARF2 information can be generated for stack manipulations.
(Keep a few peepholes temporarily disabled.)
m68k-return:
don't use single return if fp register have to be restored
fixes 386864
m68k-sig-unwind:
add support for unwinding over signal frames
m68k-align-code:
use "move.l %a4,%a4" to advance within code.
m68k-align-stack:
try to keep the stack word aligned
m68k-secondary-addr-reload:
add secondary reloads to allow reload to get byte values into addr regs
m68k-notice-move:
don't set cc_status for fp move without fp register
m68k-symbolic-operand:
better recognize symbolic operands in addresses
m68k-bitfield-offset:
only use constant offset for register bitfields
(combine expects shifts, but does a rotate)
deb-protoize:
build protoize/unprotoize binaries
alpha-ieee:
#212912
on alpha-linux, make -mieee default and add -mieee-disable switch
to turn default off
mudflap-nocheck:
Disable running the libmudflap testsuite. Getting killed on alpha.
alpha-ieee-doc:
#212912
on alpha-linux, make -mieee default and add -mieee-disable switch
to turn default off (doc patch)
cpu-default-i486:
set default 32bit ix86 architecture to i486
reporting:
Add Debian URL for bug reporting instructions.
gcc-ice-hack:
2004-01-23 Jakub Jelinek <jakub@redhat.com>
* system.h (ICE_EXIT_CODE): Define.
* gcc.c (execute): Don't free first string early, but at the end
of the function. Call retry_ice if compiler exited with
ICE_EXIT_CODE.
(retry_ice): New function.
* diagnostic.c (diagnostic_count_diagnostic,
diagnostic_action_after_output, error_recursion): Exit with
ICE_EXIT_CODE instead of FATAL_EXIT_CODE.
multiarch-include:
biarch-include.dpatch
Adds biarch include directories
/usr/local/include/<arch>-linux-gnu
/usr/include/<arch>-linux-gnu
to the system include paths, depending on 32/64 bit mode.
libjava-qt-peer:
Add standard C++ include directores when building the QT peer library.
libjava-disable-static:
Disable building the static libjava.
ada-driver-check:
Simplify Ada driver check (we always build using the required
Ada version. Needed for warnings on alpha.
Counting all warnings,
there are 0 warnings in stage3 of this bootstrap.
Number of warnings per file:
Number of warning types:
More information about the Gcc-testresults
mailing list