Results for 4.2.1 20070525 (prerelease) testsuite on i686-pc-cygwin

Rob1weld@aol.com Rob1weld@aol.com
Sun May 27 15:55:00 GMT 2007


Notes at the end.
 
LAST_UPDATED: Mon May 21 21:53:12 UTC 2007 (/branches/gcc-4_2-branch  
revision 125074)
 
Native configuration is i686-pc-cygwin
 

=== acats tests ===
 
FAIL: c23003b
FAIL: c23003g
FAIL: c23003i
FAIL: cxg2002
FAIL: cxg2003
FAIL: cxg2004
FAIL: cxg2006
FAIL: cxg2007
FAIL: cxg2010
FAIL: cxg2011
FAIL: cxg2012
FAIL: cxg2013
FAIL: cxg2015
FAIL: cxg2016
FAIL: cxg2017
FAIL: cxg2018
FAIL: cxg2019
FAIL: cxg2020
FAIL: cxg2021
 
  === acats Summary ===
 
# of expected passes  1940
# of unexpected  failures 19
# of unsupported tests  356
 

=== g++ tests ===
 
Running target unix
FAIL: tmpdir-g++.dg-struct-layout-1/t024  cp_compat_x_tst.o-cp_compat_y_tst.o 
execute 
FAIL:  tmpdir-g++.dg-struct-layout-1/t026 cp_compat_x_tst.o-cp_compat_y_tst.o 
execute  
FAIL: g++.dg/abi/local1.C execution test
FAIL: g++.dg/abi/rtti1.C  scan-assembler-dem-not _\\ntypeinfo_ 
(file://\\ntypeinfo)  for A[: _\\t\\n_ (file://\\t\\n) ]
FAIL: g++.dg/abi/rtti3.C scan-assembler  .weak[ _\\t]_?_ZTSPP1A_ 
(file://\\t]_?_ZTSPP1A) 
FAIL:  g++.dg/abi/thunk4.C scan-assembler .weak[ 
_\\t]_?_ZThn._N7Derived3FooEv_ (file://\\t]_?_ZThn._N7Derived3FooEv) 
FAIL:  g++.dg/ext/attribute-test-3.C execution test
FAIL:  g++.dg/ext/attribute-test-4.C execution test
FAIL: g++.dg/ext/dllimport7.C  C++ specific error (test for errors, line 24)
FAIL: g++.dg/opt/vt1.C  scan-assembler-not 
section[^\\n\\r]*_ZTV1S[^\\n\\r]*"[^w"_\\n\\r_ (file://\\n\\r) ]*"
FAIL: g++.dg/other/unused1.C  scan-assembler 
(string|ascii?)z?\\t"class2("|\\\\\\\\000)
FAIL:  g++.dg/other/unused1.C scan-assembler  
(string|ascii?)z?\\t"printer("|\\\\\\\\000)
XPASS: g++.dg/tree-ssa/ivopts-1.C  scan-tree-dump-not offset: -4B
XPASS: g++.dg/tree-ssa/ivopts-1.C  scan-tree-dump-not &x\\[5\\]
FAIL: g++.dg/pch/externc-1.C -g assembly  comparison
FAIL: g++.dg/pch/externc-1.C -O2 -g assembly comparison
FAIL:  g++.dg/pch/static-1.C -g assembly comparison
FAIL: g++.dg/pch/static-1.C -O2  -g assembly comparison
FAIL: g++.dg/pch/system-1.C -g assembly  comparison
FAIL: g++.dg/pch/system-1.C -O2 -g assembly comparison
FAIL:  g++.dg/pch/system-2.C -g assembly comparison
FAIL: g++.dg/pch/system-2.C -O2  -g assembly comparison
FAIL: g++.dg/pch/uninst.C -g assembly  comparison
FAIL: g++.dg/pch/uninst.C -O2 -g assembly comparison
FAIL:  g++.dg/pch/wchar-1.C -g assembly comparison
FAIL: g++.dg/pch/wchar-1.C -O2 -g  assembly comparison
FAIL: g++.old-deja/g++.eh/badalloc1.C execution  test
XPASS: g++.old-deja/g++.ext/attrib5.C execution test
FAIL:  g++.old-deja/g++.other/init18.C execution test
FAIL:  g++.old-deja/g++.other/init19.C execution test
FAIL:  g++.old-deja/g++.other/init5.C execution test
 
  === g++ Summary ===
 
# of expected passes  13571
# of unexpected  failures 28
# of unexpected successes 3
# of expected  failures  66
# of unsupported  tests  168
/cygdrive/c/gcc-4_2-branch-build-9c/stage3-gcc/testsuite/g++/../../g++   
version 4.2.1 20070525 (prerelease)
 

=== gcc tests ===
 
Running target unix
FAIL: gcc.c-torture/compile/20000804-1.c (test for  excess errors)
FAIL: gcc.c-torture/execute/20050316-2.c execution,  -O0  
FAIL: gcc.c-torture/execute/20050316-2.c execution,  -O1 
FAIL:  gcc.c-torture/execute/20050316-2.c execution,  -O2 
XPASS:  gcc.c-torture/execute/mayalias-2.c compilation,  -O3 -g 
FAIL:  gcc.dg/compat/vector-2 c_compat_x_tst.o-c_compat_y_tst.o execute 
FAIL:  gcc.dg/cpp/_Pragma3.c (test for excess errors)
FAIL:  gcc.dg/debug/dwarf2/dwarf-dfp.c (internal compiler error)
FAIL:  gcc.dg/debug/dwarf2/dwarf-dfp.c (test for excess errors)
ERROR:  gcc.dg/debug/dwarf2/dwarf-dfp.c: error executing dg-final: couldn't 
open  "dwarf-dfp.s": no such file or directory
UNRESOLVED:  gcc.dg/debug/dwarf2/dwarf-dfp.c: error executing dg-final: 
couldn't open  "dwarf-dfp.s": no such file or directory
FAIL:  gcc.dg/debug/dwarf2/dwarf-dfp.c (internal compiler error)
FAIL:  gcc.dg/debug/dwarf2/dwarf-dfp.c (test for excess errors)
ERROR:  gcc.dg/debug/dwarf2/dwarf-dfp.c: error executing dg-final: couldn't 
open  "dwarf-dfp.s": no such file or directory
UNRESOLVED:  gcc.dg/debug/dwarf2/dwarf-dfp.c: error executing dg-final: 
couldn't open  "dwarf-dfp.s": no such file or directory
FAIL: gcc.dg/dfp/Wconversion-2.c  (internal compiler error)
FAIL: gcc.dg/dfp/Wconversion-2.c (test for excess  errors)
FAIL: gcc.dg/dfp/call-by-value.c (internal compiler error)
FAIL:  gcc.dg/dfp/call-by-value.c (test for excess errors)
FAIL: gcc.dg/dfp/cast.c  (internal compiler error)
FAIL: gcc.dg/dfp/cast.c (test for excess  errors)
FAIL: gcc.dg/dfp/compare-eq-dfp.c (internal compiler error)
FAIL:  gcc.dg/dfp/compare-eq-dfp.c (test for excess errors)
FAIL:  gcc.dg/dfp/compare-rel-dfp.c (internal compiler error)
FAIL:  gcc.dg/dfp/compare-rel-dfp.c (test for excess errors)
FAIL:  gcc.dg/dfp/convert-bfp-fold.c (internal compiler error)
FAIL:  gcc.dg/dfp/convert-bfp-fold.c (test for excess errors)
FAIL:  gcc.dg/dfp/convert-bfp.c (internal compiler error)
FAIL:  gcc.dg/dfp/convert-bfp.c (test for excess errors)
FAIL:  gcc.dg/dfp/convert-dfp-round.c (internal compiler error)
FAIL:  gcc.dg/dfp/convert-dfp-round.c (test for excess errors)
FAIL:  gcc.dg/dfp/convert-dfp.c (internal compiler error)
FAIL:  gcc.dg/dfp/convert-dfp.c (test for excess errors)
FAIL:  gcc.dg/dfp/convert-int.c (internal compiler error)
FAIL:  gcc.dg/dfp/convert-int.c (test for excess errors)
FAIL:  gcc.dg/dfp/func-array.c (internal compiler error)
FAIL:  gcc.dg/dfp/func-array.c (test for excess errors)
FAIL:  gcc.dg/dfp/func-mixed.c (internal compiler error)
FAIL:  gcc.dg/dfp/func-mixed.c (test for excess errors)
FAIL:  gcc.dg/dfp/func-scalar.c (internal compiler error)
FAIL:  gcc.dg/dfp/func-scalar.c (test for excess errors)
FAIL:  gcc.dg/dfp/func-struct.c (internal compiler error)
FAIL:  gcc.dg/dfp/func-struct.c (test for excess errors)
FAIL:  gcc.dg/dfp/func-vararg-dfp.c (internal compiler error)
FAIL:  gcc.dg/dfp/func-vararg-dfp.c (test for excess errors)
FAIL:  gcc.dg/dfp/func-vararg-mixed.c (internal compiler error)
FAIL:  gcc.dg/dfp/func-vararg-mixed.c (test for excess errors)
FAIL:  gcc.dg/dfp/inf-1.c (internal compiler error)
FAIL: gcc.dg/dfp/inf-1.c (test  for excess errors)
FAIL: gcc.dg/dfp/loop-index.c (internal compiler  error)
FAIL: gcc.dg/dfp/loop-index.c (test for excess errors)
FAIL:  gcc.dg/dfp/nan-2.c (internal compiler error)
FAIL: gcc.dg/dfp/nan-2.c (test  for excess errors)
FAIL: gcc.dg/dfp/operator-assignment.c (internal compiler  error)
FAIL: gcc.dg/dfp/operator-assignment.c (test for excess  errors)
FAIL: gcc.dg/dfp/operator-comma.c (internal compiler error)
FAIL:  gcc.dg/dfp/operator-comma.c (test for excess errors)
FAIL:  gcc.dg/dfp/operator-cond.c (internal compiler error)
FAIL:  gcc.dg/dfp/operator-cond.c (test for excess errors)
FAIL:  gcc.dg/dfp/operator-logical.c (internal compiler error)
FAIL:  gcc.dg/dfp/operator-logical.c (test for excess errors)
FAIL:  gcc.dg/dfp/operator-unary.c (internal compiler error)
FAIL:  gcc.dg/dfp/operator-unary.c (test for excess errors)
FAIL:  gcc.dg/dfp/union-init.c (internal compiler error)
FAIL:  gcc.dg/dfp/union-init.c (test for excess errors)
FAIL:  gcc.dg/dfp/usual-arith-conv.c (internal compiler error)
FAIL:  gcc.dg/dfp/usual-arith-conv.c (test for excess errors)
FAIL:  gcc.dg/20021014-1.c (test for excess errors)
WARNING: gcc.dg/20021014-1.c  compilation failed to produce executable
FAIL: gcc.dg/builtin-apply4.c  execution test
FAIL: gcc.dg/pr25993.c (test for excess errors)
FAIL:  gcc.dg/setjmp-3.c (test for excess errors)
WARNING: gcc.dg/setjmp-3.c  compilation failed to produce executable
FAIL: gcc.dg/setjmp-4.c (test for  excess errors)
WARNING: gcc.dg/setjmp-4.c compilation failed to produce  executable
FAIL: largefile.c (test for excess errors)
FAIL: largefile.c  (test for excess errors)
FAIL: largefile.c (test for excess errors)
FAIL:  largefile.c (test for excess errors)
FAIL: largefile.c (test for excess  errors)
FAIL: largefile.c (test for excess errors)
FAIL: largefile.c (test  for excess errors)
FAIL: gcc.dg/tree-ssa/gen-vect-11.c scan-tree-dump-times  vectorized 1 loops 1
FAIL: gcc.dg/tree-ssa/gen-vect-11a.c  scan-tree-dump-times vectorized 1 loops 
1
FAIL: gcc.dg/tree-ssa/loop-1.c  scan-assembler-times foo 5
FAIL: compiler driver --coverage option(s)  (compiler options)
FAIL: gcc.target/i386/pic-1.c  (test for errors, line  10)
 
  === gcc Summary ===
 
# of expected passes  44366
# of unexpected  failures 79
# of unexpected successes 1
# of expected  failures  114
# of unresolved testcases 2
# of untested  testcases  35
# of unsupported  tests  358
/cygdrive/c/gcc-4_2-branch-build-9c/stage3-gcc/xgcc   version 4.2.1 20070525 
(prerelease)
 

=== gfortran tests ===
 
Running target unix
FAIL: gfortran.dg/pr18122.f90 (internal compiler  error)
FAIL: gfortran.dg/pr18122.f90 (test for excess errors)
WARNING:  gfortran.dg/pr18122.f90 compilation failed to produce executable
FAIL:  gfortran.dg/pr18122.f90 (internal compiler error)
FAIL:  gfortran.dg/pr18122.f90 (test for excess errors)
WARNING:  gfortran.dg/pr18122.f90 compilation failed to produce executable
FAIL:  gfortran.dg/pr18122.f90 (internal compiler error)
FAIL:  gfortran.dg/pr18122.f90 (test for excess errors)
WARNING:  gfortran.dg/pr18122.f90 compilation failed to produce executable
FAIL:  gfortran.dg/pr18122.f90 (internal compiler error)
FAIL:  gfortran.dg/pr18122.f90 (test for excess errors)
WARNING:  gfortran.dg/pr18122.f90 compilation failed to produce executable
FAIL:  gfortran.dg/pr18122.f90 (internal compiler error)
FAIL:  gfortran.dg/pr18122.f90 (test for excess errors)
WARNING:  gfortran.dg/pr18122.f90 compilation failed to produce executable
FAIL:  gfortran.dg/pr18122.f90 (internal compiler error)
FAIL:  gfortran.dg/pr18122.f90 (test for excess errors)
WARNING:  gfortran.dg/pr18122.f90 compilation failed to produce executable
FAIL:  gfortran.dg/pr18122.f90 (internal compiler error)
FAIL:  gfortran.dg/pr18122.f90 (test for excess errors)
WARNING:  gfortran.dg/pr18122.f90 compilation failed to produce executable
FAIL:  gfortran.dg/pr18122.f90 (internal compiler error)
FAIL:  gfortran.dg/pr18122.f90 (test for excess errors)
WARNING:  gfortran.dg/pr18122.f90 compilation failed to produce executable
 
  === gfortran Summary ===
 
# of expected passes  15931
# of unexpected  failures 16
# of expected failures  7
# of unsupported  tests  86
/cygdrive/c/gcc-4_2-branch-build-9c/stage3-gcc/testsuite/gfortran/../../gfortr
an   version 4.2.1 20070525 (prerelease)
 

=== gnat tests ===
 
Running target unix
 
  === gnat Summary ===
 
# of expected passes  44
 

=== obj-c++ tests ===
 
Running target unix
FAIL: obj-c++.dg/cxx-ivars-2.mm execution  test
FAIL: obj-c++.dg/encode-8.mm execution test
FAIL:  obj-c++.dg/isa-field-1.mm (test for excess errors)
FAIL:  obj-c++.dg/lookup-2.mm (test for excess errors)
WARNING:  obj-c++.dg/lookup-2.mm compilation failed to produce executable
FAIL:  obj-c++.dg/try-catch-2.mm (test for excess errors)
WARNING:  obj-c++.dg/try-catch-2.mm compilation failed to produce executable
FAIL:  obj-c++.dg/try-catch-9.mm (test for excess errors)
WARNING:  obj-c++.dg/try-catch-9.mm compilation failed to produce executable
 
  === obj-c++ Summary ===
 
# of expected passes  429
# of unexpected failures 6
#  of unsupported  tests  13
/cygdrive/c/gcc-4_2-branch-build-9c/stage3-gcc/testsuite/obj-c++/../../g++   
version 4.2.1 20070525 (prerelease)
 

=== objc tests ===
 
Running target unix
 
  === objc Summary ===
 
# of expected passes  1886
# of expected  failures  7
# of unsupported  tests  24
/cygdrive/c/gcc-4_2-branch-build-9c/stage3-gcc/xgcc   version 4.2.1 20070525 
(prerelease)
 

=== libffi tests ===
 
Running target unix
FAIL: libffi.call/many_win32.c execution  test
FAIL: libffi.call/return_fl2.c execution test
FAIL:  libffi.call/strlen_win32.c execution test
FAIL: libffi.call/many_win32.c  execution test
FAIL: libffi.call/return_fl2.c execution test
FAIL:  libffi.call/strlen_win32.c execution test
FAIL: libffi.call/many_win32.c  execution test
FAIL: libffi.call/return_fl2.c execution test
FAIL:  libffi.call/strlen_win32.c execution test
FAIL: libffi.call/many_win32.c  execution test
FAIL: libffi.call/return_fl2.c execution test
FAIL:  libffi.call/strlen_win32.c execution test
 
  === libffi Summary ===
 
# of expected passes  1088
# of unexpected  failures 12


=== libgomp tests ===
 
Running target unix
FAIL: libgomp.c/loop-1.c execution test
WARNING:  program timed out.
FAIL: libgomp.c++/nested-1.C execution test
FAIL:  libgomp.fortran/omp_parse2.f90 execution test
FAIL:  libgomp.fortran/omp_parse2.f90 execution test
FAIL:  libgomp.fortran/omp_parse2.f90 execution test
 
  === libgomp Summary ===
 
# of expected passes  1341
# of unexpected  failures 5
# of unsupported tests  111
 

=== libjava tests ===
 
Running target unix
FAIL: PR9577 header generation
FAIL: longfield  header generation
FAIL: shortfieldbase header generation
FAIL:  
/cygdrive/C/makecygwin/gcc-4_2-branch/libjava/testsuite/libjava.jar/simple.jar  execution - gij test
FAIL: PR15133 run
FAIL: PR18116 run
FAIL: PR28178  run
FAIL: bytebuffer run
FAIL: calls run
FAIL: cxxtest run
FAIL:  directbuffer run
FAIL: field run
FAIL: final_method run
FAIL: findclass  run
FAIL: iface run
FAIL: invoke run
FAIL: jniutf run
FAIL: martin  run
FAIL: noclass run
FAIL: overload run
FAIL: pr11951 run
FAIL:  pr18278 run
FAIL: pr23739 run
FAIL: register run
FAIL: register2  run
FAIL: simple_int run
FAIL: throwit run
FAIL: virtual run
FAIL:  PR16923.c compilation
FAIL: ArrayStore execution - gij test
FAIL:  ArrayStore execution - gij test
FAIL: ArrayStore execution - gij  test
FAIL: ArrayStore execution - gij test
FAIL: ArrayStore2 execution -  gij test
FAIL: ArrayStore2 execution - gij test
FAIL: ArrayStore2  execution - gij test
FAIL: ArrayStore2 execution - gij test
FAIL: Array_1  execution - gij test
FAIL: Array_1 execution - gij test
FAIL: Array_1  execution - gij test
FAIL: Array_1 execution - gij test
FAIL: Array_2  execution - gij test
FAIL: Array_2 execution - gij test
FAIL: Array_2  execution - gij test
FAIL: Array_2 execution - gij test
FAIL: Array_3  execution - gij test
FAIL: Array_3 execution - gij test
FAIL: Array_3  execution - gij test
FAIL: Array_3 execution - gij test
FAIL: Class_1  execution - gij test
FAIL: Class_1 execution - gij test
FAIL: Class_1  execution - gij test
FAIL: Class_1 execution - gij test
FAIL: CompareNaN  execution - gij test
FAIL: CompareNaN execution - gij test
FAIL:  CompareNaN execution - gij test
FAIL: CompareNaN execution - gij  test
FAIL: Divide_1 output - source compiled test
FAIL: Divide_1 execution  - gij test
FAIL: Divide_1 output - bytecode->native test
FAIL: Divide_1  execution - gij test
FAIL: Divide_1 -findirect-dispatch output -  bytecode->native test
FAIL: Divide_1 -O3 output - source compiled  test
FAIL: Divide_1 execution - gij test
FAIL: Divide_1 -O3 output -  bytecode->native test
FAIL: Divide_1 execution - gij test
FAIL:  Divide_1 -O3 -findirect-dispatch output - bytecode->native test
FAIL:  EvaluationOrder execution - gij test
FAIL: EvaluationOrder execution - gij  test
FAIL: EvaluationOrder execution - gij test
FAIL: EvaluationOrder  execution - gij test
FAIL: ExtraClassLoader execution - source compiled  test
FAIL: ExtraClassLoader execution - gij test
FAIL: ExtraClassLoader  execution - bytecode->native test
FAIL: ExtraClassLoader execution - gij  test
FAIL: ExtraClassLoader -findirect-dispatch execution -  bytecode->native test
FAIL: ExtraClassLoader -O3 execution - source  compiled test
FAIL: ExtraClassLoader execution - gij test
FAIL:  ExtraClassLoader -O3 execution - bytecode->native test
FAIL:  ExtraClassLoader execution - gij test
FAIL: ExtraClassLoader -O3  -findirect-dispatch execution - bytecode->native 
test
FAIL:  FileHandleGcTest execution - gij test
FAIL: FileHandleGcTest execution - gij  test
FAIL: FileHandleGcTest execution - gij test
FAIL: FileHandleGcTest  execution - gij test
FAIL: Final execution - gij test
FAIL: Final  execution - gij test
FAIL: Final execution - gij test
FAIL: Final  execution - gij test
FAIL: Float_1 execution - gij test
FAIL: Float_1  execution - gij test
FAIL: Float_1 execution - gij test
FAIL: Float_1  execution - gij test
FAIL: Float_2 execution - gij test
FAIL: Float_2  execution - gij test
FAIL: Float_2 execution - gij test
FAIL: Float_2  execution - gij test
FAIL: G19990301_01 execution - gij test
FAIL:  G19990301_01 execution - gij test
FAIL: G19990301_01 execution - gij  test
FAIL: G19990301_01 execution - gij test
FAIL: G19990302_02 execution  - gij test
FAIL: G19990302_02 execution - gij test
FAIL: G19990302_02  execution - gij test
FAIL: G19990302_02 execution - gij test
FAIL:  G19990303_01 execution - gij test
FAIL: G19990303_01 execution - gij  test
FAIL: G19990303_01 execution - gij test
FAIL: G19990303_01 execution  - gij test
FAIL: G19990303_02 execution - gij test
FAIL: G19990303_02  execution - gij test
FAIL: G19990303_02 execution - gij test
FAIL:  G19990303_02 execution - gij test
FAIL: G19990304_01 execution - gij  test
FAIL: G19990304_01 execution - gij test
FAIL: G19990304_01 execution  - gij test
FAIL: G19990304_01 execution - gij test
FAIL: G19990310_01  execution - gij test
FAIL: G19990310_01 execution - gij test
FAIL:  G19990310_01 execution - gij test
FAIL: G19990310_01 execution - gij  test
FAIL: II execution - gij test
FAIL: II execution - gij test
FAIL:  II execution - gij test
FAIL: II execution - gij test
FAIL:  InterfaceDispatch execution - gij test
FAIL: InterfaceDispatch execution -  gij test
FAIL: InterfaceDispatch execution - gij test
FAIL:  InterfaceDispatch execution - gij test
FAIL: InvokeInterface execution - gij  test
FAIL: InvokeInterface execution - gij test
FAIL: InvokeInterface  execution - gij test
FAIL: InvokeInterface execution - gij test
FAIL:  InvokeReturn execution - gij test
FAIL: InvokeReturn execution - gij  test
FAIL: InvokeReturn execution - gij test
FAIL: InvokeReturn execution  - gij test
FAIL: Invoke_1 execution - gij test
FAIL: Invoke_1 execution -  gij test
FAIL: Invoke_1 execution - gij test
FAIL: Invoke_1 execution -  gij test
FAIL: Invoke_2 compilation from source
FAIL: Invoke_2 execution -  gij test
FAIL: Invoke_2 execution - gij test
FAIL: Invoke_2 execution -  gij test
FAIL: Invoke_2 execution - gij test
FAIL: KeepInline execution -  gij test
FAIL: KeepInline execution - gij test
FAIL: KeepInline execution  - gij test
FAIL: KeepInline execution - gij test
FAIL: LargeFile execution  - gij test
FAIL: LargeFile execution - gij test
FAIL: LargeFile execution  - gij test
FAIL: LargeFile execution - gij test
FAIL: MathBuiltin  execution - gij test
FAIL: MathBuiltin execution - gij test
FAIL:  MathBuiltin execution - gij test
FAIL: MathBuiltin execution - gij  test
FAIL: Matrix4f execution - gij test
FAIL: Matrix4f execution - gij  test
FAIL: Matrix4f execution - gij test
FAIL: Matrix4f execution - gij  test
FAIL: N19990310_02 execution - gij test
FAIL: N19990310_02 execution  - gij test
FAIL: N19990310_02 execution - gij test
FAIL: N19990310_02  execution - gij test
FAIL: N19990310_3 execution - gij test
FAIL:  N19990310_3 execution - gij test
FAIL: N19990310_3 execution - gij  test
FAIL: N19990310_3 execution - gij test
FAIL: N19990310_4 execution -  gij test
FAIL: N19990310_4 execution - gij test
FAIL: N19990310_4  execution - gij test
FAIL: N19990310_4 execution - gij test
FAIL:  N19990310_5 execution - gij test
FAIL: N19990310_5 execution - gij  test
FAIL: N19990310_5 execution - gij test
FAIL: N19990310_5 execution -  gij test
FAIL: Overflow execution - gij test
FAIL: Overflow execution -  gij test
FAIL: Overflow execution - gij test
FAIL: Overflow execution -  gij test
FAIL: PR12350 execution - gij test
FAIL: PR12350 execution - gij  test
FAIL: PR12350 execution - gij test
FAIL: PR12350 execution - gij  test
FAIL: PR12416 execution - gij test
FAIL: PR12416 execution - gij  test
FAIL: PR12416 execution - gij test
FAIL: PR12416 execution - gij  test
FAIL: PR12656 execution - gij test
FAIL: PR12656 execution - gij  test
FAIL: PR12656 execution - gij test
FAIL: PR12656 execution - gij  test
FAIL: PR12915 execution - gij test
FAIL: PR12915 execution - gij  test
FAIL: PR12915 execution - gij test
FAIL: PR12915 execution - gij  test
FAIL: PR141 execution - gij test
FAIL: PR141 execution - gij  test
FAIL: PR141 execution - gij test
FAIL: PR141 execution - gij  test
FAIL: PR160 execution - gij test
FAIL: PR160 execution - gij  test
FAIL: PR160 execution - gij test
FAIL: PR160 execution - gij  test
FAIL: PR162 execution - gij test
FAIL: PR162 execution - gij  test
FAIL: PR162 execution - gij test
FAIL: PR162 execution - gij  test
FAIL: PR16867 execution - gij test
FAIL: PR16867 execution - gij  test
FAIL: PR16867 execution - gij test
FAIL: PR16867 execution - gij  test
FAIL: PR18699 execution - gij test
FAIL: PR18699 execution - gij  test
FAIL: PR18699 execution - gij test
FAIL: PR18699 execution - gij  test
FAIL: PR19870 execution - gij test
FAIL: PR19870 execution - gij  test
FAIL: PR19870 execution - gij test
FAIL: PR19870 execution - gij  test
FAIL: PR19870_2 execution - gij test
FAIL: PR19870_2 execution - gij  test
FAIL: PR19870_2 execution - gij test
FAIL: PR19870_2 execution - gij  test
FAIL: PR19921 execution - gij test
FAIL: PR19921 execution - gij  test
FAIL: PR19921 execution - gij test
FAIL: PR19921 execution - gij  test
FAIL: PR20056 execution - gij test
FAIL: PR20056 execution - gij  test
FAIL: PR20056 execution - gij test
FAIL: PR20056 execution - gij  test
FAIL: PR218 execution - gij test
FAIL: PR218 execution - gij  test
FAIL: PR218 execution - gij test
FAIL: PR218 execution - gij  test
FAIL: PR242 execution - gij test
FAIL: PR242 execution - gij  test
FAIL: PR242 execution - gij test
FAIL: PR242 execution - gij  test
FAIL: PR25535 execution - source compiled test
FAIL: PR25535  execution - gij test
FAIL: PR25535 execution - gij test
FAIL: PR25535 -O3  execution - source compiled test
FAIL: PR25535 execution - gij test
FAIL:  PR25535 execution - gij test
FAIL: PR260 execution - gij test
FAIL: PR260  execution - gij test
FAIL: PR260 execution - gij test
FAIL: PR260  execution - gij test
FAIL: PR26858 execution - gij test
FAIL: PR26858  execution - gij test
FAIL: PR26858 execution - gij test
FAIL: PR26858  execution - gij test
FAIL: PR27908 execution - gij test
FAIL: PR27908  execution - gij test
FAIL: PR27908 execution - gij test
FAIL: PR27908  execution - gij test
FAIL: PR29013 execution - gij test
FAIL: PR29013  execution - gij test
FAIL: PR29013 execution - gij test
FAIL: PR29013  execution - gij test
FAIL: PR3096 execution - gij test
FAIL: PR3096  execution - gij test
FAIL: PR3096 execution - gij test
FAIL: PR3096  execution - gij test
FAIL: PR3731 execution - gij test
FAIL: PR3731  execution - gij test
FAIL: PR3731 execution - gij test
FAIL: PR3731  execution - gij test
FAIL: PR5057 execution - gij test
FAIL: PR5057  execution - gij test
FAIL: PR5057 execution - gij test
FAIL: PR5057  execution - gij test
FAIL: PR5057_2 execution - gij test
FAIL: PR5057_2  execution - gij test
FAIL: PR5057_2 execution - gij test
FAIL: PR5057_2  execution - gij test
FAIL: PR55 execution - gij test
FAIL: PR55 execution  - gij test
FAIL: PR55 execution - gij test
FAIL: PR55 execution - gij  test
FAIL: PR56 execution - gij test
FAIL: PR56 execution - gij  test
FAIL: PR56 execution - gij test
FAIL: PR56 execution - gij  test
FAIL: PR6085 execution - gij test
FAIL: PR6085 execution - gij  test
FAIL: PR6085 execution - gij test
FAIL: PR6085 execution - gij  test
FAIL: PR6204 execution - gij test
FAIL: PR6204 execution - gij  test
FAIL: PR6204 execution - gij test
FAIL: PR6204 execution - gij  test
FAIL: PR6729 execution - gij test
FAIL: PR6729 execution - gij  test
FAIL: PR6729 execution - gij test
FAIL: PR6729 execution - gij  test
FAIL: PR6820 execution - gij test
FAIL: PR6820 execution - gij  test
FAIL: PR6820 execution - gij test
FAIL: PR6820 execution - gij  test
FAIL: PR7482 execution - gij test
FAIL: PR7482 execution - gij  test
FAIL: PR7482 execution - gij test
FAIL: PR7482 execution - gij  test
FAIL: Process_1 execution - gij test
FAIL: Process_1 execution - gij  test
FAIL: Process_1 execution - gij test
FAIL: Process_1 execution - gij  test
FAIL: Process_2 execution - gij test
FAIL: Process_2 execution - gij  test
FAIL: Process_2 execution - gij test
FAIL: Process_2 execution - gij  test
FAIL: Process_3 execution - gij test
FAIL: Process_3 execution - gij  test
FAIL: Process_3 execution - gij test
FAIL: Process_3 execution - gij  test
FAIL: Process_4 execution - gij test
WARNING: program timed  out.
FAIL: Process_4 execution - bytecode->native test
FAIL: Process_4  execution - gij test
FAIL: Process_4 execution - gij test
FAIL: Process_4  execution - gij test
FAIL: Process_5 execution - gij test
FAIL: Process_5  execution - gij test
FAIL: Process_5 execution - gij test
FAIL: Process_5  execution - gij test
FAIL: Process_6 execution - gij test
FAIL: Process_6  execution - gij test
FAIL: Process_6 execution - gij test
FAIL: Process_6  execution - gij test
FAIL: RH194522 execution - gij test
FAIL: RH194522  execution - gij test
FAIL: RH194522 execution - gij test
FAIL: RH194522  execution - gij test
FAIL: Serialization execution - source compiled  test
FAIL: Serialization execution - gij test
FAIL: Serialization  execution - bytecode->native test
FAIL: Serialization execution - gij  test
FAIL: Serialization -findirect-dispatch execution - bytecode->native  test
FAIL: Serialization -O3 execution - source compiled test
FAIL:  Serialization execution - gij test
FAIL: Serialization -O3 execution -  bytecode->native test
FAIL: Serialization execution - gij test
FAIL:  Serialization -O3 -findirect-dispatch execution - bytecode->native  
test
FAIL: Shazam execution - gij test
FAIL: Shazam execution - gij  test
FAIL: Shazam execution - gij test
FAIL: Shazam execution - gij  test
FAIL: StackTrace2 execution - source compiled test
FAIL: StackTrace2  execution - gij test
FAIL: StackTrace2 execution - bytecode->native  test
FAIL: StackTrace2 execution - gij test
FAIL: StackTrace2  -findirect-dispatch execution - bytecode->native test
FAIL: StackTrace2  -O3 execution - source compiled test
FAIL: StackTrace2 execution - gij  test
FAIL: StackTrace2 -O3 execution - bytecode->native test
FAIL:  StackTrace2 execution - gij test
FAIL: StackTrace2 -O3 -findirect-dispatch  execution - bytecode->native test
FAIL: StaticConstructor execution - gij  test
FAIL: StaticConstructor execution - gij test
FAIL: StaticConstructor  execution - gij test
FAIL: StaticConstructor execution - gij test
FAIL:  StringBuffer_1 execution - gij test
FAIL: StringBuffer_1 execution - gij  test
FAIL: StringBuffer_1 execution - gij test
FAIL: StringBuffer_1  execution - gij test
FAIL: StringBuffer_overflow execution - gij  test
FAIL: StringBuffer_overflow execution - gij test
FAIL:  StringBuffer_overflow execution - gij test
FAIL: StringBuffer_overflow  execution - gij test
FAIL: String_overflow execution - gij test
FAIL:  String_overflow execution - gij test
FAIL: String_overflow execution - gij  test
FAIL: String_overflow execution - gij test
FAIL: SyncGlobal execution  - gij test
FAIL: SyncGlobal execution - gij test
FAIL: SyncGlobal  execution - gij test
FAIL: SyncGlobal execution - gij test
FAIL: SyncTest  execution - gij test
FAIL: SyncTest execution - gij test
FAIL: SyncTest  execution - gij test
FAIL: SyncTest execution - gij test
FAIL: Synch  execution - gij test
FAIL: Synch execution - gij test
FAIL: Synch  execution - gij test
FAIL: Synch execution - gij test
FAIL: TLtest  execution - gij test
FAIL: TLtest execution - gij test
FAIL: TLtest  execution - gij test
FAIL: TLtest execution - gij test
FAIL: TestProxy  execution - gij test
FAIL: TestProxy execution - gij test
FAIL: TestProxy  execution - gij test
FAIL: TestProxy execution - gij test
FAIL:  Thread_Alive execution - gij test
FAIL: Thread_Alive execution - gij  test
FAIL: Thread_Alive execution - gij test
FAIL: Thread_Alive execution  - gij test
FAIL: Thread_HoldsLock execution - gij test
FAIL:  Thread_HoldsLock execution - gij test
FAIL: Thread_HoldsLock execution - gij  test
FAIL: Thread_HoldsLock execution - gij test
FAIL: Thread_Interrupt  execution - gij test
FAIL: Thread_Interrupt execution - gij test
FAIL:  Thread_Interrupt execution - gij test
FAIL: Thread_Interrupt execution - gij  test
FAIL: Thread_Join execution - gij test
FAIL: Thread_Join execution -  gij test
FAIL: Thread_Join execution - gij test
FAIL: Thread_Join  execution - gij test
FAIL: Thread_Monitor execution - gij test
FAIL:  Thread_Monitor execution - gij test
FAIL: Thread_Monitor execution - gij  test
FAIL: Thread_Monitor execution - gij test
FAIL: Thread_Sleep  execution - gij test
FAIL: Thread_Sleep execution - gij test
FAIL:  Thread_Sleep execution - gij test
FAIL: Thread_Sleep execution - gij  test
FAIL: Thread_Sleep_2 execution - gij test
FAIL: Thread_Sleep_2  execution - gij test
FAIL: Thread_Sleep_2 execution - gij test
FAIL:  Thread_Sleep_2 execution - gij test
FAIL: Thread_Wait execution - gij  test
FAIL: Thread_Wait execution - gij test
FAIL: Thread_Wait execution -  gij test
FAIL: Thread_Wait execution - gij test
FAIL: Thread_Wait_2  execution - gij test
FAIL: Thread_Wait_2 execution - gij test
FAIL:  Thread_Wait_2 execution - gij test
FAIL: Thread_Wait_2 execution - gij  test
FAIL: Thread_Wait_Interrupt execution - gij test
FAIL:  Thread_Wait_Interrupt execution - gij test
FAIL: Thread_Wait_Interrupt  execution - gij test
FAIL: Thread_Wait_Interrupt execution - gij  test
FAIL: Throw_1 execution - gij test
FAIL: Throw_1 execution - gij  test
FAIL: Throw_1 execution - gij test
FAIL: Throw_1 execution - gij  test
FAIL: Throw_2 execution - gij test
FAIL: Throw_2 execution - gij  test
FAIL: Throw_2 execution - gij test
FAIL: Throw_2 execution - gij  test
FAIL: anfi execution - gij test
FAIL: anfi execution - gij  test
FAIL: anfi execution - gij test
FAIL: anfi execution - gij  test
FAIL: anon execution - gij test
FAIL: anon execution - gij  test
FAIL: anon execution - gij test
FAIL: anon execution - gij  test
FAIL: anon2 execution - gij test
FAIL: anon2 execution - gij  test
FAIL: anon2 execution - gij test
FAIL: anon2 execution - gij  test
FAIL: anon3 execution - gij test
FAIL: anon3 execution - gij  test
FAIL: anon3 execution - gij test
FAIL: anon3 execution - gij  test
FAIL: anon4 execution - gij test
FAIL: anon4 execution - gij  test
FAIL: anon4 execution - gij test
FAIL: anon4 execution - gij  test
FAIL: anon_ctor_itf_arg execution - gij test
FAIL: anon_ctor_itf_arg  execution - gij test
FAIL: anon_ctor_itf_arg execution - gij test
FAIL:  anon_ctor_itf_arg execution - gij test
FAIL: anonarray execution - gij  test
FAIL: anonarray execution - gij test
FAIL: anonarray execution - gij  test
FAIL: anonarray execution - gij test
FAIL: anonarray2 execution - gij  test
FAIL: anonarray2 execution - gij test
FAIL: anonarray2 execution -  gij test
FAIL: anonarray2 execution - gij test
FAIL: anonarray3 execution  - gij test
FAIL: anonarray3 execution - gij test
FAIL: anonarray3  execution - gij test
FAIL: anonarray3 execution - gij test
FAIL: assign  execution - gij test
FAIL: assign execution - gij test
FAIL: assign  execution - gij test
FAIL: assign execution - gij test
FAIL: assign2  execution - gij test
FAIL: assign2 execution - gij test
FAIL: assign2  execution - gij test
FAIL: assign2 execution - gij test
FAIL: bclink  execution - gij test
FAIL: bclink execution - gij test
FAIL: bclink  execution - gij test
FAIL: bclink execution - gij test
FAIL: bytearray  execution - gij test
FAIL: bytearray execution - gij test
FAIL: bytearray  execution - gij test
FAIL: bytearray execution - gij test
FAIL:  direct_read execution - gij test
FAIL: direct_read execution - gij  test
FAIL: direct_read execution - gij test
FAIL: direct_read execution -  gij test
FAIL: direct_write execution - gij test
FAIL: direct_write  execution - gij test
FAIL: direct_write execution - gij test
FAIL:  direct_write execution - gij test
FAIL: emptystring execution - gij  test
FAIL: emptystring execution - gij test
FAIL: emptystring execution -  gij test
FAIL: emptystring execution - gij test
FAIL: err1 execution - gij  test
FAIL: err1 execution - gij test
FAIL: err1 execution - gij  test
FAIL: err1 execution - gij test
FAIL: err10 execution - gij  test
FAIL: err10 execution - gij test
FAIL: err10 execution - gij  test
FAIL: err10 execution - gij test
FAIL: err11 execution - gij  test
FAIL: err11 execution - gij test
FAIL: err11 execution - gij  test
FAIL: err11 execution - gij test
FAIL: err12 execution - gij  test
FAIL: err12 execution - gij test
FAIL: err12 execution - gij  test
FAIL: err12 execution - gij test
FAIL: err13 execution - gij  test
FAIL: err13 execution - gij test
FAIL: err13 execution - gij  test
FAIL: err13 execution - gij test
FAIL: err14 execution - gij  test
FAIL: err14 execution - gij test
FAIL: err14 execution - gij  test
FAIL: err14 execution - gij test
FAIL: err2 execution - gij  test
FAIL: err2 execution - gij test
FAIL: err2 execution - gij  test
FAIL: err2 execution - gij test
FAIL: err3 execution - gij  test
FAIL: err3 execution - gij test
FAIL: err3 execution - gij  test
FAIL: err3 execution - gij test
FAIL: err4 execution - gij  test
FAIL: err4 execution - gij test
FAIL: err4 execution - gij  test
FAIL: err4 execution - gij test
FAIL: err5 execution - gij  test
FAIL: err5 execution - gij test
FAIL: err5 execution - gij  test
FAIL: err5 execution - gij test
FAIL: err6 execution - gij  test
FAIL: err6 execution - gij test
FAIL: err6 execution - gij  test
FAIL: err6 execution - gij test
FAIL: err7 execution - gij  test
FAIL: err7 execution - gij test
FAIL: err7 execution - gij  test
FAIL: err7 execution - gij test
FAIL: err8 execution - gij  test
FAIL: err8 execution - gij test
FAIL: err8 execution - gij  test
FAIL: err8 execution - gij test
FAIL: err9 execution - gij  test
FAIL: err9 execution - gij test
FAIL: err9 execution - gij  test
FAIL: err9 execution - gij test
FAIL: final_inner execution - gij  test
FAIL: final_inner execution - gij test
FAIL: final_inner execution -  gij test
FAIL: final_inner execution - gij test
FAIL: final_int execution  - gij test
FAIL: final_int execution - gij test
FAIL: final_int execution  - gij test
FAIL: final_int execution - gij test
FAIL:  final_static_and_friend execution - gij test
FAIL: final_static_and_friend  execution - gij test
FAIL: final_static_and_friend execution - gij  test
FAIL: final_static_and_friend execution - gij test
FAIL: indirect  execution - gij test
FAIL: indirect execution - gij test
FAIL: indirect  execution - gij test
FAIL: indirect execution - gij test
FAIL:  indirect_read execution - gij test
FAIL: indirect_read execution - gij  test
FAIL: indirect_read execution - gij test
FAIL: indirect_read  execution - gij test
FAIL: indirect_write execution - gij test
FAIL:  indirect_write execution - gij test
FAIL: indirect_write execution - gij  test
FAIL: indirect_write execution - gij test
FAIL: initexc execution -  gij test
FAIL: initexc execution - gij test
FAIL: initexc execution - gij  test
FAIL: initexc execution - gij test
FAIL: initfield execution - gij  test
FAIL: initfield execution - gij test
FAIL: initfield execution - gij  test
FAIL: initfield execution - gij test
FAIL: inline execution - gij  test
FAIL: inline execution - gij test
FAIL: inline execution - gij  test
FAIL: inline execution - gij test
FAIL: inner1 execution - gij  test
FAIL: inner1 execution - gij test
FAIL: inner1 execution - gij  test
FAIL: inner1 execution - gij test
FAIL: inner2 execution - gij  test
FAIL: inner2 execution - gij test
FAIL: inner2 execution - gij  test
FAIL: inner2 execution - gij test
FAIL: inner3 execution - gij  test
FAIL: inner3 execution - gij test
FAIL: inner3 execution - gij  test
FAIL: inner3 execution - gij test
FAIL: inner4 execution - gij  test
FAIL: inner4 execution - gij test
FAIL: inner4 execution - gij  test
FAIL: inner4 execution - gij test
FAIL: inner_array execution - gij  test
FAIL: inner_array execution - gij test
FAIL: inner_array execution -  gij test
FAIL: inner_array execution - gij test
FAIL: inner_interface  execution - gij test
FAIL: inner_interface execution - gij test
FAIL:  inner_interface execution - gij test
FAIL: inner_interface execution - gij  test
FAIL: instance execution - gij test
FAIL: instance execution - gij  test
FAIL: instance execution - gij test
FAIL: instance execution - gij  test
FAIL: instinit execution - gij test
FAIL: instinit execution - gij  test
FAIL: instinit execution - gij test
FAIL: instinit execution - gij  test
FAIL: instinit2 execution - gij test
FAIL: instinit2 execution - gij  test
FAIL: instinit2 execution - gij test
FAIL: instinit2 execution - gij  test
FAIL: invoke_from_inner execution - gij test
FAIL: invoke_from_inner  execution - gij test
FAIL: invoke_from_inner execution - gij test
FAIL:  invoke_from_inner execution - gij test
FAIL: invokethrow execution - gij  test
FAIL: invokethrow execution - gij test
FAIL: invokethrow execution -  gij test
FAIL: invokethrow execution - gij test
FAIL: klass execution -  gij test
FAIL: klass execution - gij test
FAIL: klass execution - gij  test
FAIL: klass execution - gij test
FAIL: md5test execution - gij  test
FAIL: md5test execution - gij test
FAIL: md5test execution - gij  test
FAIL: md5test execution - gij test
FAIL: multiple_finit execution -  gij test
FAIL: multiple_finit execution - gij test
FAIL: multiple_finit  execution - gij test
FAIL: multiple_finit execution - gij test
FAIL:  negzero execution - gij test
FAIL: negzero execution - gij test
FAIL:  negzero execution - gij test
FAIL: negzero execution - gij test
FAIL:  nested_with_ctor execution - gij test
FAIL: nested_with_ctor execution - gij  test
FAIL: nested_with_ctor execution - gij test
FAIL: nested_with_ctor  execution - gij test
FAIL: newarray_overflow execution - gij test
FAIL:  newarray_overflow execution - gij test
FAIL: newarray_overflow execution -  gij test
FAIL: newarray_overflow execution - gij test
FAIL: override  execution - gij test
FAIL: override execution - gij test
FAIL: override  execution - gij test
FAIL: override execution - gij test
FAIL: pr109  execution - gij test
FAIL: pr109 execution - gij test
FAIL: pr109  execution - gij test
FAIL: pr109 execution - gij test
FAIL: pr13107  execution - gij test
FAIL: pr13107 execution - gij test
FAIL: pr13107  execution - gij test
FAIL: pr13107 execution - gij test
FAIL: pr13107_2  execution - gij test
FAIL: pr13107_2 execution - gij test
FAIL: pr13107_2  execution - gij test
FAIL: pr13107_2 execution - gij test
FAIL: pr13107_3  execution - gij test
FAIL: pr13107_3 execution - gij test
FAIL: pr13107_3  execution - gij test
FAIL: pr13107_3 execution - gij test
FAIL: pr133  execution - gij test
FAIL: pr133 execution - gij test
FAIL: pr133  execution - gij test
FAIL: pr133 execution - gij test
FAIL: pr16789  execution - gij test
FAIL: pr16789 execution - gij test
FAIL: pr16789  execution - gij test
FAIL: pr16789 execution - gij test
FAIL: pr17536  execution - gij test
FAIL: pr17536 execution - gij test
FAIL: pr17536  execution - gij test
FAIL: pr17536 execution - gij test
FAIL: pr179  execution - gij test
FAIL: pr179 execution - gij test
FAIL: pr179  execution - gij test
FAIL: pr179 execution - gij test
FAIL: pr184  execution - gij test
FAIL: pr184 execution - gij test
FAIL: pr184  execution - gij test
FAIL: pr184 execution - gij test
FAIL: pr21785  execution - source compiled test
FAIL: pr21785 execution - gij test
FAIL:  pr21785 execution - bytecode->native test
FAIL: pr21785 execution - gij  test
FAIL: pr21785 -findirect-dispatch execution - bytecode->native  test
FAIL: pr21785 -O3 execution - source compiled test
FAIL: pr21785  execution - gij test
FAIL: pr21785 -O3 execution - bytecode->native  test
FAIL: pr21785 execution - gij test
FAIL: pr21785 -O3  -findirect-dispatch execution - bytecode->native test
FAIL: pr21844  execution - gij test
FAIL: pr21844 execution - gij test
FAIL: pr21844  execution - gij test
FAIL: pr21844 execution - gij test
FAIL: pr24321  execution - gij test
FAIL: pr24321 execution - gij test
FAIL: pr24321  execution - gij test
FAIL: pr24321 execution - gij test
FAIL: pr25676  execution - gij test
FAIL: pr25676 execution - gij test
FAIL: pr25676  execution - gij test
FAIL: pr25676 execution - gij test
FAIL: pr26390  execution - gij test
FAIL: pr26390 execution - gij test
FAIL: pr26390  execution - gij test
FAIL: pr26390 execution - gij test
FAIL: pr26990  execution - gij test
FAIL: pr26990 execution - gij test
FAIL: pr26990  execution - gij test
FAIL: pr26990 execution - gij test
FAIL: pr27171  execution - gij test
FAIL: pr27171 execution - gij test
FAIL: pr27171  execution - gij test
FAIL: pr27171 execution - gij test
FAIL: pr6388  execution - gij test
FAIL: pr6388 execution - gij test
FAIL: pr6388  execution - gij test
FAIL: pr6388 execution - gij test
FAIL: pr83  execution - gij test
FAIL: pr83 execution - gij test
FAIL: pr83 execution  - gij test
FAIL: pr83 execution - gij test
FAIL: pr8415 execution - gij  test
FAIL: pr8415 execution - gij test
FAIL: pr8415 execution - gij  test
FAIL: pr8415 execution - gij test
FAIL: pr8676 execution - gij  test
FAIL: pr8676 execution - gij test
FAIL: pr8676 execution - gij  test
FAIL: pr8676 execution - gij test
FAIL: pr8823 execution - gij  test
FAIL: pr8823 execution - gij test
FAIL: pr8823 execution - gij  test
FAIL: pr8823 execution - gij test
FAIL: pr8945 execution - gij  test
FAIL: pr8945 execution - gij test
FAIL: pr8945 execution - gij  test
FAIL: pr8945 execution - gij test
FAIL: private_direct_read execution  - gij test
FAIL: private_direct_read execution - gij test
FAIL:  private_direct_read execution - gij test
FAIL: private_direct_read execution  - gij test
FAIL: search_outer execution - gij test
FAIL: search_outer  execution - gij test
FAIL: search_outer execution - gij test
FAIL:  search_outer execution - gij test
FAIL: shatest execution - gij test
FAIL:  shatest execution - gij test
FAIL: shatest execution - gij test
FAIL:  shatest execution - gij test
FAIL: stacktrace output - source compiled  test
FAIL: stacktrace execution - gij test
FAIL: stacktrace output -  bytecode->native test
FAIL: stacktrace execution - gij test
FAIL:  stacktrace -findirect-dispatch output - bytecode->native test
FAIL:  stacktrace -O3 output - source compiled test
FAIL: stacktrace execution - gij  test
FAIL: stacktrace -O3 output - bytecode->native test
FAIL:  stacktrace execution - gij test
FAIL: stacktrace -O3 -findirect-dispatch  output - bytecode->native test
FAIL: stringconst execution - gij  test
FAIL: stringconst execution - gij test
FAIL: stringconst execution -  gij test
FAIL: stringconst execution - gij test
FAIL: stringconst2  execution - gij test
FAIL: stringconst2 execution - gij test
FAIL:  stringconst2 execution - gij test
FAIL: stringconst2 execution - gij  test
FAIL: stub execution - gij test
FAIL: stub execution - gij  test
FAIL: stub execution - gij test
FAIL: stub execution - gij  test
FAIL: test_long execution - gij test
FAIL: test_long execution - gij  test
FAIL: test_long execution - gij test
FAIL: test_long execution - gij  test
FAIL: tmi execution - gij test
FAIL: tmi execution - gij  test
FAIL: tmi execution - gij test
FAIL: tmi execution - gij  test
FAIL: tp execution - gij test
FAIL: tp execution - gij test
FAIL:  tp execution - gij test
FAIL: tp execution - gij test
FAIL: update_outer  execution - gij test
FAIL: update_outer execution - gij test
FAIL:  update_outer execution - gij test
FAIL: update_outer execution - gij  test
FAIL: utf8concat execution - gij test
FAIL: utf8concat execution -  gij test
FAIL: utf8concat execution - gij test
FAIL: utf8concat execution  - gij test
FAIL: utilTest execution - gij test
FAIL: utilTest execution -  gij test
FAIL: utilTest execution - gij test
FAIL: utilTest execution -  gij test
FAIL: verify execution - gij test
FAIL: verify execution - gij  test
FAIL: verify execution - gij test
FAIL: verify execution - gij  test
 
  === libjava Summary ===
 
# of expected passes  5329
# of unexpected  failures 829
# of expected failures  12
# of untested  testcases  822
 

=== libmudflap tests ===
 
Running target unix
FAIL: libmudflap.c/fail11-frag.c output pattern  test
FAIL: libmudflap.c/fail12-frag.c output pattern test
FAIL:  libmudflap.c/fail16-frag.c output pattern test
FAIL:  libmudflap.c/fail17-frag.c output pattern test
FAIL:  libmudflap.c/fail18-frag.c (test for excess errors)
WARNING:  libmudflap.c/fail18-frag.c compilation failed to produce executable
FAIL:  libmudflap.c/fail19-frag.c output pattern test
FAIL:  libmudflap.c/fail21-frag.c output pattern test
FAIL:  libmudflap.c/fail22-frag.c output pattern test
FAIL:  libmudflap.c/fail25-frag.c output pattern test
FAIL:  libmudflap.c/fail26-frag.c output pattern test
FAIL:  libmudflap.c/fail27-frag.c output pattern test
FAIL:  libmudflap.c/fail28-frag.c output pattern test
FAIL:  libmudflap.c/fail29-frag.c output pattern test
FAIL:  libmudflap.c/fail30-frag.c output pattern test
FAIL:  libmudflap.c/fail35-frag.c output pattern test
FAIL:  libmudflap.c/fail36-frag.c output pattern test
FAIL:  libmudflap.c/fail39-frag.c output pattern test
FAIL:  libmudflap.c/fail40-frag.c output pattern test
FAIL:  libmudflap.c/fail6-frag.c output pattern test
FAIL: libmudflap.c/fail7-frag.c  output pattern test
FAIL: libmudflap.c/fail8-frag.c output pattern  test
FAIL: libmudflap.c/fail9-frag.c output pattern test
FAIL:  libmudflap.c/heap-scalestress.c execution test
FAIL:  libmudflap.c/heap-scalestress.c output pattern test
FAIL:  libmudflap.c/hook-allocstuff.c execution test
FAIL:  libmudflap.c/hook-allocstuff.c output pattern test
FAIL:  libmudflap.c/pass-stratcliff.c (test for excess errors)
WARNING:  libmudflap.c/pass-stratcliff.c compilation failed to produce 
executable
FAIL:  libmudflap.c/pass11-frag.c execution test
FAIL: libmudflap.c/pass11-frag.c  execution test
FAIL: libmudflap.c/pass12-frag.c execution test
FAIL:  libmudflap.c/pass12-frag.c execution test
FAIL: libmudflap.c/pass16-frag.c  execution test
FAIL: libmudflap.c/pass16-frag.c execution test
FAIL:  libmudflap.c/pass19-frag.c execution test
FAIL: libmudflap.c/pass19-frag.c  execution test
FAIL: libmudflap.c/pass20-frag.c execution test
FAIL:  libmudflap.c/pass20-frag.c execution test
FAIL: libmudflap.c/pass21-frag.c  execution test
FAIL: libmudflap.c/pass21-frag.c execution test
FAIL:  libmudflap.c/pass22-frag.c (test for excess errors)
FAIL:  libmudflap.c/pass22-frag.c execution test
FAIL: libmudflap.c/pass22-frag.c  (test for excess errors)
FAIL: libmudflap.c/pass22-frag.c execution  test
FAIL: libmudflap.c/pass23-frag.c (test for excess errors)
FAIL:  libmudflap.c/pass23-frag.c execution test
FAIL: libmudflap.c/pass23-frag.c  (test for excess errors)
FAIL: libmudflap.c/pass23-frag.c execution  test
FAIL: libmudflap.c/pass24-frag.c (test for excess errors)
FAIL:  libmudflap.c/pass24-frag.c execution test
FAIL: libmudflap.c/pass24-frag.c  (test for excess errors)
FAIL: libmudflap.c/pass24-frag.c execution  test
FAIL: libmudflap.c/pass25-frag.c execution test
FAIL:  libmudflap.c/pass25-frag.c execution test
FAIL: libmudflap.c/pass29-frag.c  execution test
FAIL: libmudflap.c/pass29-frag.c execution test
FAIL:  libmudflap.c/pass35-frag.c execution test
FAIL: libmudflap.c/pass35-frag.c  execution test
FAIL: libmudflap.c/pass36-frag.c output pattern test
FAIL:  libmudflap.c/pass36-frag.c output pattern test
FAIL:  libmudflap.c/pass42-frag.c execution test
FAIL: libmudflap.c/pass42-frag.c  output pattern test
FAIL: libmudflap.c/pass42-frag.c execution test
FAIL:  libmudflap.c/pass42-frag.c output pattern test
FAIL:  libmudflap.c/pass45-frag.c execution test
FAIL: libmudflap.c/pass45-frag.c  output pattern test
FAIL: libmudflap.c/pass45-frag.c execution test
FAIL:  libmudflap.c/pass45-frag.c output pattern test
FAIL:  libmudflap.c/pass47-frag.c (test for excess errors)
FAIL:  libmudflap.c/pass47-frag.c execution test
FAIL: libmudflap.c/pass47-frag.c  (test for excess errors)
FAIL: libmudflap.c/pass47-frag.c execution  test
FAIL: libmudflap.c/pass50-frag.c execution test
FAIL:  libmudflap.c/pass50-frag.c execution test
FAIL: libmudflap.c/pass51-frag.c  execution test
FAIL: libmudflap.c/pass51-frag.c execution test
FAIL:  libmudflap.c/pass52-frag.c execution test
FAIL: libmudflap.c/pass52-frag.c  execution test
FAIL: libmudflap.c/pass56-frag.c execution test
FAIL:  libmudflap.c/pass56-frag.c execution test
FAIL: libmudflap.c/pass6-frag.c  execution test
FAIL: libmudflap.c/pass6-frag.c execution test
FAIL:  libmudflap.c/pass7-frag.c execution test
FAIL: libmudflap.c/pass7-frag.c  execution test
FAIL: libmudflap.c/pass8-frag.c execution test
FAIL:  libmudflap.c/pass8-frag.c execution test
FAIL: libmudflap.c/pass9-frag.c  execution test
FAIL: libmudflap.c/pass9-frag.c execution test
FAIL:  libmudflap.c/fail18-frag.c (-static) (test for excess errors)
WARNING:  libmudflap.c/fail18-frag.c (-static) compilation failed to produce  
executable
FAIL: libmudflap.c/fail27-frag.c (-static) output pattern  test
FAIL: libmudflap.c/heap-scalestress.c (-static) execution test
FAIL:  libmudflap.c/heap-scalestress.c (-static) output pattern test
FAIL:  libmudflap.c/pass-stratcliff.c (-static) (test for excess errors)
WARNING:  libmudflap.c/pass-stratcliff.c (-static) compilation failed to 
produce  executable
FAIL: libmudflap.c/pass22-frag.c (-static) (test for excess  errors)
FAIL: libmudflap.c/pass22-frag.c (-static) (test for excess  errors)
FAIL: libmudflap.c/pass23-frag.c (-static) (test for excess  errors)
FAIL: libmudflap.c/pass23-frag.c (-static) (test for excess  errors)
FAIL: libmudflap.c/pass24-frag.c (-static) (test for excess  errors)
FAIL: libmudflap.c/pass24-frag.c (-static) (test for excess  errors)
FAIL: libmudflap.c/pass35-frag.c (-static) execution test
FAIL:  libmudflap.c/pass35-frag.c (-static) execution test
FAIL:  libmudflap.c/pass42-frag.c (-static) execution test
FAIL:  libmudflap.c/pass42-frag.c (-static) output pattern test
FAIL:  libmudflap.c/pass42-frag.c (-static) execution test
FAIL:  libmudflap.c/pass42-frag.c (-static) output pattern test
FAIL:  libmudflap.c/pass47-frag.c (-static) (test for excess errors)
FAIL:  libmudflap.c/pass47-frag.c (-static) execution test
FAIL:  libmudflap.c/pass47-frag.c (-static) (test for excess errors)
FAIL:  libmudflap.c/pass47-frag.c (-static) execution test
FAIL:  libmudflap.c/pass52-frag.c (-static) execution test
FAIL:  libmudflap.c/pass52-frag.c (-static) execution test
FAIL:  libmudflap.c/fail11-frag.c (-O2) output pattern test
FAIL:  libmudflap.c/fail12-frag.c (-O2) output pattern test
FAIL:  libmudflap.c/fail16-frag.c (-O2) output pattern test
FAIL:  libmudflap.c/fail17-frag.c (-O2) output pattern test
FAIL:  libmudflap.c/fail18-frag.c (-O2) (test for excess errors)
WARNING:  libmudflap.c/fail18-frag.c (-O2) compilation failed to produce  
executable
FAIL: libmudflap.c/fail19-frag.c (-O2) output pattern  test
FAIL: libmudflap.c/fail21-frag.c (-O2) output pattern test
FAIL:  libmudflap.c/fail22-frag.c (-O2) output pattern test
FAIL:  libmudflap.c/fail25-frag.c (-O2) output pattern test
FAIL:  libmudflap.c/fail26-frag.c (-O2) output pattern test
FAIL:  libmudflap.c/fail27-frag.c (-O2) output pattern test
FAIL:  libmudflap.c/fail28-frag.c (-O2) output pattern test
FAIL:  libmudflap.c/fail29-frag.c (-O2) output pattern test
FAIL:  libmudflap.c/fail30-frag.c (-O2) output pattern test
FAIL:  libmudflap.c/fail35-frag.c (-O2) output pattern test
FAIL:  libmudflap.c/fail36-frag.c (-O2) output pattern test
FAIL:  libmudflap.c/fail39-frag.c (-O2) output pattern test
FAIL:  libmudflap.c/fail40-frag.c (-O2) output pattern test
FAIL:  libmudflap.c/fail6-frag.c (-O2) output pattern test
FAIL:  libmudflap.c/fail7-frag.c (-O2) output pattern test
FAIL:  libmudflap.c/fail8-frag.c (-O2) output pattern test
FAIL:  libmudflap.c/fail9-frag.c (-O2) output pattern test
FAIL:  libmudflap.c/heap-scalestress.c (-O2) execution test
FAIL:  libmudflap.c/heap-scalestress.c (-O2) output pattern test
FAIL:  libmudflap.c/hook-allocstuff.c (-O2) execution test
FAIL:  libmudflap.c/hook-allocstuff.c (-O2) output pattern test
FAIL:  libmudflap.c/pass-stratcliff.c (-O2) (test for excess errors)
WARNING:  libmudflap.c/pass-stratcliff.c (-O2) compilation failed to produce  
executable
FAIL: libmudflap.c/pass11-frag.c (-O2) execution test
FAIL:  libmudflap.c/pass11-frag.c (-O2) execution test
FAIL:  libmudflap.c/pass12-frag.c (-O2) execution test
FAIL:  libmudflap.c/pass12-frag.c (-O2) execution test
FAIL:  libmudflap.c/pass16-frag.c (-O2) execution test
FAIL:  libmudflap.c/pass16-frag.c (-O2) execution test
FAIL:  libmudflap.c/pass19-frag.c (-O2) execution test
FAIL:  libmudflap.c/pass19-frag.c (-O2) execution test
FAIL:  libmudflap.c/pass20-frag.c (-O2) execution test
FAIL:  libmudflap.c/pass20-frag.c (-O2) execution test
FAIL:  libmudflap.c/pass21-frag.c (-O2) execution test
FAIL:  libmudflap.c/pass21-frag.c (-O2) execution test
FAIL:  libmudflap.c/pass22-frag.c (-O2) (test for excess errors)
FAIL:  libmudflap.c/pass22-frag.c (-O2) execution test
FAIL:  libmudflap.c/pass22-frag.c (-O2) (test for excess errors)
FAIL:  libmudflap.c/pass22-frag.c (-O2) execution test
FAIL:  libmudflap.c/pass23-frag.c (-O2) (test for excess errors)
FAIL:  libmudflap.c/pass23-frag.c (-O2) execution test
FAIL:  libmudflap.c/pass23-frag.c (-O2) (test for excess errors)
FAIL:  libmudflap.c/pass23-frag.c (-O2) execution test
FAIL:  libmudflap.c/pass24-frag.c (-O2) (test for excess errors)
FAIL:  libmudflap.c/pass24-frag.c (-O2) execution test
FAIL:  libmudflap.c/pass24-frag.c (-O2) (test for excess errors)
FAIL:  libmudflap.c/pass24-frag.c (-O2) execution test
FAIL:  libmudflap.c/pass25-frag.c (-O2) execution test
FAIL:  libmudflap.c/pass25-frag.c (-O2) execution test
FAIL:  libmudflap.c/pass29-frag.c (-O2) execution test
FAIL:  libmudflap.c/pass29-frag.c (-O2) execution test
FAIL:  libmudflap.c/pass36-frag.c (-O2) output pattern test
FAIL:  libmudflap.c/pass36-frag.c (-O2) output pattern test
FAIL:  libmudflap.c/pass42-frag.c (-O2) execution test
FAIL:  libmudflap.c/pass42-frag.c (-O2) output pattern test
FAIL:  libmudflap.c/pass42-frag.c (-O2) execution test
FAIL:  libmudflap.c/pass42-frag.c (-O2) output pattern test
FAIL:  libmudflap.c/pass45-frag.c (-O2) execution test
FAIL:  libmudflap.c/pass45-frag.c (-O2) output pattern test
FAIL:  libmudflap.c/pass45-frag.c (-O2) execution test
FAIL:  libmudflap.c/pass45-frag.c (-O2) output pattern test
FAIL:  libmudflap.c/pass47-frag.c (-O2) (test for excess errors)
FAIL:  libmudflap.c/pass47-frag.c (-O2) execution test
FAIL:  libmudflap.c/pass47-frag.c (-O2) (test for excess errors)
FAIL:  libmudflap.c/pass47-frag.c (-O2) execution test
FAIL:  libmudflap.c/pass50-frag.c (-O2) execution test
FAIL:  libmudflap.c/pass50-frag.c (-O2) execution test
FAIL:  libmudflap.c/pass51-frag.c (-O2) execution test
FAIL:  libmudflap.c/pass51-frag.c (-O2) execution test
FAIL:  libmudflap.c/pass52-frag.c (-O2) execution test
FAIL:  libmudflap.c/pass52-frag.c (-O2) execution test
FAIL:  libmudflap.c/pass56-frag.c (-O2) execution test
FAIL:  libmudflap.c/pass56-frag.c (-O2) execution test
FAIL:  libmudflap.c/pass6-frag.c (-O2) execution test
FAIL:  libmudflap.c/pass6-frag.c (-O2) execution test
FAIL:  libmudflap.c/pass7-frag.c (-O2) execution test
FAIL:  libmudflap.c/pass7-frag.c (-O2) execution test
FAIL:  libmudflap.c/pass8-frag.c (-O2) execution test
FAIL:  libmudflap.c/pass8-frag.c (-O2) execution test
FAIL:  libmudflap.c/pass9-frag.c (-O2) execution test
FAIL:  libmudflap.c/pass9-frag.c (-O2) execution test
FAIL:  libmudflap.c/fail11-frag.c (-O3) output pattern test
FAIL:  libmudflap.c/fail12-frag.c (-O3) output pattern test
FAIL:  libmudflap.c/fail16-frag.c (-O3) output pattern test
FAIL:  libmudflap.c/fail17-frag.c (-O3) output pattern test
FAIL:  libmudflap.c/fail18-frag.c (-O3) (test for excess errors)
WARNING:  libmudflap.c/fail18-frag.c (-O3) compilation failed to produce  
executable
FAIL: libmudflap.c/fail19-frag.c (-O3) output pattern  test
FAIL: libmudflap.c/fail21-frag.c (-O3) output pattern test
FAIL:  libmudflap.c/fail22-frag.c (-O3) output pattern test
FAIL:  libmudflap.c/fail25-frag.c (-O3) output pattern test
FAIL:  libmudflap.c/fail26-frag.c (-O3) output pattern test
FAIL:  libmudflap.c/fail27-frag.c (-O3) output pattern test
FAIL:  libmudflap.c/fail28-frag.c (-O3) output pattern test
FAIL:  libmudflap.c/fail29-frag.c (-O3) output pattern test
FAIL:  libmudflap.c/fail30-frag.c (-O3) output pattern test
FAIL:  libmudflap.c/fail35-frag.c (-O3) output pattern test
FAIL:  libmudflap.c/fail36-frag.c (-O3) output pattern test
FAIL:  libmudflap.c/fail39-frag.c (-O3) output pattern test
FAIL:  libmudflap.c/fail40-frag.c (-O3) output pattern test
FAIL:  libmudflap.c/fail6-frag.c (-O3) output pattern test
FAIL:  libmudflap.c/fail7-frag.c (-O3) output pattern test
FAIL:  libmudflap.c/fail8-frag.c (-O3) output pattern test
FAIL:  libmudflap.c/fail9-frag.c (-O3) output pattern test
FAIL:  libmudflap.c/heap-scalestress.c (-O3) execution test
FAIL:  libmudflap.c/heap-scalestress.c (-O3) output pattern test
FAIL:  libmudflap.c/hook-allocstuff.c (-O3) execution test
FAIL:  libmudflap.c/hook-allocstuff.c (-O3) output pattern test
FAIL:  libmudflap.c/pass-stratcliff.c (-O3) (test for excess errors)
WARNING:  libmudflap.c/pass-stratcliff.c (-O3) compilation failed to produce  
executable
FAIL: libmudflap.c/pass11-frag.c (-O3) execution test
FAIL:  libmudflap.c/pass11-frag.c (-O3) execution test
FAIL:  libmudflap.c/pass12-frag.c (-O3) execution test
FAIL:  libmudflap.c/pass12-frag.c (-O3) execution test
FAIL:  libmudflap.c/pass16-frag.c (-O3) execution test
FAIL:  libmudflap.c/pass16-frag.c (-O3) execution test
FAIL:  libmudflap.c/pass19-frag.c (-O3) execution test
FAIL:  libmudflap.c/pass19-frag.c (-O3) execution test
FAIL:  libmudflap.c/pass20-frag.c (-O3) execution test
FAIL:  libmudflap.c/pass20-frag.c (-O3) execution test
FAIL:  libmudflap.c/pass21-frag.c (-O3) execution test
FAIL:  libmudflap.c/pass21-frag.c (-O3) execution test
FAIL:  libmudflap.c/pass22-frag.c (-O3) (test for excess errors)
FAIL:  libmudflap.c/pass22-frag.c (-O3) execution test
FAIL:  libmudflap.c/pass22-frag.c (-O3) (test for excess errors)
FAIL:  libmudflap.c/pass22-frag.c (-O3) execution test
FAIL:  libmudflap.c/pass23-frag.c (-O3) (test for excess errors)
FAIL:  libmudflap.c/pass23-frag.c (-O3) execution test
FAIL:  libmudflap.c/pass23-frag.c (-O3) (test for excess errors)
FAIL:  libmudflap.c/pass23-frag.c (-O3) execution test
FAIL:  libmudflap.c/pass24-frag.c (-O3) (test for excess errors)
FAIL:  libmudflap.c/pass24-frag.c (-O3) execution test
FAIL:  libmudflap.c/pass24-frag.c (-O3) (test for excess errors)
FAIL:  libmudflap.c/pass24-frag.c (-O3) execution test
FAIL:  libmudflap.c/pass25-frag.c (-O3) execution test
FAIL:  libmudflap.c/pass25-frag.c (-O3) execution test
FAIL:  libmudflap.c/pass29-frag.c (-O3) execution test
FAIL:  libmudflap.c/pass29-frag.c (-O3) execution test
FAIL:  libmudflap.c/pass36-frag.c (-O3) output pattern test
FAIL:  libmudflap.c/pass36-frag.c (-O3) output pattern test
FAIL:  libmudflap.c/pass42-frag.c (-O3) execution test
FAIL:  libmudflap.c/pass42-frag.c (-O3) output pattern test
FAIL:  libmudflap.c/pass42-frag.c (-O3) execution test
FAIL:  libmudflap.c/pass42-frag.c (-O3) output pattern test
FAIL:  libmudflap.c/pass45-frag.c (-O3) execution test
FAIL:  libmudflap.c/pass45-frag.c (-O3) output pattern test
FAIL:  libmudflap.c/pass45-frag.c (-O3) execution test
FAIL:  libmudflap.c/pass45-frag.c (-O3) output pattern test
FAIL:  libmudflap.c/pass47-frag.c (-O3) (test for excess errors)
FAIL:  libmudflap.c/pass47-frag.c (-O3) execution test
FAIL:  libmudflap.c/pass47-frag.c (-O3) (test for excess errors)
FAIL:  libmudflap.c/pass47-frag.c (-O3) execution test
FAIL:  libmudflap.c/pass50-frag.c (-O3) execution test
FAIL:  libmudflap.c/pass50-frag.c (-O3) execution test
FAIL:  libmudflap.c/pass51-frag.c (-O3) execution test
FAIL:  libmudflap.c/pass51-frag.c (-O3) execution test
FAIL:  libmudflap.c/pass52-frag.c (-O3) execution test
FAIL:  libmudflap.c/pass52-frag.c (-O3) execution test
FAIL:  libmudflap.c/pass56-frag.c (-O3) execution test
FAIL:  libmudflap.c/pass56-frag.c (-O3) execution test
FAIL:  libmudflap.c/pass6-frag.c (-O3) execution test
FAIL:  libmudflap.c/pass6-frag.c (-O3) execution test
FAIL:  libmudflap.c/pass7-frag.c (-O3) execution test
FAIL:  libmudflap.c/pass7-frag.c (-O3) execution test
FAIL:  libmudflap.c/pass8-frag.c (-O3) execution test
FAIL:  libmudflap.c/pass8-frag.c (-O3) execution test
FAIL:  libmudflap.c/pass9-frag.c (-O3) execution test
FAIL:  libmudflap.c/pass9-frag.c (-O3) execution test
FAIL:  libmudflap.c++/error1-frag.cxx (test for excess errors)
FAIL:  libmudflap.c++/error2-frag.cxx (test for excess errors)
FAIL:  libmudflap.c++/fail24-frag.cxx (test for excess errors)
FAIL:  libmudflap.c++/pass27-frag.cxx (test for excess errors)
FAIL:  libmudflap.c++/pass28-frag.cxx (test for excess errors)
FAIL:  libmudflap.c++/pass28-frag.cxx execution test
FAIL:  libmudflap.c++/pass31-frag.cxx (test for excess errors)
FAIL:  libmudflap.c++/pass41-frag.cxx (test for excess errors)
FAIL:  libmudflap.c++/pass41-frag.cxx execution test
FAIL:  libmudflap.c++/pass55-frag.cxx (test for excess errors)
FAIL:  libmudflap.c++/pass55-frag.cxx execution test
FAIL:  libmudflap.c++/pass57-frag.cxx (test for excess errors)
FAIL:  libmudflap.c++/pass58-frag.cxx (test for excess errors)
FAIL:  libmudflap.c++/error1-frag.cxx ( -O) (test for excess errors)
FAIL:  libmudflap.c++/error2-frag.cxx ( -O) (test for excess errors)
FAIL:  libmudflap.c++/fail24-frag.cxx ( -O) (test for excess errors)
FAIL:  libmudflap.c++/pass27-frag.cxx ( -O) (test for excess errors)
FAIL:  libmudflap.c++/pass28-frag.cxx ( -O) (test for excess errors)
FAIL:  libmudflap.c++/pass28-frag.cxx ( -O) execution test
FAIL:  libmudflap.c++/pass31-frag.cxx ( -O) (test for excess errors)
FAIL:  libmudflap.c++/pass41-frag.cxx ( -O) (test for excess errors)
FAIL:  libmudflap.c++/pass41-frag.cxx ( -O) execution test
FAIL:  libmudflap.c++/pass55-frag.cxx ( -O) (test for excess errors)
FAIL:  libmudflap.c++/pass55-frag.cxx ( -O) execution test
FAIL:  libmudflap.c++/pass57-frag.cxx ( -O) (test for excess errors)
FAIL:  libmudflap.c++/pass58-frag.cxx ( -O) (test for excess errors)
FAIL:  libmudflap.c++/error1-frag.cxx (-O2) (test for excess errors)
FAIL:  libmudflap.c++/error2-frag.cxx (-O2) (test for excess errors)
FAIL:  libmudflap.c++/fail24-frag.cxx (-O2) (test for excess errors)
FAIL:  libmudflap.c++/pass27-frag.cxx (-O2) (test for excess errors)
FAIL:  libmudflap.c++/pass28-frag.cxx (-O2) (test for excess errors)
FAIL:  libmudflap.c++/pass28-frag.cxx (-O2) execution test
FAIL:  libmudflap.c++/pass31-frag.cxx (-O2) (test for excess errors)
FAIL:  libmudflap.c++/pass41-frag.cxx (-O2) (test for excess errors)
FAIL:  libmudflap.c++/pass41-frag.cxx (-O2) execution test
FAIL:  libmudflap.c++/pass55-frag.cxx (-O2) (test for excess errors)
FAIL:  libmudflap.c++/pass55-frag.cxx (-O2) execution test
FAIL:  libmudflap.c++/pass57-frag.cxx (-O2) (test for excess errors)
FAIL:  libmudflap.c++/pass58-frag.cxx (-O2) (test for excess errors)
FAIL:  libmudflap.c++/error1-frag.cxx (-O3) (test for excess errors)
FAIL:  libmudflap.c++/error2-frag.cxx (-O3) (test for excess errors)
FAIL:  libmudflap.c++/fail24-frag.cxx (-O3) (test for excess errors)
FAIL:  libmudflap.c++/pass27-frag.cxx (-O3) (test for excess errors)
FAIL:  libmudflap.c++/pass28-frag.cxx (-O3) (test for excess errors)
FAIL:  libmudflap.c++/pass28-frag.cxx (-O3) execution test
FAIL:  libmudflap.c++/pass31-frag.cxx (-O3) (test for excess errors)
FAIL:  libmudflap.c++/pass41-frag.cxx (-O3) (test for excess errors)
FAIL:  libmudflap.c++/pass41-frag.cxx (-O3) execution test
FAIL:  libmudflap.c++/pass55-frag.cxx (-O3) (test for excess errors)
FAIL:  libmudflap.c++/pass55-frag.cxx (-O3) execution test
FAIL:  libmudflap.c++/pass57-frag.cxx (-O3) (test for excess errors)
FAIL:  libmudflap.c++/pass58-frag.cxx (-O3) (test for excess errors)
FAIL: ctors-2  compilation 
FAIL: ctors-2 compilation -O2
FAIL: ctors-2 compilation  -O3
FAIL: libmudflap.cth/pass37-frag.c execution test
FAIL:  libmudflap.cth/pass37-frag.c output pattern test
FAIL:  libmudflap.cth/pass37-frag.c (rerun 1) execution test
FAIL:  libmudflap.cth/pass37-frag.c (rerun 1) output pattern test
FAIL:  libmudflap.cth/pass37-frag.c (rerun 2) execution test
FAIL:  libmudflap.cth/pass37-frag.c (rerun 2) output pattern test
FAIL:  libmudflap.cth/pass37-frag.c (rerun 3) execution test
FAIL:  libmudflap.cth/pass37-frag.c (rerun 3) output pattern test
FAIL:  libmudflap.cth/pass37-frag.c (rerun 4) execution test
FAIL:  libmudflap.cth/pass37-frag.c (rerun 4) output pattern test
FAIL:  libmudflap.cth/pass37-frag.c (rerun 5) execution test
FAIL:  libmudflap.cth/pass37-frag.c (rerun 5) output pattern test
FAIL:  libmudflap.cth/pass37-frag.c (rerun 6) execution test
FAIL:  libmudflap.cth/pass37-frag.c (rerun 6) output pattern test
FAIL:  libmudflap.cth/pass37-frag.c (rerun 7) execution test
FAIL:  libmudflap.cth/pass37-frag.c (rerun 7) output pattern test
FAIL:  libmudflap.cth/pass37-frag.c (rerun 8) execution test
FAIL:  libmudflap.cth/pass37-frag.c (rerun 8) output pattern test
FAIL:  libmudflap.cth/pass37-frag.c (rerun 9) execution test
FAIL:  libmudflap.cth/pass37-frag.c (rerun 9) output pattern test
FAIL:  libmudflap.cth/pass37-frag.c (rerun 10) execution test
FAIL:  libmudflap.cth/pass37-frag.c (rerun 10) output pattern test
FAIL:  libmudflap.cth/pass37-frag.c (rerun 11) execution test
FAIL:  libmudflap.cth/pass37-frag.c (rerun 11) output pattern test
FAIL:  libmudflap.cth/pass37-frag.c (rerun 12) execution test
FAIL:  libmudflap.cth/pass37-frag.c (rerun 12) output pattern test
FAIL:  libmudflap.cth/pass37-frag.c (rerun 13) execution test
FAIL:  libmudflap.cth/pass37-frag.c (rerun 13) output pattern test
FAIL:  libmudflap.cth/pass37-frag.c (rerun 14) execution test
FAIL:  libmudflap.cth/pass37-frag.c (rerun 14) output pattern test
FAIL:  libmudflap.cth/pass37-frag.c (rerun 15) execution test
FAIL:  libmudflap.cth/pass37-frag.c (rerun 15) output pattern test
FAIL:  libmudflap.cth/pass37-frag.c (rerun 16) execution test
FAIL:  libmudflap.cth/pass37-frag.c (rerun 16) output pattern test
FAIL:  libmudflap.cth/pass37-frag.c (rerun 17) execution test
FAIL:  libmudflap.cth/pass37-frag.c (rerun 17) output pattern test
FAIL:  libmudflap.cth/pass37-frag.c (rerun 18) execution test
FAIL:  libmudflap.cth/pass37-frag.c (rerun 18) output pattern test
FAIL:  libmudflap.cth/pass37-frag.c (rerun 19) execution test
FAIL:  libmudflap.cth/pass37-frag.c (rerun 19) output pattern test
FAIL:  libmudflap.cth/pass39-frag.c execution test
FAIL:  libmudflap.cth/pass39-frag.c output pattern test
FAIL:  libmudflap.cth/pass39-frag.c (rerun 1) execution test
FAIL:  libmudflap.cth/pass39-frag.c (rerun 1) output pattern test
FAIL:  libmudflap.cth/pass39-frag.c (rerun 2) execution test
FAIL:  libmudflap.cth/pass39-frag.c (rerun 2) output pattern test
FAIL:  libmudflap.cth/pass39-frag.c (rerun 3) execution test
FAIL:  libmudflap.cth/pass39-frag.c (rerun 3) output pattern test
FAIL:  libmudflap.cth/pass39-frag.c (rerun 4) execution test
FAIL:  libmudflap.cth/pass39-frag.c (rerun 4) output pattern test
FAIL:  libmudflap.cth/pass39-frag.c (rerun 5) execution test
FAIL:  libmudflap.cth/pass39-frag.c (rerun 5) output pattern test
FAIL:  libmudflap.cth/pass39-frag.c (rerun 6) execution test
FAIL:  libmudflap.cth/pass39-frag.c (rerun 6) output pattern test
FAIL:  libmudflap.cth/pass39-frag.c (rerun 7) execution test
FAIL:  libmudflap.cth/pass39-frag.c (rerun 7) output pattern test
FAIL:  libmudflap.cth/pass39-frag.c (rerun 8) execution test
FAIL:  libmudflap.cth/pass39-frag.c (rerun 8) output pattern test
FAIL:  libmudflap.cth/pass39-frag.c (rerun 9) execution test
FAIL:  libmudflap.cth/pass39-frag.c (rerun 9) output pattern test
FAIL:  libmudflap.cth/pass39-frag.c (rerun 10) execution test
FAIL:  libmudflap.cth/pass39-frag.c (rerun 10) output pattern test
FAIL:  libmudflap.cth/pass39-frag.c (rerun 11) execution test
FAIL:  libmudflap.cth/pass39-frag.c (rerun 11) output pattern test
FAIL:  libmudflap.cth/pass39-frag.c (rerun 12) execution test
FAIL:  libmudflap.cth/pass39-frag.c (rerun 12) output pattern test
FAIL:  libmudflap.cth/pass39-frag.c (rerun 13) execution test
FAIL:  libmudflap.cth/pass39-frag.c (rerun 13) output pattern test
FAIL:  libmudflap.cth/pass39-frag.c (rerun 14) execution test
FAIL:  libmudflap.cth/pass39-frag.c (rerun 14) output pattern test
FAIL:  libmudflap.cth/pass39-frag.c (rerun 15) execution test
FAIL:  libmudflap.cth/pass39-frag.c (rerun 15) output pattern test
FAIL:  libmudflap.cth/pass39-frag.c (rerun 16) execution test
FAIL:  libmudflap.cth/pass39-frag.c (rerun 16) output pattern test
FAIL:  libmudflap.cth/pass39-frag.c (rerun 17) execution test
FAIL:  libmudflap.cth/pass39-frag.c (rerun 17) output pattern test
FAIL:  libmudflap.cth/pass39-frag.c (rerun 18) execution test
FAIL:  libmudflap.cth/pass39-frag.c (rerun 18) output pattern test
FAIL:  libmudflap.cth/pass39-frag.c (rerun 19) execution test
FAIL:  libmudflap.cth/pass39-frag.c (rerun 19) output pattern test
FAIL:  libmudflap.cth/pass40-frag.c execution test
FAIL:  libmudflap.cth/pass40-frag.c output pattern test
FAIL:  libmudflap.cth/pass40-frag.c (-static -DSTATIC) execution test
FAIL:  libmudflap.cth/pass40-frag.c (-static -DSTATIC) output pattern test
FAIL:  libmudflap.cth/pass37-frag.c (-O2) execution test
FAIL:  libmudflap.cth/pass37-frag.c (-O2) output pattern test
FAIL:  libmudflap.cth/pass37-frag.c (-O2) (rerun 1) execution test
FAIL:  libmudflap.cth/pass37-frag.c (-O2) (rerun 1) output pattern test
FAIL:  libmudflap.cth/pass37-frag.c (-O2) (rerun 2) execution test
FAIL:  libmudflap.cth/pass37-frag.c (-O2) (rerun 2) output pattern test
FAIL:  libmudflap.cth/pass37-frag.c (-O2) (rerun 3) execution test
FAIL:  libmudflap.cth/pass37-frag.c (-O2) (rerun 3) output pattern test
FAIL:  libmudflap.cth/pass37-frag.c (-O2) (rerun 4) execution test
FAIL:  libmudflap.cth/pass37-frag.c (-O2) (rerun 4) output pattern test
FAIL:  libmudflap.cth/pass37-frag.c (-O2) (rerun 5) execution test
FAIL:  libmudflap.cth/pass37-frag.c (-O2) (rerun 5) output pattern test
FAIL:  libmudflap.cth/pass37-frag.c (-O2) (rerun 6) execution test
FAIL:  libmudflap.cth/pass37-frag.c (-O2) (rerun 6) output pattern test
FAIL:  libmudflap.cth/pass37-frag.c (-O2) (rerun 7) execution test
FAIL:  libmudflap.cth/pass37-frag.c (-O2) (rerun 7) output pattern test
FAIL:  libmudflap.cth/pass37-frag.c (-O2) (rerun 8) execution test
FAIL:  libmudflap.cth/pass37-frag.c (-O2) (rerun 8) output pattern test
FAIL:  libmudflap.cth/pass37-frag.c (-O2) (rerun 9) execution test
FAIL:  libmudflap.cth/pass37-frag.c (-O2) (rerun 9) output pattern test
FAIL:  libmudflap.cth/pass37-frag.c (-O2) (rerun 10) execution test
FAIL:  libmudflap.cth/pass37-frag.c (-O2) (rerun 10) output pattern test
FAIL:  libmudflap.cth/pass37-frag.c (-O2) (rerun 11) execution test
FAIL:  libmudflap.cth/pass37-frag.c (-O2) (rerun 11) output pattern test
FAIL:  libmudflap.cth/pass37-frag.c (-O2) (rerun 12) execution test
FAIL:  libmudflap.cth/pass37-frag.c (-O2) (rerun 12) output pattern test
FAIL:  libmudflap.cth/pass37-frag.c (-O2) (rerun 13) execution test
FAIL:  libmudflap.cth/pass37-frag.c (-O2) (rerun 13) output pattern test
FAIL:  libmudflap.cth/pass37-frag.c (-O2) (rerun 14) execution test
FAIL:  libmudflap.cth/pass37-frag.c (-O2) (rerun 14) output pattern test
FAIL:  libmudflap.cth/pass37-frag.c (-O2) (rerun 15) execution test
FAIL:  libmudflap.cth/pass37-frag.c (-O2) (rerun 15) output pattern test
FAIL:  libmudflap.cth/pass37-frag.c (-O2) (rerun 16) execution test
FAIL:  libmudflap.cth/pass37-frag.c (-O2) (rerun 16) output pattern test
FAIL:  libmudflap.cth/pass37-frag.c (-O2) (rerun 17) execution test
FAIL:  libmudflap.cth/pass37-frag.c (-O2) (rerun 17) output pattern test
FAIL:  libmudflap.cth/pass37-frag.c (-O2) (rerun 18) execution test
FAIL:  libmudflap.cth/pass37-frag.c (-O2) (rerun 18) output pattern test
FAIL:  libmudflap.cth/pass37-frag.c (-O2) (rerun 19) execution test
FAIL:  libmudflap.cth/pass37-frag.c (-O2) (rerun 19) output pattern test
FAIL:  libmudflap.cth/pass39-frag.c (-O2) execution test
FAIL:  libmudflap.cth/pass39-frag.c (-O2) output pattern test
FAIL:  libmudflap.cth/pass39-frag.c (-O2) (rerun 1) execution test
FAIL:  libmudflap.cth/pass39-frag.c (-O2) (rerun 1) output pattern test
FAIL:  libmudflap.cth/pass39-frag.c (-O2) (rerun 2) execution test
FAIL:  libmudflap.cth/pass39-frag.c (-O2) (rerun 2) output pattern test
FAIL:  libmudflap.cth/pass39-frag.c (-O2) (rerun 3) execution test
FAIL:  libmudflap.cth/pass39-frag.c (-O2) (rerun 3) output pattern test
FAIL:  libmudflap.cth/pass39-frag.c (-O2) (rerun 4) execution test
FAIL:  libmudflap.cth/pass39-frag.c (-O2) (rerun 4) output pattern test
FAIL:  libmudflap.cth/pass39-frag.c (-O2) (rerun 5) execution test
FAIL:  libmudflap.cth/pass39-frag.c (-O2) (rerun 5) output pattern test
FAIL:  libmudflap.cth/pass39-frag.c (-O2) (rerun 6) execution test
FAIL:  libmudflap.cth/pass39-frag.c (-O2) (rerun 6) output pattern test
FAIL:  libmudflap.cth/pass39-frag.c (-O2) (rerun 7) execution test
FAIL:  libmudflap.cth/pass39-frag.c (-O2) (rerun 7) output pattern test
FAIL:  libmudflap.cth/pass39-frag.c (-O2) (rerun 8) execution test
FAIL:  libmudflap.cth/pass39-frag.c (-O2) (rerun 8) output pattern test
FAIL:  libmudflap.cth/pass39-frag.c (-O2) (rerun 9) execution test
FAIL:  libmudflap.cth/pass39-frag.c (-O2) (rerun 9) output pattern test
FAIL:  libmudflap.cth/pass39-frag.c (-O2) (rerun 10) execution test
FAIL:  libmudflap.cth/pass39-frag.c (-O2) (rerun 10) output pattern test
FAIL:  libmudflap.cth/pass39-frag.c (-O2) (rerun 11) execution test
FAIL:  libmudflap.cth/pass39-frag.c (-O2) (rerun 11) output pattern test
FAIL:  libmudflap.cth/pass39-frag.c (-O2) (rerun 12) execution test
FAIL:  libmudflap.cth/pass39-frag.c (-O2) (rerun 12) output pattern test
FAIL:  libmudflap.cth/pass39-frag.c (-O2) (rerun 13) execution test
FAIL:  libmudflap.cth/pass39-frag.c (-O2) (rerun 13) output pattern test
FAIL:  libmudflap.cth/pass39-frag.c (-O2) (rerun 14) execution test
FAIL:  libmudflap.cth/pass39-frag.c (-O2) (rerun 14) output pattern test
FAIL:  libmudflap.cth/pass39-frag.c (-O2) (rerun 15) execution test
FAIL:  libmudflap.cth/pass39-frag.c (-O2) (rerun 15) output pattern test
FAIL:  libmudflap.cth/pass39-frag.c (-O2) (rerun 16) execution test
FAIL:  libmudflap.cth/pass39-frag.c (-O2) (rerun 16) output pattern test
FAIL:  libmudflap.cth/pass39-frag.c (-O2) (rerun 17) execution test
FAIL:  libmudflap.cth/pass39-frag.c (-O2) (rerun 17) output pattern test
FAIL:  libmudflap.cth/pass39-frag.c (-O2) (rerun 18) execution test
FAIL:  libmudflap.cth/pass39-frag.c (-O2) (rerun 18) output pattern test
FAIL:  libmudflap.cth/pass39-frag.c (-O2) (rerun 19) execution test
FAIL:  libmudflap.cth/pass39-frag.c (-O2) (rerun 19) output pattern test
FAIL:  libmudflap.cth/pass40-frag.c (-O2) execution test
FAIL:  libmudflap.cth/pass40-frag.c (-O2) output pattern test
FAIL:  libmudflap.cth/pass37-frag.c (-O3) execution test
FAIL:  libmudflap.cth/pass37-frag.c (-O3) output pattern test
FAIL:  libmudflap.cth/pass37-frag.c (-O3) (rerun 1) execution test
FAIL:  libmudflap.cth/pass37-frag.c (-O3) (rerun 1) output pattern test
FAIL:  libmudflap.cth/pass37-frag.c (-O3) (rerun 2) execution test
FAIL:  libmudflap.cth/pass37-frag.c (-O3) (rerun 2) output pattern test
FAIL:  libmudflap.cth/pass37-frag.c (-O3) (rerun 3) execution test
FAIL:  libmudflap.cth/pass37-frag.c (-O3) (rerun 3) output pattern test
FAIL:  libmudflap.cth/pass37-frag.c (-O3) (rerun 4) execution test
FAIL:  libmudflap.cth/pass37-frag.c (-O3) (rerun 4) output pattern test
FAIL:  libmudflap.cth/pass37-frag.c (-O3) (rerun 5) execution test
FAIL:  libmudflap.cth/pass37-frag.c (-O3) (rerun 5) output pattern test
FAIL:  libmudflap.cth/pass37-frag.c (-O3) (rerun 6) execution test
FAIL:  libmudflap.cth/pass37-frag.c (-O3) (rerun 6) output pattern test
FAIL:  libmudflap.cth/pass37-frag.c (-O3) (rerun 7) execution test
FAIL:  libmudflap.cth/pass37-frag.c (-O3) (rerun 7) output pattern test
FAIL:  libmudflap.cth/pass37-frag.c (-O3) (rerun 8) execution test
FAIL:  libmudflap.cth/pass37-frag.c (-O3) (rerun 8) output pattern test
FAIL:  libmudflap.cth/pass37-frag.c (-O3) (rerun 9) execution test
FAIL:  libmudflap.cth/pass37-frag.c (-O3) (rerun 9) output pattern test
FAIL:  libmudflap.cth/pass37-frag.c (-O3) (rerun 10) execution test
FAIL:  libmudflap.cth/pass37-frag.c (-O3) (rerun 10) output pattern test
FAIL:  libmudflap.cth/pass37-frag.c (-O3) (rerun 11) execution test
FAIL:  libmudflap.cth/pass37-frag.c (-O3) (rerun 11) output pattern test
FAIL:  libmudflap.cth/pass37-frag.c (-O3) (rerun 12) execution test
FAIL:  libmudflap.cth/pass37-frag.c (-O3) (rerun 12) output pattern test
FAIL:  libmudflap.cth/pass37-frag.c (-O3) (rerun 13) execution test
FAIL:  libmudflap.cth/pass37-frag.c (-O3) (rerun 13) output pattern test
FAIL:  libmudflap.cth/pass37-frag.c (-O3) (rerun 14) execution test
FAIL:  libmudflap.cth/pass37-frag.c (-O3) (rerun 14) output pattern test
FAIL:  libmudflap.cth/pass37-frag.c (-O3) (rerun 15) execution test
FAIL:  libmudflap.cth/pass37-frag.c (-O3) (rerun 15) output pattern test
FAIL:  libmudflap.cth/pass37-frag.c (-O3) (rerun 16) execution test
FAIL:  libmudflap.cth/pass37-frag.c (-O3) (rerun 16) output pattern test
FAIL:  libmudflap.cth/pass37-frag.c (-O3) (rerun 17) execution test
FAIL:  libmudflap.cth/pass37-frag.c (-O3) (rerun 17) output pattern test
FAIL:  libmudflap.cth/pass37-frag.c (-O3) (rerun 18) execution test
FAIL:  libmudflap.cth/pass37-frag.c (-O3) (rerun 18) output pattern test
FAIL:  libmudflap.cth/pass37-frag.c (-O3) (rerun 19) execution test
FAIL:  libmudflap.cth/pass37-frag.c (-O3) (rerun 19) output pattern test
FAIL:  libmudflap.cth/pass39-frag.c (-O3) execution test
FAIL:  libmudflap.cth/pass39-frag.c (-O3) output pattern test
FAIL:  libmudflap.cth/pass39-frag.c (-O3) (rerun 1) execution test
FAIL:  libmudflap.cth/pass39-frag.c (-O3) (rerun 1) output pattern test
FAIL:  libmudflap.cth/pass39-frag.c (-O3) (rerun 2) execution test
FAIL:  libmudflap.cth/pass39-frag.c (-O3) (rerun 2) output pattern test
FAIL:  libmudflap.cth/pass39-frag.c (-O3) (rerun 3) execution test
FAIL:  libmudflap.cth/pass39-frag.c (-O3) (rerun 3) output pattern test
FAIL:  libmudflap.cth/pass39-frag.c (-O3) (rerun 4) execution test
FAIL:  libmudflap.cth/pass39-frag.c (-O3) (rerun 4) output pattern test
FAIL:  libmudflap.cth/pass39-frag.c (-O3) (rerun 5) execution test
FAIL:  libmudflap.cth/pass39-frag.c (-O3) (rerun 5) output pattern test
FAIL:  libmudflap.cth/pass39-frag.c (-O3) (rerun 6) execution test
FAIL:  libmudflap.cth/pass39-frag.c (-O3) (rerun 6) output pattern test
FAIL:  libmudflap.cth/pass39-frag.c (-O3) (rerun 7) execution test
FAIL:  libmudflap.cth/pass39-frag.c (-O3) (rerun 7) output pattern test
FAIL:  libmudflap.cth/pass39-frag.c (-O3) (rerun 8) execution test
FAIL:  libmudflap.cth/pass39-frag.c (-O3) (rerun 8) output pattern test
FAIL:  libmudflap.cth/pass39-frag.c (-O3) (rerun 9) execution test
FAIL:  libmudflap.cth/pass39-frag.c (-O3) (rerun 9) output pattern test
FAIL:  libmudflap.cth/pass39-frag.c (-O3) (rerun 10) execution test
FAIL:  libmudflap.cth/pass39-frag.c (-O3) (rerun 10) output pattern test
FAIL:  libmudflap.cth/pass39-frag.c (-O3) (rerun 11) execution test
FAIL:  libmudflap.cth/pass39-frag.c (-O3) (rerun 11) output pattern test
FAIL:  libmudflap.cth/pass39-frag.c (-O3) (rerun 12) execution test
FAIL:  libmudflap.cth/pass39-frag.c (-O3) (rerun 12) output pattern test
FAIL:  libmudflap.cth/pass39-frag.c (-O3) (rerun 13) execution test
FAIL:  libmudflap.cth/pass39-frag.c (-O3) (rerun 13) output pattern test
FAIL:  libmudflap.cth/pass39-frag.c (-O3) (rerun 14) execution test
FAIL:  libmudflap.cth/pass39-frag.c (-O3) (rerun 14) output pattern test
FAIL:  libmudflap.cth/pass39-frag.c (-O3) (rerun 15) execution test
FAIL:  libmudflap.cth/pass39-frag.c (-O3) (rerun 15) output pattern test
FAIL:  libmudflap.cth/pass39-frag.c (-O3) (rerun 16) execution test
FAIL:  libmudflap.cth/pass39-frag.c (-O3) (rerun 16) output pattern test
FAIL:  libmudflap.cth/pass39-frag.c (-O3) (rerun 17) execution test
FAIL:  libmudflap.cth/pass39-frag.c (-O3) (rerun 17) output pattern test
FAIL:  libmudflap.cth/pass39-frag.c (-O3) (rerun 18) execution test
FAIL:  libmudflap.cth/pass39-frag.c (-O3) (rerun 18) output pattern test
FAIL:  libmudflap.cth/pass39-frag.c (-O3) (rerun 19) execution test
FAIL:  libmudflap.cth/pass39-frag.c (-O3) (rerun 19) output pattern test
FAIL:  libmudflap.cth/pass40-frag.c (-O3) execution test
FAIL:  libmudflap.cth/pass40-frag.c (-O3) output pattern test
 
  === libmudflap Summary ===
# of expected  passes  1191
# of unexpected failures 583
 

=== libstdc++ tests ===
 
Running target unix
FAIL:  23_containers/deque/explicit_instantiation/3.cc (test for excess  
errors)
FAIL: 23_containers/deque/explicit_instantiation/3.cc (test for  excess 
errors)
FAIL: 23_containers/list/explicit_instantiation/3.cc (test for  excess errors)
FAIL: 23_containers/list/explicit_instantiation/3.cc (test for  excess errors)
FAIL: 23_containers/map/explicit_instantiation/3.cc (test for  excess errors)
FAIL: 23_containers/map/explicit_instantiation/3.cc (test for  excess errors)
FAIL: 23_containers/multimap/explicit_instantiation/3.cc (test  for excess 
errors)
FAIL: 23_containers/multimap/explicit_instantiation/3.cc  (test for excess 
errors)
FAIL:  23_containers/multiset/explicit_instantiation/3.cc (test for excess  
errors)
FAIL: 23_containers/multiset/explicit_instantiation/3.cc (test for  excess 
errors)
FAIL: 23_containers/set/explicit_instantiation/3.cc (test for  excess errors)
FAIL: 23_containers/set/explicit_instantiation/3.cc (test for  excess errors)
FAIL: 23_containers/vector/explicit_instantiation/3.cc (test  for excess 
errors)
FAIL: 23_containers/vector/explicit_instantiation/3.cc  (test for excess 
errors)
FAIL:  26_numerics/cmath/c99_classification_macros_c.cc (test for excess  
errors)
FAIL: 27_io/basic_filebuf/seekoff/char/1-io.cc execution  test
FAIL: 27_io/basic_filebuf/seekoff/char/1-io.cc execution test
FAIL:  27_io/basic_filebuf/seekoff/char/2-io.cc execution test
FAIL:  27_io/basic_filebuf/seekoff/char/2-io.cc execution test
FAIL:  27_io/basic_filebuf/seekpos/char/1-io.cc execution test
FAIL:  27_io/basic_filebuf/seekpos/char/1-io.cc execution test
FAIL:  27_io/basic_filebuf/seekpos/char/2-io.cc execution test
FAIL:  27_io/basic_filebuf/seekpos/char/2-io.cc execution test
FAIL:  27_io/basic_filebuf/sgetn/char/1-in.cc execution test
FAIL:  27_io/basic_filebuf/sgetn/char/1-in.cc execution test
FAIL:  27_io/basic_filebuf/sgetn/char/1-in.cc execution test
FAIL:  27_io/basic_filebuf/sgetn/char/1-io.cc execution test
FAIL:  27_io/basic_filebuf/sgetn/char/1-io.cc execution test
FAIL:  27_io/basic_filebuf/sgetn/char/1-io.cc execution test
FAIL:  27_io/basic_filebuf/sgetn/char/2-in.cc execution test
FAIL:  27_io/basic_filebuf/sgetn/char/2-in.cc execution test
FAIL:  27_io/basic_filebuf/sgetn/char/2-in.cc execution test
FAIL:  27_io/basic_filebuf/sgetn/char/2-io.cc execution test
FAIL:  27_io/basic_filebuf/sgetn/char/2-io.cc execution test
FAIL:  27_io/basic_filebuf/sgetn/char/2-io.cc execution test
FAIL:  27_io/basic_istream/extractors_arithmetic/char/12.cc execution test
FAIL:  27_io/basic_istream/extractors_arithmetic/char/12.cc execution test
FAIL:  27_io/basic_istream/extractors_arithmetic/char/12.cc execution test
FAIL:  27_io/basic_istream/readsome/char/6746-2.cc execution test
FAIL:  27_io/basic_istream/readsome/char/6746-2.cc execution test
FAIL:  27_io/basic_istream/readsome/char/6746-2.cc execution test
FAIL:  ext/pb_ds/example/priority_queue_dijkstra.cc execution test
FAIL:  ext/pb_ds/example/priority_queue_dijkstra.cc execution test
FAIL:  thread/pthread3.cc execution test
FAIL:  tr1/2_general_utilities/memory/shared_ptr/thread/mutex_weaktoshared.cc 
execution  test
FAIL:  tr1/2_general_utilities/memory/shared_ptr/thread/mutex_weaktoshared.cc 
execution  test
FAIL:  tr1/2_general_utilities/memory/shared_ptr/thread/mutex_weaktoshared.cc 
execution  test
 
  === libstdc++ Summary ===
 
# of expected passes  6976
# of unexpected  failures 47
# of expected failures  31
# of unsupported  tests  447
 

Compiler version: 4.2.1 20070525 (prerelease) 
Platform:  i686-pc-cygwin
configure flags: --verbose --with-tune=athlon-xp --prefix=/usr  
--enable-objc-gc --enable-concept-checks --disable-multilib --exec-prefix=/usr  
--sysconfdir=/etc --libdir=/usr/lib --libexecdir=/usr/lib  --mandir=/usr/share/man 
--infodir=/usr/share/info  --with-gxx-include-dir=/usr/include/c++/4.2 
--enable-libstdcxx-debug  --enable-static --enable-shared --enable-initfini-array 
--enable-__cxa_atexit  --enable-threads=posix --enable-version-specific-runtime-libs 
--enable-libssp  --enable-libmudflap --enable-libgomp --disable-werror 
--enable-nls  --without-included-gettext --enable-decimal-float --with-long-double-128  
--enable-debug --enable-java-gc=boehm --with-x 
--x-includes=/usr/X11R6/include  --x-libraries=/usr/X11R6/lib --enable-java-awt=gtk,xlib --enable-gtk-cairo  
--enable-qt-peer --enable-xmlj --enable-gconf-peer --enable-tool-wrappers  
--enable-portable-native-sync --enable-libgcj-multifile --enable-libgcj  
--with-stabs --enable-hash-synchronization --enable-gc-debug  --enable-interpreter 
--with-system-zlib --enable-libada --with-tls  --enable-win32-registry 
--with-cpu=athlon-xp --with-arch=athlon-xp  --disable-checking 
--enable-languages=c,ada,c++,fortran,java,objc,obj-c++
 

----------
 
Notes:
 
The acats tests had 356 unsupported tests, "Tasking not implemented on this  
configuration"
was the cause of all of them.
 
Tests c23003b, c23003g, and c23003i all failed because a 200 byte string of  
"a"'s, followed by
a string of one "1", followed by the string ".ads" could  not be created; 
presumably a filename.
 
Test cxg2002 failed because of output like this:
 
,.,. CXG2002 ACATS 2.5 07-05-26 02:32:12
---- CXG2002 Check the accuracy  of the complex modulus function.
* CXG2002 test 1 -- abs(bigreal  + 0i) 
actual:     +Inf*******************  
expected:   1.18973149535723177E+4932 
difference:  -Inf******************* 
max_err:     3.86972841582221554E+4913.
* CXG2002 test 2 -- abs(0 +  bigreal*i) 
actual:     +Inf*******************  
expected:   1.18973149535723177E+4932 
difference:  -Inf******************* 
max_err:     3.86972841582221554E+4913.
* CXG2002 test 8 -- abs(1 + 1*i)  
actual:      1.41421356237309515E+00
expected:   1.41421356237309505E+00  
difference: -9.67108337857069955E-17 
max_err:     4.59988025005012224E-19.
**** CXG2002 FAILED  ****************************.
FAIL: cxg2002
 
Test cxg2002 results were close, but not close enough. There is some  
question as to whether or not 
"Inf" is a good answer and that the testsuite  was unprepared for it - but 
I'm not a mathmatician.
 

Test cxg2003 failed because of output like this:
 

,.,. CXG2003 ACATS 2.5 07-05-26 02:32:18
---- CXG2003 Check the  accuracy of the sqrt function.
* CXG2003 test 1 --  sqrt(radix**((emax-1)/2)) 
actual:      +Inf******************* 
expected:   5.45374067809707965E+2465  
difference: +Inf*******************  
mre:         1.18259149827308437E+2447.
* CXG2003 test 6 -- sqrt(pi**2)  
actual:      3.14159265358979312E+00
expected:   3.14159265358979324E+00  
difference:-1.22514845490862001E-16  
mre:         6.81224316017310918E-19.
* CXG2003 test 7 - 1 of argument range  
actual:     7.07351888193769041E-01  
expected:   7.07351888193768995E-01 
difference:  4.58617518961368376E-17 
mre:         3.25260651745651330E-19.
* CXG2003 test 7 - 2 of argument range  
actual:     7.07597080163328007E-01  
expected:   7.07597080163328052E-01  
difference:-4.45064991805299570E-17  
mre:         3.25260651745651330E-19.
* CXG2003 test 7 - 3 of argument range  
actual:     7.07842357124675359E-01  
expected:   7.07842357124675342E-01 
difference:  1.65882932390282178E-17 
mre:         3.25260651745651330E-19.
 
... (Deleted intermediate list)
 
   * CXG2003 test 7 - 998 of argument range  
actual:     9.99307092990452617E-01  
expected:   9.99307092990452553E-01 
difference:  6.38595079593962112E-17 
mre:         3.25260651745651330E-19.
* CXG2003 test 7 - 999 of argument  range 
actual:     9.99653486459409324E-01  
expected:   9.99653486459409304E-01 
difference:  1.99493199737332816E-17 
mre:         3.25260651745651330E-19.
**** CXG2003 FAILED  ****************************.
FAIL: cxg2003
 

Don't ask me why it goes from test 1 straight to test 6. Answers  accurate to 
2E-17 are
not close enough. A longer floating point value might  help but these tests 
don't fail
on the i686-pc-linux-gnu target. There is a  possibility that setting a flag 
in the math
coprocessor chip may affect these  results and that such a flag is set on 
platforms other
than Cygwin. Cygwin  uses "GNAT 3.4.4 (cygming special, gdc 0.12, using dmd 
0.125)" to
build Ada  4.2.1 on the i686-pc-cygwin target. It may be that Ada is only as 
good as
the  version it is built with and version 3.4.4 has some bugs.
 

Tests cxg2004, cxg2006, cxg2007, cxg2010, cxg2011, cxg2012, cxg2013,  
cxg2015, cxg2016, 
cxg2017, cxg2018, cxg2019, cxg2020, and cxg2021 all failed  because similar 
(2E-17) differences.
 
 
 
In the g++ tests, "g++.dg/ext/dllimport7.C" got a "C++ specific error"  (test 
for errors, line 24)
due to this output in the log file:
 
/cygdrive/C/makecygwin/gcc-4_2-branch/gcc/testsuite/g++.dg/ext/dllimport7.C:2
1:  warning: 'Bar::three' redeclared without dllimport attribute after being  
referenced with dll  linkage
/cygdrive/C/makecygwin/gcc-4_2-branch/gcc/testsuite/g++.dg/ext/dllimport7.C:21
:  error: definition of static data member 'Bar::three' of dllimport'd  class
/cygdrive/C/makecygwin/gcc-4_2-branch/gcc/testsuite/g++.dg/ext/dllimport7.C:24
:  warning: 'Bar::null_baz' redeclared without dllimport attribute after 
being  referenced with dll linkage
 

Test "g++.dg/pch/externc-1.C", "-g assembly comparison" failed due to  this 
output:
 
line #33
<  .stabs "ptrdiff_t:t(0,25)=(0,8)",128,0,152,0
>  .stabs "./externc-1.H",130,0,0,0
line #34
<  .stabs "size_t:t(0,26)=(0,10)",128,0,214,0
>  .stabs "ptrdiff_t:t(1,1)=(0,8)",128,0,152,0
line #35
<  .stabs "",100,0,0,Letext0
>  .stabs "size_t:t(1,2)=(0,10)",128,0,214,0
line #36
<  Letext0:
>  .stabn 162,0,0,0
 
 
 
Test "g++.dg/pch/static-1.C", "-g assembly comparison" failed due to output  
like this (and more):


line #33
<  .stabs "A:Tt(0,25)=s4val:(0,8),0,32;__base_dtor  
::(0,26)=#(0,25),(0,20),(0,27)=*(0,25),(0,20);:_ZN1AD2Ev;2A.;__comp_dtor  
::(0,26):_ZN1AD1Ev;2A.;StaticTest::(0,28)=f(0,20):_ZN1A10StaticTestEv;2A?;;",128,0,2,0
>  .stabs "./static-1.H",130,0,0,0
line #34
<  .section .text$_ZN1AD1Ev,"x"
>  .stabs "A:Tt(1,1)=s4val:(0,8),0,32;__base_dtor  
::(1,2)=#(1,1),(0,20),(1,3)=*(1,1),(0,20);:_ZN1AD2Ev;2A.;__comp_dtor  
::(1,2):_ZN1AD1Ev;2A.;StaticTest::(1,4)=f(0,20):_ZN1A10StaticTestEv;2A?;;",128,0,2,0
line  #35
<  .linkonce discard
>  .stabn 162,0,0,0
line  #36
<  .align 2
>  .section .text$_ZN1AD1Ev,"x"
line #37
<  .stabs "_ZN1AD1Ev:F(0,20)",36,0,6,__ZN1AD1Ev
>  .linkonce  discard
... (many lines deleted)
 
It looks like an extra line in the output made the two disagree on the line  
number combined
with some disagreement about the exactness of what the output  should be 
(seems "close").
 
 
 
In the gcc tests the failure in the "largefile.c" file where due to this  
output:
 
largefile.c:1: fatal error: had to relocate PCH
compilation  terminated.
 

Cygwin's "ld" does have some parameters not available in all  "ld"'s:
 

-q,  --emit-relocs                   Generate relocations in final output
-r, -i,  --relocatable               Generate relocatable output
--enable-runtime-pseudo-reloc      Work around  auto-import limitations by  
adding
pseudo-relocations resolved at runtime.
--disable-runtime-pseudo-reloc     Do not add runtime  pseudo-relocations  for
auto-imported DATA.
--large-address-aware               Executable supports virtual  addresses
greater than 2 gigabytes
 
Cygwin's "supported emulations: i386pe"
Linux's  "supported  emulations: elf_i386 i386linux elf_x86_64"
 
 
 
The libgomp tests "libgomp.c++/nested-1.C", "execution test" passed when  
compiled
with "-O3 -fomit-frame-pointer -funroll-all-loops  -finline-functions" but 
timed out
with "-O3" alone. A bit more time and it  might have passed too.
 
 
 
The first few libjava tests failed due to the classpath not being setup  
properly.
 

The "gcc-4_2-branch/libjava/testsuite/libjava.jar/simple.jar",  "execution - 
gij test"
failed with this outout:
 
Exception in thread "main" java.lang.NullPointerException
at 0x610977fc(Unknown Source)
at 0x61018c4c(Unknown  Source)
at 0x7c9037bf(Unknown Source)
at  0x7c90378b(Unknown Source)
 

Test "PR15133" failed with this output:
 
Exception in thread "main" java.lang.UnsatisfiedLinkError: libPR15133: No  
such file or directory
at 0x415ef0(Unknown  Source)
at 0x5f0d30(Unknown Source)
at  0x61006198(Unknown Source)
 

$ grep java.lang.UnsatisfiedLinkError  
i686-pc-cygwin/libjava/testsuite/libjava.log 
Exception in thread "main"  java.lang.UnsatisfiedLinkError: libPR15133: No 
such file or  directory
Exception in thread "main" java.lang.UnsatisfiedLinkError:  libPR18116: No 
such file or directory
Exception in thread "main"  java.lang.UnsatisfiedLinkError: libPR28178: No 
such file or  directory
Exception in thread "main" java.lang.UnsatisfiedLinkError:  libbytebuffer: No 
such file or directory
Exception in thread "main"  java.lang.UnsatisfiedLinkError: libcalls: No such 
file or directory
Exception  in thread "main" java.lang.UnsatisfiedLinkError: libcxxtest: No 
such file or  directory
Exception in thread "main" java.lang.UnsatisfiedLinkError:  libdirectbuffer: 
No such file or directory
Exception in thread "main"  java.lang.UnsatisfiedLinkError: libfield: No such 
file or directory
Exception  in thread "main" java.lang.UnsatisfiedLinkError: libfinal_method: 
No such file  or directory
Exception in thread "main" java.lang.UnsatisfiedLinkError:  libfindclass: No 
such file or directory
Exception in thread "main"  java.lang.UnsatisfiedLinkError: libiface: No such 
file or directory
Exception  in thread "main" java.lang.UnsatisfiedLinkError: libinvoke: No 
such file or  directory
Exception in thread "main" java.lang.UnsatisfiedLinkError:  libjniutf: No 
such file or directory
Exception in thread "main"  java.lang.UnsatisfiedLinkError: libmartin: No 
such file or  directory
Exception in thread "main" java.lang.UnsatisfiedLinkError:  libnoclass: No 
such file or directory
Exception in thread "main"  java.lang.UnsatisfiedLinkError: liboverload: No 
such file or  directory
Exception in thread "main" java.lang.UnsatisfiedLinkError:  libpr11951: No 
such file or directory
Exception in thread "main"  java.lang.UnsatisfiedLinkError: libpr18278: No 
such file or  directory
Exception in thread "main" java.lang.UnsatisfiedLinkError:  libpr23739: No 
such file or directory
Exception in thread "main"  java.lang.UnsatisfiedLinkError: libregister: No 
such file or  directory
Exception in thread "main" java.lang.UnsatisfiedLinkError:  libregister2: No 
such file or directory
Exception in thread "main"  java.lang.UnsatisfiedLinkError: libsimple_int: No 
such file or  directory
Exception in thread "main" java.lang.UnsatisfiedLinkError:  libthrowit: No 
such file or directory
Exception in thread "main"  java.lang.UnsatisfiedLinkError: libvirtual: No 
such file or directory
 

Test "PR16923.c" failed due to this output:
 
output  is:
/cygdrive/c/gcc-4_2-branch-build-9c/i686-pc-cygwin/./libjava/.libs/libjvm.a(jn
i-libjvm.o):  In function  `JNI_GetCreatedJavaVMs':
/cygdrive/C/makecygwin/gcc-4_2-branch/libjava/jni-libjvm.cc:81:  undefined 
reference to  `__Jv_the_vm'
/cygdrive/c/gcc-4_2-branch-build-9c/i686-pc-cygwin/./libjava/.libs/libjvm.a(jn
i-libjvm.o):  In function  `JNI_CreateJavaVM':
/cygdrive/C/makecygwin/gcc-4_2-branch/libjava/jni-libjvm.cc:54:  undefined 
reference to  `_Jv_CreateJavaVM(_Jv_VMInitArgs*)'
/cygdrive/C/makecygwin/gcc-4_2-branch/libjava/jni-libjvm.cc:59:  undefined 
reference to  `_Jv_MallocUnchecked(int)'
/cygdrive/C/makecygwin/gcc-4_2-branch/libjava/jni-libjvm.cc:62:  undefined 
reference to  `__Jv_JNI_InvokeFunctions'
/cygdrive/C/makecygwin/gcc-4_2-branch/libjava/jni-libjvm.cc:64:  undefined 
reference to `_Jv_JNI_AttachCurrentThread(_Jv_JavaVM*, void**,  void*)'
/cygdrive/C/makecygwin/gcc-4_2-branch/libjava/jni-libjvm.cc:68:  undefined 
reference to `__Jv_the_vm'
collect2: ld returned 1 exit  status
 

The "ArrayStore", "ArrayStore2", "Array_1", "Array_2", "Array_3",  "Class_1", 
"CompareNaN",
"Divide_1", "EvaluationOrder", "ExtraClassLoader",  "FileHandleGcTest", 
"Final", "Float_1"
and many others, "execution - gij  test"s all failed with this outout:
 
Exception in thread "main" java.lang.NullPointerException
at 0x610977fc(Unknown Source)
at 0x61018c4c(Unknown  Source)
at 0x7c9037bf(Unknown Source)
at  0x7c90378b(Unknown Source)
 

The "ExtraClassLoader", "execution - source compiled test" failed this  way:
 
Exception in thread "main" java.lang.ClassNotFoundException:  C
at 0x42e360(Unknown Source)
at  0x603bbf(Unknown Source)
at 0x2c06bb8(Unknown  Source)
at 0x757a25(Unknown Source)
at  0x42e0ef(Unknown Source)
at 0x5effc0(Unknown  Source)
at 0x61006198(Unknown Source)
 
 
 
The libmudflap test would pass more often if _I_ (or someone else) did some  
more 
work on porting mudflaps to WinXP - 1191 passes is not bad 583 failures  is.
 
 
 
Throughout the libstdc++.log there are many of these warnings:
warning:  -ffunction-sections may affect debugging on some targets
 

The libstdc++ tests also had these problems. I'm not a C++ expert but  these 
sorts
of things can happen from a broken "#ifdef".
 

In "23_containers/deque/explicit_instantiation/3.cc", "(test for excess  
errors)":
/cygdrive/c/gcc-4_2-branch-build-9c/i686-pc-cygwin/libstdc++-v3/include/bits/b
oost_concept_check.h:  In member function 'void 
__gnu_cxx::_SameTypeConcept<_Tp1,  _Tp2>::__constraints() [with _Tp1 = int, _Tp2 =  char]':
/cygdrive/c/gcc-4_2-branch-build-9c/i686-pc-cygwin/libstdc++-v3/include/bits/s
tl_deque.h:634:    instantiated from 'std::deque<int, std::allocator<char>  >'
/cygdrive/C/makecygwin/gcc-4_2-branch/libstdc++-v3/testsuite/23_containers/deq
ue/explicit_instantiation/3.cc:35:    instantiated from  here
/cygdrive/c/gcc-4_2-branch-build-9c/i686-pc-cygwin/libstdc++-v3/include/bits/b
oost_concept_check.h:117:  error: no type named '_Type' in 'struct 
__gnu_cxx::_Aux_require_same<int,  char>'
 

In "23_containers/multimap/explicit_instantiation/3.cc", "(test for  excess  
errors)":
/cygdrive/c/gcc-4_2-branch-build-9c/i686-pc-cygwin/libstdc++-v3/include/bits/b
oost_concept_check.h:  In member function 'void 
__gnu_cxx::_SameTypeConcept<_Tp1,  _Tp2>::__constraints() [with _Tp1 = std::pair<const int, double>, _Tp2  
=  char]':
/cygdrive/c/gcc-4_2-branch-build-9c/i686-pc-cygwin/libstdc++-v3/include/bits/s
tl_multimap.h:107:    instantiated from 'std::multimap<int, double, 
std::less<int>,  std::allocator<char>  >'
/cygdrive/C/makecygwin/gcc-4_2-branch/libstdc++-v3/testsuite/23_containers/mul
timap/explicit_instantiation/3.cc:35:    instantiated from  here
/cygdrive/c/gcc-4_2-branch-build-9c/i686-pc-cygwin/libstdc++-v3/include/bits/b
oost_concept_check.h:117:  error: no type named '_Type' in 'struct  
__gnu_cxx::_Aux_require_same<std::pair<const int, double>,  char>'
 

In "23_containers/set/explicit_instantiation/3.cc", "(test for excess  
errors)":
/cygdrive/c/gcc-4_2-branch-build-9c/i686-pc-cygwin/libstdc++-v3/include/bits/b
oost_concept_check.h:  In member function 'void 
__gnu_cxx::_SameTypeConcept<_Tp1,  _Tp2>::__constraints() [with _Tp1 = int, _Tp2 =  char]':
/cygdrive/c/gcc-4_2-branch-build-9c/i686-pc-cygwin/libstdc++-v3/include/bits/s
tl_set.h:100:    instantiated from 'std::set<int, std::less<int>,  
std::allocator<char>  >'
/cygdrive/C/makecygwin/gcc-4_2-branch/libstdc++-v3/testsuite/23_containers/set
/explicit_instantiation/3.cc:35:    instantiated from  here
/cygdrive/c/gcc-4_2-branch-build-9c/i686-pc-cygwin/libstdc++-v3/include/bits/b
oost_concept_check.h:117:  error: no type named '_Type' in 'struct 
__gnu_cxx::_Aux_require_same<int,  char>'
 

In "23_containers/vector/explicit_instantiation/3.cc", "(test for  excess  
errors)":
/cygdrive/c/gcc-4_2-branch-build-9c/i686-pc-cygwin/libstdc++-v3/include/bits/b
oost_concept_check.h:  In member function 'void 
__gnu_cxx::_SameTypeConcept<_Tp1,  _Tp2>::__constraints() [with _Tp1 = int, _Tp2 =  char]':
/cygdrive/c/gcc-4_2-branch-build-9c/i686-pc-cygwin/libstdc++-v3/include/bits/s
tl_vector.h:164:    instantiated from 'std::vector<int, std::allocator<char>  
>'
/cygdrive/C/makecygwin/gcc-4_2-branch/libstdc++-v3/testsuite/23_containers/vec
tor/explicit_instantiation/3.cc:35:    instantiated from  here
/cygdrive/c/gcc-4_2-branch-build-9c/i686-pc-cygwin/libstdc++-v3/include/bits/b
oost_concept_check.h:117:  error: no type named '_Type' in 'struct 
__gnu_cxx::_Aux_require_same<int,  char>'
 

In "26_numerics/cmath/c99_classification_macros_c.cc", "(test for  excess  
errors)":
/cygdrive/C/makecygwin/gcc-4_2-branch/libstdc++-v3/testsuite/26_numerics/cmath
/c99_classification_macros_c.cc:47:16:  error: macro "isgreater" requires 2 
arguments, but only 1  given
/cygdrive/C/makecygwin/gcc-4_2-branch/libstdc++-v3/testsuite/26_numerics/cmath
/c99_classification_macros_c.cc:49:21:  error: macro "isgreaterequal" 
requires 2 arguments, but only 1  given
/cygdrive/C/makecygwin/gcc-4_2-branch/libstdc++-v3/testsuite/26_numerics/cmath
/c99_classification_macros_c.cc:51:13:  error: macro "isless" requires 2 
arguments, but only 1  given
/
cygdrive/C/makecygwin/gcc-4_2-branch/libstdc++-v3/testsuite/26_numerics/cmath/c99_classification_macros_c.cc:53:18:  error: macro "islessequal" requires 2 
arguments, but only 1  given
/cygdrive/C/makecygwin/gcc-4_2-branch/libstdc++-v3/testsuite/26_numerics/cmath
/c99_classification_macros_c.cc:55:20:  error: macro "islessgreater" requires 
2 arguments, but only 1  given
/cygdrive/C/makecygwin/gcc-4_2-branch/libstdc++-v3/testsuite/26_numerics/cmath
/c99_classification_macros_c.cc:57:18:  error: macro "isunordered" requires 2 
arguments, but only 1  given
/cygdrive/C/makecygwin/gcc-4_2-branch/libstdc++-v3/testsuite/26_numerics/cmath
/c99_classification_macros_c.cc:35:  error: expected unqualified-id before  
'__extension__'
/cygdrive/C/makecygwin/gcc-4_2-branch/libstdc++-v3/testsuite/26_numerics/cmath
/c99_classification_macros_c.cc:35:  error: expected `)' before  
'__extension__'
/cygdrive/C/makecygwin/gcc-4_2-branch/libstdc++-v3/testsuite/26_numerics/cmath
/c99_classification_macros_c.cc:35:  error: expected unqualified-id before 
')'  token
/cygdrive/C/makecygwin/gcc-4_2-branch/libstdc++-v3/testsuite/26_numerics/cmath
/c99_classification_macros_c.cc:37:  error: expected unqualified-id before  
'__extension__'
/cygdrive/C/makecygwin/gcc-4_2-branch/libstdc++-v3/testsuite/26_numerics/cmath
/c99_classification_macros_c.cc:37:  error: expected `)' before 
'__extension__'
 
 
 
For some of the tests the e-mailer script would simply say the execution  
tests failed. 
If you want that assertion line you'll need to change the  expect scripts.
 

In "27_io/basic_filebuf/seekoff/char/2-io.cc", "execution test" it  was:
assertion "c1 == '9'" failed: file  
"/cygdrive/C/makecygwin/gcc-4_2-branch/libstdc++-v3/testsuite/27_io/basic_filebuf/seekoff/char/2-io.cc",  line 71
 

In "27_io/basic_filebuf/sgetn/char/1-in.cc", "execution test" it was  this:
assertion "strmsz_1 > strmsz_2" failed: file  
"/cygdrive/C/makecygwin/gcc-4_2-branch/libstdc++-v3/testsuite/27_io/basic_filebuf/sgetn/char/1-in.cc",  line 
69
 

In "27_io/basic_filebuf/sgetn/char/1-io.cc", "execution test" it was  this:
assertion "strmsz_1 > strmsz_2" failed: file  
"/cygdrive/C/makecygwin/gcc-4_2-branch/libstdc++-v3/testsuite/27_io/basic_filebuf/sgetn/char/1-io.cc",  line 
82
 

In "27_io/basic_filebuf/sgetn/char/2-in.cc", "execution test" it was  this:
assertion "strmsz_1 > strmsz_2" failed: file  
"/cygdrive/C/makecygwin/gcc-4_2-branch/libstdc++-v3/testsuite/27_io/basic_filebuf/sgetn/char/2-in.cc",  line 
66
 

In "27_io/basic_filebuf/sgetn/char/2-io.cc", "execution test" it was  this:
assertion "strmsz_1 > strmsz_2" failed: file  
"/cygdrive/C/makecygwin/gcc-4_2-branch/libstdc++-v3/testsuite/27_io/basic_filebuf/sgetn/char/2-io.cc",  line 
78
 

In "27_io/basic_istream/extractors_arithmetic/char/12.cc", "execution  test" 
it was this:
assertion "is.fail()" failed: file  
"/cygdrive/C/makecygwin/gcc-4_2-branch/libstdc++-v3/testsuite/27_io/basic_istream/extractors_arithmetic/char/12.cc",  
line 55
 

In "27_io/basic_istream/readsome/char/6746-2.cc", "execution  test"
assertion "i != 0" failed: file  
"/cygdrive/C/makecygwin/gcc-4_2-branch/libstdc++-v3/testsuite/27_io/basic_istream/readsome/char/6746-2.cc",  line 43
 

In "ext/pb_ds/example/priority_queue_dijkstra.cc", "execution test" it  was 
this:
The distance from 0 to 0 is 0
The distance from 0 to 2 is  3
 

In  "tr1/2_general_utilities/memory/shared_ptr/thread/mutex_weaktoshared.cc", 
 "execution test" it was this:
terminate called after throwing an instance of  
'__gnu_cxx::__concurrence_unlock_error'
what():   __gnu_cxx::__concurrence_unlock_error

----- End of Notes -----
 



   



More information about the Gcc-testresults mailing list