Results for 4.2.1 20070525 (prerelease) testsuite on hppa-unknown-linux-gnu

John David Anglin dave@hiauly6.hia.nrc.ca
Sat May 26 15:26:00 GMT 2007


LAST_UPDATED: Fri May 25 23:07:10 UTC 2007 (revision 125080)

		=== acats tests ===
FAIL:	c37215h
FAIL:	c380004

		=== acats Summary ===
# of expected passes		2313
# of unexpected failures	2
Native configuration is hppa-unknown-linux-gnu

		=== g++ tests ===


Running target unix
XPASS: g++.dg/tree-ssa/ivopts-1.C scan-tree-dump-not offset: -4B
XPASS: g++.dg/tree-ssa/ivopts-1.C scan-tree-dump-not &x\\[5\\]

		=== g++ Summary ===

# of expected passes		13349
# of unexpected successes	2
# of expected failures		66
# of unsupported tests		117
/home/dave/gnu/gcc-4.2/objdir/gcc/testsuite/g++/../../g++  version 4.2.1 20070525 (prerelease)

		=== gcc tests ===


Running target unix
WARNING: program timed out.
FAIL: gcc.c-torture/compile/20001226-1.c  -O2  (test for excess errors)
WARNING: program timed out.
FAIL: gcc.c-torture/compile/20001226-1.c  -O3 -fomit-frame-pointer  (test for excess errors)
WARNING: program timed out.
FAIL: gcc.c-torture/compile/20001226-1.c  -O3 -g  (test for excess errors)
WARNING: program timed out.
FAIL: gcc.c-torture/compile/20001226-1.c  -Os  (test for excess errors)
UNRESOLVED: gcc.c-torture/execute/mayalias-2.c execution,  -O3 -g 
XPASS: gcc.dg/tree-ssa/loop-1.c scan-assembler-times foo 5

		=== gcc Summary ===

# of expected passes		40681
# of unexpected failures	4
# of unexpected successes	1
# of expected failures		84
# of unresolved testcases	1
# of untested testcases		28
# of unsupported tests		378
/home/dave/gnu/gcc-4.2/objdir/gcc/xgcc  version 4.2.1 20070525 (prerelease)

		=== gfortran tests ===


Running target unix
WARNING: program timed out.
FAIL: gfortran.dg/cray_pointers_2.f90  -O3 -fomit-frame-pointer -funroll-all-loops -finline-functions  (test for excess errors)
UNRESOLVED: gfortran.dg/cray_pointers_2.f90  -O3 -fomit-frame-pointer -funroll-all-loops -finline-functions  compilation failed to produce executable
WARNING: program timed out.
FAIL: gfortran.dg/cray_pointers_2.f90  -O3 -g  (test for excess errors)
UNRESOLVED: gfortran.dg/cray_pointers_2.f90  -O3 -g  compilation failed to produce executable
WARNING: program timed out.
FAIL: gfortran.dg/cray_pointers_2.f90  -Os  (test for excess errors)
UNRESOLVED: gfortran.dg/cray_pointers_2.f90  -Os  compilation failed to produce executable
XPASS: gfortran.dg/csqrt_2.f  -O0  execution test
XPASS: gfortran.dg/csqrt_2.f  -O1  execution test
XPASS: gfortran.dg/csqrt_2.f  -O2  execution test
XPASS: gfortran.dg/csqrt_2.f  -O3 -fomit-frame-pointer  execution test
XPASS: gfortran.dg/csqrt_2.f  -O3 -fomit-frame-pointer -funroll-loops  execution test
XPASS: gfortran.dg/csqrt_2.f  -O3 -fomit-frame-pointer -funroll-all-loops -finline-functions  execution test
XPASS: gfortran.dg/csqrt_2.f  -O3 -g  execution test
XPASS: gfortran.dg/csqrt_2.f  -Os  execution test

		=== gfortran Summary ===

# of expected passes		15943
# of unexpected failures	3
# of unexpected successes	8
# of expected failures		6
# of unresolved testcases	3
# of unsupported tests		91
/home/dave/gnu/gcc-4.2/objdir/gcc/testsuite/gfortran/../../gfortran  version 4.2.1 20070525 (prerelease)

		=== gnat tests ===


Running target unix

		=== gnat Summary ===

# of expected passes		42
		=== obj-c++ tests ===


Running target unix
FAIL: obj-c++.dg/cxx-ivars-2.mm execution test
FAIL: obj-c++.dg/encode-8.mm execution test
FAIL: obj-c++.dg/isa-field-1.mm (test for excess errors)
FAIL: obj-c++.dg/lookup-2.mm (test for excess errors)
UNRESOLVED: obj-c++.dg/lookup-2.mm compilation failed to produce executable
FAIL: obj-c++.dg/try-catch-2.mm (test for excess errors)
UNRESOLVED: obj-c++.dg/try-catch-2.mm compilation failed to produce executable
FAIL: obj-c++.dg/try-catch-9.mm (test for excess errors)
UNRESOLVED: obj-c++.dg/try-catch-9.mm compilation failed to produce executable

		=== obj-c++ Summary ===

# of expected passes		429
# of unexpected failures	6
# of unresolved testcases	3
# of unsupported tests		13
/home/dave/gnu/gcc-4.2/objdir/gcc/testsuite/obj-c++/../../g++  version 4.2.1 20070525 (prerelease)

		=== objc tests ===


Running target unix
FAIL: objc.dg/comp-types-4.m  (test for warnings, line 70)
FAIL: objc.dg/comp-types-4.m (test for excess errors)

		=== objc Summary ===

# of expected passes		1804
# of unexpected failures	2
# of expected failures		7
# of unsupported tests		24
/home/dave/gnu/gcc-4.2/objdir/gcc/xgcc  version 4.2.1 20070525 (prerelease)

		=== libffi tests ===


Running target unix

		=== libffi Summary ===

# of expected passes		1084
# of unsupported tests		8
		=== libgomp tests ===


Running target unix

		=== libgomp Summary ===

# of expected passes		1334
# of unsupported tests		116
		=== libjava tests ===


Running target unix

		=== libjava Summary ===

# of expected passes		7006
# of expected failures		12
# of untested testcases		8
		=== libmudflap tests ===


Running target unix

		=== libmudflap Summary ===

# of expected passes		1814
		=== libstdc++ tests ===


Running target unix
FAIL: 22_locale/time_get/get_date/wchar_t/4.cc execution test
XPASS: 26_numerics/cmath/c99_classification_macros_c.cc (test for excess errors)

		=== libstdc++ Summary ===

# of expected passes		4473
# of unexpected failures	1
# of unexpected successes	1
# of expected failures		15

Compiler version: 4.2.1 20070525 (prerelease) 
Platform: hppa-unknown-linux-gnu
configure flags: --with-gnu-as --with-gnu-ld --enable-shared --prefix=/home/dave/opt/gnu/gcc/gcc-4.2.1 --with-local-prefix=/home/dave/opt/gnu --enable-threads=posix --enable-__cxa_atexit --host=hppa-linux --enable-clocale=gnu --enable-java-gc=boehm --enable-java-awt=xlib --enable-languages=c,ada,c++,fortran,java,objc,obj-c++



More information about the Gcc-testresults mailing list