Results for 4.3.0 20070524 (experimental) testsuite on hppa-unknown-linux-gnu
John David Anglin
dave@hiauly6.hia.nrc.ca
Fri May 25 02:01:00 GMT 2007
LAST_UPDATED: Thu May 24 01:19:55 UTC 2007 (revision 125011)
=== acats tests ===
FAIL: c37215h
FAIL: c52005c
FAIL: cxh1001
=== acats Summary ===
# of expected passes 2312
# of unexpected failures 3
Native configuration is hppa-unknown-linux-gnu
=== g++ tests ===
Running target unix
WARNING: program timed out.
FAIL: g++.dg/eh/cleanup1.C (test for excess errors)
XPASS: g++.dg/tree-ssa/ivopts-1.C scan-tree-dump-not offset: -4B
XPASS: g++.dg/tree-ssa/ivopts-1.C scan-tree-dump-not &x\\[5\\]
=== g++ Summary ===
# of expected passes 14977
# of unexpected failures 1
# of unexpected successes 2
# of expected failures 88
# of unsupported tests 122
/home/dave/gnu/gcc-4.3/objdir/gcc/testsuite/g++/../../g++ version 4.3.0 20070524 (experimental)
=== gcc tests ===
Running target unix
FAIL: gcc.c-torture/compile/limits-structnest.c -O2 (test for excess errors)
FAIL: gcc.c-torture/compile/limits-structnest.c -O3 -fomit-frame-pointer (test for excess errors)
FAIL: gcc.c-torture/compile/limits-structnest.c -O3 -g (test for excess errors)
FAIL: gcc.c-torture/compile/limits-structnest.c -Os (test for excess errors)
FAIL: gcc.c-torture/execute/mayalias-2.c compilation, -O3 -g (internal compiler error)
UNRESOLVED: gcc.c-torture/execute/mayalias-2.c execution, -O3 -g
FAIL: gcc.c-torture/execute/mayalias-3.c compilation, -O3 -g (internal compiler error)
UNRESOLVED: gcc.c-torture/execute/mayalias-3.c execution, -O3 -g
FAIL: gcc.dg/stmt-expr-label-1.c (test for errors, line 400)
FAIL: gcc.dg/stmt-expr-label-1.c (test for excess errors)
FAIL: gcc.dg/noncompile/pr16876.c -O0 (test for errors, line 10)
FAIL: gcc.dg/noncompile/pr16876.c -O1 (test for errors, line 10)
FAIL: gcc.dg/noncompile/pr16876.c -O2 (test for errors, line 10)
FAIL: gcc.dg/noncompile/pr16876.c -O3 -fomit-frame-pointer (test for errors, line 10)
FAIL: gcc.dg/noncompile/pr16876.c -O3 -g (test for errors, line 10)
FAIL: gcc.dg/noncompile/pr16876.c -Os (test for errors, line 10)
XPASS: gcc.dg/tree-ssa/loop-1.c scan-assembler-times foo 5
XPASS: gcc.dg/tree-ssa/update-threading.c scan-tree-dump-times Invalid sum 0
=== gcc Summary ===
# of expected passes 42897
# of unexpected failures 14
# of unexpected successes 2
# of expected failures 93
# of unresolved testcases 2
# of untested testcases 28
# of unsupported tests 404
/home/dave/gnu/gcc-4.3/objdir/gcc/xgcc version 4.3.0 20070524 (experimental)
=== gfortran tests ===
Running target unix
WARNING: program timed out.
FAIL: gfortran.dg/cray_pointers_2.f90 -O0 (test for excess errors)
UNRESOLVED: gfortran.dg/cray_pointers_2.f90 -O0 compilation failed to produce executable
WARNING: program timed out.
FAIL: gfortran.dg/cray_pointers_2.f90 -O1 (test for excess errors)
UNRESOLVED: gfortran.dg/cray_pointers_2.f90 -O1 compilation failed to produce executable
WARNING: program timed out.
FAIL: gfortran.dg/cray_pointers_2.f90 -O2 (test for excess errors)
UNRESOLVED: gfortran.dg/cray_pointers_2.f90 -O2 compilation failed to produce executable
WARNING: program timed out.
FAIL: gfortran.dg/cray_pointers_2.f90 -O3 -fomit-frame-pointer (test for excess errors)
UNRESOLVED: gfortran.dg/cray_pointers_2.f90 -O3 -fomit-frame-pointer compilation failed to produce executable
WARNING: program timed out.
FAIL: gfortran.dg/cray_pointers_2.f90 -O3 -fomit-frame-pointer -funroll-loops (test for excess errors)
UNRESOLVED: gfortran.dg/cray_pointers_2.f90 -O3 -fomit-frame-pointer -funroll-loops compilation failed to produce executable
WARNING: program timed out.
FAIL: gfortran.dg/cray_pointers_2.f90 -O3 -fomit-frame-pointer -funroll-all-loops -finline-functions (test for excess errors)
UNRESOLVED: gfortran.dg/cray_pointers_2.f90 -O3 -fomit-frame-pointer -funroll-all-loops -finline-functions compilation failed to produce executable
WARNING: program timed out.
FAIL: gfortran.dg/cray_pointers_2.f90 -O3 -g (test for excess errors)
UNRESOLVED: gfortran.dg/cray_pointers_2.f90 -O3 -g compilation failed to produce executable
WARNING: program timed out.
FAIL: gfortran.dg/cray_pointers_2.f90 -Os (test for excess errors)
UNRESOLVED: gfortran.dg/cray_pointers_2.f90 -Os compilation failed to produce executable
=== gfortran Summary ===
# of expected passes 17935
# of unexpected failures 8
# of expected failures 7
# of unresolved testcases 8
# of unsupported tests 92
/home/dave/gnu/gcc-4.3/objdir/gcc/testsuite/gfortran/../../gfortran version 4.3.0 20070524 (experimental)
=== gnat tests ===
Running target unix
FAIL: gnat.dg/address_conversion.adb execution test
=== gnat Summary ===
# of expected passes 168
# of unexpected failures 1
=== obj-c++ tests ===
Running target unix
FAIL: obj-c++.dg/bitfield-1.mm (internal compiler error)
FAIL: obj-c++.dg/bitfield-1.mm (test for excess errors)
UNRESOLVED: obj-c++.dg/bitfield-1.mm compilation failed to produce executable
FAIL: obj-c++.dg/comp-types-10.mm (internal compiler error)
FAIL: obj-c++.dg/comp-types-10.mm (test for excess errors)
FAIL: obj-c++.dg/cxx-class-1.mm (test for excess errors)
FAIL: obj-c++.dg/cxx-ivars-2.mm execution test
FAIL: obj-c++.dg/encode-2.mm scan-assembler {Vec<float>=ffi}
FAIL: obj-c++.dg/encode-2.mm scan-assembler {Vec<double>=ddi}
FAIL: obj-c++.dg/encode-3.mm execution test
FAIL: obj-c++.dg/encode-8.mm execution test
FAIL: obj-c++.dg/gnu-runtime-2.mm (test for excess errors)
FAIL: obj-c++.dg/isa-field-1.mm (test for excess errors)
FAIL: obj-c++.dg/lookup-2.mm (test for excess errors)
UNRESOLVED: obj-c++.dg/lookup-2.mm compilation failed to produce executable
FAIL: obj-c++.dg/try-catch-2.mm (test for excess errors)
UNRESOLVED: obj-c++.dg/try-catch-2.mm compilation failed to produce executable
FAIL: obj-c++.dg/try-catch-9.mm (internal compiler error)
FAIL: obj-c++.dg/try-catch-9.mm (test for excess errors)
UNRESOLVED: obj-c++.dg/try-catch-9.mm compilation failed to produce executable
=== obj-c++ Summary ===
# of expected passes 421
# of unexpected failures 16
# of unresolved testcases 4
# of unsupported tests 13
/home/dave/gnu/gcc-4.3/objdir/gcc/testsuite/obj-c++/../../g++ version 4.3.0 20070524 (experimental)
=== objc tests ===
Running target unix
=== objc Summary ===
# of expected passes 1812
# of expected failures 7
# of unsupported tests 24
/home/dave/gnu/gcc-4.3/objdir/gcc/xgcc version 4.3.0 20070524 (experimental)
=== libffi tests ===
Running target unix
=== libffi Summary ===
# of expected passes 1096
# of unsupported tests 8
=== libgomp tests ===
Running target unix
=== libgomp Summary ===
# of expected passes 1334
# of unsupported tests 116
=== libjava tests ===
Running target unix
WARNING: program timed out.
FAIL: getstacktrace run
WARNING: program timed out.
FAIL: ExtraClassLoader -O3 compilation from source
WARNING: program timed out.
FAIL: ExtraClassLoader -O3 -findirect-dispatch compilation from source
=== libjava Summary ===
# of expected passes 2529
# of unexpected failures 3
# of untested testcases 5
=== libmudflap tests ===
Running target unix
FAIL: libmudflap.c++/pass41-frag.cxx execution test
FAIL: libmudflap.c++/pass41-frag.cxx (-static) execution test
FAIL: libmudflap.c++/pass41-frag.cxx ( -O) execution test
FAIL: libmudflap.c++/pass41-frag.cxx (-O2) execution test
FAIL: libmudflap.c++/pass41-frag.cxx (-O3) execution test
=== libmudflap Summary ===
# of expected passes 1821
# of unexpected failures 5
=== libstdc++ tests ===
Running target unix
FAIL: 22_locale/time_get/get_date/wchar_t/4.cc execution test
XPASS: 26_numerics/headers/cmath/c99_classification_macros_c.cc (test for excess errors)
=== libstdc++ Summary ===
# of expected passes 5014
# of unexpected failures 1
# of unexpected successes 1
# of expected failures 46
Compiler version: 4.3.0 20070524 (experimental)
Platform: hppa-unknown-linux-gnu
configure flags: --with-gnu-as --with-gnu-ld --enable-shared --prefix=/home/dave/opt/gnu/gcc/gcc-4.3.0 --with-local-prefix=/home/dave/opt/gnu --enable-threads=posix --enable-__cxa_atexit --build=hppa-linux --enable-clocale=gnu --enable-java-gc=boehm --enable-java-awt=xlib --enable-languages=c,c++,objc,fortran,ada,obj-c++,java
More information about the Gcc-testresults
mailing list