Results for 4.3.0 20070519 (experimental) testsuite on i686-pc-cygwin
Christian Joensson
christian.joensson@gmail.com
Tue May 22 19:42:00 GMT 2007
Windows XP Pro/SP2 cygwin Pentium M processor 2.13GHz system with packages:
binutils 20060817-1 2.17.50 20060817
bison 2.3-1 2.3
cygwin 1.5.24-2 (with D Korn's stdio.h patch to newlib)
dejagnu 20021217-2 1.4.2.x
expect 20030128-1 5.26
gcc 3.4.4-3
gcc-ada 3.4.4-3
gcc-g++ 3.4.4-3
gmp 4.2.1-1
make 3.81-1
mpfr 2.2.1-1
tcltk 20060202-1 8.4
w32api 3.8-1
LAST_UPDATED: Sat May 19 11:07:43 UTC 2007 (revision 124854M)
=== acats tests ===
FAIL: c23003b
FAIL: c23003g
FAIL: c23003i
FAIL: c32001b
FAIL: cxg2002
FAIL: cxg2003
FAIL: cxg2004
FAIL: cxg2006
FAIL: cxg2007
FAIL: cxg2010
FAIL: cxg2011
FAIL: cxg2012
FAIL: cxg2013
FAIL: cxg2014
FAIL: cxg2015
FAIL: cxg2016
FAIL: cxg2017
FAIL: cxg2018
FAIL: cxg2019
FAIL: cxg2020
FAIL: cxg2021
=== acats Summary ===
# of expected passes 1938
# of unexpected failures 21
# of unsupported tests 356
Native configuration is i686-pc-cygwin
=== g++ tests ===
Running target unix
FAIL: g++.dg/abi/local1.C execution test
FAIL: g++.dg/abi/rtti1.C scan-assembler-dem-not \\ntypeinfo for A[: \\t\\n]
FAIL: g++.dg/abi/rtti3.C scan-assembler .weak[ \\t]_?_ZTSPP1A
FAIL: g++.dg/abi/thunk4.C scan-assembler .weak[ \\t]_?_ZThn._N7Derived3FooEv
FAIL: g++.dg/eh/weak1.C execution test
FAIL: g++.dg/ext/dllimport7.C C++ specific error (test for errors, line 24)
FAIL: g++.dg/opt/complex3.C (internal compiler error)
FAIL: g++.dg/opt/complex3.C (test for excess errors)
FAIL: g++.dg/opt/vt1.C scan-assembler-not
section[^\\n\\r]*_ZTV1S[^\\n\\r]*"[^w"\\n\\r]*"
FAIL: g++.dg/other/unused1.C scan-assembler
(string|ascii?)z?\\t"class2("|\\\\\\\\000)
FAIL: g++.dg/other/unused1.C scan-assembler
(string|ascii?)z?\\t"printer("|\\\\\\\\000)
XPASS: g++.dg/tree-ssa/ivopts-1.C scan-tree-dump-not offset: -4B
XPASS: g++.dg/tree-ssa/ivopts-1.C scan-tree-dump-not &x\\[5\\]
FAIL: g++.dg/pch/externc-1.C -g assembly comparison
FAIL: g++.dg/pch/externc-1.C -O2 -g assembly comparison
FAIL: g++.dg/pch/static-1.C -g assembly comparison
FAIL: g++.dg/pch/static-1.C -O2 -g assembly comparison
FAIL: g++.dg/pch/system-1.C -g assembly comparison
FAIL: g++.dg/pch/system-1.C -O2 -g assembly comparison
FAIL: g++.dg/pch/system-2.C -g assembly comparison
FAIL: g++.dg/pch/system-2.C -O2 -g assembly comparison
FAIL: g++.dg/pch/uninst.C -g assembly comparison
FAIL: g++.dg/pch/uninst.C -O2 -g assembly comparison
FAIL: g++.dg/pch/wchar-1.C -g assembly comparison
FAIL: g++.dg/pch/wchar-1.C -O2 -g assembly comparison
FAIL: g++.old-deja/g++.eh/badalloc1.C execution test
XPASS: g++.old-deja/g++.ext/attrib5.C execution test
FAIL: g++.old-deja/g++.other/init18.C execution test
FAIL: g++.old-deja/g++.other/init19.C execution test
FAIL: g++.old-deja/g++.other/init5.C execution test
=== g++ Summary ===
# of expected passes 15096
# of unexpected failures 27
# of unexpected successes 3
# of expected failures 82
# of unsupported tests 174
/usr/local/src/trunk/objdir/gcc/testsuite/g++/../../g++ version 4.3.0
20070519 (experimental)
=== gcc tests ===
Running target unix
FAIL: gcc.c-torture/compile/20001226-1.c (test for excess errors)
FAIL: gcc.c-torture/compile/limits-declparen.c (test for excess errors)
FAIL: gcc.c-torture/compile/limits-exprparen.c (test for excess errors)
FAIL: gcc.c-torture/compile/limits-pointer.c (test for excess errors)
FAIL: gcc.c-torture/execute/990127-2.c execution, -Os
FAIL: gcc.dg/20021014-1.c (test for excess errors)
WARNING: gcc.dg/20021014-1.c compilation failed to produce executable
FAIL: gcc.dg/builtins-20.c (test for excess errors)
FAIL: gcc.dg/builtins-59.c scan-tree-dump __builtin_cexpi
FAIL: gcc.dg/builtins-59.c scan-tree-dump-not sincos
FAIL: gcc.dg/builtins-61.c scan-tree-dump cexpi
FAIL: gcc.dg/builtins-61.c scan-tree-dump sin
FAIL: gcc.dg/builtins-61.c scan-tree-dump cos
FAIL: gcc.dg/builtins-61.c scan-tree-dump return 0.0
FAIL: gcc.dg/builtins-62.c scan-tree-dump-times cexpi 3
FAIL: gcc.dg/float-range-3.c (test for excess errors)
FAIL: gcc.dg/float-range-4.c (test for excess errors)
FAIL: gcc.dg/float-range-5.c (test for excess errors)
FAIL: gcc.dg/pr25993.c (test for excess errors)
FAIL: gcc.dg/setjmp-3.c (test for excess errors)
WARNING: gcc.dg/setjmp-3.c compilation failed to produce executable
FAIL: gcc.dg/setjmp-4.c (test for excess errors)
WARNING: gcc.dg/setjmp-4.c compilation failed to produce executable
FAIL: largefile.c (test for excess errors)
FAIL: largefile.c (test for excess errors)
FAIL: largefile.c (test for excess errors)
FAIL: largefile.c (test for excess errors)
FAIL: largefile.c (test for excess errors)
FAIL: largefile.c (test for excess errors)
FAIL: largefile.c (test for excess errors)
FAIL: gcc.dg/torture/builtin-math-4.c (test for excess errors)
FAIL: gcc.dg/torture/builtin-math-4.c (test for excess errors)
FAIL: gcc.dg/torture/builtin-math-4.c (test for excess errors)
FAIL: gcc.dg/torture/builtin-math-4.c (test for excess errors)
FAIL: gcc.dg/torture/builtin-math-4.c (test for excess errors)
FAIL: gcc.dg/torture/builtin-math-4.c (test for excess errors)
FAIL: gcc.dg/torture/builtin-math-4.c (test for excess errors)
FAIL: gcc.dg/torture/builtin-math-4.c (test for excess errors)
FAIL: gcc.dg/tree-ssa/loop-1.c scan-assembler-times foo 5
FAIL: gcc.dg/tree-ssa/pr27781.c scan-tree-dump func \\(\\);
XPASS: gcc.dg/tree-ssa/update-threading.c scan-tree-dump-times Invalid sum 0
FAIL: gcc.dg/vect/pr31041.c (test for excess errors)
XPASS: gcc.dg/vect/vect-iv-4.c scan-tree-dump-times vectorized 1 loops 1
FAIL: compiler driver --coverage option(s) (compiler options)
FAIL: gcc.target/i386/pic-1.c (test for errors, line 11)
FAIL: gcc.target/i386/pr21291.c (test for excess errors)
FAIL: gcc.target/i386/sse-vect-types.c (test for excess errors)
=== gcc Summary ===
# of expected passes 46234
# of unexpected failures 42
# of unexpected successes 2
# of expected failures 121
# of untested testcases 35
# of unsupported tests 360
/usr/local/src/trunk/objdir/gcc/xgcc version 4.3.0 20070519 (experimental)
=== gfortran tests ===
Running target unix
FAIL: gfortran.fortran-torture/execute/st_function.f90, -O1
(internal compiler error)
FAIL: gfortran.fortran-torture/execute/st_function.f90, -O2
(internal compiler error)
FAIL: gfortran.fortran-torture/execute/st_function.f90, -O3
-fomit-frame-pointer (internal compiler error)
FAIL: gfortran.fortran-torture/execute/st_function.f90, -O3
-fomit-frame-pointer -funroll-loops (internal compiler error)
FAIL: gfortran.fortran-torture/execute/st_function.f90, -O3
-fomit-frame-pointer -funroll-all-loops -finline-functions (internal
compiler error)
FAIL: gfortran.fortran-torture/execute/st_function.f90, -O3 -g
(internal compiler error)
FAIL: gfortran.fortran-torture/execute/st_function.f90, -Os
(internal compiler error)
=== gfortran Summary ===
# of expected passes 17838
# of unexpected failures 7
# of expected failures 8
# of unsupported tests 86
/usr/local/src/trunk/objdir/gcc/testsuite/gfortran/../../gfortran
version 4.3.0 20070519 (experimental)
=== gnat tests ===
Running target unix
FAIL: gnat.dg/address_conversion.adb execution test
FAIL: gnat.dg/curr_task.adb execution test
FAIL: gnat.dg/entry_queues.adb execution test
FAIL: gnat.dg/interface2.adb execution test
FAIL: gnat.dg/iprot_test.adb execution test
FAIL: gnat.dg/test_delay.adb execution test
FAIL: gnat.dg/test_image.adb execution test
FAIL: gnat.dg/test_prio.adb execution test
FAIL: gnat.dg/test_self_ref.adb execution test
FAIL: gnat.dg/timing_events.adb execution test
=== gnat Summary ===
# of expected passes 159
# of unexpected failures 10
=== obj-c++ tests ===
Running target unix
FAIL: obj-c++.dg/bitfield-1.mm (internal compiler error)
FAIL: obj-c++.dg/bitfield-1.mm (test for excess errors)
WARNING: obj-c++.dg/bitfield-1.mm compilation failed to produce executable
FAIL: obj-c++.dg/comp-types-10.mm (internal compiler error)
FAIL: obj-c++.dg/comp-types-10.mm (test for excess errors)
FAIL: obj-c++.dg/cxx-class-1.mm (test for excess errors)
FAIL: obj-c++.dg/cxx-ivars-2.mm execution test
FAIL: obj-c++.dg/encode-2.mm scan-assembler {Vec<float>=ffi}
FAIL: obj-c++.dg/encode-2.mm scan-assembler {Vec<double>=ddi}
FAIL: obj-c++.dg/encode-3.mm execution test
FAIL: obj-c++.dg/encode-8.mm execution test
FAIL: obj-c++.dg/gnu-runtime-2.mm (test for excess errors)
FAIL: obj-c++.dg/isa-field-1.mm (test for excess errors)
FAIL: obj-c++.dg/lookup-2.mm (test for excess errors)
WARNING: obj-c++.dg/lookup-2.mm compilation failed to produce executable
FAIL: obj-c++.dg/try-catch-2.mm (test for excess errors)
WARNING: obj-c++.dg/try-catch-2.mm compilation failed to produce executable
FAIL: obj-c++.dg/try-catch-9.mm (internal compiler error)
FAIL: obj-c++.dg/try-catch-9.mm (test for excess errors)
WARNING: obj-c++.dg/try-catch-9.mm compilation failed to produce executable
=== obj-c++ Summary ===
# of expected passes 421
# of unexpected failures 16
# of unsupported tests 13
/usr/local/src/trunk/objdir/gcc/testsuite/obj-c++/../../g++ version
4.3.0 20070519 (experimental)
=== objc tests ===
Running target unix
=== objc Summary ===
# of expected passes 1892
# of expected failures 7
# of unsupported tests 24
/usr/local/src/trunk/objdir/gcc/xgcc version 4.3.0 20070519 (experimental)
=== treelang tests ===
Running target unix
ERROR: tcl error sourcing
/usr/local/src/trunk/gcc/gcc/testsuite/treelang/output/output.exp.
ERROR: rm: cannot remove \`treelang/output-1': No such file or directory
=== treelang Summary ===
# of expected passes 52
=== libstdc++ tests ===
Running target unix
FAIL: 22_locale/locale/cons/unicode.cc (test for excess errors)
WARNING: 22_locale/locale/cons/unicode.cc compilation failed to
produce executable
FAIL: 22_locale/locale/cons/unicode.cc (test for excess errors)
WARNING: 22_locale/locale/cons/unicode.cc compilation failed to
produce executable
XPASS: 26_numerics/headers/cmath/c99_classification_macros_c.cc (test
for excess errors)
XPASS: 26_numerics/headers/cmath/c99_classification_macros_c.cc (test
for excess errors)
FAIL: 27_io/basic_filebuf/seekoff/char/1-io.cc execution test
FAIL: 27_io/basic_filebuf/seekoff/char/1-io.cc execution test
FAIL: 27_io/basic_filebuf/seekoff/char/2-io.cc execution test
FAIL: 27_io/basic_filebuf/seekoff/char/2-io.cc execution test
FAIL: 27_io/basic_filebuf/seekpos/char/1-io.cc execution test
FAIL: 27_io/basic_filebuf/seekpos/char/1-io.cc execution test
FAIL: 27_io/basic_filebuf/seekpos/char/2-io.cc execution test
FAIL: 27_io/basic_filebuf/seekpos/char/2-io.cc execution test
FAIL: 27_io/basic_filebuf/sgetn/char/1-in.cc execution test
FAIL: 27_io/basic_filebuf/sgetn/char/1-in.cc execution test
FAIL: 27_io/basic_filebuf/sgetn/char/1-in.cc execution test
FAIL: 27_io/basic_filebuf/sgetn/char/1-io.cc execution test
FAIL: 27_io/basic_filebuf/sgetn/char/1-io.cc execution test
FAIL: 27_io/basic_filebuf/sgetn/char/1-io.cc execution test
FAIL: 27_io/basic_filebuf/sgetn/char/2-in.cc execution test
FAIL: 27_io/basic_filebuf/sgetn/char/2-in.cc execution test
FAIL: 27_io/basic_filebuf/sgetn/char/2-in.cc execution test
FAIL: 27_io/basic_filebuf/sgetn/char/2-io.cc execution test
FAIL: 27_io/basic_filebuf/sgetn/char/2-io.cc execution test
FAIL: 27_io/basic_filebuf/sgetn/char/2-io.cc execution test
FAIL: 27_io/basic_istream/readsome/char/6746-2.cc execution test
FAIL: 27_io/basic_istream/readsome/char/6746-2.cc execution test
FAIL: 27_io/basic_istream/readsome/char/6746-2.cc execution test
FAIL: ext/codecvt/1.cc (test for excess errors)
WARNING: ext/codecvt/1.cc compilation failed to produce executable
FAIL: ext/codecvt/char-1.cc (test for excess errors)
WARNING: ext/codecvt/char-1.cc compilation failed to produce executable
FAIL: ext/codecvt/char-2.cc (test for excess errors)
WARNING: ext/codecvt/char-2.cc compilation failed to produce executable
FAIL: ext/enc_filebuf/char/13189.cc (test for excess errors)
WARNING: ext/enc_filebuf/char/13189.cc compilation failed to produce executable
FAIL: ext/enc_filebuf/char/13189.cc (test for excess errors)
WARNING: ext/enc_filebuf/char/13189.cc compilation failed to produce executable
FAIL: ext/enc_filebuf/char/13598.cc (test for excess errors)
WARNING: ext/enc_filebuf/char/13598.cc compilation failed to produce executable
FAIL: ext/enc_filebuf/char/13598.cc (test for excess errors)
WARNING: ext/enc_filebuf/char/13598.cc compilation failed to produce executable
FAIL: ext/mt_allocator/deallocate_local_thread-5.cc execution test
FAIL: ext/mt_allocator/deallocate_local_thread-7.cc execution test
FAIL: ext/pb_ds/example/priority_queue_dijkstra.cc execution test
FAIL: ext/pb_ds/example/priority_queue_dijkstra.cc execution test
=== libstdc++ Summary ===
# of expected passes 8201
# of unexpected failures 36
# of unexpected successes 2
# of expected failures 104
# of unsupported tests 538
Compiler version: 4.3.0 20070519 (experimental)
Platform: i686-pc-cygwin
configure flags: --disable-nls --without-included-gettext
--enable-version-specific-runtime-libs --without-x --disable-libgcj
--with-system-zlib --enable-threads=posix
--enable-languages=ada,c,c++,fortran,objc,obj-c++,treelang
BOOT_CFLAGS=-O2 -march=pentium-m -pipe
Counting all warnings,
there are 415 warnings in stage0 of this bootstrap.
Number of warnings per file:
52 g-catiio.adb
45 gcc/ada/mlib-prj.adb
45 gcc/ada/make.adb
38 gcc/ada/prj-nmsc.adb
27 gcc/ada/gnatlink.adb
23 libgfortran/intrinsics/c99_functions.c
13 gcc/ada/prj-part.adb
13 g-socket.adb
13 g-pehage.adb
12 gcc/ada/adaint.c
12 g-spipat.adb
10 gcc/ada/sfn_scan.adb
9 libgfortran/intrinsics/date_and_time.c
9 gengtype-lex.c
8 g-cgideb.adb
8 Makefile
7 gcc/fixincludes/fixincl.x
6 treelang/lex.c
6 libobjc/exception.c
6 g-regpat.adb
5 s-shasto.adb
5 libtool
5 libiberty/argv.c
4 s-finimp.adb
3 libsupc++/eh_personality.cc
3 gcc/config/i386/i386.md
3 gcc/ada/tracebak.c
3 gcc/ada/ali.adb
3 g-expect.adb
2 gcc/ada/uintp.adb
1 libsupc++/pointer_type_info.cc
1 libssp/ssp.c
1 libssp/ssp-local.c
1 libobjc/thr.c
1 libobjc/sendmsg.c
1 libobjc/Object.m
1 libgfortran/runtime/main.c
1 libgfortran/runtime/backtrace.c
1 libgfortran/io/list_read.c
1 include/precompiled/stdtr1c++.h
1 gcc/unwind-pe.h
1 gcc/gthr-posix.h
1 gcc/coretypes.h
1 gcc/ada/targparm.adb
1 g-debpoo.adb
1 g-catiio.ads
1 ./runtime-info.h
Number of warning types:
300 \`???' may be used uninitialized in this function
23 no previous prototype for \`???'
13 unused parameter \`???'
12 old-style function definition
7 string length \`???' is greater than the length \`???' ISO C89
compilers are required to support
6 passing argument 2 of \`???' from incompatible pointer type
5 unused variable \`???'
5 undefined symbols not allowed in i686-pc-cygwin shared libraries
4 overriding commands for target \`???'
4 ignoring old commands for target \`???'
4 dereferencing type-punned pointer will break strict-aliasing rules
3 operand 1 missing mode?
3 old-style parameter declaration
3 format \`???' expects type \`???', but argument 5 has type \`???'
3 format \`???' expects type \`???', but argument 4 has type \`???'
3 comparison of unsigned expression < 0 is always false
3 \`???' defined but not used
2 visibility attribute not supported in this configuration; ignored
2 format \`???' expects type \`???', but argument 6 has type \`???'
2 \`???' is used uninitialized in this function
1 this is the location of the previous definition
1 passing argument 1 of \`???' discards qualifiers from pointer
target type
1 format \`???' expects type \`???', but argument 7 has type \`???'
1 comparison of distinct pointer types lacks a cast
1 argument \`???' might be clobbered by \`???' or \`???'
1 \`rtx' redefined
1 \`???' function does return
1 /usr/local/src/trunk/objdir/i686-pc-cygwin/libstdc++-v3/include/i686-pc-cygwin/bits/stdc++.h.gch/O0g.gch:
not used because \`???' not defined
More information about the Gcc-testresults
mailing list