Results for 4.2.1 20070521 (prerelease) testsuite on i386-pc-linux-gnu

fxcoudert@localhost.localdomain fxcoudert@localhost.localdomain
Mon May 21 08:44:00 GMT 2007


LAST_UPDATED: 
Native configuration is i386-pc-linux-gnu

		=== gcc tests ===


Running target unix
UNRESOLVED: gcc.c-torture/execute/mayalias-2.c execution,  -O3 -g 
XPASS: gcc.dg/tree-ssa/20040204-1.c scan-tree-dump-times link_error 0
FAIL: gcc.target/i386/sse-18.c execution test

		=== gcc Summary ===

# of expected passes		42069
# of unexpected failures	1
# of unexpected successes	1
# of expected failures		115
# of unresolved testcases	1
# of untested testcases		28
# of unsupported tests		291
/home/fxcoudert/gfortran_nightbuild/ibin-20070521/gcc/xgcc  version 4.2.1 20070521 (prerelease)

		=== gfortran tests ===


Running target unix

		=== gfortran Summary ===

# of expected passes		16083
# of expected failures		15
# of unsupported tests		24
/home/fxcoudert/gfortran_nightbuild/ibin-20070521/gcc/testsuite/gfortran/../../gfortran  version 4.2.1 20070521 (prerelease)


Compiler version: 4.2.1 20070521 (prerelease) 
Platform: i386-pc-linux-gnu
configure flags: --prefix=/home/fxcoudert/gfortran_nightbuild/irun-20070521 --enable-languages=c,fortran --host=i386-pc-linux-gnu --enable-checking=release --with-gmp=/home/fxcoudert/gfortran_nightbuild/software,;t t



More information about the Gcc-testresults mailing list