Results for 4.2.0 testsuite on x86_64-sle10-linux-gnu

Manfred Hollstein mh@novell.com
Sun May 20 13:54:00 GMT 2007


Compiler version: 4.2.0 
Platform:	  x86_64-sle10-linux-gnu

Sources:	  Official 4.2.0 tarball
LAST_UPDATED:	  Obtained from SVN: tags/gcc_4_2_0_release revision 124707
Patches:	  None.

Environment:	  - SUSE Linux Enterprise 10 + recommended updates as of today
		  - Linux version 2.6.16.27-0.9-smp (geeko@buildhost) (gcc version 4.1.0 (SUSE Linux)) #1 SMP Tue Feb 13 09:35:18 UTC 2007
		  - binutils-2.17 (FSF release)
		  - dejagnu-1.4.4-16.2 (SLE 10)
		  - expect-5.43.0-16.2 (SLE 10)
		  - glibc-2.4-31.5 (SLE 10)

Remarks:	  None.


configure flags:  --host=x86_64-sle10-linux-gnu --target=x86_64-sle10-linux-gnu --build=x86_64-sle10-linux-gnu --srcdir=../gcc-4.2.0 --prefix=/opt/gnu --with-gnu-as --with-gnu-ld --enable-multilib=yes --enable-__cxa_atexit --enable-checking=release --enable-clocale=gnu --enable-interpreter --enable-shared --enable-threads=posix --with-system-zlib --with-local-prefix=/opt/gnu --disable-nls --verbose --enable-languages=c,ada,c++,fortran,java,objc
BOOT_CC:	  gcc version 4.1.2
BOOT_CFLAGS:      -O2
CFLAGS:           -O2
CXXFLAGS:         -O2 -g
GCJFLAGS:         -O2 -g


Native configuration is x86_64-sle10-linux-gnu

		=== acats tests ===

		=== acats Summary ===

# of expected passes		2315
# of unexpected failures	0

		=== g++ tests ===

Running target unix
XPASS: g++.dg/tree-ssa/ivopts-1.C scan-tree-dump-not offset: -4B
XPASS: g++.dg/tree-ssa/ivopts-1.C scan-tree-dump-not &x\\[5\\]

		=== g++ Summary for unix ===

# of expected passes		13352
# of unexpected successes	2
# of expected failures		66
# of unsupported tests		104

Running target unix/-m32
XPASS: g++.dg/tree-ssa/ivopts-1.C scan-tree-dump-not offset: -4B
XPASS: g++.dg/tree-ssa/ivopts-1.C scan-tree-dump-not &x\\[5\\]

		=== g++ Summary for unix/-m32 ===

# of expected passes		13437
# of unexpected successes	2
# of expected failures		66
# of unsupported tests		75

		=== g++ Summary ===

# of expected passes		26789
# of unexpected successes	4
# of expected failures		132
# of unsupported tests		179
/home/gnu/work/GNU/gcc-4.2.0-x86_64-sle10-linux-gnu/gcc/testsuite/g++/../../g++  version 4.2.0

		=== gcc tests ===

Running target unix
UNRESOLVED: gcc.c-torture/execute/mayalias-2.c execution,  -O3 -g 
WARNING: gcc.dg/torture/fp-int-convert-float128-timode.c  -O0  compilation failed to produce executable
WARNING: gcc.dg/torture/fp-int-convert-float128-timode.c  -O1  compilation failed to produce executable
WARNING: gcc.dg/torture/fp-int-convert-float128-timode.c  -O2  compilation failed to produce executable
WARNING: gcc.dg/torture/fp-int-convert-float128-timode.c  -O3 -fomit-frame-pointer  compilation failed to produce executable
WARNING: gcc.dg/torture/fp-int-convert-float128-timode.c  -O3 -g  compilation failed to produce executable
WARNING: gcc.dg/torture/fp-int-convert-float128-timode.c  -Os  compilation failed to produce executable
WARNING: gcc.dg/torture/fp-int-convert-float128.c  -O0  compilation failed to produce executable
WARNING: gcc.dg/torture/fp-int-convert-float128.c  -O1  compilation failed to produce executable
WARNING: gcc.dg/torture/fp-int-convert-float128.c  -O2  compilation failed to produce executable
WARNING: gcc.dg/torture/fp-int-convert-float128.c  -O3 -fomit-frame-pointer  compilation failed to produce executable
WARNING: gcc.dg/torture/fp-int-convert-float128.c  -O3 -g  compilation failed to produce executable
WARNING: gcc.dg/torture/fp-int-convert-float128.c  -Os  compilation failed to produce executable

		=== gcc Summary for unix ===

# of expected passes		41889
# of expected failures		127
# of unresolved testcases	1
# of untested testcases		28
# of unsupported tests		401

Running target unix/-m32
UNRESOLVED: gcc.c-torture/execute/mayalias-2.c execution,  -O3 -g 

		=== gcc Summary for unix/-m32 ===

# of expected passes		42036
# of expected failures		116
# of unresolved testcases	1
# of untested testcases		28
# of unsupported tests		299

		=== gcc Summary ===

# of expected passes		83925
# of expected failures		243
# of unresolved testcases	2
# of untested testcases		56
# of unsupported tests		700
/home/gnu/work/GNU/gcc-4.2.0-x86_64-sle10-linux-gnu/gcc/xgcc  version 4.2.0

		=== gfortran tests ===

Running target unix
XPASS: gfortran.dg/csqrt_2.f  -O0  execution test
XPASS: gfortran.dg/csqrt_2.f  -O1  execution test
XPASS: gfortran.dg/csqrt_2.f  -O2  execution test
XPASS: gfortran.dg/csqrt_2.f  -O3 -fomit-frame-pointer  execution test
XPASS: gfortran.dg/csqrt_2.f  -O3 -fomit-frame-pointer -funroll-loops  execution test
XPASS: gfortran.dg/csqrt_2.f  -O3 -fomit-frame-pointer -funroll-all-loops -finline-functions  execution test
XPASS: gfortran.dg/csqrt_2.f  -O3 -g  execution test
XPASS: gfortran.dg/csqrt_2.f  -Os  execution test
FAIL: gfortran.dg/exponent_1.f90  -O0  execution test
FAIL: gfortran.dg/exponent_1.f90  -O1  execution test
FAIL: gfortran.dg/exponent_1.f90  -O2  execution test
FAIL: gfortran.dg/exponent_1.f90  -O3 -fomit-frame-pointer  execution test
FAIL: gfortran.dg/exponent_1.f90  -O3 -fomit-frame-pointer -funroll-loops  execution test
FAIL: gfortran.dg/exponent_1.f90  -O3 -fomit-frame-pointer -funroll-all-loops -finline-functions  execution test
FAIL: gfortran.dg/exponent_1.f90  -O3 -g  execution test
FAIL: gfortran.dg/exponent_1.f90  -Os  execution test
FAIL: gfortran.dg/nearest_1.f90  -O0  execution test
FAIL: gfortran.dg/nearest_1.f90  -O1  execution test
FAIL: gfortran.dg/nearest_1.f90  -O2  execution test
FAIL: gfortran.dg/nearest_1.f90  -O3 -fomit-frame-pointer  execution test
FAIL: gfortran.dg/nearest_1.f90  -O3 -fomit-frame-pointer -funroll-loops  execution test
FAIL: gfortran.dg/nearest_1.f90  -O3 -fomit-frame-pointer -funroll-all-loops -finline-functions  execution test
FAIL: gfortran.dg/nearest_1.f90  -O3 -g  execution test
FAIL: gfortran.dg/nearest_1.f90  -Os  execution test

		=== gfortran Summary for unix ===

# of expected passes		16018
# of unexpected failures	16
# of unexpected successes	8
# of expected failures		7
# of unsupported tests		17

Running target unix/-m32
XPASS: gfortran.dg/csqrt_2.f  -O0  execution test
XPASS: gfortran.dg/csqrt_2.f  -O1  execution test
XPASS: gfortran.dg/csqrt_2.f  -O2  execution test
XPASS: gfortran.dg/csqrt_2.f  -O3 -fomit-frame-pointer  execution test
XPASS: gfortran.dg/csqrt_2.f  -O3 -fomit-frame-pointer -funroll-loops  execution test
XPASS: gfortran.dg/csqrt_2.f  -O3 -fomit-frame-pointer -funroll-all-loops -finline-functions  execution test
XPASS: gfortran.dg/csqrt_2.f  -O3 -g  execution test
XPASS: gfortran.dg/csqrt_2.f  -Os  execution test
FAIL: gfortran.dg/exponent_1.f90  -O0  execution test
FAIL: gfortran.dg/exponent_1.f90  -O1  execution test
FAIL: gfortran.dg/exponent_1.f90  -O2  execution test
FAIL: gfortran.dg/exponent_1.f90  -O3 -fomit-frame-pointer  execution test
FAIL: gfortran.dg/exponent_1.f90  -O3 -fomit-frame-pointer -funroll-loops  execution test
FAIL: gfortran.dg/exponent_1.f90  -O3 -fomit-frame-pointer -funroll-all-loops -finline-functions  execution test
FAIL: gfortran.dg/exponent_1.f90  -O3 -g  execution test
FAIL: gfortran.dg/exponent_1.f90  -Os  execution test
FAIL: gfortran.dg/nearest_1.f90  -O0  execution test
FAIL: gfortran.dg/nearest_1.f90  -O1  execution test
FAIL: gfortran.dg/nearest_1.f90  -O2  execution test
FAIL: gfortran.dg/nearest_1.f90  -O3 -fomit-frame-pointer  execution test
FAIL: gfortran.dg/nearest_1.f90  -O3 -fomit-frame-pointer -funroll-loops  execution test
FAIL: gfortran.dg/nearest_1.f90  -O3 -fomit-frame-pointer -funroll-all-loops -finline-functions  execution test
FAIL: gfortran.dg/nearest_1.f90  -O3 -g  execution test
FAIL: gfortran.dg/nearest_1.f90  -Os  execution test

		=== gfortran Summary for unix/-m32 ===

# of expected passes		16019
# of unexpected failures	16
# of unexpected successes	8
# of expected failures		7
# of unsupported tests		16

		=== gfortran Summary ===

# of expected passes		32037
# of unexpected failures	32
# of unexpected successes	16
# of expected failures		14
# of unsupported tests		33
/home/gnu/work/GNU/gcc-4.2.0-x86_64-sle10-linux-gnu/gcc/testsuite/gfortran/../../gfortran  version 4.2.0

		=== gnat tests ===

Running target unix
FAIL: gnat.dg/frame_overflow.adb  (test for errors, line 12)
FAIL: gnat.dg/frame_overflow.adb  (test for errors, line 21)

		=== gnat Summary for unix ===

# of expected passes		40
# of unexpected failures	2

Running target unix/-m32
FAIL: gnat.dg/address_conversion.adb (test for excess errors)
FAIL: gnat.dg/address_conversion.adb execution test
FAIL: gnat.dg/derived_aggregate.adb (test for excess errors)
FAIL: gnat.dg/derived_aggregate.adb execution test
FAIL: gnat.dg/in_out_parameter.adb (test for excess errors)
FAIL: gnat.dg/in_out_parameter.adb execution test
FAIL: gnat.dg/outer_agg_bitfield_constructor.adb (test for excess errors)
FAIL: gnat.dg/outer_agg_bitfield_constructor.adb execution test
FAIL: gnat.dg/pointer_conversion.adb (test for excess errors)
FAIL: gnat.dg/pointer_conversion.adb execution test
FAIL: gnat.dg/scalar_mode_agg_compare.adb (test for excess errors)
FAIL: gnat.dg/scalar_mode_agg_compare.adb execution test
FAIL: gnat.dg/self_aggregate_with_array.adb (test for excess errors)
FAIL: gnat.dg/self_aggregate_with_array.adb execution test
FAIL: gnat.dg/self_aggregate_with_call.adb (test for excess errors)
FAIL: gnat.dg/self_aggregate_with_call.adb execution test
FAIL: gnat.dg/self_aggregate_with_pointer.adb (test for excess errors)
FAIL: gnat.dg/self_aggregate_with_pointer.adb execution test
FAIL: gnat.dg/self_aggregate_with_zeros.adb (test for excess errors)
FAIL: gnat.dg/self_aggregate_with_zeros.adb execution test
FAIL: gnat.dg/string_slice.adb (test for excess errors)
FAIL: gnat.dg/string_slice.adb execution test
FAIL: gnat.dg/tail_call.adb (test for excess errors)
FAIL: gnat.dg/tail_call.adb execution test

		=== gnat Summary for unix/-m32 ===

# of expected passes		18
# of unexpected failures	24

		=== gnat Summary ===

# of expected passes		58
# of unexpected failures	26

		=== objc tests ===

Running target unix

		=== objc Summary for unix ===

# of expected passes		1806
# of expected failures		7
# of unsupported tests		24

Running target unix/-m32

		=== objc Summary for unix/-m32 ===

# of expected passes		1806
# of expected failures		7
# of unsupported tests		24

		=== objc Summary ===

# of expected passes		3612
# of expected failures		14
# of unsupported tests		48
/home/gnu/work/GNU/gcc-4.2.0-x86_64-sle10-linux-gnu/gcc/xgcc  version 4.2.0

		=== libffi tests ===

Running target unix

		=== libffi Summary for unix ===

# of expected passes		1084
# of unsupported tests		8

Running target unix/-m32
FAIL: libffi.call/return_fl2.c -O0 -W -Wall execution test
FAIL: libffi.call/return_fl2.c -O2 execution test
FAIL: libffi.call/return_fl2.c -O3 execution test
FAIL: libffi.call/return_fl2.c -Os execution test

		=== libffi Summary for unix/-m32 ===

# of expected passes		1080
# of unexpected failures	4
# of unsupported tests		8

		=== libffi Summary ===

# of expected passes		2164
# of unexpected failures	4
# of unsupported tests		16

		=== libgomp tests ===

Running target unix

		=== libgomp Summary for unix ===

# of expected passes		1566

Running target unix/-m32
FAIL: libgomp.c/ordered-2.c (test for excess errors)
WARNING: libgomp.c/ordered-2.c compilation failed to produce executable

		=== libgomp Summary for unix/-m32 ===

# of expected passes		1564
# of unexpected failures	1

		=== libgomp Summary ===

# of expected passes		3130
# of unexpected failures	1

		=== libjava tests ===

Running target unix
FAIL: PR16923 run
FAIL: events output

		=== libjava Summary for unix ===

# of expected passes		7004
# of unexpected failures	2
# of expected failures		12
# of untested testcases		9

Running target unix/-m32
FAIL: PR16923 run
FAIL: events output
FAIL: PR27908 -O3 -findirect-dispatch execution - bytecode->native test

		=== libjava Summary for unix/-m32 ===

# of expected passes		7002
# of unexpected failures	3
# of expected failures		12
# of untested testcases		10

		=== libjava Summary ===

# of expected passes		14006
# of unexpected failures	5
# of expected failures		24
# of untested testcases		19

		=== libmudflap tests ===

Running target unix

		=== libmudflap Summary for unix ===

# of expected passes		1814

Running target unix/-m32

		=== libmudflap Summary for unix/-m32 ===

# of expected passes		1814

		=== libmudflap Summary ===

# of expected passes		3628

		=== libstdc++ tests ===

Running target unix
XPASS: 26_numerics/cmath/c99_classification_macros_c.cc (test for excess errors)
XPASS: 27_io/fpos/14320-1.cc execution test

		=== libstdc++ Summary for unix ===

# of expected passes		4474
# of unexpected successes	2
# of expected failures		14

Running target unix/-m32
XPASS: 26_numerics/cmath/c99_classification_macros_c.cc (test for excess errors)

		=== libstdc++ Summary for unix/-m32 ===

# of expected passes		4474
# of unexpected successes	1
# of expected failures		15

		=== libstdc++ Summary ===

# of expected passes		8948
# of unexpected successes	3
# of expected failures		29


Counting all warnings,
there are 0 warnings in stage3 of this bootstrap.

Number of warnings per file:

Number of warning types:



More information about the Gcc-testresults mailing list