Results for 4.1.3 20070519 (prerelease) testsuite on i686-pc-linux-gnu

Weidong Cui mason.cui@gmail.com
Sat May 19 09:45:00 GMT 2007


LAST_UPDATED: Sat May 19 03:34:54 UTC 2007 (revision 124848)

Native configuration is i686-pc-linux-gnu

		=== gcc tests ===


Running target unix
WARNING: program timed out.
FAIL: gcc.c-torture/compile/20001226-1.c  -O3 -g  (test for excess errors)

		=== gcc Summary ===

# of expected passes		39201
# of unexpected failures	1
# of expected failures		101
# of untested testcases		28
# of unsupported tests		246
/home/cuiwd/gcc413/build/gcc/xgcc  version 4.1.3 20070519 (prerelease)

		=== gfortran tests ===


Running target unix
XPASS: gfortran.dg/csqrt_2.f  -O0  execution test
XPASS: gfortran.dg/csqrt_2.f  -O1  execution test
XPASS: gfortran.dg/csqrt_2.f  -O2  execution test
XPASS: gfortran.dg/csqrt_2.f  -O3 -fomit-frame-pointer  execution test
XPASS: gfortran.dg/csqrt_2.f  -O3 -fomit-frame-pointer -funroll-loops  execution test
XPASS: gfortran.dg/csqrt_2.f  -O3 -fomit-frame-pointer -funroll-all-loops -finline-functions  execution test
XPASS: gfortran.dg/csqrt_2.f  -O3 -g  execution test
XPASS: gfortran.dg/csqrt_2.f  -Os  execution test

		=== gfortran Summary ===

# of expected passes		13694
# of unexpected successes	8
# of expected failures		6
# of unsupported tests		16
/home/cuiwd/gcc413/build/gcc/testsuite/gfortran/../../gfortran  version 4.1.3 20070519 (prerelease)

		=== libmudflap tests ===


Running target unix

		=== libmudflap Summary ===

# of expected passes		1680
# of unsupported tests		2

Compiler version: 4.1.3 20070519 (prerelease) 
Platform: i686-pc-linux-gnu
configure flags: --prefix=/home/cuiwd/gcc4/ins --with-gnu-as --with-as=/home/cuiwd/binutils-217/bin/as --with-gnu-ld --with-ld=/home/cuiwd/binutils-217/bin/ld --with-mpfr=/home/cuiwd/mpfr221 --with-gmp=/usr/local --enable-clocale=gnu --with-system-zlib --enable-threads=posix --enable-_cxa_atexit --enable-languages=c,fortran



More information about the Gcc-testresults mailing list