Results for 4.3.0 20070516 (experimental) gcc testsuite on m32c-unknown-elf
mstein
mstein@phenix.rootshell.be
Fri May 18 05:02:00 GMT 2007
Ubuntu 5 on pentium3-smp
cross tool versions:
GNU assembler (GNU Binutils) 2.17.50.20070407
GNU gdb 6.6.50.20070407-cvs
GNU ld (GNU Binutils) 2.17.50.20070407
GNU Make 3.80
expect version 5.42.1
host gcc version: gcc (GCC) 4.3.0 20070516 (experimental)
LAST_UPDATED: Wed May 16 22:03:49 UTC 2007 (revision 124778)
Target is m32c-unknown-elf
Host is i686-pc-linux-gnu
=== gcc tests ===
Running target m32c-sim
FAIL: gcc.c-torture/compile/930623-1.c -O0 (internal compiler error)
FAIL: gcc.c-torture/compile/930623-1.c -O0 (test for excess errors)
FAIL: gcc.c-torture/compile/930623-1.c -O1 (internal compiler error)
FAIL: gcc.c-torture/compile/930623-1.c -O1 (test for excess errors)
FAIL: gcc.c-torture/compile/930623-1.c -O2 (internal compiler error)
FAIL: gcc.c-torture/compile/930623-1.c -O2 (test for excess errors)
FAIL: gcc.c-torture/compile/930623-1.c -O3 -fomit-frame-pointer (internal compiler error)
FAIL: gcc.c-torture/compile/930623-1.c -O3 -fomit-frame-pointer (test for excess errors)
FAIL: gcc.c-torture/compile/930623-1.c -O3 -g (internal compiler error)
FAIL: gcc.c-torture/compile/930623-1.c -O3 -g (test for excess errors)
FAIL: gcc.c-torture/compile/930623-1.c -Os (internal compiler error)
FAIL: gcc.c-torture/compile/930623-1.c -Os (test for excess errors)
FAIL: gcc.c-torture/compile/limits-blockid.c -O0 (test for excess errors)
FAIL: gcc.c-torture/compile/limits-caselabels.c -O0 (test for excess errors)
FAIL: gcc.c-torture/compile/limits-caselabels.c -O1 (test for excess errors)
FAIL: gcc.c-torture/compile/limits-caselabels.c -O2 (test for excess errors)
FAIL: gcc.c-torture/compile/limits-caselabels.c -O3 -fomit-frame-pointer (test for excess errors)
FAIL: gcc.c-torture/compile/limits-caselabels.c -O3 -g (test for excess errors)
FAIL: gcc.c-torture/compile/limits-caselabels.c -Os (test for excess errors)
FAIL: gcc.c-torture/compile/limits-enumconst.c -O0 (test for excess errors)
FAIL: gcc.c-torture/compile/limits-enumconst.c -O1 (test for excess errors)
FAIL: gcc.c-torture/compile/limits-enumconst.c -O2 (test for excess errors)
FAIL: gcc.c-torture/compile/limits-enumconst.c -O3 -fomit-frame-pointer (test for excess errors)
FAIL: gcc.c-torture/compile/limits-enumconst.c -O3 -g (test for excess errors)
FAIL: gcc.c-torture/compile/limits-enumconst.c -Os (test for excess errors)
FAIL: gcc.c-torture/compile/limits-structnest.c -O2 (test for excess errors)
FAIL: gcc.c-torture/compile/limits-structnest.c -O3 -fomit-frame-pointer (test for excess errors)
FAIL: gcc.c-torture/compile/limits-structnest.c -O3 -g (test for excess errors)
FAIL: gcc.c-torture/compile/limits-structnest.c -Os (test for excess errors)
FAIL: gcc.c-torture/execute/builtins/pr23484-chk.c execution, -O1
FAIL: gcc.c-torture/execute/builtins/pr23484-chk.c execution, -O2
FAIL: gcc.c-torture/execute/builtins/pr23484-chk.c execution, -O3 -fomit-frame-pointer
FAIL: gcc.c-torture/execute/builtins/pr23484-chk.c execution, -O3 -g
FAIL: gcc.c-torture/execute/builtins/pr23484-chk.c execution, -Os
FAIL: gcc.c-torture/execute/builtins/strcat-chk.c execution, -O3 -fomit-frame-pointer -funroll-all-loops -finline-functions
FAIL: gcc.c-torture/execute/builtins/strncat-chk.c execution, -O3 -fomit-frame-pointer -funroll-all-loops -finline-functions
FAIL: gcc.c-torture/execute/20060420-1.c execution, -O2
FAIL: gcc.c-torture/execute/20060420-1.c execution, -O3 -fomit-frame-pointer
FAIL: gcc.c-torture/execute/20060420-1.c execution, -O3 -g
FAIL: gcc.c-torture/execute/20060420-1.c execution, -Os
FAIL: gcc.c-torture/execute/20061101-1.c execution, -O0
FAIL: gcc.c-torture/execute/20061101-1.c execution, -O1
FAIL: gcc.c-torture/execute/20061101-1.c execution, -O2
FAIL: gcc.c-torture/execute/20061101-1.c execution, -O3 -fomit-frame-pointer
FAIL: gcc.c-torture/execute/20061101-1.c execution, -O3 -fomit-frame-pointer -funroll-loops
FAIL: gcc.c-torture/execute/20061101-1.c execution, -O3 -fomit-frame-pointer -funroll-all-loops -finline-functions
FAIL: gcc.c-torture/execute/20061101-1.c execution, -O3 -g
FAIL: gcc.c-torture/execute/20061101-1.c execution, -Os
WARNING: program timed out.
FAIL: gcc.c-torture/execute/920501-6.c execution, -O0
WARNING: program timed out.
FAIL: gcc.c-torture/execute/920501-6.c execution, -O1
WARNING: program timed out.
FAIL: gcc.c-torture/execute/920501-6.c execution, -O2
WARNING: program timed out.
FAIL: gcc.c-torture/execute/920501-6.c execution, -O3 -fomit-frame-pointer
WARNING: program timed out.
FAIL: gcc.c-torture/execute/920501-6.c execution, -O3 -fomit-frame-pointer -funroll-loops
WARNING: program timed out.
FAIL: gcc.c-torture/execute/920501-6.c execution, -O3 -fomit-frame-pointer -funroll-all-loops -finline-functions
WARNING: program timed out.
FAIL: gcc.c-torture/execute/920501-6.c execution, -O3 -g
WARNING: program timed out.
FAIL: gcc.c-torture/execute/920501-6.c execution, -Os
WARNING: program timed out.
FAIL: gcc.c-torture/execute/arith-rand-ll.c execution, -O0
WARNING: program timed out.
FAIL: gcc.c-torture/execute/arith-rand-ll.c execution, -O1
WARNING: program timed out.
FAIL: gcc.c-torture/execute/arith-rand-ll.c execution, -O2
WARNING: program timed out.
FAIL: gcc.c-torture/execute/arith-rand-ll.c execution, -O3 -fomit-frame-pointer
WARNING: program timed out.
FAIL: gcc.c-torture/execute/arith-rand-ll.c execution, -O3 -fomit-frame-pointer -funroll-loops
FAIL: gcc.c-torture/execute/arith-rand-ll.c execution, -O3 -fomit-frame-pointer -funroll-all-loops -finline-functions
WARNING: program timed out.
FAIL: gcc.c-torture/execute/arith-rand-ll.c execution, -O3 -g
WARNING: program timed out.
FAIL: gcc.c-torture/execute/arith-rand-ll.c execution, -Os
FAIL: gcc.c-torture/execute/builtin-bitops-1.c compilation, -O0
UNRESOLVED: gcc.c-torture/execute/builtin-bitops-1.c execution, -O0
FAIL: gcc.c-torture/execute/builtin-bitops-1.c compilation, -O1
UNRESOLVED: gcc.c-torture/execute/builtin-bitops-1.c execution, -O1
FAIL: gcc.c-torture/execute/builtin-bitops-1.c compilation, -O2
UNRESOLVED: gcc.c-torture/execute/builtin-bitops-1.c execution, -O2
FAIL: gcc.c-torture/execute/builtin-bitops-1.c compilation, -O3 -fomit-frame-pointer
UNRESOLVED: gcc.c-torture/execute/builtin-bitops-1.c execution, -O3 -fomit-frame-pointer
FAIL: gcc.c-torture/execute/builtin-bitops-1.c compilation, -O3 -fomit-frame-pointer -funroll-loops
UNRESOLVED: gcc.c-torture/execute/builtin-bitops-1.c execution, -O3 -fomit-frame-pointer -funroll-loops
FAIL: gcc.c-torture/execute/builtin-bitops-1.c compilation, -O3 -fomit-frame-pointer -funroll-all-loops -finline-functions
UNRESOLVED: gcc.c-torture/execute/builtin-bitops-1.c execution, -O3 -fomit-frame-pointer -funroll-all-loops -finline-functions
FAIL: gcc.c-torture/execute/builtin-bitops-1.c compilation, -O3 -g
UNRESOLVED: gcc.c-torture/execute/builtin-bitops-1.c execution, -O3 -g
FAIL: gcc.c-torture/execute/builtin-bitops-1.c compilation, -Os
UNRESOLVED: gcc.c-torture/execute/builtin-bitops-1.c execution, -Os
FAIL: gcc.c-torture/execute/ffs-1.c compilation, -O0
UNRESOLVED: gcc.c-torture/execute/ffs-1.c execution, -O0
FAIL: gcc.c-torture/execute/ffs-1.c compilation, -O1
UNRESOLVED: gcc.c-torture/execute/ffs-1.c execution, -O1
FAIL: gcc.c-torture/execute/ffs-1.c compilation, -O2
UNRESOLVED: gcc.c-torture/execute/ffs-1.c execution, -O2
FAIL: gcc.c-torture/execute/ffs-1.c compilation, -O3 -fomit-frame-pointer
UNRESOLVED: gcc.c-torture/execute/ffs-1.c execution, -O3 -fomit-frame-pointer
FAIL: gcc.c-torture/execute/ffs-1.c compilation, -O3 -g
UNRESOLVED: gcc.c-torture/execute/ffs-1.c execution, -O3 -g
FAIL: gcc.c-torture/execute/ffs-1.c compilation, -Os
UNRESOLVED: gcc.c-torture/execute/ffs-1.c execution, -Os
FAIL: gcc.c-torture/execute/ffs-2.c compilation, -O0
UNRESOLVED: gcc.c-torture/execute/ffs-2.c execution, -O0
FAIL: gcc.c-torture/execute/ffs-2.c compilation, -O1
UNRESOLVED: gcc.c-torture/execute/ffs-2.c execution, -O1
FAIL: gcc.c-torture/execute/ffs-2.c compilation, -O2
UNRESOLVED: gcc.c-torture/execute/ffs-2.c execution, -O2
FAIL: gcc.c-torture/execute/ffs-2.c compilation, -O3 -fomit-frame-pointer
UNRESOLVED: gcc.c-torture/execute/ffs-2.c execution, -O3 -fomit-frame-pointer
FAIL: gcc.c-torture/execute/ffs-2.c compilation, -O3 -fomit-frame-pointer -funroll-loops
UNRESOLVED: gcc.c-torture/execute/ffs-2.c execution, -O3 -fomit-frame-pointer -funroll-loops
FAIL: gcc.c-torture/execute/ffs-2.c compilation, -O3 -fomit-frame-pointer -funroll-all-loops -finline-functions
UNRESOLVED: gcc.c-torture/execute/ffs-2.c execution, -O3 -fomit-frame-pointer -funroll-all-loops -finline-functions
FAIL: gcc.c-torture/execute/ffs-2.c compilation, -O3 -g
UNRESOLVED: gcc.c-torture/execute/ffs-2.c execution, -O3 -g
FAIL: gcc.c-torture/execute/ffs-2.c compilation, -Os
UNRESOLVED: gcc.c-torture/execute/ffs-2.c execution, -Os
FAIL: gcc.c-torture/execute/mayalias-2.c compilation, -O3 -g (internal compiler error)
UNRESOLVED: gcc.c-torture/execute/mayalias-2.c execution, -O3 -g
FAIL: gcc.c-torture/execute/mayalias-3.c compilation, -O3 -g (internal compiler error)
UNRESOLVED: gcc.c-torture/execute/mayalias-3.c execution, -O3 -g
FAIL: gcc.c-torture/execute/pr23135.c execution, -O0
FAIL: gcc.c-torture/execute/pr23135.c execution, -O1
FAIL: gcc.c-torture/execute/pr23135.c execution, -O2
FAIL: gcc.c-torture/execute/pr23135.c execution, -O3 -fomit-frame-pointer
FAIL: gcc.c-torture/execute/pr23135.c execution, -O3 -g
FAIL: gcc.c-torture/execute/pr23135.c execution, -Os
FAIL: gcc.c-torture/execute/pr28651.c execution, -O0
FAIL: gcc.c-torture/execute/pr28651.c execution, -O1
FAIL: gcc.c-torture/execute/pr28651.c execution, -O2
FAIL: gcc.c-torture/execute/pr28651.c execution, -O3 -fomit-frame-pointer
FAIL: gcc.c-torture/execute/pr28651.c execution, -O3 -g
FAIL: gcc.c-torture/execute/pr28651.c execution, -Os
FAIL: gcc.c-torture/execute/pr29797-1.c execution, -O0
FAIL: gcc.c-torture/execute/pr29797-1.c execution, -O1
FAIL: gcc.c-torture/execute/pr29797-1.c execution, -O2
FAIL: gcc.c-torture/execute/pr29797-1.c execution, -O3 -fomit-frame-pointer
FAIL: gcc.c-torture/execute/pr29797-1.c execution, -O3 -g
FAIL: gcc.c-torture/execute/pr29797-1.c execution, -Os
FAIL: gcc.c-torture/execute/pr31448.c compilation, -O0
UNRESOLVED: gcc.c-torture/execute/pr31448.c execution, -O0
FAIL: gcc.c-torture/execute/pr31448.c compilation, -O1
UNRESOLVED: gcc.c-torture/execute/pr31448.c execution, -O1
FAIL: gcc.c-torture/execute/pr31448.c compilation, -O2
UNRESOLVED: gcc.c-torture/execute/pr31448.c execution, -O2
FAIL: gcc.c-torture/execute/pr31448.c compilation, -O3 -fomit-frame-pointer
UNRESOLVED: gcc.c-torture/execute/pr31448.c execution, -O3 -fomit-frame-pointer
FAIL: gcc.c-torture/execute/pr31448.c compilation, -O3 -g
UNRESOLVED: gcc.c-torture/execute/pr31448.c execution, -O3 -g
FAIL: gcc.c-torture/execute/pr31448.c compilation, -Os
UNRESOLVED: gcc.c-torture/execute/pr31448.c execution, -Os
FAIL: gcc.c-torture/execute/simd-1.c execution, -O0
FAIL: gcc.c-torture/execute/simd-1.c execution, -O1
FAIL: gcc.c-torture/execute/simd-1.c execution, -O2
FAIL: gcc.c-torture/execute/simd-1.c execution, -O3 -fomit-frame-pointer
FAIL: gcc.c-torture/execute/simd-1.c execution, -O3 -g
FAIL: gcc.c-torture/execute/simd-1.c execution, -Os
FAIL: gcc.c-torture/execute/simd-4.c execution, -O0
FAIL: gcc.c-torture/execute/simd-4.c execution, -O1
FAIL: gcc.c-torture/execute/simd-4.c execution, -O2
FAIL: gcc.c-torture/execute/simd-4.c execution, -O3 -fomit-frame-pointer
FAIL: gcc.c-torture/execute/simd-4.c execution, -O3 -g
FAIL: gcc.c-torture/execute/simd-4.c execution, -Os
FAIL: gcc.c-torture/unsorted/dump-noaddr.c.122r.expand, -O0 comparison
FAIL: gcc.c-torture/unsorted/dump-noaddr.c.123r.sibling, -O0 comparison
FAIL: gcc.c-torture/unsorted/dump-noaddr.c.125r.initvals, -O0 comparison
FAIL: gcc.c-torture/unsorted/dump-noaddr.c.126r.unshare, -O0 comparison
FAIL: gcc.c-torture/unsorted/dump-noaddr.c.127r.vregs, -O0 comparison
FAIL: gcc.c-torture/unsorted/dump-noaddr.c.128r.into_cfglayout, -O0 comparison
FAIL: gcc.c-torture/unsorted/dump-noaddr.c.129r.jump, -O0 comparison
FAIL: gcc.c-torture/unsorted/dump-noaddr.c.147r.outof_cfglayout, -O0 comparison
FAIL: gcc.c-torture/unsorted/dump-noaddr.c.148r.life1, -O0 comparison
FAIL: gcc.c-torture/unsorted/dump-noaddr.c.153r.split1, -O0 comparison
FAIL: gcc.c-torture/unsorted/dump-noaddr.c.157r.life2, -O0 comparison
FAIL: gcc.c-torture/unsorted/dump-noaddr.c.160r.lreg, -O0 comparison
FAIL: gcc.c-torture/unsorted/dump-noaddr.c.161r.greg, -O0 comparison
FAIL: gcc.c-torture/unsorted/dump-noaddr.c.164r.flow2, -O0 comparison
FAIL: gcc.c-torture/unsorted/dump-noaddr.c.178r.barriers, -O0 comparison
FAIL: gcc.c-torture/unsorted/dump-noaddr.c.181r.eh-ranges, -O0 comparison
FAIL: gcc.c-torture/unsorted/dump-noaddr.c.182r.shorten, -O0 comparison
FAIL: gcc.c-torture/unsorted/dump-noaddr.c.122r.expand, -O1 comparison
FAIL: gcc.c-torture/unsorted/dump-noaddr.c.123r.sibling, -O1 comparison
FAIL: gcc.c-torture/unsorted/dump-noaddr.c.125r.initvals, -O1 comparison
FAIL: gcc.c-torture/unsorted/dump-noaddr.c.126r.unshare, -O1 comparison
FAIL: gcc.c-torture/unsorted/dump-noaddr.c.127r.vregs, -O1 comparison
FAIL: gcc.c-torture/unsorted/dump-noaddr.c.128r.into_cfglayout, -O1 comparison
FAIL: gcc.c-torture/unsorted/dump-noaddr.c.129r.jump, -O1 comparison
FAIL: gcc.c-torture/unsorted/dump-noaddr.c.130r.subreg, -O1 comparison
FAIL: gcc.c-torture/unsorted/dump-noaddr.c.131r.cse1, -O1 comparison
FAIL: gcc.c-torture/unsorted/dump-noaddr.c.134r.ce1, -O1 comparison
FAIL: gcc.c-torture/unsorted/dump-noaddr.c.136r.loop2, -O1 comparison
FAIL: gcc.c-torture/unsorted/dump-noaddr.c.137r.loop2_init, -O1 comparison
FAIL: gcc.c-torture/unsorted/dump-noaddr.c.138r.loop2_invariant, -O1 comparison
FAIL: gcc.c-torture/unsorted/dump-noaddr.c.142r.loop2_done, -O1 comparison
FAIL: gcc.c-torture/unsorted/dump-noaddr.c.147r.outof_cfglayout, -O1 comparison
FAIL: gcc.c-torture/unsorted/dump-noaddr.c.148r.life1, -O1 comparison
FAIL: gcc.c-torture/unsorted/dump-noaddr.c.149r.combine, -O1 comparison
FAIL: gcc.c-torture/unsorted/dump-noaddr.c.150r.ce2, -O1 comparison
FAIL: gcc.c-torture/unsorted/dump-noaddr.c.153r.split1, -O1 comparison
FAIL: gcc.c-torture/unsorted/dump-noaddr.c.154r.subreg2, -O1 comparison
FAIL: gcc.c-torture/unsorted/dump-noaddr.c.157r.life2, -O1 comparison
FAIL: gcc.c-torture/unsorted/dump-noaddr.c.160r.lreg, -O1 comparison
FAIL: gcc.c-torture/unsorted/dump-noaddr.c.161r.greg, -O1 comparison
FAIL: gcc.c-torture/unsorted/dump-noaddr.c.162r.postreload, -O1 comparison
FAIL: gcc.c-torture/unsorted/dump-noaddr.c.164r.flow2, -O1 comparison
FAIL: gcc.c-torture/unsorted/dump-noaddr.c.166r.csa, -O1 comparison
FAIL: gcc.c-torture/unsorted/dump-noaddr.c.168r.ce3, -O1 comparison
FAIL: gcc.c-torture/unsorted/dump-noaddr.c.169r.rnreg, -O1 comparison
FAIL: gcc.c-torture/unsorted/dump-noaddr.c.170r.bbro, -O1 comparison
FAIL: gcc.c-torture/unsorted/dump-noaddr.c.178r.barriers, -O1 comparison
FAIL: gcc.c-torture/unsorted/dump-noaddr.c.181r.eh-ranges, -O1 comparison
FAIL: gcc.c-torture/unsorted/dump-noaddr.c.182r.shorten, -O1 comparison
FAIL: gcc.c-torture/unsorted/dump-noaddr.c.056t.vrp1, -O2 comparison
FAIL: gcc.c-torture/unsorted/dump-noaddr.c.107t.vrp2, -O2 comparison
FAIL: gcc.c-torture/unsorted/dump-noaddr.c.122r.expand, -O2 comparison
FAIL: gcc.c-torture/unsorted/dump-noaddr.c.123r.sibling, -O2 comparison
FAIL: gcc.c-torture/unsorted/dump-noaddr.c.125r.initvals, -O2 comparison
FAIL: gcc.c-torture/unsorted/dump-noaddr.c.126r.unshare, -O2 comparison
FAIL: gcc.c-torture/unsorted/dump-noaddr.c.127r.vregs, -O2 comparison
FAIL: gcc.c-torture/unsorted/dump-noaddr.c.128r.into_cfglayout, -O2 comparison
FAIL: gcc.c-torture/unsorted/dump-noaddr.c.129r.jump, -O2 comparison
FAIL: gcc.c-torture/unsorted/dump-noaddr.c.130r.subreg, -O2 comparison
FAIL: gcc.c-torture/unsorted/dump-noaddr.c.131r.cse1, -O2 comparison
FAIL: gcc.c-torture/unsorted/dump-noaddr.c.132r.fwprop1, -O2 comparison
FAIL: gcc.c-torture/unsorted/dump-noaddr.c.133r.gcse1, -O2 comparison
FAIL: gcc.c-torture/unsorted/dump-noaddr.c.134r.ce1, -O2 comparison
FAIL: gcc.c-torture/unsorted/dump-noaddr.c.136r.loop2, -O2 comparison
FAIL: gcc.c-torture/unsorted/dump-noaddr.c.137r.loop2_init, -O2 comparison
FAIL: gcc.c-torture/unsorted/dump-noaddr.c.138r.loop2_invariant, -O2 comparison
FAIL: gcc.c-torture/unsorted/dump-noaddr.c.142r.loop2_done, -O2 comparison
FAIL: gcc.c-torture/unsorted/dump-noaddr.c.144r.bypass, -O2 comparison
FAIL: gcc.c-torture/unsorted/dump-noaddr.c.145r.cse2, -O2 comparison
FAIL: gcc.c-torture/unsorted/dump-noaddr.c.146r.fwprop2, -O2 comparison
FAIL: gcc.c-torture/unsorted/dump-noaddr.c.147r.outof_cfglayout, -O2 comparison
FAIL: gcc.c-torture/unsorted/dump-noaddr.c.148r.life1, -O2 comparison
FAIL: gcc.c-torture/unsorted/dump-noaddr.c.149r.combine, -O2 comparison
FAIL: gcc.c-torture/unsorted/dump-noaddr.c.150r.ce2, -O2 comparison
FAIL: gcc.c-torture/unsorted/dump-noaddr.c.152r.regmove, -O2 comparison
FAIL: gcc.c-torture/unsorted/dump-noaddr.c.153r.split1, -O2 comparison
FAIL: gcc.c-torture/unsorted/dump-noaddr.c.154r.subreg2, -O2 comparison
FAIL: gcc.c-torture/unsorted/dump-noaddr.c.157r.life2, -O2 comparison
FAIL: gcc.c-torture/unsorted/dump-noaddr.c.160r.lreg, -O2 comparison
FAIL: gcc.c-torture/unsorted/dump-noaddr.c.161r.greg, -O2 comparison
FAIL: gcc.c-torture/unsorted/dump-noaddr.c.162r.postreload, -O2 comparison
FAIL: gcc.c-torture/unsorted/dump-noaddr.c.164r.flow2, -O2 comparison
FAIL: gcc.c-torture/unsorted/dump-noaddr.c.166r.csa, -O2 comparison
FAIL: gcc.c-torture/unsorted/dump-noaddr.c.167r.peephole2, -O2 comparison
FAIL: gcc.c-torture/unsorted/dump-noaddr.c.168r.ce3, -O2 comparison
FAIL: gcc.c-torture/unsorted/dump-noaddr.c.169r.rnreg, -O2 comparison
FAIL: gcc.c-torture/unsorted/dump-noaddr.c.170r.bbro, -O2 comparison
FAIL: gcc.c-torture/unsorted/dump-noaddr.c.175r.compgotos, -O2 comparison
FAIL: gcc.c-torture/unsorted/dump-noaddr.c.178r.barriers, -O2 comparison
FAIL: gcc.c-torture/unsorted/dump-noaddr.c.181r.eh-ranges, -O2 comparison
FAIL: gcc.c-torture/unsorted/dump-noaddr.c.182r.shorten, -O2 comparison
FAIL: gcc.c-torture/unsorted/dump-noaddr.c.056t.vrp1, -O3 -fomit-frame-pointer comparison
FAIL: gcc.c-torture/unsorted/dump-noaddr.c.107t.vrp2, -O3 -fomit-frame-pointer comparison
FAIL: gcc.c-torture/unsorted/dump-noaddr.c.122r.expand, -O3 -fomit-frame-pointer comparison
FAIL: gcc.c-torture/unsorted/dump-noaddr.c.123r.sibling, -O3 -fomit-frame-pointer comparison
FAIL: gcc.c-torture/unsorted/dump-noaddr.c.125r.initvals, -O3 -fomit-frame-pointer comparison
FAIL: gcc.c-torture/unsorted/dump-noaddr.c.126r.unshare, -O3 -fomit-frame-pointer comparison
FAIL: gcc.c-torture/unsorted/dump-noaddr.c.127r.vregs, -O3 -fomit-frame-pointer comparison
FAIL: gcc.c-torture/unsorted/dump-noaddr.c.128r.into_cfglayout, -O3 -fomit-frame-pointer comparison
FAIL: gcc.c-torture/unsorted/dump-noaddr.c.129r.jump, -O3 -fomit-frame-pointer comparison
FAIL: gcc.c-torture/unsorted/dump-noaddr.c.130r.subreg, -O3 -fomit-frame-pointer comparison
FAIL: gcc.c-torture/unsorted/dump-noaddr.c.131r.cse1, -O3 -fomit-frame-pointer comparison
FAIL: gcc.c-torture/unsorted/dump-noaddr.c.132r.fwprop1, -O3 -fomit-frame-pointer comparison
FAIL: gcc.c-torture/unsorted/dump-noaddr.c.133r.gcse1, -O3 -fomit-frame-pointer comparison
FAIL: gcc.c-torture/unsorted/dump-noaddr.c.134r.ce1, -O3 -fomit-frame-pointer comparison
FAIL: gcc.c-torture/unsorted/dump-noaddr.c.136r.loop2, -O3 -fomit-frame-pointer comparison
FAIL: gcc.c-torture/unsorted/dump-noaddr.c.137r.loop2_init, -O3 -fomit-frame-pointer comparison
FAIL: gcc.c-torture/unsorted/dump-noaddr.c.138r.loop2_invariant, -O3 -fomit-frame-pointer comparison
FAIL: gcc.c-torture/unsorted/dump-noaddr.c.139r.loop2_unswitch, -O3 -fomit-frame-pointer comparison
FAIL: gcc.c-torture/unsorted/dump-noaddr.c.142r.loop2_done, -O3 -fomit-frame-pointer comparison
FAIL: gcc.c-torture/unsorted/dump-noaddr.c.144r.bypass, -O3 -fomit-frame-pointer comparison
FAIL: gcc.c-torture/unsorted/dump-noaddr.c.145r.cse2, -O3 -fomit-frame-pointer comparison
FAIL: gcc.c-torture/unsorted/dump-noaddr.c.146r.fwprop2, -O3 -fomit-frame-pointer comparison
FAIL: gcc.c-torture/unsorted/dump-noaddr.c.147r.outof_cfglayout, -O3 -fomit-frame-pointer comparison
FAIL: gcc.c-torture/unsorted/dump-noaddr.c.148r.life1, -O3 -fomit-frame-pointer comparison
FAIL: gcc.c-torture/unsorted/dump-noaddr.c.149r.combine, -O3 -fomit-frame-pointer comparison
FAIL: gcc.c-torture/unsorted/dump-noaddr.c.150r.ce2, -O3 -fomit-frame-pointer comparison
FAIL: gcc.c-torture/unsorted/dump-noaddr.c.152r.regmove, -O3 -fomit-frame-pointer comparison
FAIL: gcc.c-torture/unsorted/dump-noaddr.c.153r.split1, -O3 -fomit-frame-pointer comparison
FAIL: gcc.c-torture/unsorted/dump-noaddr.c.154r.subreg2, -O3 -fomit-frame-pointer comparison
FAIL: gcc.c-torture/unsorted/dump-noaddr.c.157r.life2, -O3 -fomit-frame-pointer comparison
FAIL: gcc.c-torture/unsorted/dump-noaddr.c.160r.lreg, -O3 -fomit-frame-pointer comparison
FAIL: gcc.c-torture/unsorted/dump-noaddr.c.161r.greg, -O3 -fomit-frame-pointer comparison
FAIL: gcc.c-torture/unsorted/dump-noaddr.c.162r.postreload, -O3 -fomit-frame-pointer comparison
FAIL: gcc.c-torture/unsorted/dump-noaddr.c.163r.gcse2, -O3 -fomit-frame-pointer comparison
FAIL: gcc.c-torture/unsorted/dump-noaddr.c.164r.flow2, -O3 -fomit-frame-pointer comparison
FAIL: gcc.c-torture/unsorted/dump-noaddr.c.166r.csa, -O3 -fomit-frame-pointer comparison
FAIL: gcc.c-torture/unsorted/dump-noaddr.c.167r.peephole2, -O3 -fomit-frame-pointer comparison
FAIL: gcc.c-torture/unsorted/dump-noaddr.c.168r.ce3, -O3 -fomit-frame-pointer comparison
FAIL: gcc.c-torture/unsorted/dump-noaddr.c.169r.rnreg, -O3 -fomit-frame-pointer comparison
FAIL: gcc.c-torture/unsorted/dump-noaddr.c.170r.bbro, -O3 -fomit-frame-pointer comparison
FAIL: gcc.c-torture/unsorted/dump-noaddr.c.175r.compgotos, -O3 -fomit-frame-pointer comparison
FAIL: gcc.c-torture/unsorted/dump-noaddr.c.178r.barriers, -O3 -fomit-frame-pointer comparison
FAIL: gcc.c-torture/unsorted/dump-noaddr.c.181r.eh-ranges, -O3 -fomit-frame-pointer comparison
FAIL: gcc.c-torture/unsorted/dump-noaddr.c.182r.shorten, -O3 -fomit-frame-pointer comparison
FAIL: gcc.c-torture/unsorted/dump-noaddr.c.056t.vrp1, -O3 -fomit-frame-pointer -funroll-loops comparison
FAIL: gcc.c-torture/unsorted/dump-noaddr.c.107t.vrp2, -O3 -fomit-frame-pointer -funroll-loops comparison
FAIL: gcc.c-torture/unsorted/dump-noaddr.c.122r.expand, -O3 -fomit-frame-pointer -funroll-loops comparison
FAIL: gcc.c-torture/unsorted/dump-noaddr.c.123r.sibling, -O3 -fomit-frame-pointer -funroll-loops comparison
FAIL: gcc.c-torture/unsorted/dump-noaddr.c.125r.initvals, -O3 -fomit-frame-pointer -funroll-loops comparison
FAIL: gcc.c-torture/unsorted/dump-noaddr.c.126r.unshare, -O3 -fomit-frame-pointer -funroll-loops comparison
FAIL: gcc.c-torture/unsorted/dump-noaddr.c.127r.vregs, -O3 -fomit-frame-pointer -funroll-loops comparison
FAIL: gcc.c-torture/unsorted/dump-noaddr.c.128r.into_cfglayout, -O3 -fomit-frame-pointer -funroll-loops comparison
FAIL: gcc.c-torture/unsorted/dump-noaddr.c.129r.jump, -O3 -fomit-frame-pointer -funroll-loops comparison
FAIL: gcc.c-torture/unsorted/dump-noaddr.c.130r.subreg, -O3 -fomit-frame-pointer -funroll-loops comparison
FAIL: gcc.c-torture/unsorted/dump-noaddr.c.131r.cse1, -O3 -fomit-frame-pointer -funroll-loops comparison
FAIL: gcc.c-torture/unsorted/dump-noaddr.c.132r.fwprop1, -O3 -fomit-frame-pointer -funroll-loops comparison
FAIL: gcc.c-torture/unsorted/dump-noaddr.c.133r.gcse1, -O3 -fomit-frame-pointer -funroll-loops comparison
FAIL: gcc.c-torture/unsorted/dump-noaddr.c.134r.ce1, -O3 -fomit-frame-pointer -funroll-loops comparison
FAIL: gcc.c-torture/unsorted/dump-noaddr.c.136r.loop2, -O3 -fomit-frame-pointer -funroll-loops comparison
FAIL: gcc.c-torture/unsorted/dump-noaddr.c.137r.loop2_init, -O3 -fomit-frame-pointer -funroll-loops comparison
FAIL: gcc.c-torture/unsorted/dump-noaddr.c.138r.loop2_invariant, -O3 -fomit-frame-pointer -funroll-loops comparison
FAIL: gcc.c-torture/unsorted/dump-noaddr.c.139r.loop2_unswitch, -O3 -fomit-frame-pointer -funroll-loops comparison
FAIL: gcc.c-torture/unsorted/dump-noaddr.c.140r.loop2_unroll, -O3 -fomit-frame-pointer -funroll-loops comparison
FAIL: gcc.c-torture/unsorted/dump-noaddr.c.142r.loop2_done, -O3 -fomit-frame-pointer -funroll-loops comparison
FAIL: gcc.c-torture/unsorted/dump-noaddr.c.143r.web, -O3 -fomit-frame-pointer -funroll-loops comparison
FAIL: gcc.c-torture/unsorted/dump-noaddr.c.144r.bypass, -O3 -fomit-frame-pointer -funroll-loops comparison
FAIL: gcc.c-torture/unsorted/dump-noaddr.c.145r.cse2, -O3 -fomit-frame-pointer -funroll-loops comparison
FAIL: gcc.c-torture/unsorted/dump-noaddr.c.146r.fwprop2, -O3 -fomit-frame-pointer -funroll-loops comparison
FAIL: gcc.c-torture/unsorted/dump-noaddr.c.147r.outof_cfglayout, -O3 -fomit-frame-pointer -funroll-loops comparison
FAIL: gcc.c-torture/unsorted/dump-noaddr.c.148r.life1, -O3 -fomit-frame-pointer -funroll-loops comparison
FAIL: gcc.c-torture/unsorted/dump-noaddr.c.149r.combine, -O3 -fomit-frame-pointer -funroll-loops comparison
FAIL: gcc.c-torture/unsorted/dump-noaddr.c.150r.ce2, -O3 -fomit-frame-pointer -funroll-loops comparison
FAIL: gcc.c-torture/unsorted/dump-noaddr.c.152r.regmove, -O3 -fomit-frame-pointer -funroll-loops comparison
FAIL: gcc.c-torture/unsorted/dump-noaddr.c.153r.split1, -O3 -fomit-frame-pointer -funroll-loops comparison
FAIL: gcc.c-torture/unsorted/dump-noaddr.c.154r.subreg2, -O3 -fomit-frame-pointer -funroll-loops comparison
FAIL: gcc.c-torture/unsorted/dump-noaddr.c.157r.life2, -O3 -fomit-frame-pointer -funroll-loops comparison
FAIL: gcc.c-torture/unsorted/dump-noaddr.c.160r.lreg, -O3 -fomit-frame-pointer -funroll-loops comparison
FAIL: gcc.c-torture/unsorted/dump-noaddr.c.161r.greg, -O3 -fomit-frame-pointer -funroll-loops comparison
FAIL: gcc.c-torture/unsorted/dump-noaddr.c.162r.postreload, -O3 -fomit-frame-pointer -funroll-loops comparison
FAIL: gcc.c-torture/unsorted/dump-noaddr.c.163r.gcse2, -O3 -fomit-frame-pointer -funroll-loops comparison
FAIL: gcc.c-torture/unsorted/dump-noaddr.c.164r.flow2, -O3 -fomit-frame-pointer -funroll-loops comparison
FAIL: gcc.c-torture/unsorted/dump-noaddr.c.166r.csa, -O3 -fomit-frame-pointer -funroll-loops comparison
FAIL: gcc.c-torture/unsorted/dump-noaddr.c.167r.peephole2, -O3 -fomit-frame-pointer -funroll-loops comparison
FAIL: gcc.c-torture/unsorted/dump-noaddr.c.168r.ce3, -O3 -fomit-frame-pointer -funroll-loops comparison
FAIL: gcc.c-torture/unsorted/dump-noaddr.c.169r.rnreg, -O3 -fomit-frame-pointer -funroll-loops comparison
FAIL: gcc.c-torture/unsorted/dump-noaddr.c.170r.bbro, -O3 -fomit-frame-pointer -funroll-loops comparison
FAIL: gcc.c-torture/unsorted/dump-noaddr.c.175r.compgotos, -O3 -fomit-frame-pointer -funroll-loops comparison
FAIL: gcc.c-torture/unsorted/dump-noaddr.c.178r.barriers, -O3 -fomit-frame-pointer -funroll-loops comparison
FAIL: gcc.c-torture/unsorted/dump-noaddr.c.181r.eh-ranges, -O3 -fomit-frame-pointer -funroll-loops comparison
FAIL: gcc.c-torture/unsorted/dump-noaddr.c.182r.shorten, -O3 -fomit-frame-pointer -funroll-loops comparison
FAIL: gcc.c-torture/unsorted/dump-noaddr.c.056t.vrp1, -O3 -fomit-frame-pointer -funroll-all-loops -finline-functions comparison
FAIL: gcc.c-torture/unsorted/dump-noaddr.c.107t.vrp2, -O3 -fomit-frame-pointer -funroll-all-loops -finline-functions comparison
FAIL: gcc.c-torture/unsorted/dump-noaddr.c.122r.expand, -O3 -fomit-frame-pointer -funroll-all-loops -finline-functions comparison
FAIL: gcc.c-torture/unsorted/dump-noaddr.c.123r.sibling, -O3 -fomit-frame-pointer -funroll-all-loops -finline-functions comparison
FAIL: gcc.c-torture/unsorted/dump-noaddr.c.125r.initvals, -O3 -fomit-frame-pointer -funroll-all-loops -finline-functions comparison
FAIL: gcc.c-torture/unsorted/dump-noaddr.c.126r.unshare, -O3 -fomit-frame-pointer -funroll-all-loops -finline-functions comparison
FAIL: gcc.c-torture/unsorted/dump-noaddr.c.127r.vregs, -O3 -fomit-frame-pointer -funroll-all-loops -finline-functions comparison
FAIL: gcc.c-torture/unsorted/dump-noaddr.c.128r.into_cfglayout, -O3 -fomit-frame-pointer -funroll-all-loops -finline-functions comparison
FAIL: gcc.c-torture/unsorted/dump-noaddr.c.129r.jump, -O3 -fomit-frame-pointer -funroll-all-loops -finline-functions comparison
FAIL: gcc.c-torture/unsorted/dump-noaddr.c.130r.subreg, -O3 -fomit-frame-pointer -funroll-all-loops -finline-functions comparison
FAIL: gcc.c-torture/unsorted/dump-noaddr.c.131r.cse1, -O3 -fomit-frame-pointer -funroll-all-loops -finline-functions comparison
FAIL: gcc.c-torture/unsorted/dump-noaddr.c.132r.fwprop1, -O3 -fomit-frame-pointer -funroll-all-loops -finline-functions comparison
FAIL: gcc.c-torture/unsorted/dump-noaddr.c.133r.gcse1, -O3 -fomit-frame-pointer -funroll-all-loops -finline-functions comparison
FAIL: gcc.c-torture/unsorted/dump-noaddr.c.134r.ce1, -O3 -fomit-frame-pointer -funroll-all-loops -finline-functions comparison
FAIL: gcc.c-torture/unsorted/dump-noaddr.c.136r.loop2, -O3 -fomit-frame-pointer -funroll-all-loops -finline-functions comparison
FAIL: gcc.c-torture/unsorted/dump-noaddr.c.137r.loop2_init, -O3 -fomit-frame-pointer -funroll-all-loops -finline-functions comparison
FAIL: gcc.c-torture/unsorted/dump-noaddr.c.138r.loop2_invariant, -O3 -fomit-frame-pointer -funroll-all-loops -finline-functions comparison
FAIL: gcc.c-torture/unsorted/dump-noaddr.c.139r.loop2_unswitch, -O3 -fomit-frame-pointer -funroll-all-loops -finline-functions comparison
FAIL: gcc.c-torture/unsorted/dump-noaddr.c.140r.loop2_unroll, -O3 -fomit-frame-pointer -funroll-all-loops -finline-functions comparison
FAIL: gcc.c-torture/unsorted/dump-noaddr.c.142r.loop2_done, -O3 -fomit-frame-pointer -funroll-all-loops -finline-functions comparison
FAIL: gcc.c-torture/unsorted/dump-noaddr.c.143r.web, -O3 -fomit-frame-pointer -funroll-all-loops -finline-functions comparison
FAIL: gcc.c-torture/unsorted/dump-noaddr.c.144r.bypass, -O3 -fomit-frame-pointer -funroll-all-loops -finline-functions comparison
FAIL: gcc.c-torture/unsorted/dump-noaddr.c.145r.cse2, -O3 -fomit-frame-pointer -funroll-all-loops -finline-functions comparison
FAIL: gcc.c-torture/unsorted/dump-noaddr.c.146r.fwprop2, -O3 -fomit-frame-pointer -funroll-all-loops -finline-functions comparison
FAIL: gcc.c-torture/unsorted/dump-noaddr.c.147r.outof_cfglayout, -O3 -fomit-frame-pointer -funroll-all-loops -finline-functions comparison
FAIL: gcc.c-torture/unsorted/dump-noaddr.c.148r.life1, -O3 -fomit-frame-pointer -funroll-all-loops -finline-functions comparison
FAIL: gcc.c-torture/unsorted/dump-noaddr.c.149r.combine, -O3 -fomit-frame-pointer -funroll-all-loops -finline-functions comparison
FAIL: gcc.c-torture/unsorted/dump-noaddr.c.150r.ce2, -O3 -fomit-frame-pointer -funroll-all-loops -finline-functions comparison
FAIL: gcc.c-torture/unsorted/dump-noaddr.c.152r.regmove, -O3 -fomit-frame-pointer -funroll-all-loops -finline-functions comparison
FAIL: gcc.c-torture/unsorted/dump-noaddr.c.153r.split1, -O3 -fomit-frame-pointer -funroll-all-loops -finline-functions comparison
FAIL: gcc.c-torture/unsorted/dump-noaddr.c.154r.subreg2, -O3 -fomit-frame-pointer -funroll-all-loops -finline-functions comparison
FAIL: gcc.c-torture/unsorted/dump-noaddr.c.157r.life2, -O3 -fomit-frame-pointer -funroll-all-loops -finline-functions comparison
FAIL: gcc.c-torture/unsorted/dump-noaddr.c.160r.lreg, -O3 -fomit-frame-pointer -funroll-all-loops -finline-functions comparison
FAIL: gcc.c-torture/unsorted/dump-noaddr.c.161r.greg, -O3 -fomit-frame-pointer -funroll-all-loops -finline-functions comparison
FAIL: gcc.c-torture/unsorted/dump-noaddr.c.162r.postreload, -O3 -fomit-frame-pointer -funroll-all-loops -finline-functions comparison
FAIL: gcc.c-torture/unsorted/dump-noaddr.c.163r.gcse2, -O3 -fomit-frame-pointer -funroll-all-loops -finline-functions comparison
FAIL: gcc.c-torture/unsorted/dump-noaddr.c.164r.flow2, -O3 -fomit-frame-pointer -funroll-all-loops -finline-functions comparison
FAIL: gcc.c-torture/unsorted/dump-noaddr.c.166r.csa, -O3 -fomit-frame-pointer -funroll-all-loops -finline-functions comparison
FAIL: gcc.c-torture/unsorted/dump-noaddr.c.167r.peephole2, -O3 -fomit-frame-pointer -funroll-all-loops -finline-functions comparison
FAIL: gcc.c-torture/unsorted/dump-noaddr.c.168r.ce3, -O3 -fomit-frame-pointer -funroll-all-loops -finline-functions comparison
FAIL: gcc.c-torture/unsorted/dump-noaddr.c.169r.rnreg, -O3 -fomit-frame-pointer -funroll-all-loops -finline-functions comparison
FAIL: gcc.c-torture/unsorted/dump-noaddr.c.170r.bbro, -O3 -fomit-frame-pointer -funroll-all-loops -finline-functions comparison
FAIL: gcc.c-torture/unsorted/dump-noaddr.c.175r.compgotos, -O3 -fomit-frame-pointer -funroll-all-loops -finline-functions comparison
FAIL: gcc.c-torture/unsorted/dump-noaddr.c.178r.barriers, -O3 -fomit-frame-pointer -funroll-all-loops -finline-functions comparison
FAIL: gcc.c-torture/unsorted/dump-noaddr.c.181r.eh-ranges, -O3 -fomit-frame-pointer -funroll-all-loops -finline-functions comparison
FAIL: gcc.c-torture/unsorted/dump-noaddr.c.182r.shorten, -O3 -fomit-frame-pointer -funroll-all-loops -finline-functions comparison
FAIL: gcc.c-torture/unsorted/dump-noaddr.c.056t.vrp1, -O3 -g comparison
FAIL: gcc.c-torture/unsorted/dump-noaddr.c.107t.vrp2, -O3 -g comparison
FAIL: gcc.c-torture/unsorted/dump-noaddr.c.122r.expand, -O3 -g comparison
FAIL: gcc.c-torture/unsorted/dump-noaddr.c.123r.sibling, -O3 -g comparison
FAIL: gcc.c-torture/unsorted/dump-noaddr.c.125r.initvals, -O3 -g comparison
FAIL: gcc.c-torture/unsorted/dump-noaddr.c.126r.unshare, -O3 -g comparison
FAIL: gcc.c-torture/unsorted/dump-noaddr.c.127r.vregs, -O3 -g comparison
FAIL: gcc.c-torture/unsorted/dump-noaddr.c.128r.into_cfglayout, -O3 -g comparison
FAIL: gcc.c-torture/unsorted/dump-noaddr.c.129r.jump, -O3 -g comparison
FAIL: gcc.c-torture/unsorted/dump-noaddr.c.130r.subreg, -O3 -g comparison
FAIL: gcc.c-torture/unsorted/dump-noaddr.c.131r.cse1, -O3 -g comparison
FAIL: gcc.c-torture/unsorted/dump-noaddr.c.132r.fwprop1, -O3 -g comparison
FAIL: gcc.c-torture/unsorted/dump-noaddr.c.133r.gcse1, -O3 -g comparison
FAIL: gcc.c-torture/unsorted/dump-noaddr.c.134r.ce1, -O3 -g comparison
FAIL: gcc.c-torture/unsorted/dump-noaddr.c.136r.loop2, -O3 -g comparison
FAIL: gcc.c-torture/unsorted/dump-noaddr.c.137r.loop2_init, -O3 -g comparison
FAIL: gcc.c-torture/unsorted/dump-noaddr.c.138r.loop2_invariant, -O3 -g comparison
FAIL: gcc.c-torture/unsorted/dump-noaddr.c.139r.loop2_unswitch, -O3 -g comparison
FAIL: gcc.c-torture/unsorted/dump-noaddr.c.142r.loop2_done, -O3 -g comparison
FAIL: gcc.c-torture/unsorted/dump-noaddr.c.144r.bypass, -O3 -g comparison
FAIL: gcc.c-torture/unsorted/dump-noaddr.c.145r.cse2, -O3 -g comparison
FAIL: gcc.c-torture/unsorted/dump-noaddr.c.146r.fwprop2, -O3 -g comparison
FAIL: gcc.c-torture/unsorted/dump-noaddr.c.147r.outof_cfglayout, -O3 -g comparison
FAIL: gcc.c-torture/unsorted/dump-noaddr.c.148r.life1, -O3 -g comparison
FAIL: gcc.c-torture/unsorted/dump-noaddr.c.149r.combine, -O3 -g comparison
FAIL: gcc.c-torture/unsorted/dump-noaddr.c.150r.ce2, -O3 -g comparison
FAIL: gcc.c-torture/unsorted/dump-noaddr.c.152r.regmove, -O3 -g comparison
FAIL: gcc.c-torture/unsorted/dump-noaddr.c.153r.split1, -O3 -g comparison
FAIL: gcc.c-torture/unsorted/dump-noaddr.c.154r.subreg2, -O3 -g comparison
FAIL: gcc.c-torture/unsorted/dump-noaddr.c.157r.life2, -O3 -g comparison
FAIL: gcc.c-torture/unsorted/dump-noaddr.c.160r.lreg, -O3 -g comparison
FAIL: gcc.c-torture/unsorted/dump-noaddr.c.161r.greg, -O3 -g comparison
FAIL: gcc.c-torture/unsorted/dump-noaddr.c.162r.postreload, -O3 -g comparison
FAIL: gcc.c-torture/unsorted/dump-noaddr.c.163r.gcse2, -O3 -g comparison
FAIL: gcc.c-torture/unsorted/dump-noaddr.c.164r.flow2, -O3 -g comparison
FAIL: gcc.c-torture/unsorted/dump-noaddr.c.166r.csa, -O3 -g comparison
FAIL: gcc.c-torture/unsorted/dump-noaddr.c.167r.peephole2, -O3 -g comparison
FAIL: gcc.c-torture/unsorted/dump-noaddr.c.168r.ce3, -O3 -g comparison
FAIL: gcc.c-torture/unsorted/dump-noaddr.c.169r.rnreg, -O3 -g comparison
FAIL: gcc.c-torture/unsorted/dump-noaddr.c.170r.bbro, -O3 -g comparison
FAIL: gcc.c-torture/unsorted/dump-noaddr.c.175r.compgotos, -O3 -g comparison
FAIL: gcc.c-torture/unsorted/dump-noaddr.c.176r.vartrack, -O3 -g comparison
FAIL: gcc.c-torture/unsorted/dump-noaddr.c.178r.barriers, -O3 -g comparison
FAIL: gcc.c-torture/unsorted/dump-noaddr.c.181r.eh-ranges, -O3 -g comparison
FAIL: gcc.c-torture/unsorted/dump-noaddr.c.182r.shorten, -O3 -g comparison
FAIL: gcc.c-torture/unsorted/dump-noaddr.c.056t.vrp1, -Os comparison
FAIL: gcc.c-torture/unsorted/dump-noaddr.c.107t.vrp2, -Os comparison
FAIL: gcc.c-torture/unsorted/dump-noaddr.c.122r.expand, -Os comparison
FAIL: gcc.c-torture/unsorted/dump-noaddr.c.123r.sibling, -Os comparison
FAIL: gcc.c-torture/unsorted/dump-noaddr.c.125r.initvals, -Os comparison
FAIL: gcc.c-torture/unsorted/dump-noaddr.c.126r.unshare, -Os comparison
FAIL: gcc.c-torture/unsorted/dump-noaddr.c.127r.vregs, -Os comparison
FAIL: gcc.c-torture/unsorted/dump-noaddr.c.128r.into_cfglayout, -Os comparison
FAIL: gcc.c-torture/unsorted/dump-noaddr.c.129r.jump, -Os comparison
FAIL: gcc.c-torture/unsorted/dump-noaddr.c.130r.subreg, -Os comparison
FAIL: gcc.c-torture/unsorted/dump-noaddr.c.131r.cse1, -Os comparison
FAIL: gcc.c-torture/unsorted/dump-noaddr.c.132r.fwprop1, -Os comparison
FAIL: gcc.c-torture/unsorted/dump-noaddr.c.133r.gcse1, -Os comparison
FAIL: gcc.c-torture/unsorted/dump-noaddr.c.134r.ce1, -Os comparison
FAIL: gcc.c-torture/unsorted/dump-noaddr.c.136r.loop2, -Os comparison
FAIL: gcc.c-torture/unsorted/dump-noaddr.c.137r.loop2_init, -Os comparison
FAIL: gcc.c-torture/unsorted/dump-noaddr.c.138r.loop2_invariant, -Os comparison
FAIL: gcc.c-torture/unsorted/dump-noaddr.c.142r.loop2_done, -Os comparison
FAIL: gcc.c-torture/unsorted/dump-noaddr.c.144r.bypass, -Os comparison
FAIL: gcc.c-torture/unsorted/dump-noaddr.c.145r.cse2, -Os comparison
FAIL: gcc.c-torture/unsorted/dump-noaddr.c.146r.fwprop2, -Os comparison
FAIL: gcc.c-torture/unsorted/dump-noaddr.c.147r.outof_cfglayout, -Os comparison
FAIL: gcc.c-torture/unsorted/dump-noaddr.c.148r.life1, -Os comparison
FAIL: gcc.c-torture/unsorted/dump-noaddr.c.149r.combine, -Os comparison
FAIL: gcc.c-torture/unsorted/dump-noaddr.c.150r.ce2, -Os comparison
FAIL: gcc.c-torture/unsorted/dump-noaddr.c.152r.regmove, -Os comparison
FAIL: gcc.c-torture/unsorted/dump-noaddr.c.153r.split1, -Os comparison
FAIL: gcc.c-torture/unsorted/dump-noaddr.c.154r.subreg2, -Os comparison
FAIL: gcc.c-torture/unsorted/dump-noaddr.c.157r.life2, -Os comparison
FAIL: gcc.c-torture/unsorted/dump-noaddr.c.160r.lreg, -Os comparison
FAIL: gcc.c-torture/unsorted/dump-noaddr.c.161r.greg, -Os comparison
FAIL: gcc.c-torture/unsorted/dump-noaddr.c.162r.postreload, -Os comparison
FAIL: gcc.c-torture/unsorted/dump-noaddr.c.164r.flow2, -Os comparison
FAIL: gcc.c-torture/unsorted/dump-noaddr.c.166r.csa, -Os comparison
FAIL: gcc.c-torture/unsorted/dump-noaddr.c.167r.peephole2, -Os comparison
FAIL: gcc.c-torture/unsorted/dump-noaddr.c.168r.ce3, -Os comparison
FAIL: gcc.c-torture/unsorted/dump-noaddr.c.169r.rnreg, -Os comparison
FAIL: gcc.c-torture/unsorted/dump-noaddr.c.170r.bbro, -Os comparison
FAIL: gcc.c-torture/unsorted/dump-noaddr.c.178r.barriers, -Os comparison
FAIL: gcc.c-torture/unsorted/dump-noaddr.c.181r.eh-ranges, -Os comparison
FAIL: gcc.c-torture/unsorted/dump-noaddr.c.182r.shorten, -Os comparison
WARNING: program timed out.
FAIL: gcc.dg/compat/struct-by-value-17 c_compat_x_tst.o compile
UNRESOLVED: gcc.dg/compat/struct-by-value-17 c_compat_x_tst.o-c_compat_y_tst.o link
UNRESOLVED: gcc.dg/compat/struct-by-value-17 c_compat_x_tst.o-c_compat_y_tst.o execute
WARNING: program timed out.
FAIL: gcc.dg/compat/struct-by-value-18 c_compat_x_tst.o compile
UNRESOLVED: gcc.dg/compat/struct-by-value-18 c_compat_x_tst.o-c_compat_y_tst.o link
UNRESOLVED: gcc.dg/compat/struct-by-value-18 c_compat_x_tst.o-c_compat_y_tst.o execute
FAIL: gcc.dg/compat/struct-layout-1 c_compat_x_tst.o compile
FAIL: gcc.dg/compat/struct-layout-1 c_compat_y_tst.o compile
UNRESOLVED: gcc.dg/compat/struct-layout-1 c_compat_x_tst.o-c_compat_y_tst.o link
UNRESOLVED: gcc.dg/compat/struct-layout-1 c_compat_x_tst.o-c_compat_y_tst.o execute
WARNING: Could not compile gcc.dg/compat/struct-layout-1 generator
FAIL: gcc.dg/cpp/_Pragma6.c (test for excess errors)
FAIL: gcc.dg/20061109-1.c (test for excess errors)
FAIL: gcc.dg/Wconversion-real-integer.c (test for warnings, line 34)
FAIL: gcc.dg/Wconversion-real-integer.c (test for warnings, line 35)
FAIL: gcc.dg/Wconversion-real-integer.c (test for warnings, line 38)
FAIL: gcc.dg/Wconversion-real-integer.c (test for warnings, line 39)
FAIL: gcc.dg/Wconversion-real-integer.c (test for warnings, line 40)
FAIL: gcc.dg/Wconversion-real-integer.c (test for warnings, line 41)
FAIL: gcc.dg/Wconversion-real-integer.c (test for excess errors)
FAIL: gcc.dg/asm-4.c (internal compiler error)
FAIL: gcc.dg/asm-4.c (test for excess errors)
FAIL: gcc.dg/builtin-apply1.c (internal compiler error)
FAIL: gcc.dg/builtin-apply1.c (test for excess errors)
FAIL: gcc.dg/builtin-apply2.c (internal compiler error)
FAIL: gcc.dg/builtin-apply2.c (test for excess errors)
WARNING: gcc.dg/builtin-apply2.c compilation failed to produce executable
FAIL: gcc.dg/builtin-apply3.c (internal compiler error)
FAIL: gcc.dg/builtin-apply3.c (test for excess errors)
WARNING: gcc.dg/builtin-apply3.c compilation failed to produce executable
FAIL: gcc.dg/builtin-apply4.c (internal compiler error)
FAIL: gcc.dg/builtin-apply4.c (test for excess errors)
WARNING: gcc.dg/builtin-apply4.c compilation failed to produce executable
FAIL: gcc.dg/builtin-return-1.c (internal compiler error)
FAIL: gcc.dg/builtin-return-1.c (test for excess errors)
WARNING: gcc.dg/builtin-return-1.c compilation failed to produce executable
FAIL: gcc.dg/builtins-20.c (test for excess errors)
FAIL: gcc.dg/builtins-59.c scan-tree-dump __builtin_cexpi
FAIL: gcc.dg/builtins-59.c scan-tree-dump-not sincos
FAIL: gcc.dg/builtins-61.c scan-tree-dump cexpi
FAIL: gcc.dg/builtins-61.c scan-tree-dump sin
FAIL: gcc.dg/builtins-61.c scan-tree-dump cos
FAIL: gcc.dg/builtins-61.c scan-tree-dump return 0.0
FAIL: gcc.dg/builtins-62.c scan-tree-dump-times cexpi 3
FAIL: gcc.dg/cleanup-5.c execution test
FAIL: gcc.dg/float-range-3.c (test for excess errors)
FAIL: gcc.dg/float-range-4.c (test for excess errors)
FAIL: gcc.dg/float-range-5.c (test for excess errors)
FAIL: gcc.dg/fold-eqandshift-1.c (test for excess errors)
FAIL: gcc.dg/fold-eqandshift-1.c scan-tree-dump-times e < 0 1
FAIL: gcc.dg/fold-eqandshift-1.c scan-tree-dump-times if \\(0\\) 1
FAIL: gcc.dg/fold-eqandshift-3.c scan-tree-dump-times \\(a & 1073741824\\) != 0 1
FAIL: gcc.dg/fold-eqandshift-3.c scan-tree-dump-times \\(b & 1073741824\\) != 0 1
FAIL: gcc.dg/ftrapv-1.c (test for excess errors)
WARNING: gcc.dg/ftrapv-1.c compilation failed to produce executable
FAIL: gcc.dg/ftrapv-2.c (test for excess errors)
WARNING: gcc.dg/ftrapv-2.c compilation failed to produce executable
FAIL: gcc.dg/initpri1.c execution test
FAIL: gcc.dg/memcpy-1.c scan-tree-dump-times nasty_local 0
FAIL: gcc.dg/multiple-overflow-warn-3.c (test for warnings, line 8)
FAIL: gcc.dg/multiple-overflow-warn-3.c (test for excess errors)
FAIL: gcc.dg/pr27639.c (test for excess errors)
FAIL: gcc.dg/pr27758.c (test for excess errors)
WARNING: gcc.dg/pr27758.c compilation failed to produce executable
FAIL: gcc.dg/pr27959.c (test for excess errors)
FAIL: gcc.dg/pr27959.c execution test
FAIL: gcc.dg/pr30744-1.c (test for excess errors)
FAIL: gcc.dg/pr30957-1.c scan-rtl-dump Expanding Accumulator
FAIL: gcc.dg/setjmp-1.c spurious clobbered warning (test for bogus messages, line 16)
FAIL: gcc.dg/sibcall-3.c execution test
FAIL: gcc.dg/sibcall-4.c execution test
FAIL: gcc.dg/var-expand1.c scan-rtl-dump Expanding Accumulator
FAIL: gcc.dg/special/gcsec-1.c (test for excess errors)
FAIL: gcc.dg/tls/opt-5.c (test for excess errors)
FAIL: gcc.dg/torture/builtin-frexp-1.c -O0 (test for excess errors)
FAIL: gcc.dg/torture/builtin-frexp-1.c -O1 (test for excess errors)
FAIL: gcc.dg/torture/builtin-frexp-1.c -O2 (test for excess errors)
FAIL: gcc.dg/torture/builtin-frexp-1.c -O3 -fomit-frame-pointer (test for excess errors)
FAIL: gcc.dg/torture/builtin-frexp-1.c -O3 -fomit-frame-pointer -funroll-loops (test for excess errors)
FAIL: gcc.dg/torture/builtin-frexp-1.c -O3 -fomit-frame-pointer -funroll-all-loops -finline-functions (test for excess errors)
FAIL: gcc.dg/torture/builtin-frexp-1.c -O3 -g (test for excess errors)
FAIL: gcc.dg/torture/builtin-frexp-1.c -Os (test for excess errors)
FAIL: gcc.dg/torture/builtin-pow-mpfr-1.c -O0 scan-tree-dump pow
FAIL: gcc.dg/torture/builtin-pow-mpfr-1.c -O1 scan-tree-dump pow
FAIL: gcc.dg/torture/builtin-pow-mpfr-1.c -O2 scan-tree-dump pow
FAIL: gcc.dg/torture/builtin-pow-mpfr-1.c -O3 -fomit-frame-pointer scan-tree-dump pow
FAIL: gcc.dg/torture/builtin-pow-mpfr-1.c -O3 -g scan-tree-dump pow
FAIL: gcc.dg/torture/builtin-pow-mpfr-1.c -Os scan-tree-dump pow
FAIL: gcc.dg/torture/builtin-sin-mpfr-1.c -O0 (test for excess errors)
FAIL: gcc.dg/torture/builtin-sin-mpfr-1.c -O1 (test for excess errors)
FAIL: gcc.dg/torture/builtin-sin-mpfr-1.c -O2 (test for excess errors)
FAIL: gcc.dg/torture/builtin-sin-mpfr-1.c -O3 -fomit-frame-pointer (test for excess errors)
FAIL: gcc.dg/torture/builtin-sin-mpfr-1.c -O3 -fomit-frame-pointer -funroll-loops (test for excess errors)
FAIL: gcc.dg/torture/builtin-sin-mpfr-1.c -O3 -fomit-frame-pointer -funroll-all-loops -finline-functions (test for excess errors)
FAIL: gcc.dg/torture/builtin-sin-mpfr-1.c -O3 -g (test for excess errors)
FAIL: gcc.dg/torture/builtin-sin-mpfr-1.c -Os (test for excess errors)
FAIL: gcc.dg/torture/pr24257.c -O0 (internal compiler error)
FAIL: gcc.dg/torture/pr24257.c -O0 (test for excess errors)
FAIL: gcc.dg/torture/pr24257.c -O1 (internal compiler error)
FAIL: gcc.dg/torture/pr24257.c -O1 (test for excess errors)
FAIL: gcc.dg/torture/pr24257.c -O2 (internal compiler error)
FAIL: gcc.dg/torture/pr24257.c -O2 (test for excess errors)
FAIL: gcc.dg/torture/pr24257.c -O3 -fomit-frame-pointer (internal compiler error)
FAIL: gcc.dg/torture/pr24257.c -O3 -fomit-frame-pointer (test for excess errors)
FAIL: gcc.dg/torture/pr24257.c -O3 -fomit-frame-pointer -funroll-loops (internal compiler error)
FAIL: gcc.dg/torture/pr24257.c -O3 -fomit-frame-pointer -funroll-loops (test for excess errors)
FAIL: gcc.dg/torture/pr24257.c -O3 -fomit-frame-pointer -funroll-all-loops -finline-functions (internal compiler error)
FAIL: gcc.dg/torture/pr24257.c -O3 -fomit-frame-pointer -funroll-all-loops -finline-functions (test for excess errors)
FAIL: gcc.dg/torture/pr24257.c -O3 -g (internal compiler error)
FAIL: gcc.dg/torture/pr24257.c -O3 -g (test for excess errors)
FAIL: gcc.dg/torture/pr24257.c -Os (internal compiler error)
FAIL: gcc.dg/torture/pr24257.c -Os (test for excess errors)
FAIL: gcc.dg/torture/pr27743.c -O0 (test for excess errors)
FAIL: gcc.dg/torture/pr27743.c -O0 execution test
FAIL: gcc.dg/torture/pr27743.c -O1 (test for excess errors)
FAIL: gcc.dg/torture/pr27743.c -O1 execution test
FAIL: gcc.dg/torture/pr27743.c -O2 (test for excess errors)
FAIL: gcc.dg/torture/pr27743.c -O2 execution test
FAIL: gcc.dg/torture/pr27743.c -O3 -fomit-frame-pointer (test for excess errors)
FAIL: gcc.dg/torture/pr27743.c -O3 -fomit-frame-pointer execution test
FAIL: gcc.dg/torture/pr27743.c -O3 -g (test for excess errors)
FAIL: gcc.dg/torture/pr27743.c -O3 -g execution test
FAIL: gcc.dg/torture/pr27743.c -Os (test for excess errors)
FAIL: gcc.dg/torture/pr27743.c -Os execution test
FAIL: gcc.dg/torture/pr28814.c -O0 (test for excess errors)
FAIL: gcc.dg/torture/pr28814.c -O1 (test for excess errors)
FAIL: gcc.dg/torture/pr28814.c -O2 (test for excess errors)
FAIL: gcc.dg/torture/pr28814.c -O3 -fomit-frame-pointer (test for excess errors)
FAIL: gcc.dg/torture/pr28814.c -O3 -g (test for excess errors)
FAIL: gcc.dg/torture/pr28814.c -Os (test for excess errors)
FAIL: gcc.dg/torture/pr29584.c -O0 (test for excess errors)
FAIL: gcc.dg/torture/pr29584.c -O1 (test for excess errors)
FAIL: gcc.dg/torture/pr29584.c -O2 (test for excess errors)
FAIL: gcc.dg/torture/pr29584.c -O3 -fomit-frame-pointer (test for excess errors)
FAIL: gcc.dg/torture/pr29584.c -O3 -fomit-frame-pointer -funroll-loops (test for excess errors)
FAIL: gcc.dg/torture/pr29584.c -O3 -fomit-frame-pointer -funroll-all-loops -finline-functions (test for excess errors)
FAIL: gcc.dg/torture/pr29584.c -O3 -g (test for excess errors)
FAIL: gcc.dg/torture/pr29584.c -Os (test for excess errors)
FAIL: gcc.dg/torture/pr30313.c -O0 (test for excess errors)
FAIL: gcc.dg/torture/pr30313.c -O1 (test for excess errors)
FAIL: gcc.dg/torture/pr30313.c -O2 (test for excess errors)
FAIL: gcc.dg/torture/pr30313.c -O3 -fomit-frame-pointer (test for excess errors)
FAIL: gcc.dg/torture/pr30313.c -O3 -g (test for excess errors)
FAIL: gcc.dg/torture/pr30313.c -Os (test for excess errors)
FAIL: gcc.dg/torture/pr30364-1.c -O0 (test for excess errors)
FAIL: gcc.dg/torture/pr30364-1.c -O0 execution test
FAIL: gcc.dg/torture/pr30364-1.c -O1 (test for excess errors)
FAIL: gcc.dg/torture/pr30364-1.c -O1 execution test
FAIL: gcc.dg/torture/pr30364-1.c -O2 (test for excess errors)
FAIL: gcc.dg/torture/pr30364-1.c -O2 execution test
FAIL: gcc.dg/torture/pr30364-1.c -O3 -fomit-frame-pointer (test for excess errors)
FAIL: gcc.dg/torture/pr30364-1.c -O3 -fomit-frame-pointer execution test
FAIL: gcc.dg/torture/pr30364-1.c -O3 -g (test for excess errors)
FAIL: gcc.dg/torture/pr30364-1.c -O3 -g execution test
FAIL: gcc.dg/torture/pr30364-1.c -Os (test for excess errors)
FAIL: gcc.dg/torture/pr30364-1.c -Os execution test
FAIL: gcc.dg/torture/pr30364-2.c -O0 (test for excess errors)
FAIL: gcc.dg/torture/pr30364-2.c -O0 execution test
FAIL: gcc.dg/torture/pr30364-2.c -O1 (test for excess errors)
FAIL: gcc.dg/torture/pr30364-2.c -O1 execution test
FAIL: gcc.dg/torture/pr30364-2.c -O2 (test for excess errors)
FAIL: gcc.dg/torture/pr30364-2.c -O2 execution test
FAIL: gcc.dg/torture/pr30364-2.c -O3 -fomit-frame-pointer (test for excess errors)
FAIL: gcc.dg/torture/pr30364-2.c -O3 -fomit-frame-pointer execution test
FAIL: gcc.dg/torture/pr30364-2.c -O3 -g (test for excess errors)
FAIL: gcc.dg/torture/pr30364-2.c -O3 -g execution test
FAIL: gcc.dg/torture/pr30364-2.c -Os (test for excess errors)
FAIL: gcc.dg/torture/pr30364-2.c -Os execution test
FAIL: gcc.dg/torture/pr30364-3.c -O0 (test for excess errors)
FAIL: gcc.dg/torture/pr30364-3.c -O0 execution test
FAIL: gcc.dg/torture/pr30364-3.c -O1 (test for excess errors)
FAIL: gcc.dg/torture/pr30364-3.c -O1 execution test
FAIL: gcc.dg/torture/pr30364-3.c -O2 (test for excess errors)
FAIL: gcc.dg/torture/pr30364-3.c -O2 execution test
FAIL: gcc.dg/torture/pr30364-3.c -O3 -fomit-frame-pointer (test for excess errors)
FAIL: gcc.dg/torture/pr30364-3.c -O3 -fomit-frame-pointer execution test
FAIL: gcc.dg/torture/pr30364-3.c -O3 -g (test for excess errors)
FAIL: gcc.dg/torture/pr30364-3.c -O3 -g execution test
FAIL: gcc.dg/torture/pr30364-3.c -Os (test for excess errors)
FAIL: gcc.dg/torture/pr30364-3.c -Os execution test
XPASS: gcc.dg/tree-ssa/20040204-1.c scan-tree-dump-times link_error 0
FAIL: gcc.dg/tree-ssa/foldaddr-1.c (test for excess errors)
FAIL: gcc.dg/tree-ssa/gen-vect-11.c scan-tree-dump-times vectorized 1 loops 1
FAIL: gcc.dg/tree-ssa/gen-vect-11a.c scan-tree-dump-times vectorized 1 loops 1
FAIL: gcc.dg/tree-ssa/gen-vect-2.c scan-tree-dump-times vectorized 1 loops 1
FAIL: gcc.dg/tree-ssa/gen-vect-25.c scan-tree-dump-times vectorized 2 loops 1
FAIL: gcc.dg/tree-ssa/ifc-20040816-2.c (test for excess errors)
FAIL: gcc.dg/tree-ssa/ifc-20040816-2.c scan-tree-dump-times Applying if-conversion 1
FAIL: gcc.dg/tree-ssa/loadpre6.c (test for excess errors)
FAIL: gcc.dg/tree-ssa/ltrans-5.c (test for excess errors)
ERROR: gcc.dg/tree-ssa/ltrans-5.c: error executing dg-final: no files matched glob pattern "ltrans-5.c.[0-9][0-9][0-9]t.ltrans"
UNRESOLVED: gcc.dg/tree-ssa/ltrans-5.c: error executing dg-final: no files matched glob pattern "ltrans-5.c.[0-9][0-9][0-9]t.ltrans"
XPASS: gcc.dg/tree-ssa/update-threading.c scan-tree-dump-times Invalid sum 0
FAIL: gcc.dg/tree-ssa/vrp29.c (test for excess errors)
=== gcc Summary ===
# of expected passes 40767
# of unexpected failures 613
# of unexpected successes 2
# of expected failures 79
# of unresolved testcases 37
# of untested testcases 35
# of unsupported tests 549
/home/mstein/sim/m32c-elf/build/gcc/xgcc version 4.3.0 20070516 (experimental)
Compiler version: 4.3.0 20070516 (experimental) gcc
Platform: m32c-unknown-elf
configure flags: --target=m32c-elf --prefix=/n/07/mstein/cross-local/m32c-elf --enable-languages=c --disable-nls --disable-build-warnings --with-ld=/n/07/mstein/cross-local/m32c-elf/bin/m32c-elf-ld --with-as=/n/07/mstein/cross-local/m32c-elf/bin/m32c-elf-as --disable-libssp
More information about the Gcc-testresults
mailing list