Results for 4.3.0 20070515 (experimental) gcc testsuite on m68hc11-unknown-none
mstein
mstein@phenix.rootshell.be
Thu May 17 05:02:00 GMT 2007
Ubuntu 5 on pentium3-smp
cross tool versions:
GNU assembler (GNU Binutils) 2.17.50.20070513
GNU gdb 6.6.50.20070513-cvs
GNU ld (GNU Binutils) 2.17.50.20070513
GNU Make 3.80
expect version 5.42.1
host gcc version: gcc (GCC) 4.3.0 20070512 (experimental)
LAST_UPDATED: Tue May 15 22:03:44 UTC 2007 (revision 124748)
Target is m68hc11-unknown-none
Host is i686-pc-linux-gnu
=== gcc tests ===
Running target m68hc11-sim
FAIL: gcc.c-torture/compile/20000804-1.c -O0 (test for excess errors)
WARNING: program timed out.
FAIL: gcc.c-torture/compile/20001226-1.c -O0 (test for excess errors)
FAIL: gcc.c-torture/compile/20010327-1.c -O0 (test for excess errors)
FAIL: gcc.c-torture/compile/20010327-1.c -O1 (test for excess errors)
FAIL: gcc.c-torture/compile/20010327-1.c -O2 (test for excess errors)
FAIL: gcc.c-torture/compile/20010327-1.c -O3 -fomit-frame-pointer (test for excess errors)
FAIL: gcc.c-torture/compile/20010327-1.c -O3 -g (test for excess errors)
FAIL: gcc.c-torture/compile/20010327-1.c -Os (test for excess errors)
FAIL: gcc.c-torture/compile/20010518-2.c -O0 (test for excess errors)
FAIL: gcc.c-torture/compile/20010518-2.c -O1 (test for excess errors)
FAIL: gcc.c-torture/compile/20010518-2.c -O2 (test for excess errors)
FAIL: gcc.c-torture/compile/20010518-2.c -O3 -fomit-frame-pointer (test for excess errors)
FAIL: gcc.c-torture/compile/20010518-2.c -O3 -g (test for excess errors)
FAIL: gcc.c-torture/compile/20010518-2.c -Os (test for excess errors)
FAIL: gcc.c-torture/compile/20020604-1.c -O0 (test for excess errors)
FAIL: gcc.c-torture/compile/20020604-1.c -O1 (test for excess errors)
FAIL: gcc.c-torture/compile/20020604-1.c -O2 (test for excess errors)
FAIL: gcc.c-torture/compile/20020604-1.c -O3 -fomit-frame-pointer (test for excess errors)
FAIL: gcc.c-torture/compile/20020604-1.c -O3 -fomit-frame-pointer -funroll-loops (test for excess errors)
FAIL: gcc.c-torture/compile/20020604-1.c -O3 -fomit-frame-pointer -funroll-all-loops -finline-functions (test for excess errors)
FAIL: gcc.c-torture/compile/20020604-1.c -O3 -g (test for excess errors)
FAIL: gcc.c-torture/compile/20020604-1.c -Os (test for excess errors)
FAIL: gcc.c-torture/compile/20040101-1.c -O0 (test for excess errors)
FAIL: gcc.c-torture/compile/20040101-1.c -O1 (test for excess errors)
FAIL: gcc.c-torture/compile/20040101-1.c -O2 (test for excess errors)
FAIL: gcc.c-torture/compile/20040101-1.c -O3 -fomit-frame-pointer (test for excess errors)
FAIL: gcc.c-torture/compile/20040101-1.c -O3 -g (test for excess errors)
FAIL: gcc.c-torture/compile/20040101-1.c -Os (test for excess errors)
FAIL: gcc.c-torture/compile/20050622-1.c -O0 (test for excess errors)
FAIL: gcc.c-torture/compile/20050622-1.c -O1 (test for excess errors)
FAIL: gcc.c-torture/compile/20050622-1.c -O2 (test for excess errors)
FAIL: gcc.c-torture/compile/20050622-1.c -O3 -fomit-frame-pointer (test for excess errors)
FAIL: gcc.c-torture/compile/20050622-1.c -O3 -g (test for excess errors)
FAIL: gcc.c-torture/compile/20050622-1.c -Os (test for excess errors)
FAIL: gcc.c-torture/compile/920501-12.c -O0 (test for excess errors)
FAIL: gcc.c-torture/compile/920501-12.c -O1 (test for excess errors)
FAIL: gcc.c-torture/compile/920501-12.c -O2 (test for excess errors)
FAIL: gcc.c-torture/compile/920501-12.c -O3 -fomit-frame-pointer (test for excess errors)
FAIL: gcc.c-torture/compile/920501-12.c -O3 -g (test for excess errors)
FAIL: gcc.c-torture/compile/920501-12.c -Os (test for excess errors)
FAIL: gcc.c-torture/compile/920501-4.c -O0 (test for excess errors)
FAIL: gcc.c-torture/compile/920501-4.c -O1 (test for excess errors)
FAIL: gcc.c-torture/compile/920501-4.c -O2 (test for excess errors)
FAIL: gcc.c-torture/compile/920501-4.c -O3 -fomit-frame-pointer (test for excess errors)
FAIL: gcc.c-torture/compile/920501-4.c -O3 -fomit-frame-pointer -funroll-loops (test for excess errors)
FAIL: gcc.c-torture/compile/920501-4.c -O3 -fomit-frame-pointer -funroll-all-loops -finline-functions (test for excess errors)
FAIL: gcc.c-torture/compile/920501-4.c -O3 -g (test for excess errors)
FAIL: gcc.c-torture/compile/920501-4.c -Os (test for excess errors)
FAIL: gcc.c-torture/compile/941014-2.c -O3 -fomit-frame-pointer (internal compiler error)
FAIL: gcc.c-torture/compile/941014-2.c -O3 -fomit-frame-pointer (test for excess errors)
FAIL: gcc.c-torture/compile/941014-2.c -O3 -fomit-frame-pointer -funroll-loops (internal compiler error)
FAIL: gcc.c-torture/compile/941014-2.c -O3 -fomit-frame-pointer -funroll-loops (test for excess errors)
FAIL: gcc.c-torture/compile/941014-2.c -O3 -fomit-frame-pointer -funroll-all-loops -finline-functions (internal compiler error)
FAIL: gcc.c-torture/compile/941014-2.c -O3 -fomit-frame-pointer -funroll-all-loops -finline-functions (test for excess errors)
FAIL: gcc.c-torture/compile/941014-2.c -O3 -g (internal compiler error)
FAIL: gcc.c-torture/compile/941014-2.c -O3 -g (test for excess errors)
FAIL: gcc.c-torture/compile/941014-2.c -Os (internal compiler error)
FAIL: gcc.c-torture/compile/941014-2.c -Os (test for excess errors)
FAIL: gcc.c-torture/compile/961203-1.c -O0 (test for excess errors)
FAIL: gcc.c-torture/compile/961203-1.c -O1 (test for excess errors)
FAIL: gcc.c-torture/compile/961203-1.c -O2 (test for excess errors)
FAIL: gcc.c-torture/compile/961203-1.c -O3 -fomit-frame-pointer (test for excess errors)
FAIL: gcc.c-torture/compile/961203-1.c -O3 -g (test for excess errors)
FAIL: gcc.c-torture/compile/961203-1.c -Os (test for excess errors)
FAIL: gcc.c-torture/compile/limits-blockid.c -O0 (test for excess errors)
FAIL: gcc.c-torture/compile/limits-fnargs.c -O0 (internal compiler error)
FAIL: gcc.c-torture/compile/limits-fnargs.c -O0 (test for excess errors)
FAIL: gcc.c-torture/compile/limits-fnargs.c -O1 (internal compiler error)
FAIL: gcc.c-torture/compile/limits-fnargs.c -O1 (test for excess errors)
FAIL: gcc.c-torture/compile/limits-fnargs.c -O2 (internal compiler error)
FAIL: gcc.c-torture/compile/limits-fnargs.c -O2 (test for excess errors)
FAIL: gcc.c-torture/compile/limits-fnargs.c -O3 -fomit-frame-pointer (internal compiler error)
FAIL: gcc.c-torture/compile/limits-fnargs.c -O3 -fomit-frame-pointer (test for excess errors)
FAIL: gcc.c-torture/compile/limits-fnargs.c -O3 -g (internal compiler error)
FAIL: gcc.c-torture/compile/limits-fnargs.c -O3 -g (test for excess errors)
FAIL: gcc.c-torture/compile/limits-fnargs.c -Os (internal compiler error)
FAIL: gcc.c-torture/compile/limits-fnargs.c -Os (test for excess errors)
FAIL: gcc.c-torture/compile/limits-fndefn.c -O1 (internal compiler error)
FAIL: gcc.c-torture/compile/limits-fndefn.c -O1 (test for excess errors)
FAIL: gcc.c-torture/compile/limits-fndefn.c -O2 (internal compiler error)
FAIL: gcc.c-torture/compile/limits-fndefn.c -O2 (test for excess errors)
FAIL: gcc.c-torture/compile/limits-fndefn.c -O3 -fomit-frame-pointer (internal compiler error)
FAIL: gcc.c-torture/compile/limits-fndefn.c -O3 -fomit-frame-pointer (test for excess errors)
FAIL: gcc.c-torture/compile/limits-fndefn.c -O3 -g (internal compiler error)
FAIL: gcc.c-torture/compile/limits-fndefn.c -O3 -g (test for excess errors)
FAIL: gcc.c-torture/compile/limits-fndefn.c -Os (internal compiler error)
FAIL: gcc.c-torture/compile/limits-fndefn.c -Os (test for excess errors)
FAIL: gcc.c-torture/compile/limits-structnest.c -O2 (test for excess errors)
FAIL: gcc.c-torture/compile/limits-structnest.c -O3 -fomit-frame-pointer (test for excess errors)
FAIL: gcc.c-torture/compile/limits-structnest.c -O3 -g (test for excess errors)
FAIL: gcc.c-torture/compile/limits-structnest.c -Os (test for excess errors)
FAIL: gcc.c-torture/compile/mangle-1.c -O0 (test for excess errors)
FAIL: gcc.c-torture/compile/mangle-1.c -O1 (test for excess errors)
FAIL: gcc.c-torture/compile/mangle-1.c -O2 (test for excess errors)
FAIL: gcc.c-torture/compile/mangle-1.c -O3 -fomit-frame-pointer (test for excess errors)
FAIL: gcc.c-torture/compile/mangle-1.c -O3 -g (test for excess errors)
FAIL: gcc.c-torture/compile/mangle-1.c -Os (test for excess errors)
FAIL: gcc.c-torture/compile/pr25310.c -O0 (test for excess errors)
FAIL: gcc.c-torture/compile/pr25310.c -O1 (test for excess errors)
FAIL: gcc.c-torture/compile/pr25310.c -O2 (test for excess errors)
FAIL: gcc.c-torture/compile/pr25310.c -O3 -fomit-frame-pointer (test for excess errors)
FAIL: gcc.c-torture/compile/pr25310.c -O3 -fomit-frame-pointer -funroll-loops (test for excess errors)
FAIL: gcc.c-torture/compile/pr25310.c -O3 -fomit-frame-pointer -funroll-all-loops -finline-functions (test for excess errors)
FAIL: gcc.c-torture/compile/pr25310.c -O3 -g (test for excess errors)
FAIL: gcc.c-torture/compile/pr25310.c -Os (test for excess errors)
FAIL: gcc.c-torture/execute/builtins/abs-2.c execution, -O0
FAIL: gcc.c-torture/execute/builtins/abs-2.c execution, -O1
FAIL: gcc.c-torture/execute/builtins/abs-2.c execution, -O2
FAIL: gcc.c-torture/execute/builtins/abs-2.c execution, -O3 -fomit-frame-pointer
FAIL: gcc.c-torture/execute/builtins/abs-2.c execution, -O3 -g
FAIL: gcc.c-torture/execute/builtins/abs-2.c execution, -Os
FAIL: gcc.c-torture/execute/builtins/abs-3.c execution, -O0
FAIL: gcc.c-torture/execute/builtins/abs-3.c execution, -O1
FAIL: gcc.c-torture/execute/builtins/abs-3.c execution, -O2
FAIL: gcc.c-torture/execute/builtins/abs-3.c execution, -O3 -fomit-frame-pointer
FAIL: gcc.c-torture/execute/builtins/abs-3.c execution, -O3 -g
FAIL: gcc.c-torture/execute/builtins/abs-3.c execution, -Os
UNRESOLVED: gcc.c-torture/execute/builtins/fprintf.c execution, -O0
UNRESOLVED: gcc.c-torture/execute/builtins/fprintf.c execution, -O1
UNRESOLVED: gcc.c-torture/execute/builtins/fprintf.c execution, -O2
UNRESOLVED: gcc.c-torture/execute/builtins/fprintf.c execution, -O3 -fomit-frame-pointer
UNRESOLVED: gcc.c-torture/execute/builtins/fprintf.c execution, -O3 -g
UNRESOLVED: gcc.c-torture/execute/builtins/fprintf.c execution, -Os
UNRESOLVED: gcc.c-torture/execute/builtins/memcpy-chk.c execution, -O0
UNRESOLVED: gcc.c-torture/execute/builtins/memcpy-chk.c execution, -O1
UNRESOLVED: gcc.c-torture/execute/builtins/memcpy-chk.c execution, -O2
UNRESOLVED: gcc.c-torture/execute/builtins/memcpy-chk.c execution, -O3 -fomit-frame-pointer
UNRESOLVED: gcc.c-torture/execute/builtins/memcpy-chk.c execution, -O3 -fomit-frame-pointer -funroll-loops
UNRESOLVED: gcc.c-torture/execute/builtins/memcpy-chk.c execution, -O3 -fomit-frame-pointer -funroll-all-loops -finline-functions
UNRESOLVED: gcc.c-torture/execute/builtins/memcpy-chk.c execution, -O3 -g
UNRESOLVED: gcc.c-torture/execute/builtins/memcpy-chk.c execution, -Os
UNRESOLVED: gcc.c-torture/execute/builtins/memmove-chk.c execution, -O0
UNRESOLVED: gcc.c-torture/execute/builtins/memmove-chk.c execution, -O1
UNRESOLVED: gcc.c-torture/execute/builtins/memmove-chk.c execution, -O2
UNRESOLVED: gcc.c-torture/execute/builtins/memmove-chk.c execution, -O3 -fomit-frame-pointer
UNRESOLVED: gcc.c-torture/execute/builtins/memmove-chk.c execution, -O3 -fomit-frame-pointer -funroll-loops
UNRESOLVED: gcc.c-torture/execute/builtins/memmove-chk.c execution, -O3 -fomit-frame-pointer -funroll-all-loops -finline-functions
UNRESOLVED: gcc.c-torture/execute/builtins/memmove-chk.c execution, -O3 -g
UNRESOLVED: gcc.c-torture/execute/builtins/memmove-chk.c execution, -Os
UNRESOLVED: gcc.c-torture/execute/builtins/mempcpy-chk.c execution, -O0
UNRESOLVED: gcc.c-torture/execute/builtins/mempcpy-chk.c execution, -O1
UNRESOLVED: gcc.c-torture/execute/builtins/mempcpy-chk.c execution, -O2
UNRESOLVED: gcc.c-torture/execute/builtins/mempcpy-chk.c execution, -O3 -fomit-frame-pointer
UNRESOLVED: gcc.c-torture/execute/builtins/mempcpy-chk.c execution, -O3 -fomit-frame-pointer -funroll-loops
UNRESOLVED: gcc.c-torture/execute/builtins/mempcpy-chk.c execution, -O3 -fomit-frame-pointer -funroll-all-loops -finline-functions
UNRESOLVED: gcc.c-torture/execute/builtins/mempcpy-chk.c execution, -O3 -g
UNRESOLVED: gcc.c-torture/execute/builtins/mempcpy-chk.c execution, -Os
UNRESOLVED: gcc.c-torture/execute/builtins/memset-chk.c execution, -O0
UNRESOLVED: gcc.c-torture/execute/builtins/memset-chk.c execution, -O1
UNRESOLVED: gcc.c-torture/execute/builtins/memset-chk.c execution, -O2
UNRESOLVED: gcc.c-torture/execute/builtins/memset-chk.c execution, -O3 -fomit-frame-pointer
UNRESOLVED: gcc.c-torture/execute/builtins/memset-chk.c execution, -O3 -fomit-frame-pointer -funroll-loops
UNRESOLVED: gcc.c-torture/execute/builtins/memset-chk.c execution, -O3 -fomit-frame-pointer -funroll-all-loops -finline-functions
UNRESOLVED: gcc.c-torture/execute/builtins/memset-chk.c execution, -O3 -g
UNRESOLVED: gcc.c-torture/execute/builtins/memset-chk.c execution, -Os
UNRESOLVED: gcc.c-torture/execute/builtins/pr23484-chk.c execution, -O0
UNRESOLVED: gcc.c-torture/execute/builtins/pr23484-chk.c execution, -O1
UNRESOLVED: gcc.c-torture/execute/builtins/pr23484-chk.c execution, -O2
UNRESOLVED: gcc.c-torture/execute/builtins/pr23484-chk.c execution, -O3 -fomit-frame-pointer
UNRESOLVED: gcc.c-torture/execute/builtins/pr23484-chk.c execution, -O3 -g
UNRESOLVED: gcc.c-torture/execute/builtins/pr23484-chk.c execution, -Os
UNRESOLVED: gcc.c-torture/execute/builtins/printf.c execution, -O0
UNRESOLVED: gcc.c-torture/execute/builtins/printf.c execution, -O1
UNRESOLVED: gcc.c-torture/execute/builtins/printf.c execution, -O2
UNRESOLVED: gcc.c-torture/execute/builtins/printf.c execution, -O3 -fomit-frame-pointer
UNRESOLVED: gcc.c-torture/execute/builtins/printf.c execution, -O3 -g
UNRESOLVED: gcc.c-torture/execute/builtins/printf.c execution, -Os
UNRESOLVED: gcc.c-torture/execute/builtins/snprintf-chk.c execution, -O0
UNRESOLVED: gcc.c-torture/execute/builtins/snprintf-chk.c execution, -O1
UNRESOLVED: gcc.c-torture/execute/builtins/snprintf-chk.c execution, -O2
UNRESOLVED: gcc.c-torture/execute/builtins/snprintf-chk.c execution, -O3 -fomit-frame-pointer
UNRESOLVED: gcc.c-torture/execute/builtins/snprintf-chk.c execution, -O3 -fomit-frame-pointer -funroll-loops
UNRESOLVED: gcc.c-torture/execute/builtins/snprintf-chk.c execution, -O3 -fomit-frame-pointer -funroll-all-loops -finline-functions
UNRESOLVED: gcc.c-torture/execute/builtins/snprintf-chk.c execution, -O3 -g
UNRESOLVED: gcc.c-torture/execute/builtins/snprintf-chk.c execution, -Os
UNRESOLVED: gcc.c-torture/execute/builtins/sprintf-chk.c execution, -O0
UNRESOLVED: gcc.c-torture/execute/builtins/sprintf-chk.c execution, -O1
UNRESOLVED: gcc.c-torture/execute/builtins/sprintf-chk.c execution, -O2
UNRESOLVED: gcc.c-torture/execute/builtins/sprintf-chk.c execution, -O3 -fomit-frame-pointer
UNRESOLVED: gcc.c-torture/execute/builtins/sprintf-chk.c execution, -O3 -fomit-frame-pointer -funroll-loops
UNRESOLVED: gcc.c-torture/execute/builtins/sprintf-chk.c execution, -O3 -fomit-frame-pointer -funroll-all-loops -finline-functions
UNRESOLVED: gcc.c-torture/execute/builtins/sprintf-chk.c execution, -O3 -g
UNRESOLVED: gcc.c-torture/execute/builtins/sprintf-chk.c execution, -Os
UNRESOLVED: gcc.c-torture/execute/builtins/sprintf.c execution, -O0
UNRESOLVED: gcc.c-torture/execute/builtins/sprintf.c execution, -O1
UNRESOLVED: gcc.c-torture/execute/builtins/sprintf.c execution, -O2
UNRESOLVED: gcc.c-torture/execute/builtins/sprintf.c execution, -O3 -fomit-frame-pointer
UNRESOLVED: gcc.c-torture/execute/builtins/sprintf.c execution, -O3 -g
UNRESOLVED: gcc.c-torture/execute/builtins/sprintf.c execution, -Os
UNRESOLVED: gcc.c-torture/execute/builtins/stpcpy-chk.c execution, -O0
UNRESOLVED: gcc.c-torture/execute/builtins/stpcpy-chk.c execution, -O1
UNRESOLVED: gcc.c-torture/execute/builtins/stpcpy-chk.c execution, -O2
UNRESOLVED: gcc.c-torture/execute/builtins/stpcpy-chk.c execution, -O3 -fomit-frame-pointer
UNRESOLVED: gcc.c-torture/execute/builtins/stpcpy-chk.c execution, -O3 -fomit-frame-pointer -funroll-loops
UNRESOLVED: gcc.c-torture/execute/builtins/stpcpy-chk.c execution, -O3 -fomit-frame-pointer -funroll-all-loops -finline-functions
UNRESOLVED: gcc.c-torture/execute/builtins/stpcpy-chk.c execution, -O3 -g
UNRESOLVED: gcc.c-torture/execute/builtins/stpcpy-chk.c execution, -Os
UNRESOLVED: gcc.c-torture/execute/builtins/strcat-chk.c execution, -O0
UNRESOLVED: gcc.c-torture/execute/builtins/strcat-chk.c execution, -O1
UNRESOLVED: gcc.c-torture/execute/builtins/strcat-chk.c execution, -O2
UNRESOLVED: gcc.c-torture/execute/builtins/strcat-chk.c execution, -O3 -fomit-frame-pointer
UNRESOLVED: gcc.c-torture/execute/builtins/strcat-chk.c execution, -O3 -fomit-frame-pointer -funroll-loops
UNRESOLVED: gcc.c-torture/execute/builtins/strcat-chk.c execution, -O3 -fomit-frame-pointer -funroll-all-loops -finline-functions
UNRESOLVED: gcc.c-torture/execute/builtins/strcat-chk.c execution, -O3 -g
UNRESOLVED: gcc.c-torture/execute/builtins/strcat-chk.c execution, -Os
UNRESOLVED: gcc.c-torture/execute/builtins/strcpy-chk.c execution, -O0
UNRESOLVED: gcc.c-torture/execute/builtins/strcpy-chk.c execution, -O1
UNRESOLVED: gcc.c-torture/execute/builtins/strcpy-chk.c execution, -O2
UNRESOLVED: gcc.c-torture/execute/builtins/strcpy-chk.c execution, -O3 -fomit-frame-pointer
UNRESOLVED: gcc.c-torture/execute/builtins/strcpy-chk.c execution, -O3 -fomit-frame-pointer -funroll-loops
UNRESOLVED: gcc.c-torture/execute/builtins/strcpy-chk.c execution, -O3 -fomit-frame-pointer -funroll-all-loops -finline-functions
UNRESOLVED: gcc.c-torture/execute/builtins/strcpy-chk.c execution, -O3 -g
UNRESOLVED: gcc.c-torture/execute/builtins/strcpy-chk.c execution, -Os
UNRESOLVED: gcc.c-torture/execute/builtins/strncat-chk.c execution, -O0
UNRESOLVED: gcc.c-torture/execute/builtins/strncat-chk.c execution, -O1
UNRESOLVED: gcc.c-torture/execute/builtins/strncat-chk.c execution, -O2
UNRESOLVED: gcc.c-torture/execute/builtins/strncat-chk.c execution, -O3 -fomit-frame-pointer
UNRESOLVED: gcc.c-torture/execute/builtins/strncat-chk.c execution, -O3 -fomit-frame-pointer -funroll-loops
UNRESOLVED: gcc.c-torture/execute/builtins/strncat-chk.c execution, -O3 -fomit-frame-pointer -funroll-all-loops -finline-functions
UNRESOLVED: gcc.c-torture/execute/builtins/strncat-chk.c execution, -O3 -g
UNRESOLVED: gcc.c-torture/execute/builtins/strncat-chk.c execution, -Os
UNRESOLVED: gcc.c-torture/execute/builtins/strncpy-chk.c execution, -O0
UNRESOLVED: gcc.c-torture/execute/builtins/strncpy-chk.c execution, -O1
UNRESOLVED: gcc.c-torture/execute/builtins/strncpy-chk.c execution, -O2
UNRESOLVED: gcc.c-torture/execute/builtins/strncpy-chk.c execution, -O3 -fomit-frame-pointer
UNRESOLVED: gcc.c-torture/execute/builtins/strncpy-chk.c execution, -O3 -fomit-frame-pointer -funroll-loops
UNRESOLVED: gcc.c-torture/execute/builtins/strncpy-chk.c execution, -O3 -fomit-frame-pointer -funroll-all-loops -finline-functions
UNRESOLVED: gcc.c-torture/execute/builtins/strncpy-chk.c execution, -O3 -g
UNRESOLVED: gcc.c-torture/execute/builtins/strncpy-chk.c execution, -Os
UNRESOLVED: gcc.c-torture/execute/builtins/vsnprintf-chk.c execution, -O0
UNRESOLVED: gcc.c-torture/execute/builtins/vsnprintf-chk.c execution, -O1
UNRESOLVED: gcc.c-torture/execute/builtins/vsnprintf-chk.c execution, -O2
UNRESOLVED: gcc.c-torture/execute/builtins/vsnprintf-chk.c execution, -O3 -fomit-frame-pointer
UNRESOLVED: gcc.c-torture/execute/builtins/vsnprintf-chk.c execution, -O3 -fomit-frame-pointer -funroll-loops
UNRESOLVED: gcc.c-torture/execute/builtins/vsnprintf-chk.c execution, -O3 -fomit-frame-pointer -funroll-all-loops -finline-functions
UNRESOLVED: gcc.c-torture/execute/builtins/vsnprintf-chk.c execution, -O3 -g
UNRESOLVED: gcc.c-torture/execute/builtins/vsnprintf-chk.c execution, -Os
UNRESOLVED: gcc.c-torture/execute/builtins/vsprintf-chk.c execution, -O0
UNRESOLVED: gcc.c-torture/execute/builtins/vsprintf-chk.c execution, -O1
UNRESOLVED: gcc.c-torture/execute/builtins/vsprintf-chk.c execution, -O2
UNRESOLVED: gcc.c-torture/execute/builtins/vsprintf-chk.c execution, -O3 -fomit-frame-pointer
UNRESOLVED: gcc.c-torture/execute/builtins/vsprintf-chk.c execution, -O3 -fomit-frame-pointer -funroll-loops
UNRESOLVED: gcc.c-torture/execute/builtins/vsprintf-chk.c execution, -O3 -fomit-frame-pointer -funroll-all-loops -finline-functions
UNRESOLVED: gcc.c-torture/execute/builtins/vsprintf-chk.c execution, -O3 -g
UNRESOLVED: gcc.c-torture/execute/builtins/vsprintf-chk.c execution, -Os
FAIL: gcc.c-torture/execute/20000603-1.c execution, -O0
FAIL: gcc.c-torture/execute/20000603-1.c execution, -O1
FAIL: gcc.c-torture/execute/20000603-1.c execution, -O2
FAIL: gcc.c-torture/execute/20001031-1.c execution, -O0
FAIL: gcc.c-torture/execute/20001031-1.c execution, -O1
FAIL: gcc.c-torture/execute/20001031-1.c execution, -O2
FAIL: gcc.c-torture/execute/20001108-1.c execution, -O0
FAIL: gcc.c-torture/execute/20001108-1.c execution, -O1
FAIL: gcc.c-torture/execute/20001108-1.c execution, -O2
FAIL: gcc.c-torture/execute/20001112-1.c execution, -O0
FAIL: gcc.c-torture/execute/20020201-1.c execution, -O0
FAIL: gcc.c-torture/execute/20020201-1.c execution, -O1
FAIL: gcc.c-torture/execute/20020201-1.c execution, -O2
FAIL: gcc.c-torture/execute/20020201-1.c execution, -O3 -fomit-frame-pointer
FAIL: gcc.c-torture/execute/20020201-1.c execution, -O3 -g
FAIL: gcc.c-torture/execute/20020201-1.c execution, -Os
UNRESOLVED: gcc.c-torture/execute/20020406-1.c execution, -O0
UNRESOLVED: gcc.c-torture/execute/20020406-1.c execution, -O1
UNRESOLVED: gcc.c-torture/execute/20020406-1.c execution, -O2
UNRESOLVED: gcc.c-torture/execute/20020406-1.c execution, -O3 -fomit-frame-pointer
UNRESOLVED: gcc.c-torture/execute/20020406-1.c execution, -O3 -fomit-frame-pointer -funroll-loops
UNRESOLVED: gcc.c-torture/execute/20020406-1.c execution, -O3 -fomit-frame-pointer -funroll-all-loops -finline-functions
UNRESOLVED: gcc.c-torture/execute/20020406-1.c execution, -O3 -g
UNRESOLVED: gcc.c-torture/execute/20020406-1.c execution, -Os
FAIL: gcc.c-torture/execute/20020411-1.c execution, -O0
FAIL: gcc.c-torture/execute/20021024-1.c execution, -O0
FAIL: gcc.c-torture/execute/20021024-1.c execution, -O1
FAIL: gcc.c-torture/execute/20021024-1.c execution, -O2
FAIL: gcc.c-torture/execute/20021024-1.c execution, -O3 -fomit-frame-pointer
FAIL: gcc.c-torture/execute/20021024-1.c execution, -O3 -g
FAIL: gcc.c-torture/execute/20021024-1.c execution, -Os
FAIL: gcc.c-torture/execute/20021120-1.c execution, -O0
FAIL: gcc.c-torture/execute/20021120-1.c execution, -O1
FAIL: gcc.c-torture/execute/20021120-1.c execution, -O2
FAIL: gcc.c-torture/execute/20021120-1.c execution, -O3 -fomit-frame-pointer
FAIL: gcc.c-torture/execute/20021120-1.c execution, -O3 -fomit-frame-pointer -funroll-loops
FAIL: gcc.c-torture/execute/20021120-1.c execution, -O3 -fomit-frame-pointer -funroll-all-loops -finline-functions
FAIL: gcc.c-torture/execute/20021120-1.c execution, -O3 -g
FAIL: gcc.c-torture/execute/20021120-1.c execution, -Os
UNRESOLVED: gcc.c-torture/execute/20021120-3.c execution, -O0
UNRESOLVED: gcc.c-torture/execute/20021120-3.c execution, -O1
UNRESOLVED: gcc.c-torture/execute/20021120-3.c execution, -O2
UNRESOLVED: gcc.c-torture/execute/20021120-3.c execution, -O3 -fomit-frame-pointer
UNRESOLVED: gcc.c-torture/execute/20021120-3.c execution, -O3 -g
UNRESOLVED: gcc.c-torture/execute/20021120-3.c execution, -Os
FAIL: gcc.c-torture/execute/20030222-1.c compilation, -O0
UNRESOLVED: gcc.c-torture/execute/20030222-1.c execution, -O0
FAIL: gcc.c-torture/execute/20030222-1.c compilation, -O1
UNRESOLVED: gcc.c-torture/execute/20030222-1.c execution, -O1
FAIL: gcc.c-torture/execute/20030222-1.c compilation, -O2
UNRESOLVED: gcc.c-torture/execute/20030222-1.c execution, -O2
FAIL: gcc.c-torture/execute/20030222-1.c compilation, -O3 -fomit-frame-pointer
UNRESOLVED: gcc.c-torture/execute/20030222-1.c execution, -O3 -fomit-frame-pointer
FAIL: gcc.c-torture/execute/20030222-1.c compilation, -O3 -g
UNRESOLVED: gcc.c-torture/execute/20030222-1.c execution, -O3 -g
FAIL: gcc.c-torture/execute/20030222-1.c compilation, -Os
UNRESOLVED: gcc.c-torture/execute/20030222-1.c execution, -Os
UNRESOLVED: gcc.c-torture/execute/20030626-2.c execution, -O0
FAIL: gcc.c-torture/execute/20030914-1.c execution, -O0
FAIL: gcc.c-torture/execute/20030914-1.c execution, -O1
FAIL: gcc.c-torture/execute/20030914-1.c execution, -O2
FAIL: gcc.c-torture/execute/20030914-1.c execution, -O3 -fomit-frame-pointer
FAIL: gcc.c-torture/execute/20030914-1.c execution, -O3 -fomit-frame-pointer -funroll-loops
FAIL: gcc.c-torture/execute/20030914-1.c execution, -O3 -fomit-frame-pointer -funroll-all-loops -finline-functions
FAIL: gcc.c-torture/execute/20030914-1.c execution, -O3 -g
FAIL: gcc.c-torture/execute/20030914-1.c execution, -Os
FAIL: gcc.c-torture/execute/20040208-1.c execution, -O0
UNRESOLVED: gcc.c-torture/execute/20040709-1.c execution, -O0
UNRESOLVED: gcc.c-torture/execute/20040709-1.c execution, -O1
UNRESOLVED: gcc.c-torture/execute/20040709-1.c execution, -O2
UNRESOLVED: gcc.c-torture/execute/20040709-1.c execution, -O3 -fomit-frame-pointer
UNRESOLVED: gcc.c-torture/execute/20040709-1.c execution, -O3 -fomit-frame-pointer -funroll-loops
UNRESOLVED: gcc.c-torture/execute/20040709-1.c execution, -O3 -fomit-frame-pointer -funroll-all-loops -finline-functions
UNRESOLVED: gcc.c-torture/execute/20040709-1.c execution, -O3 -g
UNRESOLVED: gcc.c-torture/execute/20040709-1.c execution, -Os
UNRESOLVED: gcc.c-torture/execute/20040709-2.c execution, -O0
UNRESOLVED: gcc.c-torture/execute/20040709-2.c execution, -O3 -fomit-frame-pointer
UNRESOLVED: gcc.c-torture/execute/20040709-2.c execution, -O3 -fomit-frame-pointer -funroll-loops
UNRESOLVED: gcc.c-torture/execute/20040709-2.c execution, -O3 -fomit-frame-pointer -funroll-all-loops -finline-functions
UNRESOLVED: gcc.c-torture/execute/20040709-2.c execution, -O3 -g
FAIL: gcc.c-torture/execute/20040709-2.c execution, -Os
WARNING: program timed out.
FAIL: gcc.c-torture/execute/20040811-1.c execution, -O0
FAIL: gcc.c-torture/execute/20041011-1.c execution, -O0
FAIL: gcc.c-torture/execute/20041011-1.c execution, -O1
FAIL: gcc.c-torture/execute/20041011-1.c execution, -O2
FAIL: gcc.c-torture/execute/20041011-1.c execution, -O3 -fomit-frame-pointer
FAIL: gcc.c-torture/execute/20041011-1.c execution, -O3 -fomit-frame-pointer -funroll-loops
FAIL: gcc.c-torture/execute/20041011-1.c execution, -O3 -fomit-frame-pointer -funroll-all-loops -finline-functions
FAIL: gcc.c-torture/execute/20041011-1.c execution, -O3 -g
FAIL: gcc.c-torture/execute/20041011-1.c execution, -Os
FAIL: gcc.c-torture/execute/20050104-1.c execution, -O0
FAIL: gcc.c-torture/execute/20050104-1.c execution, -O1
FAIL: gcc.c-torture/execute/20050104-1.c execution, -O2
FAIL: gcc.c-torture/execute/20050121-1.c execution, -O0
FAIL: gcc.c-torture/execute/20050121-1.c execution, -O1
FAIL: gcc.c-torture/execute/20050121-1.c execution, -O2
FAIL: gcc.c-torture/execute/20050316-2.c execution, -O3 -fomit-frame-pointer
FAIL: gcc.c-torture/execute/20050316-2.c execution, -O3 -g
FAIL: gcc.c-torture/execute/20050316-2.c execution, -Os
FAIL: gcc.c-torture/execute/20051113-1.c execution, -O0
FAIL: gcc.c-torture/execute/20051113-1.c execution, -O1
FAIL: gcc.c-torture/execute/20051113-1.c execution, -O2
FAIL: gcc.c-torture/execute/20051113-1.c execution, -O3 -fomit-frame-pointer
FAIL: gcc.c-torture/execute/20051113-1.c execution, -O3 -fomit-frame-pointer -funroll-loops
FAIL: gcc.c-torture/execute/20051113-1.c execution, -O3 -fomit-frame-pointer -funroll-all-loops -finline-functions
FAIL: gcc.c-torture/execute/20051113-1.c execution, -O3 -g
FAIL: gcc.c-torture/execute/20051113-1.c execution, -Os
UNRESOLVED: gcc.c-torture/execute/20070201-1.c execution, -O0
UNRESOLVED: gcc.c-torture/execute/20070201-1.c execution, -O1
UNRESOLVED: gcc.c-torture/execute/20070201-1.c execution, -O2
UNRESOLVED: gcc.c-torture/execute/20070201-1.c execution, -O3 -fomit-frame-pointer
UNRESOLVED: gcc.c-torture/execute/20070201-1.c execution, -O3 -g
UNRESOLVED: gcc.c-torture/execute/20070201-1.c execution, -Os
FAIL: gcc.c-torture/execute/920501-2.c execution, -O0
FAIL: gcc.c-torture/execute/920501-2.c execution, -O1
FAIL: gcc.c-torture/execute/920501-2.c execution, -O2
FAIL: gcc.c-torture/execute/920501-2.c execution, -O3 -fomit-frame-pointer
FAIL: gcc.c-torture/execute/920501-2.c execution, -O3 -fomit-frame-pointer -funroll-loops
FAIL: gcc.c-torture/execute/920501-2.c execution, -O3 -fomit-frame-pointer -funroll-all-loops -finline-functions
FAIL: gcc.c-torture/execute/920501-2.c execution, -O3 -g
FAIL: gcc.c-torture/execute/920501-2.c execution, -Os
FAIL: gcc.c-torture/execute/920501-6.c execution, -O0
FAIL: gcc.c-torture/execute/920501-6.c execution, -O1
FAIL: gcc.c-torture/execute/920501-6.c execution, -O2
FAIL: gcc.c-torture/execute/920501-6.c execution, -O3 -fomit-frame-pointer
FAIL: gcc.c-torture/execute/920501-6.c execution, -O3 -fomit-frame-pointer -funroll-loops
FAIL: gcc.c-torture/execute/920501-6.c execution, -O3 -fomit-frame-pointer -funroll-all-loops -finline-functions
FAIL: gcc.c-torture/execute/920501-6.c execution, -O3 -g
FAIL: gcc.c-torture/execute/920501-6.c execution, -Os
UNRESOLVED: gcc.c-torture/execute/920501-8.c execution, -O0
UNRESOLVED: gcc.c-torture/execute/920501-8.c execution, -O1
UNRESOLVED: gcc.c-torture/execute/920501-8.c execution, -O2
UNRESOLVED: gcc.c-torture/execute/920501-8.c execution, -O3 -fomit-frame-pointer
UNRESOLVED: gcc.c-torture/execute/920501-8.c execution, -O3 -g
UNRESOLVED: gcc.c-torture/execute/920501-8.c execution, -Os
UNRESOLVED: gcc.c-torture/execute/920501-9.c execution, -O0
UNRESOLVED: gcc.c-torture/execute/920501-9.c execution, -O1
UNRESOLVED: gcc.c-torture/execute/920501-9.c execution, -O2
UNRESOLVED: gcc.c-torture/execute/920501-9.c execution, -O3 -fomit-frame-pointer
UNRESOLVED: gcc.c-torture/execute/920501-9.c execution, -O3 -g
UNRESOLVED: gcc.c-torture/execute/920501-9.c execution, -Os
UNRESOLVED: gcc.c-torture/execute/920726-1.c execution, -O0
UNRESOLVED: gcc.c-torture/execute/920726-1.c execution, -O1
UNRESOLVED: gcc.c-torture/execute/920726-1.c execution, -O2
UNRESOLVED: gcc.c-torture/execute/920726-1.c execution, -O3 -fomit-frame-pointer
UNRESOLVED: gcc.c-torture/execute/920726-1.c execution, -O3 -fomit-frame-pointer -funroll-loops
UNRESOLVED: gcc.c-torture/execute/920726-1.c execution, -O3 -fomit-frame-pointer -funroll-all-loops -finline-functions
UNRESOLVED: gcc.c-torture/execute/920726-1.c execution, -O3 -g
UNRESOLVED: gcc.c-torture/execute/920726-1.c execution, -Os
FAIL: gcc.c-torture/execute/921204-1.c execution, -O0
FAIL: gcc.c-torture/execute/921208-1.c execution, -O0
FAIL: gcc.c-torture/execute/921208-1.c execution, -O1
FAIL: gcc.c-torture/execute/921208-1.c execution, -O2
FAIL: gcc.c-torture/execute/921208-1.c execution, -O3 -fomit-frame-pointer
FAIL: gcc.c-torture/execute/921208-1.c execution, -O3 -g
FAIL: gcc.c-torture/execute/921208-1.c execution, -Os
FAIL: gcc.c-torture/execute/930106-1.c execution, -O0
FAIL: gcc.c-torture/execute/930106-1.c execution, -O1
FAIL: gcc.c-torture/execute/930106-1.c execution, -O2
UNRESOLVED: gcc.c-torture/execute/930513-1.c execution, -O0
UNRESOLVED: gcc.c-torture/execute/930513-1.c execution, -O1
UNRESOLVED: gcc.c-torture/execute/930513-1.c execution, -O2
UNRESOLVED: gcc.c-torture/execute/930513-1.c execution, -O3 -fomit-frame-pointer
UNRESOLVED: gcc.c-torture/execute/930513-1.c execution, -O3 -g
UNRESOLVED: gcc.c-torture/execute/930513-1.c execution, -Os
FAIL: gcc.c-torture/execute/930603-1.c execution, -O0
FAIL: gcc.c-torture/execute/930603-1.c execution, -O1
FAIL: gcc.c-torture/execute/930603-1.c execution, -O2
FAIL: gcc.c-torture/execute/930622-2.c execution, -O0
FAIL: gcc.c-torture/execute/930622-2.c execution, -O1
FAIL: gcc.c-torture/execute/930622-2.c execution, -O2
UNRESOLVED: gcc.c-torture/execute/931018-1.c execution, -O0
UNRESOLVED: gcc.c-torture/execute/931018-1.c execution, -O1
UNRESOLVED: gcc.c-torture/execute/931018-1.c execution, -O2
UNRESOLVED: gcc.c-torture/execute/931018-1.c execution, -O3 -fomit-frame-pointer
UNRESOLVED: gcc.c-torture/execute/931018-1.c execution, -O3 -g
UNRESOLVED: gcc.c-torture/execute/931018-1.c execution, -Os
UNRESOLVED: gcc.c-torture/execute/941014-2.c execution, -O0
UNRESOLVED: gcc.c-torture/execute/941014-2.c execution, -O1
UNRESOLVED: gcc.c-torture/execute/941014-2.c execution, -O2
UNRESOLVED: gcc.c-torture/execute/941014-2.c execution, -O3 -fomit-frame-pointer
UNRESOLVED: gcc.c-torture/execute/941014-2.c execution, -O3 -g
UNRESOLVED: gcc.c-torture/execute/941014-2.c execution, -Os
FAIL: gcc.c-torture/execute/950511-1.c execution, -O0
FAIL: gcc.c-torture/execute/950512-1.c execution, -O0
FAIL: gcc.c-torture/execute/950612-1.c execution, -O1
FAIL: gcc.c-torture/execute/950612-1.c execution, -O2
WARNING: program timed out.
FAIL: gcc.c-torture/execute/950612-1.c execution, -Os
FAIL: gcc.c-torture/execute/960215-1.c execution, -O0
FAIL: gcc.c-torture/execute/960215-1.c execution, -O1
FAIL: gcc.c-torture/execute/960215-1.c execution, -O2
FAIL: gcc.c-torture/execute/960215-1.c execution, -O3 -fomit-frame-pointer
FAIL: gcc.c-torture/execute/960215-1.c execution, -O3 -g
FAIL: gcc.c-torture/execute/960215-1.c execution, -Os
FAIL: gcc.c-torture/execute/960801-1.c execution, -O1
FAIL: gcc.c-torture/execute/960801-1.c execution, -O2
FAIL: gcc.c-torture/execute/961223-1.c execution, -O0
UNRESOLVED: gcc.c-torture/execute/980605-1.c execution, -O0
UNRESOLVED: gcc.c-torture/execute/980605-1.c execution, -O1
UNRESOLVED: gcc.c-torture/execute/980605-1.c execution, -O2
UNRESOLVED: gcc.c-torture/execute/980605-1.c execution, -O3 -fomit-frame-pointer
UNRESOLVED: gcc.c-torture/execute/980605-1.c execution, -O3 -g
UNRESOLVED: gcc.c-torture/execute/980605-1.c execution, -Os
FAIL: gcc.c-torture/execute/980709-1.c compilation, -O0
UNRESOLVED: gcc.c-torture/execute/980709-1.c execution, -O0
FAIL: gcc.c-torture/execute/980709-1.c compilation, -O1
UNRESOLVED: gcc.c-torture/execute/980709-1.c execution, -O1
FAIL: gcc.c-torture/execute/980709-1.c compilation, -O2
UNRESOLVED: gcc.c-torture/execute/980709-1.c execution, -O2
FAIL: gcc.c-torture/execute/980709-1.c compilation, -O3 -fomit-frame-pointer
UNRESOLVED: gcc.c-torture/execute/980709-1.c execution, -O3 -fomit-frame-pointer
FAIL: gcc.c-torture/execute/980709-1.c compilation, -O3 -g
UNRESOLVED: gcc.c-torture/execute/980709-1.c execution, -O3 -g
FAIL: gcc.c-torture/execute/980709-1.c compilation, -Os
UNRESOLVED: gcc.c-torture/execute/980709-1.c execution, -Os
FAIL: gcc.c-torture/execute/990127-2.c execution, -O0
FAIL: gcc.c-torture/execute/990127-2.c execution, -O1
FAIL: gcc.c-torture/execute/990127-2.c execution, -O2
FAIL: gcc.c-torture/execute/990127-2.c execution, -Os
FAIL: gcc.c-torture/execute/991016-1.c execution, -O0
FAIL: gcc.c-torture/execute/991016-1.c execution, -O1
FAIL: gcc.c-torture/execute/991016-1.c execution, -O2
FAIL: gcc.c-torture/execute/991016-1.c execution, -Os
FAIL: gcc.c-torture/execute/991019-1.c execution, -O0
FAIL: gcc.c-torture/execute/991019-1.c execution, -O1
FAIL: gcc.c-torture/execute/991019-1.c execution, -O2
FAIL: gcc.c-torture/execute/ashrdi-1.c execution, -O3 -fomit-frame-pointer
FAIL: gcc.c-torture/execute/ashrdi-1.c execution, -O3 -fomit-frame-pointer -funroll-loops
FAIL: gcc.c-torture/execute/ashrdi-1.c execution, -O3 -fomit-frame-pointer -funroll-all-loops -finline-functions
FAIL: gcc.c-torture/execute/ashrdi-1.c execution, -O3 -g
FAIL: gcc.c-torture/execute/bitfld-3.c execution, -O0
FAIL: gcc.c-torture/execute/bitfld-3.c execution, -O1
FAIL: gcc.c-torture/execute/bitfld-3.c execution, -O2
FAIL: gcc.c-torture/execute/bitfld-3.c execution, -O3 -fomit-frame-pointer
FAIL: gcc.c-torture/execute/bitfld-3.c execution, -O3 -g
FAIL: gcc.c-torture/execute/bitfld-3.c execution, -Os
FAIL: gcc.c-torture/execute/builtin-bitops-1.c execution, -O0
FAIL: gcc.c-torture/execute/builtin-bitops-1.c execution, -O1
FAIL: gcc.c-torture/execute/builtin-bitops-1.c execution, -O2
FAIL: gcc.c-torture/execute/builtin-bitops-1.c execution, -O3 -fomit-frame-pointer
FAIL: gcc.c-torture/execute/builtin-bitops-1.c execution, -O3 -fomit-frame-pointer -funroll-loops
FAIL: gcc.c-torture/execute/builtin-bitops-1.c execution, -O3 -fomit-frame-pointer -funroll-all-loops -finline-functions
FAIL: gcc.c-torture/execute/builtin-bitops-1.c execution, -O3 -g
FAIL: gcc.c-torture/execute/builtin-bitops-1.c execution, -Os
UNRESOLVED: gcc.c-torture/execute/cmpdi-1.c execution, -O0
UNRESOLVED: gcc.c-torture/execute/cmpdi-1.c execution, -O1
UNRESOLVED: gcc.c-torture/execute/cmpdi-1.c execution, -O2
FAIL: gcc.c-torture/execute/cmpdi-1.c compilation, -O3 -fomit-frame-pointer (internal compiler error)
UNRESOLVED: gcc.c-torture/execute/cmpdi-1.c execution, -O3 -fomit-frame-pointer
FAIL: gcc.c-torture/execute/cmpdi-1.c compilation, -O3 -fomit-frame-pointer -funroll-loops (internal compiler error)
UNRESOLVED: gcc.c-torture/execute/cmpdi-1.c execution, -O3 -fomit-frame-pointer -funroll-loops
FAIL: gcc.c-torture/execute/cmpdi-1.c compilation, -O3 -fomit-frame-pointer -funroll-all-loops -finline-functions (internal compiler error)
UNRESOLVED: gcc.c-torture/execute/cmpdi-1.c execution, -O3 -fomit-frame-pointer -funroll-all-loops -finline-functions
FAIL: gcc.c-torture/execute/cmpdi-1.c compilation, -O3 -g (internal compiler error)
UNRESOLVED: gcc.c-torture/execute/cmpdi-1.c execution, -O3 -g
FAIL: gcc.c-torture/execute/cmpdi-1.c compilation, -Os (internal compiler error)
UNRESOLVED: gcc.c-torture/execute/cmpdi-1.c execution, -Os
FAIL: gcc.c-torture/execute/complex-1.c execution, -O0
FAIL: gcc.c-torture/execute/complex-1.c execution, -O1
FAIL: gcc.c-torture/execute/complex-1.c execution, -O2
FAIL: gcc.c-torture/execute/complex-2.c execution, -O0
FAIL: gcc.c-torture/execute/complex-2.c execution, -O1
FAIL: gcc.c-torture/execute/complex-2.c execution, -O2
FAIL: gcc.c-torture/execute/complex-2.c execution, -O3 -fomit-frame-pointer
FAIL: gcc.c-torture/execute/complex-2.c execution, -O3 -g
FAIL: gcc.c-torture/execute/complex-2.c execution, -Os
FAIL: gcc.c-torture/execute/complex-6.c execution, -O0
FAIL: gcc.c-torture/execute/complex-6.c execution, -O1
FAIL: gcc.c-torture/execute/complex-6.c execution, -O2
FAIL: gcc.c-torture/execute/conversion.c execution, -O0
FAIL: gcc.c-torture/execute/conversion.c execution, -O1
FAIL: gcc.c-torture/execute/conversion.c execution, -O2
FAIL: gcc.c-torture/execute/cvt-1.c execution, -O0
FAIL: gcc.c-torture/execute/cvt-1.c execution, -O1
FAIL: gcc.c-torture/execute/cvt-1.c execution, -O2
FAIL: gcc.c-torture/execute/cvt-1.c execution, -Os
FAIL: gcc.c-torture/execute/float-floor.c compilation, -O0
UNRESOLVED: gcc.c-torture/execute/float-floor.c execution, -O0
FAIL: gcc.c-torture/execute/float-floor.c compilation, -O1
UNRESOLVED: gcc.c-torture/execute/float-floor.c execution, -O1
FAIL: gcc.c-torture/execute/float-floor.c compilation, -O2
UNRESOLVED: gcc.c-torture/execute/float-floor.c execution, -O2
FAIL: gcc.c-torture/execute/float-floor.c compilation, -O3 -fomit-frame-pointer
UNRESOLVED: gcc.c-torture/execute/float-floor.c execution, -O3 -fomit-frame-pointer
FAIL: gcc.c-torture/execute/float-floor.c compilation, -O3 -g
UNRESOLVED: gcc.c-torture/execute/float-floor.c execution, -O3 -g
FAIL: gcc.c-torture/execute/float-floor.c compilation, -Os
UNRESOLVED: gcc.c-torture/execute/float-floor.c execution, -Os
UNRESOLVED: gcc.c-torture/execute/fprintf-1.c execution, -O0
UNRESOLVED: gcc.c-torture/execute/fprintf-1.c execution, -O1
UNRESOLVED: gcc.c-torture/execute/fprintf-1.c execution, -O2
UNRESOLVED: gcc.c-torture/execute/fprintf-1.c execution, -O3 -fomit-frame-pointer
UNRESOLVED: gcc.c-torture/execute/fprintf-1.c execution, -O3 -g
UNRESOLVED: gcc.c-torture/execute/fprintf-1.c execution, -Os
UNRESOLVED: gcc.c-torture/execute/fprintf-chk-1.c execution, -O0
UNRESOLVED: gcc.c-torture/execute/fprintf-chk-1.c execution, -O1
UNRESOLVED: gcc.c-torture/execute/fprintf-chk-1.c execution, -O2
UNRESOLVED: gcc.c-torture/execute/fprintf-chk-1.c execution, -O3 -fomit-frame-pointer
UNRESOLVED: gcc.c-torture/execute/fprintf-chk-1.c execution, -O3 -g
UNRESOLVED: gcc.c-torture/execute/fprintf-chk-1.c execution, -Os
FAIL: gcc.c-torture/execute/func-ptr-1.c execution, -O0
FAIL: gcc.c-torture/execute/func-ptr-1.c execution, -O1
FAIL: gcc.c-torture/execute/func-ptr-1.c execution, -O2
FAIL: gcc.c-torture/execute/func-ptr-1.c execution, -O3 -fomit-frame-pointer
FAIL: gcc.c-torture/execute/func-ptr-1.c execution, -O3 -g
FAIL: gcc.c-torture/execute/func-ptr-1.c execution, -Os
UNRESOLVED: gcc.c-torture/execute/gofast.c execution, -O0
UNRESOLVED: gcc.c-torture/execute/gofast.c execution, -O1
UNRESOLVED: gcc.c-torture/execute/gofast.c execution, -O2
UNRESOLVED: gcc.c-torture/execute/gofast.c execution, -O3 -fomit-frame-pointer
UNRESOLVED: gcc.c-torture/execute/gofast.c execution, -O3 -g
UNRESOLVED: gcc.c-torture/execute/gofast.c execution, -Os
FAIL: gcc.c-torture/execute/longlong.c execution, -O0
FAIL: gcc.c-torture/execute/loop-7.c execution, -O1
FAIL: gcc.c-torture/execute/lshrdi-1.c compilation, -O1 (internal compiler error)
UNRESOLVED: gcc.c-torture/execute/lshrdi-1.c execution, -O1
FAIL: gcc.c-torture/execute/lshrdi-1.c execution, -O2
FAIL: gcc.c-torture/execute/lshrdi-1.c execution, -O3 -fomit-frame-pointer
FAIL: gcc.c-torture/execute/lshrdi-1.c execution, -O3 -fomit-frame-pointer -funroll-loops
FAIL: gcc.c-torture/execute/lshrdi-1.c execution, -O3 -fomit-frame-pointer -funroll-all-loops -finline-functions
FAIL: gcc.c-torture/execute/lshrdi-1.c execution, -O3 -g
FAIL: gcc.c-torture/execute/lshrdi-1.c execution, -Os
FAIL: gcc.c-torture/execute/mayalias-2.c compilation, -O3 -g (internal compiler error)
UNRESOLVED: gcc.c-torture/execute/mayalias-2.c execution, -O3 -g
FAIL: gcc.c-torture/execute/mayalias-3.c compilation, -O3 -g (internal compiler error)
UNRESOLVED: gcc.c-torture/execute/mayalias-3.c execution, -O3 -g
FAIL: gcc.c-torture/execute/mode-dependent-address.c execution, -O1
FAIL: gcc.c-torture/execute/mode-dependent-address.c execution, -O2
FAIL: gcc.c-torture/execute/mode-dependent-address.c execution, -O3 -fomit-frame-pointer
WARNING: program timed out.
FAIL: gcc.c-torture/execute/mode-dependent-address.c execution, -O3 -fomit-frame-pointer -funroll-loops
FAIL: gcc.c-torture/execute/mode-dependent-address.c execution, -O3 -fomit-frame-pointer -funroll-all-loops -finline-functions
FAIL: gcc.c-torture/execute/mode-dependent-address.c execution, -O3 -g
FAIL: gcc.c-torture/execute/mode-dependent-address.c execution, -Os
UNRESOLVED: gcc.c-torture/execute/pr20601-1.c execution, -O0
UNRESOLVED: gcc.c-torture/execute/pr20601-1.c execution, -O1
UNRESOLVED: gcc.c-torture/execute/pr20601-1.c execution, -O2
UNRESOLVED: gcc.c-torture/execute/pr20601-1.c execution, -O3 -fomit-frame-pointer
UNRESOLVED: gcc.c-torture/execute/pr20601-1.c execution, -O3 -fomit-frame-pointer -funroll-loops
UNRESOLVED: gcc.c-torture/execute/pr20601-1.c execution, -O3 -fomit-frame-pointer -funroll-all-loops -finline-functions
UNRESOLVED: gcc.c-torture/execute/pr20601-1.c execution, -O3 -g
UNRESOLVED: gcc.c-torture/execute/pr20601-1.c execution, -Os
FAIL: gcc.c-torture/execute/pr22061-4.c execution, -O0
FAIL: gcc.c-torture/execute/pr22061-4.c execution, -O1
FAIL: gcc.c-torture/execute/pr22061-4.c execution, -O2
FAIL: gcc.c-torture/execute/pr22061-4.c execution, -O3 -fomit-frame-pointer
FAIL: gcc.c-torture/execute/pr22061-4.c execution, -O3 -g
FAIL: gcc.c-torture/execute/pr22061-4.c execution, -Os
FAIL: gcc.c-torture/execute/pr23135.c compilation, -O1 (internal compiler error)
UNRESOLVED: gcc.c-torture/execute/pr23135.c execution, -O1
FAIL: gcc.c-torture/execute/pr23135.c compilation, -O2 (internal compiler error)
UNRESOLVED: gcc.c-torture/execute/pr23135.c execution, -O2
FAIL: gcc.c-torture/execute/pr30185.c execution, -O0
FAIL: gcc.c-torture/execute/pr30185.c execution, -O1
FAIL: gcc.c-torture/execute/pr30185.c execution, -O2
FAIL: gcc.c-torture/execute/pr30185.c execution, -O3 -fomit-frame-pointer
FAIL: gcc.c-torture/execute/pr30185.c execution, -O3 -g
FAIL: gcc.c-torture/execute/pr30185.c execution, -Os
UNRESOLVED: gcc.c-torture/execute/printf-1.c execution, -O0
UNRESOLVED: gcc.c-torture/execute/printf-1.c execution, -O1
UNRESOLVED: gcc.c-torture/execute/printf-1.c execution, -O2
UNRESOLVED: gcc.c-torture/execute/printf-1.c execution, -O3 -fomit-frame-pointer
UNRESOLVED: gcc.c-torture/execute/printf-1.c execution, -O3 -g
UNRESOLVED: gcc.c-torture/execute/printf-1.c execution, -Os
UNRESOLVED: gcc.c-torture/execute/printf-chk-1.c execution, -O0
UNRESOLVED: gcc.c-torture/execute/printf-chk-1.c execution, -O1
UNRESOLVED: gcc.c-torture/execute/printf-chk-1.c execution, -O2
UNRESOLVED: gcc.c-torture/execute/printf-chk-1.c execution, -O3 -fomit-frame-pointer
UNRESOLVED: gcc.c-torture/execute/printf-chk-1.c execution, -O3 -g
UNRESOLVED: gcc.c-torture/execute/printf-chk-1.c execution, -Os
FAIL: gcc.c-torture/execute/regstack-1.c execution, -O0
FAIL: gcc.c-torture/execute/regstack-1.c execution, -O1
FAIL: gcc.c-torture/execute/regstack-1.c execution, -O2
FAIL: gcc.c-torture/execute/regstack-1.c execution, -O3 -fomit-frame-pointer
FAIL: gcc.c-torture/execute/regstack-1.c execution, -O3 -g
FAIL: gcc.c-torture/execute/regstack-1.c execution, -Os
FAIL: gcc.c-torture/execute/simd-2.c execution, -O3 -fomit-frame-pointer
FAIL: gcc.c-torture/execute/simd-2.c execution, -O3 -g
FAIL: gcc.c-torture/execute/simd-2.c execution, -Os
FAIL: gcc.c-torture/execute/simd-4.c execution, -O0
FAIL: gcc.c-torture/execute/stdarg-1.c execution, -O0
FAIL: gcc.c-torture/execute/stdarg-1.c execution, -O1
FAIL: gcc.c-torture/execute/stdarg-1.c execution, -O2
FAIL: gcc.c-torture/execute/stdarg-1.c execution, -O3 -fomit-frame-pointer
FAIL: gcc.c-torture/execute/stdarg-1.c execution, -O3 -g
FAIL: gcc.c-torture/execute/stdarg-1.c execution, -Os
UNRESOLVED: gcc.c-torture/execute/struct-ret-1.c execution, -O0
UNRESOLVED: gcc.c-torture/execute/struct-ret-1.c execution, -O1
UNRESOLVED: gcc.c-torture/execute/struct-ret-1.c execution, -O2
UNRESOLVED: gcc.c-torture/execute/struct-ret-1.c execution, -O3 -fomit-frame-pointer
UNRESOLVED: gcc.c-torture/execute/struct-ret-1.c execution, -O3 -g
UNRESOLVED: gcc.c-torture/execute/struct-ret-1.c execution, -Os
FAIL: gcc.c-torture/execute/va-arg-15.c execution, -O0
FAIL: gcc.c-torture/execute/va-arg-15.c execution, -O1
FAIL: gcc.c-torture/execute/va-arg-15.c execution, -O2
FAIL: gcc.c-torture/execute/va-arg-15.c execution, -O3 -fomit-frame-pointer
FAIL: gcc.c-torture/execute/va-arg-15.c execution, -O3 -fomit-frame-pointer -funroll-loops
FAIL: gcc.c-torture/execute/va-arg-15.c execution, -O3 -fomit-frame-pointer -funroll-all-loops -finline-functions
FAIL: gcc.c-torture/execute/va-arg-15.c execution, -O3 -g
FAIL: gcc.c-torture/execute/va-arg-15.c execution, -Os
FAIL: gcc.c-torture/execute/va-arg-20.c execution, -O0
FAIL: gcc.c-torture/execute/va-arg-20.c execution, -O1
FAIL: gcc.c-torture/execute/va-arg-20.c execution, -O2
FAIL: gcc.c-torture/execute/va-arg-20.c execution, -O3 -fomit-frame-pointer
FAIL: gcc.c-torture/execute/va-arg-20.c execution, -O3 -g
FAIL: gcc.c-torture/execute/va-arg-20.c execution, -Os
UNRESOLVED: gcc.c-torture/execute/va-arg-21.c execution, -O0
UNRESOLVED: gcc.c-torture/execute/va-arg-21.c execution, -O1
UNRESOLVED: gcc.c-torture/execute/va-arg-21.c execution, -O2
UNRESOLVED: gcc.c-torture/execute/va-arg-21.c execution, -O3 -fomit-frame-pointer
UNRESOLVED: gcc.c-torture/execute/va-arg-21.c execution, -O3 -fomit-frame-pointer -funroll-loops
UNRESOLVED: gcc.c-torture/execute/va-arg-21.c execution, -O3 -fomit-frame-pointer -funroll-all-loops -finline-functions
UNRESOLVED: gcc.c-torture/execute/va-arg-21.c execution, -O3 -g
UNRESOLVED: gcc.c-torture/execute/va-arg-21.c execution, -Os
UNRESOLVED: gcc.c-torture/execute/va-arg-24.c execution, -O0
UNRESOLVED: gcc.c-torture/execute/va-arg-24.c execution, -O1
UNRESOLVED: gcc.c-torture/execute/va-arg-24.c execution, -O2
UNRESOLVED: gcc.c-torture/execute/va-arg-24.c execution, -O3 -fomit-frame-pointer
UNRESOLVED: gcc.c-torture/execute/va-arg-24.c execution, -O3 -fomit-frame-pointer -funroll-loops
UNRESOLVED: gcc.c-torture/execute/va-arg-24.c execution, -O3 -fomit-frame-pointer -funroll-all-loops -finline-functions
UNRESOLVED: gcc.c-torture/execute/va-arg-24.c execution, -O3 -g
UNRESOLVED: gcc.c-torture/execute/va-arg-24.c execution, -Os
UNRESOLVED: gcc.c-torture/execute/vfprintf-1.c execution, -O0
UNRESOLVED: gcc.c-torture/execute/vfprintf-1.c execution, -O1
UNRESOLVED: gcc.c-torture/execute/vfprintf-1.c execution, -O2
UNRESOLVED: gcc.c-torture/execute/vfprintf-1.c execution, -O3 -fomit-frame-pointer
UNRESOLVED: gcc.c-torture/execute/vfprintf-1.c execution, -O3 -g
UNRESOLVED: gcc.c-torture/execute/vfprintf-1.c execution, -Os
UNRESOLVED: gcc.c-torture/execute/vfprintf-chk-1.c execution, -O0
UNRESOLVED: gcc.c-torture/execute/vfprintf-chk-1.c execution, -O1
UNRESOLVED: gcc.c-torture/execute/vfprintf-chk-1.c execution, -O2
UNRESOLVED: gcc.c-torture/execute/vfprintf-chk-1.c execution, -O3 -fomit-frame-pointer
UNRESOLVED: gcc.c-torture/execute/vfprintf-chk-1.c execution, -O3 -g
UNRESOLVED: gcc.c-torture/execute/vfprintf-chk-1.c execution, -Os
UNRESOLVED: gcc.c-torture/execute/vprintf-1.c execution, -O0
UNRESOLVED: gcc.c-torture/execute/vprintf-1.c execution, -O1
UNRESOLVED: gcc.c-torture/execute/vprintf-1.c execution, -O2
UNRESOLVED: gcc.c-torture/execute/vprintf-1.c execution, -O3 -fomit-frame-pointer
UNRESOLVED: gcc.c-torture/execute/vprintf-1.c execution, -O3 -g
UNRESOLVED: gcc.c-torture/execute/vprintf-1.c execution, -Os
UNRESOLVED: gcc.c-torture/execute/vprintf-chk-1.c execution, -O0
UNRESOLVED: gcc.c-torture/execute/vprintf-chk-1.c execution, -O1
UNRESOLVED: gcc.c-torture/execute/vprintf-chk-1.c execution, -O2
UNRESOLVED: gcc.c-torture/execute/vprintf-chk-1.c execution, -O3 -fomit-frame-pointer
UNRESOLVED: gcc.c-torture/execute/vprintf-chk-1.c execution, -O3 -g
UNRESOLVED: gcc.c-torture/execute/vprintf-chk-1.c execution, -Os
FAIL: gcc.c-torture/execute/ieee/20000320-1.c execution, -O0
FAIL: gcc.c-torture/execute/ieee/20000320-1.c execution, -O1
FAIL: gcc.c-torture/execute/ieee/20000320-1.c execution, -O2
FAIL: gcc.c-torture/execute/ieee/20000320-1.c execution, -O3 -fomit-frame-pointer
FAIL: gcc.c-torture/execute/ieee/20000320-1.c execution, -O3 -g
FAIL: gcc.c-torture/execute/ieee/20000320-1.c execution, -Os
WARNING: program timed out.
FAIL: gcc.c-torture/execute/ieee/20001122-1.c execution, -O0
WARNING: program timed out.
FAIL: gcc.c-torture/execute/ieee/20001122-1.c execution, -O1
WARNING: program timed out.
FAIL: gcc.c-torture/execute/ieee/20001122-1.c execution, -O2
WARNING: program timed out.
FAIL: gcc.c-torture/execute/ieee/20001122-1.c execution, -O3 -fomit-frame-pointer
WARNING: program timed out.
FAIL: gcc.c-torture/execute/ieee/20001122-1.c execution, -O3 -fomit-frame-pointer -funroll-loops
WARNING: program timed out.
FAIL: gcc.c-torture/execute/ieee/20001122-1.c execution, -O3 -fomit-frame-pointer -funroll-all-loops -finline-functions
WARNING: program timed out.
FAIL: gcc.c-torture/execute/ieee/20001122-1.c execution, -O3 -g
WARNING: program timed out.
FAIL: gcc.c-torture/execute/ieee/20001122-1.c execution, -Os
FAIL: gcc.c-torture/execute/ieee/20010226-1.c execution, -O0
FAIL: gcc.c-torture/execute/ieee/20010226-1.c execution, -O1
FAIL: gcc.c-torture/execute/ieee/20010226-1.c execution, -O2
FAIL: gcc.c-torture/execute/ieee/20010226-1.c execution, -O3 -fomit-frame-pointer
FAIL: gcc.c-torture/execute/ieee/20010226-1.c execution, -O3 -g
FAIL: gcc.c-torture/execute/ieee/20010226-1.c execution, -Os
FAIL: gcc.c-torture/execute/ieee/20041213-1.c compilation, -O0
UNRESOLVED: gcc.c-torture/execute/ieee/20041213-1.c execution, -O0
FAIL: gcc.c-torture/execute/ieee/20041213-1.c compilation, -O1
UNRESOLVED: gcc.c-torture/execute/ieee/20041213-1.c execution, -O1
FAIL: gcc.c-torture/execute/ieee/20041213-1.c compilation, -O2
UNRESOLVED: gcc.c-torture/execute/ieee/20041213-1.c execution, -O2
FAIL: gcc.c-torture/execute/ieee/20041213-1.c compilation, -O3 -fomit-frame-pointer
UNRESOLVED: gcc.c-torture/execute/ieee/20041213-1.c execution, -O3 -fomit-frame-pointer
FAIL: gcc.c-torture/execute/ieee/20041213-1.c compilation, -O3 -g
UNRESOLVED: gcc.c-torture/execute/ieee/20041213-1.c execution, -O3 -g
FAIL: gcc.c-torture/execute/ieee/20041213-1.c compilation, -Os
UNRESOLVED: gcc.c-torture/execute/ieee/20041213-1.c execution, -Os
UNRESOLVED: gcc.c-torture/execute/ieee/920810-1.c execution, -O0
UNRESOLVED: gcc.c-torture/execute/ieee/920810-1.c execution, -O1
UNRESOLVED: gcc.c-torture/execute/ieee/920810-1.c execution, -O2
UNRESOLVED: gcc.c-torture/execute/ieee/920810-1.c execution, -O3 -fomit-frame-pointer
UNRESOLVED: gcc.c-torture/execute/ieee/920810-1.c execution, -O3 -g
UNRESOLVED: gcc.c-torture/execute/ieee/920810-1.c execution, -Os
FAIL: gcc.c-torture/execute/ieee/acc1.c execution, -O0
FAIL: gcc.c-torture/execute/ieee/acc1.c execution, -O1
FAIL: gcc.c-torture/execute/ieee/acc1.c execution, -O2
FAIL: gcc.c-torture/execute/ieee/acc1.c execution, -O3 -fomit-frame-pointer
FAIL: gcc.c-torture/execute/ieee/acc1.c execution, -O3 -g
FAIL: gcc.c-torture/execute/ieee/acc1.c execution, -Os
FAIL: gcc.c-torture/execute/ieee/acc2.c execution, -O0
FAIL: gcc.c-torture/execute/ieee/acc2.c execution, -O1
FAIL: gcc.c-torture/execute/ieee/acc2.c execution, -O2
FAIL: gcc.c-torture/execute/ieee/acc2.c execution, -O3 -fomit-frame-pointer
FAIL: gcc.c-torture/execute/ieee/acc2.c execution, -O3 -g
FAIL: gcc.c-torture/execute/ieee/acc2.c execution, -Os
FAIL: gcc.c-torture/execute/ieee/mzero2.c execution, -O0
FAIL: gcc.c-torture/execute/ieee/mzero2.c execution, -O1
FAIL: gcc.c-torture/execute/ieee/mzero6.c execution, -O0
FAIL: gcc.c-torture/execute/ieee/mzero6.c execution, -O1
FAIL: gcc.c-torture/execute/ieee/mzero6.c execution, -O2
FAIL: gcc.c-torture/execute/ieee/mzero6.c execution, -O3 -fomit-frame-pointer
FAIL: gcc.c-torture/execute/ieee/mzero6.c execution, -O3 -fomit-frame-pointer -funroll-loops
FAIL: gcc.c-torture/execute/ieee/mzero6.c execution, -O3 -fomit-frame-pointer -funroll-all-loops -finline-functions
FAIL: gcc.c-torture/execute/ieee/mzero6.c execution, -O3 -g
FAIL: gcc.c-torture/execute/ieee/mzero6.c execution, -Os
FAIL: gcc.c-torture/execute/ieee/pr30704.c execution, -O1
FAIL: gcc.c-torture/execute/ieee/pr30704.c execution, -O2
FAIL: gcc.c-torture/execute/ieee/pr30704.c execution, -O3 -fomit-frame-pointer
FAIL: gcc.c-torture/execute/ieee/pr30704.c execution, -O3 -g
FAIL: gcc.c-torture/execute/ieee/pr30704.c execution, -Os
FAIL: gcc.c-torture/execute/ieee/rbug.c execution, -O0
FAIL: gcc.c-torture/execute/ieee/rbug.c execution, -O1
FAIL: gcc.c-torture/execute/ieee/rbug.c execution, -O2
FAIL: gcc.c-torture/execute/ieee/unsafe-fp-assoc-1.c execution, -O0
FAIL: gcc.c-torture/execute/ieee/unsafe-fp-assoc-1.c execution, -O1
FAIL: gcc.c-torture/execute/ieee/unsafe-fp-assoc-1.c execution, -O2
FAIL: gcc.c-torture/execute/ieee/unsafe-fp-assoc-1.c execution, -Os
FAIL: gcc.c-torture/unsorted/dump-noaddr.c.001t.tu, -O0 comparison
FAIL: gcc.c-torture/unsorted/dump-noaddr.c.003t.original, -O0 comparison
FAIL: gcc.c-torture/unsorted/dump-noaddr.c.004t.gimple, -O0 comparison
FAIL: gcc.c-torture/unsorted/dump-noaddr.c.008t.useless, -O0 comparison
FAIL: gcc.c-torture/unsorted/dump-noaddr.c.011t.lower, -O0 comparison
FAIL: gcc.c-torture/unsorted/dump-noaddr.c.012t.eh, -O0 comparison
FAIL: gcc.c-torture/unsorted/dump-noaddr.c.013t.cfg, -O0 comparison
FAIL: gcc.c-torture/unsorted/dump-noaddr.c.014t.cplxlower0, -O0 comparison
FAIL: gcc.c-torture/unsorted/dump-noaddr.c.015t.veclower, -O0 comparison
FAIL: gcc.c-torture/unsorted/dump-noaddr.c.021t.cleanup_cfg1, -O0 comparison
FAIL: gcc.c-torture/unsorted/dump-noaddr.c.044t.apply_inline, -O0 comparison
FAIL: gcc.c-torture/unsorted/dump-noaddr.c.122r.expand, -O0 comparison
FAIL: gcc.c-torture/unsorted/dump-noaddr.c.123r.sibling, -O0 comparison
FAIL: gcc.c-torture/unsorted/dump-noaddr.c.125r.initvals, -O0 comparison
FAIL: gcc.c-torture/unsorted/dump-noaddr.c.126r.unshare, -O0 comparison
FAIL: gcc.c-torture/unsorted/dump-noaddr.c.127r.vregs, -O0 comparison
FAIL: gcc.c-torture/unsorted/dump-noaddr.c.128r.into_cfglayout, -O0 comparison
FAIL: gcc.c-torture/unsorted/dump-noaddr.c.129r.jump, -O0 comparison
FAIL: gcc.c-torture/unsorted/dump-noaddr.c.147r.outof_cfglayout, -O0 comparison
FAIL: gcc.c-torture/unsorted/dump-noaddr.c.148r.life1, -O0 comparison
FAIL: gcc.c-torture/unsorted/dump-noaddr.c.153r.split1, -O0 comparison
FAIL: gcc.c-torture/unsorted/dump-noaddr.c.157r.life2, -O0 comparison
FAIL: gcc.c-torture/unsorted/dump-noaddr.c.160r.lreg, -O0 comparison
FAIL: gcc.c-torture/unsorted/dump-noaddr.c.161r.greg, -O0 comparison
FAIL: gcc.c-torture/unsorted/dump-noaddr.c.164r.flow2, -O0 comparison
FAIL: gcc.c-torture/unsorted/dump-noaddr.c.177r.mach, -O0 comparison
FAIL: gcc.c-torture/unsorted/dump-noaddr.c.178r.barriers, -O0 comparison
FAIL: gcc.c-torture/unsorted/dump-noaddr.c.181r.eh-ranges, -O0 comparison
FAIL: gcc.c-torture/unsorted/dump-noaddr.c.182r.shorten, -O0 comparison
FAIL: gcc.c-torture/unsorted/dump-noaddr.c.001t.tu, -O1 comparison
FAIL: gcc.c-torture/unsorted/dump-noaddr.c.003t.original, -O1 comparison
FAIL: gcc.c-torture/unsorted/dump-noaddr.c.004t.gimple, -O1 comparison
FAIL: gcc.c-torture/unsorted/dump-noaddr.c.008t.useless, -O1 comparison
FAIL: gcc.c-torture/unsorted/dump-noaddr.c.011t.lower, -O1 comparison
FAIL: gcc.c-torture/unsorted/dump-noaddr.c.012t.eh, -O1 comparison
FAIL: gcc.c-torture/unsorted/dump-noaddr.c.013t.cfg, -O1 comparison
FAIL: gcc.c-torture/unsorted/dump-noaddr.c.015t.veclower, -O1 comparison
FAIL: gcc.c-torture/unsorted/dump-noaddr.c.021t.cleanup_cfg1, -O1 comparison
FAIL: gcc.c-torture/unsorted/dump-noaddr.c.024t.ssa, -O1 comparison
FAIL: gcc.c-torture/unsorted/dump-noaddr.c.025t.einline2, -O1 comparison
FAIL: gcc.c-torture/unsorted/dump-noaddr.c.026t.cleanup_cfg2, -O1 comparison
FAIL: gcc.c-torture/unsorted/dump-noaddr.c.027t.copyrename1, -O1 comparison
FAIL: gcc.c-torture/unsorted/dump-noaddr.c.028t.ccp1, -O1 comparison
FAIL: gcc.c-torture/unsorted/dump-noaddr.c.029t.forwprop1, -O1 comparison
FAIL: gcc.c-torture/unsorted/dump-noaddr.c.030t.esra, -O1 comparison
FAIL: gcc.c-torture/unsorted/dump-noaddr.c.031t.copyprop1, -O1 comparison
FAIL: gcc.c-torture/unsorted/dump-noaddr.c.032t.mergephi1, -O1 comparison
FAIL: gcc.c-torture/unsorted/dump-noaddr.c.033t.dce1, -O1 comparison
FAIL: gcc.c-torture/unsorted/dump-noaddr.c.044t.apply_inline, -O1 comparison
FAIL: gcc.c-torture/unsorted/dump-noaddr.c.045t.salias, -O1 comparison
FAIL: gcc.c-torture/unsorted/dump-noaddr.c.046t.alias1, -O1 comparison
FAIL: gcc.c-torture/unsorted/dump-noaddr.c.048t.copyrename2, -O1 comparison
FAIL: gcc.c-torture/unsorted/dump-noaddr.c.049t.ccp2, -O1 comparison
FAIL: gcc.c-torture/unsorted/dump-noaddr.c.050t.phiprop, -O1 comparison
FAIL: gcc.c-torture/unsorted/dump-noaddr.c.051t.fre, -O1 comparison
FAIL: gcc.c-torture/unsorted/dump-noaddr.c.052t.dce2, -O1 comparison
FAIL: gcc.c-torture/unsorted/dump-noaddr.c.053t.forwprop2, -O1 comparison
FAIL: gcc.c-torture/unsorted/dump-noaddr.c.054t.copyprop2, -O1 comparison
FAIL: gcc.c-torture/unsorted/dump-noaddr.c.055t.mergephi2, -O1 comparison
FAIL: gcc.c-torture/unsorted/dump-noaddr.c.057t.dce3, -O1 comparison
FAIL: gcc.c-torture/unsorted/dump-noaddr.c.058t.dom1, -O1 comparison
FAIL: gcc.c-torture/unsorted/dump-noaddr.c.059t.phicprop1, -O1 comparison
FAIL: gcc.c-torture/unsorted/dump-noaddr.c.060t.phiopt1, -O1 comparison
FAIL: gcc.c-torture/unsorted/dump-noaddr.c.061t.alias2, -O1 comparison
FAIL: gcc.c-torture/unsorted/dump-noaddr.c.063t.ch, -O1 comparison
FAIL: gcc.c-torture/unsorted/dump-noaddr.c.065t.cplxlower, -O1 comparison
FAIL: gcc.c-torture/unsorted/dump-noaddr.c.066t.sra, -O1 comparison
FAIL: gcc.c-torture/unsorted/dump-noaddr.c.067t.alias3, -O1 comparison
FAIL: gcc.c-torture/unsorted/dump-noaddr.c.068t.copyrename3, -O1 comparison
FAIL: gcc.c-torture/unsorted/dump-noaddr.c.069t.dom2, -O1 comparison
FAIL: gcc.c-torture/unsorted/dump-noaddr.c.070t.phicprop2, -O1 comparison
FAIL: gcc.c-torture/unsorted/dump-noaddr.c.071t.reassoc1, -O1 comparison
FAIL: gcc.c-torture/unsorted/dump-noaddr.c.072t.dce4, -O1 comparison
FAIL: gcc.c-torture/unsorted/dump-noaddr.c.073t.dse1, -O1 comparison
FAIL: gcc.c-torture/unsorted/dump-noaddr.c.074t.alias4, -O1 comparison
FAIL: gcc.c-torture/unsorted/dump-noaddr.c.075t.forwprop3, -O1 comparison
FAIL: gcc.c-torture/unsorted/dump-noaddr.c.076t.phiopt2, -O1 comparison
FAIL: gcc.c-torture/unsorted/dump-noaddr.c.077t.objsz, -O1 comparison
FAIL: gcc.c-torture/unsorted/dump-noaddr.c.078t.store_ccp, -O1 comparison
FAIL: gcc.c-torture/unsorted/dump-noaddr.c.079t.store_copyprop, -O1 comparison
FAIL: gcc.c-torture/unsorted/dump-noaddr.c.080t.fab, -O1 comparison
FAIL: gcc.c-torture/unsorted/dump-noaddr.c.082t.alias5, -O1 comparison
FAIL: gcc.c-torture/unsorted/dump-noaddr.c.083t.crited, -O1 comparison
FAIL: gcc.c-torture/unsorted/dump-noaddr.c.085t.alias6, -O1 comparison
FAIL: gcc.c-torture/unsorted/dump-noaddr.c.086t.sink, -O1 comparison
FAIL: gcc.c-torture/unsorted/dump-noaddr.c.087t.loop, -O1 comparison
FAIL: gcc.c-torture/unsorted/dump-noaddr.c.088t.loopinit, -O1 comparison
FAIL: gcc.c-torture/unsorted/dump-noaddr.c.089t.copyprop3, -O1 comparison
FAIL: gcc.c-torture/unsorted/dump-noaddr.c.090t.lim, -O1 comparison
FAIL: gcc.c-torture/unsorted/dump-noaddr.c.092t.sccp, -O1 comparison
FAIL: gcc.c-torture/unsorted/dump-noaddr.c.093t.empty, -O1 comparison
FAIL: gcc.c-torture/unsorted/dump-noaddr.c.096t.ivcanon, -O1 comparison
FAIL: gcc.c-torture/unsorted/dump-noaddr.c.101t.cunroll, -O1 comparison
FAIL: gcc.c-torture/unsorted/dump-noaddr.c.103t.ivopts, -O1 comparison
FAIL: gcc.c-torture/unsorted/dump-noaddr.c.104t.loopdone, -O1 comparison
FAIL: gcc.c-torture/unsorted/dump-noaddr.c.106t.reassoc2, -O1 comparison
FAIL: gcc.c-torture/unsorted/dump-noaddr.c.108t.dom3, -O1 comparison
FAIL: gcc.c-torture/unsorted/dump-noaddr.c.109t.phicprop3, -O1 comparison
FAIL: gcc.c-torture/unsorted/dump-noaddr.c.110t.cddce, -O1 comparison
FAIL: gcc.c-torture/unsorted/dump-noaddr.c.111t.dse2, -O1 comparison
FAIL: gcc.c-torture/unsorted/dump-noaddr.c.112t.forwprop4, -O1 comparison
FAIL: gcc.c-torture/unsorted/dump-noaddr.c.113t.phiopt3, -O1 comparison
FAIL: gcc.c-torture/unsorted/dump-noaddr.c.115t.copyrename4, -O1 comparison
FAIL: gcc.c-torture/unsorted/dump-noaddr.c.116t.uncprop, -O1 comparison
FAIL: gcc.c-torture/unsorted/dump-noaddr.c.117t.optimized, -O1 comparison
FAIL: gcc.c-torture/unsorted/dump-noaddr.c.118t.nrv, -O1 comparison
FAIL: gcc.c-torture/unsorted/dump-noaddr.c.119t.blocks, -O1 comparison
FAIL: gcc.c-torture/unsorted/dump-noaddr.c.120t.final_cleanup, -O1 comparison
FAIL: gcc.c-torture/unsorted/dump-noaddr.c.122r.expand, -O1 comparison
FAIL: gcc.c-torture/unsorted/dump-noaddr.c.123r.sibling, -O1 comparison
FAIL: gcc.c-torture/unsorted/dump-noaddr.c.125r.initvals, -O1 comparison
FAIL: gcc.c-torture/unsorted/dump-noaddr.c.126r.unshare, -O1 comparison
FAIL: gcc.c-torture/unsorted/dump-noaddr.c.127r.vregs, -O1 comparison
FAIL: gcc.c-torture/unsorted/dump-noaddr.c.128r.into_cfglayout, -O1 comparison
FAIL: gcc.c-torture/unsorted/dump-noaddr.c.129r.jump, -O1 comparison
FAIL: gcc.c-torture/unsorted/dump-noaddr.c.130r.subreg, -O1 comparison
FAIL: gcc.c-torture/unsorted/dump-noaddr.c.131r.cse1, -O1 comparison
FAIL: gcc.c-torture/unsorted/dump-noaddr.c.134r.ce1, -O1 comparison
FAIL: gcc.c-torture/unsorted/dump-noaddr.c.136r.loop2, -O1 comparison
FAIL: gcc.c-torture/unsorted/dump-noaddr.c.137r.loop2_init, -O1 comparison
FAIL: gcc.c-torture/unsorted/dump-noaddr.c.138r.loop2_invariant, -O1 comparison
FAIL: gcc.c-torture/unsorted/dump-noaddr.c.142r.loop2_done, -O1 comparison
FAIL: gcc.c-torture/unsorted/dump-noaddr.c.147r.outof_cfglayout, -O1 comparison
FAIL: gcc.c-torture/unsorted/dump-noaddr.c.148r.life1, -O1 comparison
FAIL: gcc.c-torture/unsorted/dump-noaddr.c.149r.combine, -O1 comparison
FAIL: gcc.c-torture/unsorted/dump-noaddr.c.150r.ce2, -O1 comparison
FAIL: gcc.c-torture/unsorted/dump-noaddr.c.153r.split1, -O1 comparison
FAIL: gcc.c-torture/unsorted/dump-noaddr.c.154r.subreg2, -O1 comparison
FAIL: gcc.c-torture/unsorted/dump-noaddr.c.157r.life2, -O1 comparison
FAIL: gcc.c-torture/unsorted/dump-noaddr.c.160r.lreg, -O1 comparison
FAIL: gcc.c-torture/unsorted/dump-noaddr.c.161r.greg, -O1 comparison
FAIL: gcc.c-torture/unsorted/dump-noaddr.c.162r.postreload, -O1 comparison
FAIL: gcc.c-torture/unsorted/dump-noaddr.c.164r.flow2, -O1 comparison
FAIL: gcc.c-torture/unsorted/dump-noaddr.c.166r.csa, -O1 comparison
FAIL: gcc.c-torture/unsorted/dump-noaddr.c.168r.ce3, -O1 comparison
FAIL: gcc.c-torture/unsorted/dump-noaddr.c.169r.rnreg, -O1 comparison
FAIL: gcc.c-torture/unsorted/dump-noaddr.c.170r.bbro, -O1 comparison
FAIL: gcc.c-torture/unsorted/dump-noaddr.c.177r.mach, -O1 comparison
FAIL: gcc.c-torture/unsorted/dump-noaddr.c.178r.barriers, -O1 comparison
FAIL: gcc.c-torture/unsorted/dump-noaddr.c.181r.eh-ranges, -O1 comparison
FAIL: gcc.c-torture/unsorted/dump-noaddr.c.182r.shorten, -O1 comparison
FAIL: gcc.c-torture/unsorted/dump-noaddr.c.001t.tu, -O2 comparison
FAIL: gcc.c-torture/unsorted/dump-noaddr.c.003t.original, -O2 comparison
FAIL: gcc.c-torture/unsorted/dump-noaddr.c.004t.gimple, -O2 comparison
FAIL: gcc.c-torture/unsorted/dump-noaddr.c.008t.useless, -O2 comparison
FAIL: gcc.c-torture/unsorted/dump-noaddr.c.011t.lower, -O2 comparison
FAIL: gcc.c-torture/unsorted/dump-noaddr.c.012t.eh, -O2 comparison
FAIL: gcc.c-torture/unsorted/dump-noaddr.c.013t.cfg, -O2 comparison
FAIL: gcc.c-torture/unsorted/dump-noaddr.c.015t.veclower, -O2 comparison
FAIL: gcc.c-torture/unsorted/dump-noaddr.c.021t.cleanup_cfg1, -O2 comparison
FAIL: gcc.c-torture/unsorted/dump-noaddr.c.024t.ssa, -O2 comparison
FAIL: gcc.c-torture/unsorted/dump-noaddr.c.025t.einline2, -O2 comparison
FAIL: gcc.c-torture/unsorted/dump-noaddr.c.026t.cleanup_cfg2, -O2 comparison
FAIL: gcc.c-torture/unsorted/dump-noaddr.c.027t.copyrename1, -O2 comparison
FAIL: gcc.c-torture/unsorted/dump-noaddr.c.028t.ccp1, -O2 comparison
FAIL: gcc.c-torture/unsorted/dump-noaddr.c.029t.forwprop1, -O2 comparison
FAIL: gcc.c-torture/unsorted/dump-noaddr.c.030t.esra, -O2 comparison
FAIL: gcc.c-torture/unsorted/dump-noaddr.c.031t.copyprop1, -O2 comparison
FAIL: gcc.c-torture/unsorted/dump-noaddr.c.032t.mergephi1, -O2 comparison
FAIL: gcc.c-torture/unsorted/dump-noaddr.c.033t.dce1, -O2 comparison
FAIL: gcc.c-torture/unsorted/dump-noaddr.c.034t.tailr1, -O2 comparison
FAIL: gcc.c-torture/unsorted/dump-noaddr.c.044t.apply_inline, -O2 comparison
FAIL: gcc.c-torture/unsorted/dump-noaddr.c.045t.salias, -O2 comparison
FAIL: gcc.c-torture/unsorted/dump-noaddr.c.046t.alias1, -O2 comparison
FAIL: gcc.c-torture/unsorted/dump-noaddr.c.048t.copyrename2, -O2 comparison
FAIL: gcc.c-torture/unsorted/dump-noaddr.c.049t.ccp2, -O2 comparison
FAIL: gcc.c-torture/unsorted/dump-noaddr.c.050t.phiprop, -O2 comparison
FAIL: gcc.c-torture/unsorted/dump-noaddr.c.051t.fre, -O2 comparison
FAIL: gcc.c-torture/unsorted/dump-noaddr.c.052t.dce2, -O2 comparison
FAIL: gcc.c-torture/unsorted/dump-noaddr.c.053t.forwprop2, -O2 comparison
FAIL: gcc.c-torture/unsorted/dump-noaddr.c.054t.copyprop2, -O2 comparison
FAIL: gcc.c-torture/unsorted/dump-noaddr.c.055t.mergephi2, -O2 comparison
FAIL: gcc.c-torture/unsorted/dump-noaddr.c.056t.vrp1, -O2 comparison
FAIL: gcc.c-torture/unsorted/dump-noaddr.c.057t.dce3, -O2 comparison
FAIL: gcc.c-torture/unsorted/dump-noaddr.c.058t.dom1, -O2 comparison
FAIL: gcc.c-torture/unsorted/dump-noaddr.c.059t.phicprop1, -O2 comparison
FAIL: gcc.c-torture/unsorted/dump-noaddr.c.060t.phiopt1, -O2 comparison
FAIL: gcc.c-torture/unsorted/dump-noaddr.c.061t.alias2, -O2 comparison
FAIL: gcc.c-torture/unsorted/dump-noaddr.c.062t.tailr2, -O2 comparison
FAIL: gcc.c-torture/unsorted/dump-noaddr.c.063t.ch, -O2 comparison
FAIL: gcc.c-torture/unsorted/dump-noaddr.c.065t.cplxlower, -O2 comparison
FAIL: gcc.c-torture/unsorted/dump-noaddr.c.066t.sra, -O2 comparison
FAIL: gcc.c-torture/unsorted/dump-noaddr.c.067t.alias3, -O2 comparison
FAIL: gcc.c-torture/unsorted/dump-noaddr.c.068t.copyrename3, -O2 comparison
FAIL: gcc.c-torture/unsorted/dump-noaddr.c.069t.dom2, -O2 comparison
FAIL: gcc.c-torture/unsorted/dump-noaddr.c.070t.phicprop2, -O2 comparison
FAIL: gcc.c-torture/unsorted/dump-noaddr.c.071t.reassoc1, -O2 comparison
FAIL: gcc.c-torture/unsorted/dump-noaddr.c.072t.dce4, -O2 comparison
FAIL: gcc.c-torture/unsorted/dump-noaddr.c.073t.dse1, -O2 comparison
FAIL: gcc.c-torture/unsorted/dump-noaddr.c.074t.alias4, -O2 comparison
FAIL: gcc.c-torture/unsorted/dump-noaddr.c.075t.forwprop3, -O2 comparison
FAIL: gcc.c-torture/unsorted/dump-noaddr.c.076t.phiopt2, -O2 comparison
FAIL: gcc.c-torture/unsorted/dump-noaddr.c.077t.objsz, -O2 comparison
FAIL: gcc.c-torture/unsorted/dump-noaddr.c.078t.store_ccp, -O2 comparison
FAIL: gcc.c-torture/unsorted/dump-noaddr.c.079t.store_copyprop, -O2 comparison
FAIL: gcc.c-torture/unsorted/dump-noaddr.c.080t.fab, -O2 comparison
FAIL: gcc.c-torture/unsorted/dump-noaddr.c.082t.alias5, -O2 comparison
FAIL: gcc.c-torture/unsorted/dump-noaddr.c.083t.crited, -O2 comparison
FAIL: gcc.c-torture/unsorted/dump-noaddr.c.084t.pre, -O2 comparison
FAIL: gcc.c-torture/unsorted/dump-noaddr.c.085t.alias6, -O2 comparison
FAIL: gcc.c-torture/unsorted/dump-noaddr.c.086t.sink, -O2 comparison
FAIL: gcc.c-torture/unsorted/dump-noaddr.c.087t.loop, -O2 comparison
FAIL: gcc.c-torture/unsorted/dump-noaddr.c.088t.loopinit, -O2 comparison
FAIL: gcc.c-torture/unsorted/dump-noaddr.c.089t.copyprop3, -O2 comparison
FAIL: gcc.c-torture/unsorted/dump-noaddr.c.090t.lim, -O2 comparison
FAIL: gcc.c-torture/unsorted/dump-noaddr.c.092t.sccp, -O2 comparison
FAIL: gcc.c-torture/unsorted/dump-noaddr.c.093t.empty, -O2 comparison
FAIL: gcc.c-torture/unsorted/dump-noaddr.c.096t.ivcanon, -O2 comparison
FAIL: gcc.c-torture/unsorted/dump-noaddr.c.101t.cunroll, -O2 comparison
FAIL: gcc.c-torture/unsorted/dump-noaddr.c.103t.ivopts, -O2 comparison
FAIL: gcc.c-torture/unsorted/dump-noaddr.c.104t.loopdone, -O2 comparison
FAIL: gcc.c-torture/unsorted/dump-noaddr.c.106t.reassoc2, -O2 comparison
FAIL: gcc.c-torture/unsorted/dump-noaddr.c.107t.vrp2, -O2 comparison
FAIL: gcc.c-torture/unsorted/dump-noaddr.c.108t.dom3, -O2 comparison
FAIL: gcc.c-torture/unsorted/dump-noaddr.c.109t.phicprop3, -O2 comparison
FAIL: gcc.c-torture/unsorted/dump-noaddr.c.110t.cddce, -O2 comparison
FAIL: gcc.c-torture/unsorted/dump-noaddr.c.111t.dse2, -O2 comparison
FAIL: gcc.c-torture/unsorted/dump-noaddr.c.112t.forwprop4, -O2 comparison
FAIL: gcc.c-torture/unsorted/dump-noaddr.c.113t.phiopt3, -O2 comparison
FAIL: gcc.c-torture/unsorted/dump-noaddr.c.114t.tailc, -O2 comparison
FAIL: gcc.c-torture/unsorted/dump-noaddr.c.115t.copyrename4, -O2 comparison
FAIL: gcc.c-torture/unsorted/dump-noaddr.c.116t.uncprop, -O2 comparison
FAIL: gcc.c-torture/unsorted/dump-noaddr.c.117t.optimized, -O2 comparison
FAIL: gcc.c-torture/unsorted/dump-noaddr.c.118t.nrv, -O2 comparison
FAIL: gcc.c-torture/unsorted/dump-noaddr.c.119t.blocks, -O2 comparison
FAIL: gcc.c-torture/unsorted/dump-noaddr.c.120t.final_cleanup, -O2 comparison
FAIL: gcc.c-torture/unsorted/dump-noaddr.c.122r.expand, -O2 comparison
FAIL: gcc.c-torture/unsorted/dump-noaddr.c.123r.sibling, -O2 comparison
FAIL: gcc.c-torture/unsorted/dump-noaddr.c.125r.initvals, -O2 comparison
FAIL: gcc.c-torture/unsorted/dump-noaddr.c.126r.unshare, -O2 comparison
FAIL: gcc.c-torture/unsorted/dump-noaddr.c.127r.vregs, -O2 comparison
FAIL: gcc.c-torture/unsorted/dump-noaddr.c.128r.into_cfglayout, -O2 comparison
FAIL: gcc.c-torture/unsorted/dump-noaddr.c.129r.jump, -O2 comparison
FAIL: gcc.c-torture/unsorted/dump-noaddr.c.130r.subreg, -O2 comparison
FAIL: gcc.c-torture/unsorted/dump-noaddr.c.131r.cse1, -O2 comparison
FAIL: gcc.c-torture/unsorted/dump-noaddr.c.132r.fwprop1, -O2 comparison
FAIL: gcc.c-torture/unsorted/dump-noaddr.c.133r.gcse1, -O2 comparison
FAIL: gcc.c-torture/unsorted/dump-noaddr.c.134r.ce1, -O2 comparison
FAIL: gcc.c-torture/unsorted/dump-noaddr.c.136r.loop2, -O2 comparison
FAIL: gcc.c-torture/unsorted/dump-noaddr.c.137r.loop2_init, -O2 comparison
FAIL: gcc.c-torture/unsorted/dump-noaddr.c.138r.loop2_invariant, -O2 comparison
FAIL: gcc.c-torture/unsorted/dump-noaddr.c.142r.loop2_done, -O2 comparison
FAIL: gcc.c-torture/unsorted/dump-noaddr.c.144r.bypass, -O2 comparison
FAIL: gcc.c-torture/unsorted/dump-noaddr.c.145r.cse2, -O2 comparison
FAIL: gcc.c-torture/unsorted/dump-noaddr.c.146r.fwprop2, -O2 comparison
FAIL: gcc.c-torture/unsorted/dump-noaddr.c.147r.outof_cfglayout, -O2 comparison
FAIL: gcc.c-torture/unsorted/dump-noaddr.c.148r.life1, -O2 comparison
FAIL: gcc.c-torture/unsorted/dump-noaddr.c.149r.combine, -O2 comparison
FAIL: gcc.c-torture/unsorted/dump-noaddr.c.150r.ce2, -O2 comparison
FAIL: gcc.c-torture/unsorted/dump-noaddr.c.152r.regmove, -O2 comparison
FAIL: gcc.c-torture/unsorted/dump-noaddr.c.153r.split1, -O2 comparison
FAIL: gcc.c-torture/unsorted/dump-noaddr.c.154r.subreg2, -O2 comparison
FAIL: gcc.c-torture/unsorted/dump-noaddr.c.157r.life2, -O2 comparison
FAIL: gcc.c-torture/unsorted/dump-noaddr.c.160r.lreg, -O2 comparison
FAIL: gcc.c-torture/unsorted/dump-noaddr.c.161r.greg, -O2 comparison
FAIL: gcc.c-torture/unsorted/dump-noaddr.c.162r.postreload, -O2 comparison
FAIL: gcc.c-torture/unsorted/dump-noaddr.c.164r.flow2, -O2 comparison
FAIL: gcc.c-torture/unsorted/dump-noaddr.c.166r.csa, -O2 comparison
FAIL: gcc.c-torture/unsorted/dump-noaddr.c.167r.peephole2, -O2 comparison
FAIL: gcc.c-torture/unsorted/dump-noaddr.c.168r.ce3, -O2 comparison
FAIL: gcc.c-torture/unsorted/dump-noaddr.c.169r.rnreg, -O2 comparison
FAIL: gcc.c-torture/unsorted/dump-noaddr.c.170r.bbro, -O2 comparison
FAIL: gcc.c-torture/unsorted/dump-noaddr.c.175r.compgotos, -O2 comparison
FAIL: gcc.c-torture/unsorted/dump-noaddr.c.177r.mach, -O2 comparison
FAIL: gcc.c-torture/unsorted/dump-noaddr.c.178r.barriers, -O2 comparison
FAIL: gcc.c-torture/unsorted/dump-noaddr.c.181r.eh-ranges, -O2 comparison
FAIL: gcc.c-torture/unsorted/dump-noaddr.c.182r.shorten, -O2 comparison
FAIL: gcc.c-torture/unsorted/dump-noaddr.c.001t.tu, -O3 -fomit-frame-pointer comparison
FAIL: gcc.c-torture/unsorted/dump-noaddr.c.003t.original, -O3 -fomit-frame-pointer comparison
FAIL: gcc.c-torture/unsorted/dump-noaddr.c.004t.gimple, -O3 -fomit-frame-pointer comparison
FAIL: gcc.c-torture/unsorted/dump-noaddr.c.008t.useless, -O3 -fomit-frame-pointer comparison
FAIL: gcc.c-torture/unsorted/dump-noaddr.c.011t.lower, -O3 -fomit-frame-pointer comparison
FAIL: gcc.c-torture/unsorted/dump-noaddr.c.012t.eh, -O3 -fomit-frame-pointer comparison
FAIL: gcc.c-torture/unsorted/dump-noaddr.c.013t.cfg, -O3 -fomit-frame-pointer comparison
FAIL: gcc.c-torture/unsorted/dump-noaddr.c.015t.veclower, -O3 -fomit-frame-pointer comparison
FAIL: gcc.c-torture/unsorted/dump-noaddr.c.021t.cleanup_cfg1, -O3 -fomit-frame-pointer comparison
FAIL: gcc.c-torture/unsorted/dump-noaddr.c.024t.ssa, -O3 -fomit-frame-pointer comparison
FAIL: gcc.c-torture/unsorted/dump-noaddr.c.025t.einline2, -O3 -fomit-frame-pointer comparison
FAIL: gcc.c-torture/unsorted/dump-noaddr.c.026t.cleanup_cfg2, -O3 -fomit-frame-pointer comparison
FAIL: gcc.c-torture/unsorted/dump-noaddr.c.027t.copyrename1, -O3 -fomit-frame-pointer comparison
FAIL: gcc.c-torture/unsorted/dump-noaddr.c.028t.ccp1, -O3 -fomit-frame-pointer comparison
FAIL: gcc.c-torture/unsorted/dump-noaddr.c.029t.forwprop1, -O3 -fomit-frame-pointer comparison
FAIL: gcc.c-torture/unsorted/dump-noaddr.c.030t.esra, -O3 -fomit-frame-pointer comparison
FAIL: gcc.c-torture/unsorted/dump-noaddr.c.031t.copyprop1, -O3 -fomit-frame-pointer comparison
FAIL: gcc.c-torture/unsorted/dump-noaddr.c.032t.mergephi1, -O3 -fomit-frame-pointer comparison
FAIL: gcc.c-torture/unsorted/dump-noaddr.c.033t.dce1, -O3 -fomit-frame-pointer comparison
FAIL: gcc.c-torture/unsorted/dump-noaddr.c.034t.tailr1, -O3 -fomit-frame-pointer comparison
FAIL: gcc.c-torture/unsorted/dump-noaddr.c.044t.apply_inline, -O3 -fomit-frame-pointer comparison
FAIL: gcc.c-torture/unsorted/dump-noaddr.c.045t.salias, -O3 -fomit-frame-pointer comparison
FAIL: gcc.c-torture/unsorted/dump-noaddr.c.046t.alias1, -O3 -fomit-frame-pointer comparison
FAIL: gcc.c-torture/unsorted/dump-noaddr.c.048t.copyrename2, -O3 -fomit-frame-pointer comparison
FAIL: gcc.c-torture/unsorted/dump-noaddr.c.049t.ccp2, -O3 -fomit-frame-pointer comparison
FAIL: gcc.c-torture/unsorted/dump-noaddr.c.050t.phiprop, -O3 -fomit-frame-pointer comparison
FAIL: gcc.c-torture/unsorted/dump-noaddr.c.051t.fre, -O3 -fomit-frame-pointer comparison
FAIL: gcc.c-torture/unsorted/dump-noaddr.c.052t.dce2, -O3 -fomit-frame-pointer comparison
FAIL: gcc.c-torture/unsorted/dump-noaddr.c.053t.forwprop2, -O3 -fomit-frame-pointer comparison
FAIL: gcc.c-torture/unsorted/dump-noaddr.c.054t.copyprop2, -O3 -fomit-frame-pointer comparison
FAIL: gcc.c-torture/unsorted/dump-noaddr.c.055t.mergephi2, -O3 -fomit-frame-pointer comparison
FAIL: gcc.c-torture/unsorted/dump-noaddr.c.056t.vrp1, -O3 -fomit-frame-pointer comparison
FAIL: gcc.c-torture/unsorted/dump-noaddr.c.057t.dce3, -O3 -fomit-frame-pointer comparison
FAIL: gcc.c-torture/unsorted/dump-noaddr.c.058t.dom1, -O3 -fomit-frame-pointer comparison
FAIL: gcc.c-torture/unsorted/dump-noaddr.c.059t.phicprop1, -O3 -fomit-frame-pointer comparison
FAIL: gcc.c-torture/unsorted/dump-noaddr.c.060t.phiopt1, -O3 -fomit-frame-pointer comparison
FAIL: gcc.c-torture/unsorted/dump-noaddr.c.061t.alias2, -O3 -fomit-frame-pointer comparison
FAIL: gcc.c-torture/unsorted/dump-noaddr.c.062t.tailr2, -O3 -fomit-frame-pointer comparison
FAIL: gcc.c-torture/unsorted/dump-noaddr.c.063t.ch, -O3 -fomit-frame-pointer comparison
FAIL: gcc.c-torture/unsorted/dump-noaddr.c.065t.cplxlower, -O3 -fomit-frame-pointer comparison
FAIL: gcc.c-torture/unsorted/dump-noaddr.c.066t.sra, -O3 -fomit-frame-pointer comparison
FAIL: gcc.c-torture/unsorted/dump-noaddr.c.067t.alias3, -O3 -fomit-frame-pointer comparison
FAIL: gcc.c-torture/unsorted/dump-noaddr.c.068t.copyrename3, -O3 -fomit-frame-pointer comparison
FAIL: gcc.c-torture/unsorted/dump-noaddr.c.069t.dom2, -O3 -fomit-frame-pointer comparison
FAIL: gcc.c-torture/unsorted/dump-noaddr.c.070t.phicprop2, -O3 -fomit-frame-pointer comparison
FAIL: gcc.c-torture/unsorted/dump-noaddr.c.071t.reassoc1, -O3 -fomit-frame-pointer comparison
FAIL: gcc.c-torture/unsorted/dump-noaddr.c.072t.dce4, -O3 -fomit-frame-pointer comparison
FAIL: gcc.c-torture/unsorted/dump-noaddr.c.073t.dse1, -O3 -fomit-frame-pointer comparison
FAIL: gcc.c-torture/unsorted/dump-noaddr.c.074t.alias4, -O3 -fomit-frame-pointer comparison
FAIL: gcc.c-torture/unsorted/dump-noaddr.c.075t.forwprop3, -O3 -fomit-frame-pointer comparison
FAIL: gcc.c-torture/unsorted/dump-noaddr.c.076t.phiopt2, -O3 -fomit-frame-pointer comparison
FAIL: gcc.c-torture/unsorted/dump-noaddr.c.077t.objsz, -O3 -fomit-frame-pointer comparison
FAIL: gcc.c-torture/unsorted/dump-noaddr.c.078t.store_ccp, -O3 -fomit-frame-pointer comparison
FAIL: gcc.c-torture/unsorted/dump-noaddr.c.079t.store_copyprop, -O3 -fomit-frame-pointer comparison
FAIL: gcc.c-torture/unsorted/dump-noaddr.c.080t.fab, -O3 -fomit-frame-pointer comparison
FAIL: gcc.c-torture/unsorted/dump-noaddr.c.082t.alias5, -O3 -fomit-frame-pointer comparison
FAIL: gcc.c-torture/unsorted/dump-noaddr.c.083t.crited, -O3 -fomit-frame-pointer comparison
FAIL: gcc.c-torture/unsorted/dump-noaddr.c.084t.pre, -O3 -fomit-frame-pointer comparison
FAIL: gcc.c-torture/unsorted/dump-noaddr.c.085t.alias6, -O3 -fomit-frame-pointer comparison
FAIL: gcc.c-torture/unsorted/dump-noaddr.c.086t.sink, -O3 -fomit-frame-pointer comparison
FAIL: gcc.c-torture/unsorted/dump-noaddr.c.087t.loop, -O3 -fomit-frame-pointer comparison
FAIL: gcc.c-torture/unsorted/dump-noaddr.c.088t.loopinit, -O3 -fomit-frame-pointer comparison
FAIL: gcc.c-torture/unsorted/dump-noaddr.c.089t.copyprop3, -O3 -fomit-frame-pointer comparison
FAIL: gcc.c-torture/unsorted/dump-noaddr.c.090t.lim, -O3 -fomit-frame-pointer comparison
FAIL: gcc.c-torture/unsorted/dump-noaddr.c.091t.unswitch, -O3 -fomit-frame-pointer comparison
FAIL: gcc.c-torture/unsorted/dump-noaddr.c.092t.sccp, -O3 -fomit-frame-pointer comparison
FAIL: gcc.c-torture/unsorted/dump-noaddr.c.093t.empty, -O3 -fomit-frame-pointer comparison
FAIL: gcc.c-torture/unsorted/dump-noaddr.c.096t.ivcanon, -O3 -fomit-frame-pointer comparison
FAIL: gcc.c-torture/unsorted/dump-noaddr.c.101t.cunroll, -O3 -fomit-frame-pointer comparison
FAIL: gcc.c-torture/unsorted/dump-noaddr.c.103t.ivopts, -O3 -fomit-frame-pointer comparison
FAIL: gcc.c-torture/unsorted/dump-noaddr.c.104t.loopdone, -O3 -fomit-frame-pointer comparison
FAIL: gcc.c-torture/unsorted/dump-noaddr.c.106t.reassoc2, -O3 -fomit-frame-pointer comparison
FAIL: gcc.c-torture/unsorted/dump-noaddr.c.107t.vrp2, -O3 -fomit-frame-pointer comparison
FAIL: gcc.c-torture/unsorted/dump-noaddr.c.108t.dom3, -O3 -fomit-frame-pointer comparison
FAIL: gcc.c-torture/unsorted/dump-noaddr.c.109t.phicprop3, -O3 -fomit-frame-pointer comparison
FAIL: gcc.c-torture/unsorted/dump-noaddr.c.110t.cddce, -O3 -fomit-frame-pointer comparison
FAIL: gcc.c-torture/unsorted/dump-noaddr.c.111t.dse2, -O3 -fomit-frame-pointer comparison
FAIL: gcc.c-torture/unsorted/dump-noaddr.c.112t.forwprop4, -O3 -fomit-frame-pointer comparison
FAIL: gcc.c-torture/unsorted/dump-noaddr.c.113t.phiopt3, -O3 -fomit-frame-pointer comparison
FAIL: gcc.c-torture/unsorted/dump-noaddr.c.114t.tailc, -O3 -fomit-frame-pointer comparison
FAIL: gcc.c-torture/unsorted/dump-noaddr.c.115t.copyrename4, -O3 -fomit-frame-pointer comparison
FAIL: gcc.c-torture/unsorted/dump-noaddr.c.116t.uncprop, -O3 -fomit-frame-pointer comparison
FAIL: gcc.c-torture/unsorted/dump-noaddr.c.117t.optimized, -O3 -fomit-frame-pointer comparison
FAIL: gcc.c-torture/unsorted/dump-noaddr.c.118t.nrv, -O3 -fomit-frame-pointer comparison
FAIL: gcc.c-torture/unsorted/dump-noaddr.c.119t.blocks, -O3 -fomit-frame-pointer comparison
FAIL: gcc.c-torture/unsorted/dump-noaddr.c.120t.final_cleanup, -O3 -fomit-frame-pointer comparison
FAIL: gcc.c-torture/unsorted/dump-noaddr.c.122r.expand, -O3 -fomit-frame-pointer comparison
FAIL: gcc.c-torture/unsorted/dump-noaddr.c.123r.sibling, -O3 -fomit-frame-pointer comparison
FAIL: gcc.c-torture/unsorted/dump-noaddr.c.125r.initvals, -O3 -fomit-frame-pointer comparison
FAIL: gcc.c-torture/unsorted/dump-noaddr.c.126r.unshare, -O3 -fomit-frame-pointer comparison
FAIL: gcc.c-torture/unsorted/dump-noaddr.c.127r.vregs, -O3 -fomit-frame-pointer comparison
FAIL: gcc.c-torture/unsorted/dump-noaddr.c.128r.into_cfglayout, -O3 -fomit-frame-pointer comparison
FAIL: gcc.c-torture/unsorted/dump-noaddr.c.129r.jump, -O3 -fomit-frame-pointer comparison
FAIL: gcc.c-torture/unsorted/dump-noaddr.c.130r.subreg, -O3 -fomit-frame-pointer comparison
FAIL: gcc.c-torture/unsorted/dump-noaddr.c.131r.cse1, -O3 -fomit-frame-pointer comparison
FAIL: gcc.c-torture/unsorted/dump-noaddr.c.132r.fwprop1, -O3 -fomit-frame-pointer comparison
FAIL: gcc.c-torture/unsorted/dump-noaddr.c.133r.gcse1, -O3 -fomit-frame-pointer comparison
FAIL: gcc.c-torture/unsorted/dump-noaddr.c.134r.ce1, -O3 -fomit-frame-pointer comparison
FAIL: gcc.c-torture/unsorted/dump-noaddr.c.136r.loop2, -O3 -fomit-frame-pointer comparison
FAIL: gcc.c-torture/unsorted/dump-noaddr.c.137r.loop2_init, -O3 -fomit-frame-pointer comparison
FAIL: gcc.c-torture/unsorted/dump-noaddr.c.138r.loop2_invariant, -O3 -fomit-frame-pointer comparison
FAIL: gcc.c-torture/unsorted/dump-noaddr.c.139r.loop2_unswitch, -O3 -fomit-frame-pointer comparison
FAIL: gcc.c-torture/unsorted/dump-noaddr.c.142r.loop2_done, -O3 -fomit-frame-pointer comparison
FAIL: gcc.c-torture/unsorted/dump-noaddr.c.144r.bypass, -O3 -fomit-frame-pointer comparison
FAIL: gcc.c-torture/unsorted/dump-noaddr.c.145r.cse2, -O3 -fomit-frame-pointer comparison
FAIL: gcc.c-torture/unsorted/dump-noaddr.c.146r.fwprop2, -O3 -fomit-frame-pointer comparison
FAIL: gcc.c-torture/unsorted/dump-noaddr.c.147r.outof_cfglayout, -O3 -fomit-frame-pointer comparison
FAIL: gcc.c-torture/unsorted/dump-noaddr.c.148r.life1, -O3 -fomit-frame-pointer comparison
FAIL: gcc.c-torture/unsorted/dump-noaddr.c.149r.combine, -O3 -fomit-frame-pointer comparison
FAIL: gcc.c-torture/unsorted/dump-noaddr.c.150r.ce2, -O3 -fomit-frame-pointer comparison
FAIL: gcc.c-torture/unsorted/dump-noaddr.c.152r.regmove, -O3 -fomit-frame-pointer comparison
FAIL: gcc.c-torture/unsorted/dump-noaddr.c.153r.split1, -O3 -fomit-frame-pointer comparison
FAIL: gcc.c-torture/unsorted/dump-noaddr.c.154r.subreg2, -O3 -fomit-frame-pointer comparison
FAIL: gcc.c-torture/unsorted/dump-noaddr.c.157r.life2, -O3 -fomit-frame-pointer comparison
FAIL: gcc.c-torture/unsorted/dump-noaddr.c.160r.lreg, -O3 -fomit-frame-pointer comparison
FAIL: gcc.c-torture/unsorted/dump-noaddr.c.161r.greg, -O3 -fomit-frame-pointer comparison
FAIL: gcc.c-torture/unsorted/dump-noaddr.c.162r.postreload, -O3 -fomit-frame-pointer comparison
FAIL: gcc.c-torture/unsorted/dump-noaddr.c.163r.gcse2, -O3 -fomit-frame-pointer comparison
FAIL: gcc.c-torture/unsorted/dump-noaddr.c.164r.flow2, -O3 -fomit-frame-pointer comparison
FAIL: gcc.c-torture/unsorted/dump-noaddr.c.166r.csa, -O3 -fomit-frame-pointer comparison
FAIL: gcc.c-torture/unsorted/dump-noaddr.c.167r.peephole2, -O3 -fomit-frame-pointer comparison
FAIL: gcc.c-torture/unsorted/dump-noaddr.c.168r.ce3, -O3 -fomit-frame-pointer comparison
FAIL: gcc.c-torture/unsorted/dump-noaddr.c.169r.rnreg, -O3 -fomit-frame-pointer comparison
FAIL: gcc.c-torture/unsorted/dump-noaddr.c.170r.bbro, -O3 -fomit-frame-pointer comparison
FAIL: gcc.c-torture/unsorted/dump-noaddr.c.175r.compgotos, -O3 -fomit-frame-pointer comparison
FAIL: gcc.c-torture/unsorted/dump-noaddr.c.177r.mach, -O3 -fomit-frame-pointer comparison
FAIL: gcc.c-torture/unsorted/dump-noaddr.c.178r.barriers, -O3 -fomit-frame-pointer comparison
FAIL: gcc.c-torture/unsorted/dump-noaddr.c.181r.eh-ranges, -O3 -fomit-frame-pointer comparison
FAIL: gcc.c-torture/unsorted/dump-noaddr.c.182r.shorten, -O3 -fomit-frame-pointer comparison
FAIL: gcc.c-torture/unsorted/dump-noaddr.c.001t.tu, -O3 -fomit-frame-pointer -funroll-loops comparison
FAIL: gcc.c-torture/unsorted/dump-noaddr.c.003t.original, -O3 -fomit-frame-pointer -funroll-loops comparison
FAIL: gcc.c-torture/unsorted/dump-noaddr.c.004t.gimple, -O3 -fomit-frame-pointer -funroll-loops comparison
FAIL: gcc.c-torture/unsorted/dump-noaddr.c.008t.useless, -O3 -fomit-frame-pointer -funroll-loops comparison
FAIL: gcc.c-torture/unsorted/dump-noaddr.c.011t.lower, -O3 -fomit-frame-pointer -funroll-loops comparison
FAIL: gcc.c-torture/unsorted/dump-noaddr.c.012t.eh, -O3 -fomit-frame-pointer -funroll-loops comparison
FAIL: gcc.c-torture/unsorted/dump-noaddr.c.013t.cfg, -O3 -fomit-frame-pointer -funroll-loops comparison
FAIL: gcc.c-torture/unsorted/dump-noaddr.c.015t.veclower, -O3 -fomit-frame-pointer -funroll-loops comparison
FAIL: gcc.c-torture/unsorted/dump-noaddr.c.021t.cleanup_cfg1, -O3 -fomit-frame-pointer -funroll-loops comparison
FAIL: gcc.c-torture/unsorted/dump-noaddr.c.024t.ssa, -O3 -fomit-frame-pointer -funroll-loops comparison
FAIL: gcc.c-torture/unsorted/dump-noaddr.c.025t.einline2, -O3 -fomit-frame-pointer -funroll-loops comparison
FAIL: gcc.c-torture/unsorted/dump-noaddr.c.026t.cleanup_cfg2, -O3 -fomit-frame-pointer -funroll-loops comparison
FAIL: gcc.c-torture/unsorted/dump-noaddr.c.027t.copyrename1, -O3 -fomit-frame-pointer -funroll-loops comparison
FAIL: gcc.c-torture/unsorted/dump-noaddr.c.028t.ccp1, -O3 -fomit-frame-pointer -funroll-loops comparison
FAIL: gcc.c-torture/unsorted/dump-noaddr.c.029t.forwprop1, -O3 -fomit-frame-pointer -funroll-loops comparison
FAIL: gcc.c-torture/unsorted/dump-noaddr.c.030t.esra, -O3 -fomit-frame-pointer -funroll-loops comparison
FAIL: gcc.c-torture/unsorted/dump-noaddr.c.031t.copyprop1, -O3 -fomit-frame-pointer -funroll-loops comparison
FAIL: gcc.c-torture/unsorted/dump-noaddr.c.032t.mergephi1, -O3 -fomit-frame-pointer -funroll-loops comparison
FAIL: gcc.c-torture/unsorted/dump-noaddr.c.033t.dce1, -O3 -fomit-frame-pointer -funroll-loops comparison
FAIL: gcc.c-torture/unsorted/dump-noaddr.c.034t.tailr1, -O3 -fomit-frame-pointer -funroll-loops comparison
FAIL: gcc.c-torture/unsorted/dump-noaddr.c.044t.apply_inline, -O3 -fomit-frame-pointer -funroll-loops comparison
FAIL: gcc.c-torture/unsorted/dump-noaddr.c.045t.salias, -O3 -fomit-frame-pointer -funroll-loops comparison
FAIL: gcc.c-torture/unsorted/dump-noaddr.c.046t.alias1, -O3 -fomit-frame-pointer -funroll-loops comparison
FAIL: gcc.c-torture/unsorted/dump-noaddr.c.048t.copyrename2, -O3 -fomit-frame-pointer -funroll-loops comparison
FAIL: gcc.c-torture/unsorted/dump-noaddr.c.049t.ccp2, -O3 -fomit-frame-pointer -funroll-loops comparison
FAIL: gcc.c-torture/unsorted/dump-noaddr.c.050t.phiprop, -O3 -fomit-frame-pointer -funroll-loops comparison
FAIL: gcc.c-torture/unsorted/dump-noaddr.c.051t.fre, -O3 -fomit-frame-pointer -funroll-loops comparison
FAIL: gcc.c-torture/unsorted/dump-noaddr.c.052t.dce2, -O3 -fomit-frame-pointer -funroll-loops comparison
FAIL: gcc.c-torture/unsorted/dump-noaddr.c.053t.forwprop2, -O3 -fomit-frame-pointer -funroll-loops comparison
FAIL: gcc.c-torture/unsorted/dump-noaddr.c.054t.copyprop2, -O3 -fomit-frame-pointer -funroll-loops comparison
FAIL: gcc.c-torture/unsorted/dump-noaddr.c.055t.mergephi2, -O3 -fomit-frame-pointer -funroll-loops comparison
FAIL: gcc.c-torture/unsorted/dump-noaddr.c.056t.vrp1, -O3 -fomit-frame-pointer -funroll-loops comparison
FAIL: gcc.c-torture/unsorted/dump-noaddr.c.057t.dce3, -O3 -fomit-frame-pointer -funroll-loops comparison
FAIL: gcc.c-torture/unsorted/dump-noaddr.c.058t.dom1, -O3 -fomit-frame-pointer -funroll-loops comparison
FAIL: gcc.c-torture/unsorted/dump-noaddr.c.059t.phicprop1, -O3 -fomit-frame-pointer -funroll-loops comparison
FAIL: gcc.c-torture/unsorted/dump-noaddr.c.060t.phiopt1, -O3 -fomit-frame-pointer -funroll-loops comparison
FAIL: gcc.c-torture/unsorted/dump-noaddr.c.061t.alias2, -O3 -fomit-frame-pointer -funroll-loops comparison
FAIL: gcc.c-torture/unsorted/dump-noaddr.c.062t.tailr2, -O3 -fomit-frame-pointer -funroll-loops comparison
FAIL: gcc.c-torture/unsorted/dump-noaddr.c.063t.ch, -O3 -fomit-frame-pointer -funroll-loops comparison
FAIL: gcc.c-torture/unsorted/dump-noaddr.c.065t.cplxlower, -O3 -fomit-frame-pointer -funroll-loops comparison
FAIL: gcc.c-torture/unsorted/dump-noaddr.c.066t.sra, -O3 -fomit-frame-pointer -funroll-loops comparison
FAIL: gcc.c-torture/unsorted/dump-noaddr.c.067t.alias3, -O3 -fomit-frame-pointer -funroll-loops comparison
FAIL: gcc.c-torture/unsorted/dump-noaddr.c.068t.copyrename3, -O3 -fomit-frame-pointer -funroll-loops comparison
FAIL: gcc.c-torture/unsorted/dump-noaddr.c.069t.dom2, -O3 -fomit-frame-pointer -funroll-loops comparison
FAIL: gcc.c-torture/unsorted/dump-noaddr.c.070t.phicprop2, -O3 -fomit-frame-pointer -funroll-loops comparison
FAIL: gcc.c-torture/unsorted/dump-noaddr.c.071t.reassoc1, -O3 -fomit-frame-pointer -funroll-loops comparison
FAIL: gcc.c-torture/unsorted/dump-noaddr.c.072t.dce4, -O3 -fomit-frame-pointer -funroll-loops comparison
FAIL: gcc.c-torture/unsorted/dump-noaddr.c.073t.dse1, -O3 -fomit-frame-pointer -funroll-loops comparison
FAIL: gcc.c-torture/unsorted/dump-noaddr.c.074t.alias4, -O3 -fomit-frame-pointer -funroll-loops comparison
FAIL: gcc.c-torture/unsorted/dump-noaddr.c.075t.forwprop3, -O3 -fomit-frame-pointer -funroll-loops comparison
FAIL: gcc.c-torture/unsorted/dump-noaddr.c.076t.phiopt2, -O3 -fomit-frame-pointer -funroll-loops comparison
FAIL: gcc.c-torture/unsorted/dump-noaddr.c.077t.objsz, -O3 -fomit-frame-pointer -funroll-loops comparison
FAIL: gcc.c-torture/unsorted/dump-noaddr.c.078t.store_ccp, -O3 -fomit-frame-pointer -funroll-loops comparison
FAIL: gcc.c-torture/unsorted/dump-noaddr.c.079t.store_copyprop, -O3 -fomit-frame-pointer -funroll-loops comparison
FAIL: gcc.c-torture/unsorted/dump-noaddr.c.080t.fab, -O3 -fomit-frame-pointer -funroll-loops comparison
FAIL: gcc.c-torture/unsorted/dump-noaddr.c.082t.alias5, -O3 -fomit-frame-pointer -funroll-loops comparison
FAIL: gcc.c-torture/unsorted/dump-noaddr.c.083t.crited, -O3 -fomit-frame-pointer -funroll-loops comparison
FAIL: gcc.c-torture/unsorted/dump-noaddr.c.084t.pre, -O3 -fomit-frame-pointer -funroll-loops comparison
FAIL: gcc.c-torture/unsorted/dump-noaddr.c.085t.alias6, -O3 -fomit-frame-pointer -funroll-loops comparison
FAIL: gcc.c-torture/unsorted/dump-noaddr.c.086t.sink, -O3 -fomit-frame-pointer -funroll-loops comparison
FAIL: gcc.c-torture/unsorted/dump-noaddr.c.087t.loop, -O3 -fomit-frame-pointer -funroll-loops comparison
FAIL: gcc.c-torture/unsorted/dump-noaddr.c.088t.loopinit, -O3 -fomit-frame-pointer -funroll-loops comparison
FAIL: gcc.c-torture/unsorted/dump-noaddr.c.089t.copyprop3, -O3 -fomit-frame-pointer -funroll-loops comparison
FAIL: gcc.c-torture/unsorted/dump-noaddr.c.090t.lim, -O3 -fomit-frame-pointer -funroll-loops comparison
FAIL: gcc.c-torture/unsorted/dump-noaddr.c.091t.unswitch, -O3 -fomit-frame-pointer -funroll-loops comparison
FAIL: gcc.c-torture/unsorted/dump-noaddr.c.092t.sccp, -O3 -fomit-frame-pointer -funroll-loops comparison
FAIL: gcc.c-torture/unsorted/dump-noaddr.c.093t.empty, -O3 -fomit-frame-pointer -funroll-loops comparison
FAIL: gcc.c-torture/unsorted/dump-noaddr.c.096t.ivcanon, -O3 -fomit-frame-pointer -funroll-loops comparison
FAIL: gcc.c-torture/unsorted/dump-noaddr.c.101t.cunroll, -O3 -fomit-frame-pointer -funroll-loops comparison
FAIL: gcc.c-torture/unsorted/dump-noaddr.c.103t.ivopts, -O3 -fomit-frame-pointer -funroll-loops comparison
FAIL: gcc.c-torture/unsorted/dump-noaddr.c.104t.loopdone, -O3 -fomit-frame-pointer -funroll-loops comparison
FAIL: gcc.c-torture/unsorted/dump-noaddr.c.106t.reassoc2, -O3 -fomit-frame-pointer -funroll-loops comparison
FAIL: gcc.c-torture/unsorted/dump-noaddr.c.107t.vrp2, -O3 -fomit-frame-pointer -funroll-loops comparison
FAIL: gcc.c-torture/unsorted/dump-noaddr.c.108t.dom3, -O3 -fomit-frame-pointer -funroll-loops comparison
FAIL: gcc.c-torture/unsorted/dump-noaddr.c.109t.phicprop3, -O3 -fomit-frame-pointer -funroll-loops comparison
FAIL: gcc.c-torture/unsorted/dump-noaddr.c.110t.cddce, -O3 -fomit-frame-pointer -funroll-loops comparison
FAIL: gcc.c-torture/unsorted/dump-noaddr.c.111t.dse2, -O3 -fomit-frame-pointer -funroll-loops comparison
FAIL: gcc.c-torture/unsorted/dump-noaddr.c.112t.forwprop4, -O3 -fomit-frame-pointer -funroll-loops comparison
FAIL: gcc.c-torture/unsorted/dump-noaddr.c.113t.phiopt3, -O3 -fomit-frame-pointer -funroll-loops comparison
FAIL: gcc.c-torture/unsorted/dump-noaddr.c.114t.tailc, -O3 -fomit-frame-pointer -funroll-loops comparison
FAIL: gcc.c-torture/unsorted/dump-noaddr.c.115t.copyrename4, -O3 -fomit-frame-pointer -funroll-loops comparison
FAIL: gcc.c-torture/unsorted/dump-noaddr.c.116t.uncprop, -O3 -fomit-frame-pointer -funroll-loops comparison
FAIL: gcc.c-torture/unsorted/dump-noaddr.c.117t.optimized, -O3 -fomit-frame-pointer -funroll-loops comparison
FAIL: gcc.c-torture/unsorted/dump-noaddr.c.118t.nrv, -O3 -fomit-frame-pointer -funroll-loops comparison
FAIL: gcc.c-torture/unsorted/dump-noaddr.c.119t.blocks, -O3 -fomit-frame-pointer -funroll-loops comparison
FAIL: gcc.c-torture/unsorted/dump-noaddr.c.120t.final_cleanup, -O3 -fomit-frame-pointer -funroll-loops comparison
FAIL: gcc.c-torture/unsorted/dump-noaddr.c.122r.expand, -O3 -fomit-frame-pointer -funroll-loops comparison
FAIL: gcc.c-torture/unsorted/dump-noaddr.c.123r.sibling, -O3 -fomit-frame-pointer -funroll-loops comparison
FAIL: gcc.c-torture/unsorted/dump-noaddr.c.125r.initvals, -O3 -fomit-frame-pointer -funroll-loops comparison
FAIL: gcc.c-torture/unsorted/dump-noaddr.c.126r.unshare, -O3 -fomit-frame-pointer -funroll-loops comparison
FAIL: gcc.c-torture/unsorted/dump-noaddr.c.127r.vregs, -O3 -fomit-frame-pointer -funroll-loops comparison
FAIL: gcc.c-torture/unsorted/dump-noaddr.c.128r.into_cfglayout, -O3 -fomit-frame-pointer -funroll-loops comparison
FAIL: gcc.c-torture/unsorted/dump-noaddr.c.129r.jump, -O3 -fomit-frame-pointer -funroll-loops comparison
FAIL: gcc.c-torture/unsorted/dump-noaddr.c.130r.subreg, -O3 -fomit-frame-pointer -funroll-loops comparison
FAIL: gcc.c-torture/unsorted/dump-noaddr.c.131r.cse1, -O3 -fomit-frame-pointer -funroll-loops comparison
FAIL: gcc.c-torture/unsorted/dump-noaddr.c.132r.fwprop1, -O3 -fomit-frame-pointer -funroll-loops comparison
FAIL: gcc.c-torture/unsorted/dump-noaddr.c.133r.gcse1, -O3 -fomit-frame-pointer -funroll-loops comparison
FAIL: gcc.c-torture/unsorted/dump-noaddr.c.134r.ce1, -O3 -fomit-frame-pointer -funroll-loops comparison
FAIL: gcc.c-torture/unsorted/dump-noaddr.c.136r.loop2, -O3 -fomit-frame-pointer -funroll-loops comparison
FAIL: gcc.c-torture/unsorted/dump-noaddr.c.137r.loop2_init, -O3 -fomit-frame-pointer -funroll-loops comparison
FAIL: gcc.c-torture/unsorted/dump-noaddr.c.138r.loop2_invariant, -O3 -fomit-frame-pointer -funroll-loops comparison
FAIL: gcc.c-torture/unsorted/dump-noaddr.c.139r.loop2_unswitch, -O3 -fomit-frame-pointer -funroll-loops comparison
FAIL: gcc.c-torture/unsorted/dump-noaddr.c.140r.loop2_unroll, -O3 -fomit-frame-pointer -funroll-loops comparison
FAIL: gcc.c-torture/unsorted/dump-noaddr.c.142r.loop2_done, -O3 -fomit-frame-pointer -funroll-loops comparison
FAIL: gcc.c-torture/unsorted/dump-noaddr.c.144r.bypass, -O3 -fomit-frame-pointer -funroll-loops comparison
FAIL: gcc.c-torture/unsorted/dump-noaddr.c.145r.cse2, -O3 -fomit-frame-pointer -funroll-loops comparison
FAIL: gcc.c-torture/unsorted/dump-noaddr.c.146r.fwprop2, -O3 -fomit-frame-pointer -funroll-loops comparison
FAIL: gcc.c-torture/unsorted/dump-noaddr.c.147r.outof_cfglayout, -O3 -fomit-frame-pointer -funroll-loops comparison
FAIL: gcc.c-torture/unsorted/dump-noaddr.c.148r.life1, -O3 -fomit-frame-pointer -funroll-loops comparison
FAIL: gcc.c-torture/unsorted/dump-noaddr.c.149r.combine, -O3 -fomit-frame-pointer -funroll-loops comparison
FAIL: gcc.c-torture/unsorted/dump-noaddr.c.150r.ce2, -O3 -fomit-frame-pointer -funroll-loops comparison
FAIL: gcc.c-torture/unsorted/dump-noaddr.c.152r.regmove, -O3 -fomit-frame-pointer -funroll-loops comparison
FAIL: gcc.c-torture/unsorted/dump-noaddr.c.153r.split1, -O3 -fomit-frame-pointer -funroll-loops comparison
FAIL: gcc.c-torture/unsorted/dump-noaddr.c.154r.subreg2, -O3 -fomit-frame-pointer -funroll-loops comparison
FAIL: gcc.c-torture/unsorted/dump-noaddr.c.157r.life2, -O3 -fomit-frame-pointer -funroll-loops comparison
FAIL: gcc.c-torture/unsorted/dump-noaddr.c.160r.lreg, -O3 -fomit-frame-pointer -funroll-loops comparison
FAIL: gcc.c-torture/unsorted/dump-noaddr.c.161r.greg, -O3 -fomit-frame-pointer -funroll-loops comparison
FAIL: gcc.c-torture/unsorted/dump-noaddr.c.162r.postreload, -O3 -fomit-frame-pointer -funroll-loops comparison
FAIL: gcc.c-torture/unsorted/dump-noaddr.c.163r.gcse2, -O3 -fomit-frame-pointer -funroll-loops comparison
FAIL: gcc.c-torture/unsorted/dump-noaddr.c.164r.flow2, -O3 -fomit-frame-pointer -funroll-loops comparison
FAIL: gcc.c-torture/unsorted/dump-noaddr.c.166r.csa, -O3 -fomit-frame-pointer -funroll-loops comparison
FAIL: gcc.c-torture/unsorted/dump-noaddr.c.167r.peephole2, -O3 -fomit-frame-pointer -funroll-loops comparison
FAIL: gcc.c-torture/unsorted/dump-noaddr.c.168r.ce3, -O3 -fomit-frame-pointer -funroll-loops comparison
FAIL: gcc.c-torture/unsorted/dump-noaddr.c.169r.rnreg, -O3 -fomit-frame-pointer -funroll-loops comparison
FAIL: gcc.c-torture/unsorted/dump-noaddr.c.170r.bbro, -O3 -fomit-frame-pointer -funroll-loops comparison
FAIL: gcc.c-torture/unsorted/dump-noaddr.c.175r.compgotos, -O3 -fomit-frame-pointer -funroll-loops comparison
FAIL: gcc.c-torture/unsorted/dump-noaddr.c.177r.mach, -O3 -fomit-frame-pointer -funroll-loops comparison
FAIL: gcc.c-torture/unsorted/dump-noaddr.c.178r.barriers, -O3 -fomit-frame-pointer -funroll-loops comparison
FAIL: gcc.c-torture/unsorted/dump-noaddr.c.181r.eh-ranges, -O3 -fomit-frame-pointer -funroll-loops comparison
FAIL: gcc.c-torture/unsorted/dump-noaddr.c.182r.shorten, -O3 -fomit-frame-pointer -funroll-loops comparison
FAIL: gcc.c-torture/unsorted/dump-noaddr.c.001t.tu, -O3 -fomit-frame-pointer -funroll-all-loops -finline-functions comparison
FAIL: gcc.c-torture/unsorted/dump-noaddr.c.003t.original, -O3 -fomit-frame-pointer -funroll-all-loops -finline-functions comparison
FAIL: gcc.c-torture/unsorted/dump-noaddr.c.004t.gimple, -O3 -fomit-frame-pointer -funroll-all-loops -finline-functions comparison
FAIL: gcc.c-torture/unsorted/dump-noaddr.c.008t.useless, -O3 -fomit-frame-pointer -funroll-all-loops -finline-functions comparison
FAIL: gcc.c-torture/unsorted/dump-noaddr.c.011t.lower, -O3 -fomit-frame-pointer -funroll-all-loops -finline-functions comparison
FAIL: gcc.c-torture/unsorted/dump-noaddr.c.012t.eh, -O3 -fomit-frame-pointer -funroll-all-loops -finline-functions comparison
FAIL: gcc.c-torture/unsorted/dump-noaddr.c.013t.cfg, -O3 -fomit-frame-pointer -funroll-all-loops -finline-functions comparison
FAIL: gcc.c-torture/unsorted/dump-noaddr.c.015t.veclower, -O3 -fomit-frame-pointer -funroll-all-loops -finline-functions comparison
FAIL: gcc.c-torture/unsorted/dump-noaddr.c.021t.cleanup_cfg1, -O3 -fomit-frame-pointer -funroll-all-loops -finline-functions comparison
FAIL: gcc.c-torture/unsorted/dump-noaddr.c.024t.ssa, -O3 -fomit-frame-pointer -funroll-all-loops -finline-functions comparison
FAIL: gcc.c-torture/unsorted/dump-noaddr.c.025t.einline2, -O3 -fomit-frame-pointer -funroll-all-loops -finline-functions comparison
FAIL: gcc.c-torture/unsorted/dump-noaddr.c.026t.cleanup_cfg2, -O3 -fomit-frame-pointer -funroll-all-loops -finline-functions comparison
FAIL: gcc.c-torture/unsorted/dump-noaddr.c.027t.copyrename1, -O3 -fomit-frame-pointer -funroll-all-loops -finline-functions comparison
FAIL: gcc.c-torture/unsorted/dump-noaddr.c.028t.ccp1, -O3 -fomit-frame-pointer -funroll-all-loops -finline-functions comparison
FAIL: gcc.c-torture/unsorted/dump-noaddr.c.029t.forwprop1, -O3 -fomit-frame-pointer -funroll-all-loops -finline-functions comparison
FAIL: gcc.c-torture/unsorted/dump-noaddr.c.030t.esra, -O3 -fomit-frame-pointer -funroll-all-loops -finline-functions comparison
FAIL: gcc.c-torture/unsorted/dump-noaddr.c.031t.copyprop1, -O3 -fomit-frame-pointer -funroll-all-loops -finline-functions comparison
FAIL: gcc.c-torture/unsorted/dump-noaddr.c.032t.mergephi1, -O3 -fomit-frame-pointer -funroll-all-loops -finline-functions comparison
FAIL: gcc.c-torture/unsorted/dump-noaddr.c.033t.dce1, -O3 -fomit-frame-pointer -funroll-all-loops -finline-functions comparison
FAIL: gcc.c-torture/unsorted/dump-noaddr.c.034t.tailr1, -O3 -fomit-frame-pointer -funroll-all-loops -finline-functions comparison
FAIL: gcc.c-torture/unsorted/dump-noaddr.c.044t.apply_inline, -O3 -fomit-frame-pointer -funroll-all-loops -finline-functions comparison
FAIL: gcc.c-torture/unsorted/dump-noaddr.c.045t.salias, -O3 -fomit-frame-pointer -funroll-all-loops -finline-functions comparison
FAIL: gcc.c-torture/unsorted/dump-noaddr.c.046t.alias1, -O3 -fomit-frame-pointer -funroll-all-loops -finline-functions comparison
FAIL: gcc.c-torture/unsorted/dump-noaddr.c.048t.copyrename2, -O3 -fomit-frame-pointer -funroll-all-loops -finline-functions comparison
FAIL: gcc.c-torture/unsorted/dump-noaddr.c.049t.ccp2, -O3 -fomit-frame-pointer -funroll-all-loops -finline-functions comparison
FAIL: gcc.c-torture/unsorted/dump-noaddr.c.050t.phiprop, -O3 -fomit-frame-pointer -funroll-all-loops -finline-functions comparison
FAIL: gcc.c-torture/unsorted/dump-noaddr.c.051t.fre, -O3 -fomit-frame-pointer -funroll-all-loops -finline-functions comparison
FAIL: gcc.c-torture/unsorted/dump-noaddr.c.052t.dce2, -O3 -fomit-frame-pointer -funroll-all-loops -finline-functions comparison
FAIL: gcc.c-torture/unsorted/dump-noaddr.c.053t.forwprop2, -O3 -fomit-frame-pointer -funroll-all-loops -finline-functions comparison
FAIL: gcc.c-torture/unsorted/dump-noaddr.c.054t.copyprop2, -O3 -fomit-frame-pointer -funroll-all-loops -finline-functions comparison
FAIL: gcc.c-torture/unsorted/dump-noaddr.c.055t.mergephi2, -O3 -fomit-frame-pointer -funroll-all-loops -finline-functions comparison
FAIL: gcc.c-torture/unsorted/dump-noaddr.c.056t.vrp1, -O3 -fomit-frame-pointer -funroll-all-loops -finline-functions comparison
FAIL: gcc.c-torture/unsorted/dump-noaddr.c.057t.dce3, -O3 -fomit-frame-pointer -funroll-all-loops -finline-functions comparison
FAIL: gcc.c-torture/unsorted/dump-noaddr.c.058t.dom1, -O3 -fomit-frame-pointer -funroll-all-loops -finline-functions comparison
FAIL: gcc.c-torture/unsorted/dump-noaddr.c.059t.phicprop1, -O3 -fomit-frame-pointer -funroll-all-loops -finline-functions comparison
FAIL: gcc.c-torture/unsorted/dump-noaddr.c.060t.phiopt1, -O3 -fomit-frame-pointer -funroll-all-loops -finline-functions comparison
FAIL: gcc.c-torture/unsorted/dump-noaddr.c.061t.alias2, -O3 -fomit-frame-pointer -funroll-all-loops -finline-functions comparison
FAIL: gcc.c-torture/unsorted/dump-noaddr.c.062t.tailr2, -O3 -fomit-frame-pointer -funroll-all-loops -finline-functions comparison
FAIL: gcc.c-torture/unsorted/dump-noaddr.c.063t.ch, -O3 -fomit-frame-pointer -funroll-all-loops -finline-functions comparison
FAIL: gcc.c-torture/unsorted/dump-noaddr.c.065t.cplxlower, -O3 -fomit-frame-pointer -funroll-all-loops -finline-functions comparison
FAIL: gcc.c-torture/unsorted/dump-noaddr.c.066t.sra, -O3 -fomit-frame-pointer -funroll-all-loops -finline-functions comparison
FAIL: gcc.c-torture/unsorted/dump-noaddr.c.067t.alias3, -O3 -fomit-frame-pointer -funroll-all-loops -finline-functions comparison
FAIL: gcc.c-torture/unsorted/dump-noaddr.c.068t.copyrename3, -O3 -fomit-frame-pointer -funroll-all-loops -finline-functions comparison
FAIL: gcc.c-torture/unsorted/dump-noaddr.c.069t.dom2, -O3 -fomit-frame-pointer -funroll-all-loops -finline-functions comparison
FAIL: gcc.c-torture/unsorted/dump-noaddr.c.070t.phicprop2, -O3 -fomit-frame-pointer -funroll-all-loops -finline-functions comparison
FAIL: gcc.c-torture/unsorted/dump-noaddr.c.071t.reassoc1, -O3 -fomit-frame-pointer -funroll-all-loops -finline-functions comparison
FAIL: gcc.c-torture/unsorted/dump-noaddr.c.072t.dce4, -O3 -fomit-frame-pointer -funroll-all-loops -finline-functions comparison
FAIL: gcc.c-torture/unsorted/dump-noaddr.c.073t.dse1, -O3 -fomit-frame-pointer -funroll-all-loops -finline-functions comparison
FAIL: gcc.c-torture/unsorted/dump-noaddr.c.074t.alias4, -O3 -fomit-frame-pointer -funroll-all-loops -finline-functions comparison
FAIL: gcc.c-torture/unsorted/dump-noaddr.c.075t.forwprop3, -O3 -fomit-frame-pointer -funroll-all-loops -finline-functions comparison
FAIL: gcc.c-torture/unsorted/dump-noaddr.c.076t.phiopt2, -O3 -fomit-frame-pointer -funroll-all-loops -finline-functions comparison
FAIL: gcc.c-torture/unsorted/dump-noaddr.c.077t.objsz, -O3 -fomit-frame-pointer -funroll-all-loops -finline-functions comparison
FAIL: gcc.c-torture/unsorted/dump-noaddr.c.078t.store_ccp, -O3 -fomit-frame-pointer -funroll-all-loops -finline-functions comparison
FAIL: gcc.c-torture/unsorted/dump-noaddr.c.079t.store_copyprop, -O3 -fomit-frame-pointer -funroll-all-loops -finline-functions comparison
FAIL: gcc.c-torture/unsorted/dump-noaddr.c.080t.fab, -O3 -fomit-frame-pointer -funroll-all-loops -finline-functions comparison
FAIL: gcc.c-torture/unsorted/dump-noaddr.c.082t.alias5, -O3 -fomit-frame-pointer -funroll-all-loops -finline-functions comparison
FAIL: gcc.c-torture/unsorted/dump-noaddr.c.083t.crited, -O3 -fomit-frame-pointer -funroll-all-loops -finline-functions comparison
FAIL: gcc.c-torture/unsorted/dump-noaddr.c.084t.pre, -O3 -fomit-frame-pointer -funroll-all-loops -finline-functions comparison
FAIL: gcc.c-torture/unsorted/dump-noaddr.c.085t.alias6, -O3 -fomit-frame-pointer -funroll-all-loops -finline-functions comparison
FAIL: gcc.c-torture/unsorted/dump-noaddr.c.086t.sink, -O3 -fomit-frame-pointer -funroll-all-loops -finline-functions comparison
FAIL: gcc.c-torture/unsorted/dump-noaddr.c.087t.loop, -O3 -fomit-frame-pointer -funroll-all-loops -finline-functions comparison
FAIL: gcc.c-torture/unsorted/dump-noaddr.c.088t.loopinit, -O3 -fomit-frame-pointer -funroll-all-loops -finline-functions comparison
FAIL: gcc.c-torture/unsorted/dump-noaddr.c.089t.copyprop3, -O3 -fomit-frame-pointer -funroll-all-loops -finline-functions comparison
FAIL: gcc.c-torture/unsorted/dump-noaddr.c.090t.lim, -O3 -fomit-frame-pointer -funroll-all-loops -finline-functions comparison
FAIL: gcc.c-torture/unsorted/dump-noaddr.c.091t.unswitch, -O3 -fomit-frame-pointer -funroll-all-loops -finline-functions comparison
FAIL: gcc.c-torture/unsorted/dump-noaddr.c.092t.sccp, -O3 -fomit-frame-pointer -funroll-all-loops -finline-functions comparison
FAIL: gcc.c-torture/unsorted/dump-noaddr.c.093t.empty, -O3 -fomit-frame-pointer -funroll-all-loops -finline-functions comparison
FAIL: gcc.c-torture/unsorted/dump-noaddr.c.096t.ivcanon, -O3 -fomit-frame-pointer -funroll-all-loops -finline-functions comparison
FAIL: gcc.c-torture/unsorted/dump-noaddr.c.101t.cunroll, -O3 -fomit-frame-pointer -funroll-all-loops -finline-functions comparison
FAIL: gcc.c-torture/unsorted/dump-noaddr.c.103t.ivopts, -O3 -fomit-frame-pointer -funroll-all-loops -finline-functions comparison
FAIL: gcc.c-torture/unsorted/dump-noaddr.c.104t.loopdone, -O3 -fomit-frame-pointer -funroll-all-loops -finline-functions comparison
FAIL: gcc.c-torture/unsorted/dump-noaddr.c.106t.reassoc2, -O3 -fomit-frame-pointer -funroll-all-loops -finline-functions comparison
FAIL: gcc.c-torture/unsorted/dump-noaddr.c.107t.vrp2, -O3 -fomit-frame-pointer -funroll-all-loops -finline-functions comparison
FAIL: gcc.c-torture/unsorted/dump-noaddr.c.108t.dom3, -O3 -fomit-frame-pointer -funroll-all-loops -finline-functions comparison
FAIL: gcc.c-torture/unsorted/dump-noaddr.c.109t.phicprop3, -O3 -fomit-frame-pointer -funroll-all-loops -finline-functions comparison
FAIL: gcc.c-torture/unsorted/dump-noaddr.c.110t.cddce, -O3 -fomit-frame-pointer -funroll-all-loops -finline-functions comparison
FAIL: gcc.c-torture/unsorted/dump-noaddr.c.111t.dse2, -O3 -fomit-frame-pointer -funroll-all-loops -finline-functions comparison
FAIL: gcc.c-torture/unsorted/dump-noaddr.c.112t.forwprop4, -O3 -fomit-frame-pointer -funroll-all-loops -finline-functions comparison
FAIL: gcc.c-torture/unsorted/dump-noaddr.c.113t.phiopt3, -O3 -fomit-frame-pointer -funroll-all-loops -finline-functions comparison
FAIL: gcc.c-torture/unsorted/dump-noaddr.c.114t.tailc, -O3 -fomit-frame-pointer -funroll-all-loops -finline-functions comparison
FAIL: gcc.c-torture/unsorted/dump-noaddr.c.115t.copyrename4, -O3 -fomit-frame-pointer -funroll-all-loops -finline-functions comparison
FAIL: gcc.c-torture/unsorted/dump-noaddr.c.116t.uncprop, -O3 -fomit-frame-pointer -funroll-all-loops -finline-functions comparison
FAIL: gcc.c-torture/unsorted/dump-noaddr.c.117t.optimized, -O3 -fomit-frame-pointer -funroll-all-loops -finline-functions comparison
FAIL: gcc.c-torture/unsorted/dump-noaddr.c.118t.nrv, -O3 -fomit-frame-pointer -funroll-all-loops -finline-functions comparison
FAIL: gcc.c-torture/unsorted/dump-noaddr.c.119t.blocks, -O3 -fomit-frame-pointer -funroll-all-loops -finline-functions comparison
FAIL: gcc.c-torture/unsorted/dump-noaddr.c.120t.final_cleanup, -O3 -fomit-frame-pointer -funroll-all-loops -finline-functions comparison
FAIL: gcc.c-torture/unsorted/dump-noaddr.c.122r.expand, -O3 -fomit-frame-pointer -funroll-all-loops -finline-functions comparison
FAIL: gcc.c-torture/unsorted/dump-noaddr.c.123r.sibling, -O3 -fomit-frame-pointer -funroll-all-loops -finline-functions comparison
FAIL: gcc.c-torture/unsorted/dump-noaddr.c.125r.initvals, -O3 -fomit-frame-pointer -funroll-all-loops -finline-functions comparison
FAIL: gcc.c-torture/unsorted/dump-noaddr.c.126r.unshare, -O3 -fomit-frame-pointer -funroll-all-loops -finline-functions comparison
FAIL: gcc.c-torture/unsorted/dump-noaddr.c.127r.vregs, -O3 -fomit-frame-pointer -funroll-all-loops -finline-functions comparison
FAIL: gcc.c-torture/unsorted/dump-noaddr.c.128r.into_cfglayout, -O3 -fomit-frame-pointer -funroll-all-loops -finline-functions comparison
FAIL: gcc.c-torture/unsorted/dump-noaddr.c.129r.jump, -O3 -fomit-frame-pointer -funroll-all-loops -finline-functions comparison
FAIL: gcc.c-torture/unsorted/dump-noaddr.c.130r.subreg, -O3 -fomit-frame-pointer -funroll-all-loops -finline-functions comparison
FAIL: gcc.c-torture/unsorted/dump-noaddr.c.131r.cse1, -O3 -fomit-frame-pointer -funroll-all-loops -finline-functions comparison
FAIL: gcc.c-torture/unsorted/dump-noaddr.c.132r.fwprop1, -O3 -fomit-frame-pointer -funroll-all-loops -finline-functions comparison
FAIL: gcc.c-torture/unsorted/dump-noaddr.c.133r.gcse1, -O3 -fomit-frame-pointer -funroll-all-loops -finline-functions comparison
FAIL: gcc.c-torture/unsorted/dump-noaddr.c.134r.ce1, -O3 -fomit-frame-pointer -funroll-all-loops -finline-functions comparison
FAIL: gcc.c-torture/unsorted/dump-noaddr.c.136r.loop2, -O3 -fomit-frame-pointer -funroll-all-loops -finline-functions comparison
FAIL: gcc.c-torture/unsorted/dump-noaddr.c.137r.loop2_init, -O3 -fomit-frame-pointer -funroll-all-loops -finline-functions comparison
FAIL: gcc.c-torture/unsorted/dump-noaddr.c.138r.loop2_invariant, -O3 -fomit-frame-pointer -funroll-all-loops -finline-functions comparison
FAIL: gcc.c-torture/unsorted/dump-noaddr.c.139r.loop2_unswitch, -O3 -fomit-frame-pointer -funroll-all-loops -finline-functions comparison
FAIL: gcc.c-torture/unsorted/dump-noaddr.c.140r.loop2_unroll, -O3 -fomit-frame-pointer -funroll-all-loops -finline-functions comparison
FAIL: gcc.c-torture/unsorted/dump-noaddr.c.142r.loop2_done, -O3 -fomit-frame-pointer -funroll-all-loops -finline-functions comparison
FAIL: gcc.c-torture/unsorted/dump-noaddr.c.144r.bypass, -O3 -fomit-frame-pointer -funroll-all-loops -finline-functions comparison
FAIL: gcc.c-torture/unsorted/dump-noaddr.c.145r.cse2, -O3 -fomit-frame-pointer -funroll-all-loops -finline-functions comparison
FAIL: gcc.c-torture/unsorted/dump-noaddr.c.146r.fwprop2, -O3 -fomit-frame-pointer -funroll-all-loops -finline-functions comparison
FAIL: gcc.c-torture/unsorted/dump-noaddr.c.147r.outof_cfglayout, -O3 -fomit-frame-pointer -funroll-all-loops -finline-functions comparison
FAIL: gcc.c-torture/unsorted/dump-noaddr.c.148r.life1, -O3 -fomit-frame-pointer -funroll-all-loops -finline-functions comparison
FAIL: gcc.c-torture/unsorted/dump-noaddr.c.149r.combine, -O3 -fomit-frame-pointer -funroll-all-loops -finline-functions comparison
FAIL: gcc.c-torture/unsorted/dump-noaddr.c.150r.ce2, -O3 -fomit-frame-pointer -funroll-all-loops -finline-functions comparison
FAIL: gcc.c-torture/unsorted/dump-noaddr.c.152r.regmove, -O3 -fomit-frame-pointer -funroll-all-loops -finline-functions comparison
FAIL: gcc.c-torture/unsorted/dump-noaddr.c.153r.split1, -O3 -fomit-frame-pointer -funroll-all-loops -finline-functions comparison
FAIL: gcc.c-torture/unsorted/dump-noaddr.c.154r.subreg2, -O3 -fomit-frame-pointer -funroll-all-loops -finline-functions comparison
FAIL: gcc.c-torture/unsorted/dump-noaddr.c.157r.life2, -O3 -fomit-frame-pointer -funroll-all-loops -finline-functions comparison
FAIL: gcc.c-torture/unsorted/dump-noaddr.c.160r.lreg, -O3 -fomit-frame-pointer -funroll-all-loops -finline-functions comparison
FAIL: gcc.c-torture/unsorted/dump-noaddr.c.161r.greg, -O3 -fomit-frame-pointer -funroll-all-loops -finline-functions comparison
FAIL: gcc.c-torture/unsorted/dump-noaddr.c.162r.postreload, -O3 -fomit-frame-pointer -funroll-all-loops -finline-functions comparison
FAIL: gcc.c-torture/unsorted/dump-noaddr.c.163r.gcse2, -O3 -fomit-frame-pointer -funroll-all-loops -finline-functions comparison
FAIL: gcc.c-torture/unsorted/dump-noaddr.c.164r.flow2, -O3 -fomit-frame-pointer -funroll-all-loops -finline-functions comparison
FAIL: gcc.c-torture/unsorted/dump-noaddr.c.166r.csa, -O3 -fomit-frame-pointer -funroll-all-loops -finline-functions comparison
FAIL: gcc.c-torture/unsorted/dump-noaddr.c.167r.peephole2, -O3 -fomit-frame-pointer -funroll-all-loops -finline-functions comparison
FAIL: gcc.c-torture/unsorted/dump-noaddr.c.168r.ce3, -O3 -fomit-frame-pointer -funroll-all-loops -finline-functions comparison
FAIL: gcc.c-torture/unsorted/dump-noaddr.c.169r.rnreg, -O3 -fomit-frame-pointer -funroll-all-loops -finline-functions comparison
FAIL: gcc.c-torture/unsorted/dump-noaddr.c.170r.bbro, -O3 -fomit-frame-pointer -funroll-all-loops -finline-functions comparison
FAIL: gcc.c-torture/unsorted/dump-noaddr.c.175r.compgotos, -O3 -fomit-frame-pointer -funroll-all-loops -finline-functions comparison
FAIL: gcc.c-torture/unsorted/dump-noaddr.c.177r.mach, -O3 -fomit-frame-pointer -funroll-all-loops -finline-functions comparison
FAIL: gcc.c-torture/unsorted/dump-noaddr.c.178r.barriers, -O3 -fomit-frame-pointer -funroll-all-loops -finline-functions comparison
FAIL: gcc.c-torture/unsorted/dump-noaddr.c.181r.eh-ranges, -O3 -fomit-frame-pointer -funroll-all-loops -finline-functions comparison
FAIL: gcc.c-torture/unsorted/dump-noaddr.c.182r.shorten, -O3 -fomit-frame-pointer -funroll-all-loops -finline-functions comparison
FAIL: gcc.c-torture/unsorted/dump-noaddr.c.001t.tu, -O3 -g comparison
FAIL: gcc.c-torture/unsorted/dump-noaddr.c.003t.original, -O3 -g comparison
FAIL: gcc.c-torture/unsorted/dump-noaddr.c.004t.gimple, -O3 -g comparison
FAIL: gcc.c-torture/unsorted/dump-noaddr.c.008t.useless, -O3 -g comparison
FAIL: gcc.c-torture/unsorted/dump-noaddr.c.011t.lower, -O3 -g comparison
FAIL: gcc.c-torture/unsorted/dump-noaddr.c.012t.eh, -O3 -g comparison
FAIL: gcc.c-torture/unsorted/dump-noaddr.c.013t.cfg, -O3 -g comparison
FAIL: gcc.c-torture/unsorted/dump-noaddr.c.015t.veclower, -O3 -g comparison
FAIL: gcc.c-torture/unsorted/dump-noaddr.c.021t.cleanup_cfg1, -O3 -g comparison
FAIL: gcc.c-torture/unsorted/dump-noaddr.c.024t.ssa, -O3 -g comparison
FAIL: gcc.c-torture/unsorted/dump-noaddr.c.025t.einline2, -O3 -g comparison
FAIL: gcc.c-torture/unsorted/dump-noaddr.c.026t.cleanup_cfg2, -O3 -g comparison
FAIL: gcc.c-torture/unsorted/dump-noaddr.c.027t.copyrename1, -O3 -g comparison
FAIL: gcc.c-torture/unsorted/dump-noaddr.c.028t.ccp1, -O3 -g comparison
FAIL: gcc.c-torture/unsorted/dump-noaddr.c.029t.forwprop1, -O3 -g comparison
FAIL: gcc.c-torture/unsorted/dump-noaddr.c.030t.esra, -O3 -g comparison
FAIL: gcc.c-torture/unsorted/dump-noaddr.c.031t.copyprop1, -O3 -g comparison
FAIL: gcc.c-torture/unsorted/dump-noaddr.c.032t.mergephi1, -O3 -g comparison
FAIL: gcc.c-torture/unsorted/dump-noaddr.c.033t.dce1, -O3 -g comparison
FAIL: gcc.c-torture/unsorted/dump-noaddr.c.034t.tailr1, -O3 -g comparison
FAIL: gcc.c-torture/unsorted/dump-noaddr.c.044t.apply_inline, -O3 -g comparison
FAIL: gcc.c-torture/unsorted/dump-noaddr.c.045t.salias, -O3 -g comparison
FAIL: gcc.c-torture/unsorted/dump-noaddr.c.046t.alias1, -O3 -g comparison
FAIL: gcc.c-torture/unsorted/dump-noaddr.c.048t.copyrename2, -O3 -g comparison
FAIL: gcc.c-torture/unsorted/dump-noaddr.c.049t.ccp2, -O3 -g comparison
FAIL: gcc.c-torture/unsorted/dump-noaddr.c.050t.phiprop, -O3 -g comparison
FAIL: gcc.c-torture/unsorted/dump-noaddr.c.051t.fre, -O3 -g comparison
FAIL: gcc.c-torture/unsorted/dump-noaddr.c.052t.dce2, -O3 -g comparison
FAIL: gcc.c-torture/unsorted/dump-noaddr.c.053t.forwprop2, -O3 -g comparison
FAIL: gcc.c-torture/unsorted/dump-noaddr.c.054t.copyprop2, -O3 -g comparison
FAIL: gcc.c-torture/unsorted/dump-noaddr.c.055t.mergephi2, -O3 -g comparison
FAIL: gcc.c-torture/unsorted/dump-noaddr.c.056t.vrp1, -O3 -g comparison
FAIL: gcc.c-torture/unsorted/dump-noaddr.c.057t.dce3, -O3 -g comparison
FAIL: gcc.c-torture/unsorted/dump-noaddr.c.058t.dom1, -O3 -g comparison
FAIL: gcc.c-torture/unsorted/dump-noaddr.c.059t.phicprop1, -O3 -g comparison
FAIL: gcc.c-torture/unsorted/dump-noaddr.c.060t.phiopt1, -O3 -g comparison
FAIL: gcc.c-torture/unsorted/dump-noaddr.c.061t.alias2, -O3 -g comparison
FAIL: gcc.c-torture/unsorted/dump-noaddr.c.062t.tailr2, -O3 -g comparison
FAIL: gcc.c-torture/unsorted/dump-noaddr.c.063t.ch, -O3 -g comparison
FAIL: gcc.c-torture/unsorted/dump-noaddr.c.065t.cplxlower, -O3 -g comparison
FAIL: gcc.c-torture/unsorted/dump-noaddr.c.066t.sra, -O3 -g comparison
FAIL: gcc.c-torture/unsorted/dump-noaddr.c.067t.alias3, -O3 -g comparison
FAIL: gcc.c-torture/unsorted/dump-noaddr.c.068t.copyrename3, -O3 -g comparison
FAIL: gcc.c-torture/unsorted/dump-noaddr.c.069t.dom2, -O3 -g comparison
FAIL: gcc.c-torture/unsorted/dump-noaddr.c.070t.phicprop2, -O3 -g comparison
FAIL: gcc.c-torture/unsorted/dump-noaddr.c.071t.reassoc1, -O3 -g comparison
FAIL: gcc.c-torture/unsorted/dump-noaddr.c.072t.dce4, -O3 -g comparison
FAIL: gcc.c-torture/unsorted/dump-noaddr.c.073t.dse1, -O3 -g comparison
FAIL: gcc.c-torture/unsorted/dump-noaddr.c.074t.alias4, -O3 -g comparison
FAIL: gcc.c-torture/unsorted/dump-noaddr.c.075t.forwprop3, -O3 -g comparison
FAIL: gcc.c-torture/unsorted/dump-noaddr.c.076t.phiopt2, -O3 -g comparison
FAIL: gcc.c-torture/unsorted/dump-noaddr.c.077t.objsz, -O3 -g comparison
FAIL: gcc.c-torture/unsorted/dump-noaddr.c.078t.store_ccp, -O3 -g comparison
FAIL: gcc.c-torture/unsorted/dump-noaddr.c.079t.store_copyprop, -O3 -g comparison
FAIL: gcc.c-torture/unsorted/dump-noaddr.c.080t.fab, -O3 -g comparison
FAIL: gcc.c-torture/unsorted/dump-noaddr.c.082t.alias5, -O3 -g comparison
FAIL: gcc.c-torture/unsorted/dump-noaddr.c.083t.crited, -O3 -g comparison
FAIL: gcc.c-torture/unsorted/dump-noaddr.c.084t.pre, -O3 -g comparison
FAIL: gcc.c-torture/unsorted/dump-noaddr.c.085t.alias6, -O3 -g comparison
FAIL: gcc.c-torture/unsorted/dump-noaddr.c.086t.sink, -O3 -g comparison
FAIL: gcc.c-torture/unsorted/dump-noaddr.c.087t.loop, -O3 -g comparison
FAIL: gcc.c-torture/unsorted/dump-noaddr.c.088t.loopinit, -O3 -g comparison
FAIL: gcc.c-torture/unsorted/dump-noaddr.c.089t.copyprop3, -O3 -g comparison
FAIL: gcc.c-torture/unsorted/dump-noaddr.c.090t.lim, -O3 -g comparison
FAIL: gcc.c-torture/unsorted/dump-noaddr.c.091t.unswitch, -O3 -g comparison
FAIL: gcc.c-torture/unsorted/dump-noaddr.c.092t.sccp, -O3 -g comparison
FAIL: gcc.c-torture/unsorted/dump-noaddr.c.093t.empty, -O3 -g comparison
FAIL: gcc.c-torture/unsorted/dump-noaddr.c.096t.ivcanon, -O3 -g comparison
FAIL: gcc.c-torture/unsorted/dump-noaddr.c.101t.cunroll, -O3 -g comparison
FAIL: gcc.c-torture/unsorted/dump-noaddr.c.103t.ivopts, -O3 -g comparison
FAIL: gcc.c-torture/unsorted/dump-noaddr.c.104t.loopdone, -O3 -g comparison
FAIL: gcc.c-torture/unsorted/dump-noaddr.c.106t.reassoc2, -O3 -g comparison
FAIL: gcc.c-torture/unsorted/dump-noaddr.c.107t.vrp2, -O3 -g comparison
FAIL: gcc.c-torture/unsorted/dump-noaddr.c.108t.dom3, -O3 -g comparison
FAIL: gcc.c-torture/unsorted/dump-noaddr.c.109t.phicprop3, -O3 -g comparison
FAIL: gcc.c-torture/unsorted/dump-noaddr.c.110t.cddce, -O3 -g comparison
FAIL: gcc.c-torture/unsorted/dump-noaddr.c.111t.dse2, -O3 -g comparison
FAIL: gcc.c-torture/unsorted/dump-noaddr.c.112t.forwprop4, -O3 -g comparison
FAIL: gcc.c-torture/unsorted/dump-noaddr.c.113t.phiopt3, -O3 -g comparison
FAIL: gcc.c-torture/unsorted/dump-noaddr.c.114t.tailc, -O3 -g comparison
FAIL: gcc.c-torture/unsorted/dump-noaddr.c.115t.copyrename4, -O3 -g comparison
FAIL: gcc.c-torture/unsorted/dump-noaddr.c.116t.uncprop, -O3 -g comparison
FAIL: gcc.c-torture/unsorted/dump-noaddr.c.117t.optimized, -O3 -g comparison
FAIL: gcc.c-torture/unsorted/dump-noaddr.c.118t.nrv, -O3 -g comparison
FAIL: gcc.c-torture/unsorted/dump-noaddr.c.119t.blocks, -O3 -g comparison
FAIL: gcc.c-torture/unsorted/dump-noaddr.c.120t.final_cleanup, -O3 -g comparison
FAIL: gcc.c-torture/unsorted/dump-noaddr.c.122r.expand, -O3 -g comparison
FAIL: gcc.c-torture/unsorted/dump-noaddr.c.123r.sibling, -O3 -g comparison
FAIL: gcc.c-torture/unsorted/dump-noaddr.c.125r.initvals, -O3 -g comparison
FAIL: gcc.c-torture/unsorted/dump-noaddr.c.126r.unshare, -O3 -g comparison
FAIL: gcc.c-torture/unsorted/dump-noaddr.c.127r.vregs, -O3 -g comparison
FAIL: gcc.c-torture/unsorted/dump-noaddr.c.128r.into_cfglayout, -O3 -g comparison
FAIL: gcc.c-torture/unsorted/dump-noaddr.c.129r.jump, -O3 -g comparison
FAIL: gcc.c-torture/unsorted/dump-noaddr.c.130r.subreg, -O3 -g comparison
FAIL: gcc.c-torture/unsorted/dump-noaddr.c.131r.cse1, -O3 -g comparison
FAIL: gcc.c-torture/unsorted/dump-noaddr.c.132r.fwprop1, -O3 -g comparison
FAIL: gcc.c-torture/unsorted/dump-noaddr.c.133r.gcse1, -O3 -g comparison
FAIL: gcc.c-torture/unsorted/dump-noaddr.c.134r.ce1, -O3 -g comparison
FAIL: gcc.c-torture/unsorted/dump-noaddr.c.136r.loop2, -O3 -g comparison
FAIL: gcc.c-torture/unsorted/dump-noaddr.c.137r.loop2_init, -O3 -g comparison
FAIL: gcc.c-torture/unsorted/dump-noaddr.c.138r.loop2_invariant, -O3 -g comparison
FAIL: gcc.c-torture/unsorted/dump-noaddr.c.139r.loop2_unswitch, -O3 -g comparison
FAIL: gcc.c-torture/unsorted/dump-noaddr.c.142r.loop2_done, -O3 -g comparison
FAIL: gcc.c-torture/unsorted/dump-noaddr.c.144r.bypass, -O3 -g comparison
FAIL: gcc.c-torture/unsorted/dump-noaddr.c.145r.cse2, -O3 -g comparison
FAIL: gcc.c-torture/unsorted/dump-noaddr.c.146r.fwprop2, -O3 -g comparison
FAIL: gcc.c-torture/unsorted/dump-noaddr.c.147r.outof_cfglayout, -O3 -g comparison
FAIL: gcc.c-torture/unsorted/dump-noaddr.c.148r.life1, -O3 -g comparison
FAIL: gcc.c-torture/unsorted/dump-noaddr.c.149r.combine, -O3 -g comparison
FAIL: gcc.c-torture/unsorted/dump-noaddr.c.150r.ce2, -O3 -g comparison
FAIL: gcc.c-torture/unsorted/dump-noaddr.c.152r.regmove, -O3 -g comparison
FAIL: gcc.c-torture/unsorted/dump-noaddr.c.153r.split1, -O3 -g comparison
FAIL: gcc.c-torture/unsorted/dump-noaddr.c.154r.subreg2, -O3 -g comparison
FAIL: gcc.c-torture/unsorted/dump-noaddr.c.157r.life2, -O3 -g comparison
FAIL: gcc.c-torture/unsorted/dump-noaddr.c.160r.lreg, -O3 -g comparison
FAIL: gcc.c-torture/unsorted/dump-noaddr.c.161r.greg, -O3 -g comparison
FAIL: gcc.c-torture/unsorted/dump-noaddr.c.162r.postreload, -O3 -g comparison
FAIL: gcc.c-torture/unsorted/dump-noaddr.c.163r.gcse2, -O3 -g comparison
FAIL: gcc.c-torture/unsorted/dump-noaddr.c.164r.flow2, -O3 -g comparison
FAIL: gcc.c-torture/unsorted/dump-noaddr.c.166r.csa, -O3 -g comparison
FAIL: gcc.c-torture/unsorted/dump-noaddr.c.167r.peephole2, -O3 -g comparison
FAIL: gcc.c-torture/unsorted/dump-noaddr.c.168r.ce3, -O3 -g comparison
FAIL: gcc.c-torture/unsorted/dump-noaddr.c.169r.rnreg, -O3 -g comparison
FAIL: gcc.c-torture/unsorted/dump-noaddr.c.170r.bbro, -O3 -g comparison
FAIL: gcc.c-torture/unsorted/dump-noaddr.c.175r.compgotos, -O3 -g comparison
FAIL: gcc.c-torture/unsorted/dump-noaddr.c.176r.vartrack, -O3 -g comparison
FAIL: gcc.c-torture/unsorted/dump-noaddr.c.177r.mach, -O3 -g comparison
FAIL: gcc.c-torture/unsorted/dump-noaddr.c.178r.barriers, -O3 -g comparison
FAIL: gcc.c-torture/unsorted/dump-noaddr.c.181r.eh-ranges, -O3 -g comparison
FAIL: gcc.c-torture/unsorted/dump-noaddr.c.182r.shorten, -O3 -g comparison
FAIL: gcc.c-torture/unsorted/dump-noaddr.c.001t.tu, -Os comparison
FAIL: gcc.c-torture/unsorted/dump-noaddr.c.003t.original, -Os comparison
FAIL: gcc.c-torture/unsorted/dump-noaddr.c.004t.gimple, -Os comparison
FAIL: gcc.c-torture/unsorted/dump-noaddr.c.008t.useless, -Os comparison
FAIL: gcc.c-torture/unsorted/dump-noaddr.c.011t.lower, -Os comparison
FAIL: gcc.c-torture/unsorted/dump-noaddr.c.012t.eh, -Os comparison
FAIL: gcc.c-torture/unsorted/dump-noaddr.c.013t.cfg, -Os comparison
FAIL: gcc.c-torture/unsorted/dump-noaddr.c.015t.veclower, -Os comparison
FAIL: gcc.c-torture/unsorted/dump-noaddr.c.021t.cleanup_cfg1, -Os comparison
FAIL: gcc.c-torture/unsorted/dump-noaddr.c.024t.ssa, -Os comparison
FAIL: gcc.c-torture/unsorted/dump-noaddr.c.025t.einline2, -Os comparison
FAIL: gcc.c-torture/unsorted/dump-noaddr.c.026t.cleanup_cfg2, -Os comparison
FAIL: gcc.c-torture/unsorted/dump-noaddr.c.027t.copyrename1, -Os comparison
FAIL: gcc.c-torture/unsorted/dump-noaddr.c.028t.ccp1, -Os comparison
FAIL: gcc.c-torture/unsorted/dump-noaddr.c.029t.forwprop1, -Os comparison
FAIL: gcc.c-torture/unsorted/dump-noaddr.c.030t.esra, -Os comparison
FAIL: gcc.c-torture/unsorted/dump-noaddr.c.031t.copyprop1, -Os comparison
FAIL: gcc.c-torture/unsorted/dump-noaddr.c.032t.mergephi1, -Os comparison
FAIL: gcc.c-torture/unsorted/dump-noaddr.c.033t.dce1, -Os comparison
FAIL: gcc.c-torture/unsorted/dump-noaddr.c.034t.tailr1, -Os comparison
FAIL: gcc.c-torture/unsorted/dump-noaddr.c.044t.apply_inline, -Os comparison
FAIL: gcc.c-torture/unsorted/dump-noaddr.c.045t.salias, -Os comparison
FAIL: gcc.c-torture/unsorted/dump-noaddr.c.046t.alias1, -Os comparison
FAIL: gcc.c-torture/unsorted/dump-noaddr.c.048t.copyrename2, -Os comparison
FAIL: gcc.c-torture/unsorted/dump-noaddr.c.049t.ccp2, -Os comparison
FAIL: gcc.c-torture/unsorted/dump-noaddr.c.050t.phiprop, -Os comparison
FAIL: gcc.c-torture/unsorted/dump-noaddr.c.051t.fre, -Os comparison
FAIL: gcc.c-torture/unsorted/dump-noaddr.c.052t.dce2, -Os comparison
FAIL: gcc.c-torture/unsorted/dump-noaddr.c.053t.forwprop2, -Os comparison
FAIL: gcc.c-torture/unsorted/dump-noaddr.c.054t.copyprop2, -Os comparison
FAIL: gcc.c-torture/unsorted/dump-noaddr.c.055t.mergephi2, -Os comparison
FAIL: gcc.c-torture/unsorted/dump-noaddr.c.056t.vrp1, -Os comparison
FAIL: gcc.c-torture/unsorted/dump-noaddr.c.057t.dce3, -Os comparison
FAIL: gcc.c-torture/unsorted/dump-noaddr.c.058t.dom1, -Os comparison
FAIL: gcc.c-torture/unsorted/dump-noaddr.c.059t.phicprop1, -Os comparison
FAIL: gcc.c-torture/unsorted/dump-noaddr.c.060t.phiopt1, -Os comparison
FAIL: gcc.c-torture/unsorted/dump-noaddr.c.061t.alias2, -Os comparison
FAIL: gcc.c-torture/unsorted/dump-noaddr.c.062t.tailr2, -Os comparison
FAIL: gcc.c-torture/unsorted/dump-noaddr.c.065t.cplxlower, -Os comparison
FAIL: gcc.c-torture/unsorted/dump-noaddr.c.066t.sra, -Os comparison
FAIL: gcc.c-torture/unsorted/dump-noaddr.c.067t.alias3, -Os comparison
FAIL: gcc.c-torture/unsorted/dump-noaddr.c.068t.copyrename3, -Os comparison
FAIL: gcc.c-torture/unsorted/dump-noaddr.c.069t.dom2, -Os comparison
FAIL: gcc.c-torture/unsorted/dump-noaddr.c.070t.phicprop2, -Os comparison
FAIL: gcc.c-torture/unsorted/dump-noaddr.c.071t.reassoc1, -Os comparison
FAIL: gcc.c-torture/unsorted/dump-noaddr.c.072t.dce4, -Os comparison
FAIL: gcc.c-torture/unsorted/dump-noaddr.c.073t.dse1, -Os comparison
FAIL: gcc.c-torture/unsorted/dump-noaddr.c.074t.alias4, -Os comparison
FAIL: gcc.c-torture/unsorted/dump-noaddr.c.075t.forwprop3, -Os comparison
FAIL: gcc.c-torture/unsorted/dump-noaddr.c.076t.phiopt2, -Os comparison
FAIL: gcc.c-torture/unsorted/dump-noaddr.c.077t.objsz, -Os comparison
FAIL: gcc.c-torture/unsorted/dump-noaddr.c.078t.store_ccp, -Os comparison
FAIL: gcc.c-torture/unsorted/dump-noaddr.c.079t.store_copyprop, -Os comparison
FAIL: gcc.c-torture/unsorted/dump-noaddr.c.080t.fab, -Os comparison
FAIL: gcc.c-torture/unsorted/dump-noaddr.c.082t.alias5, -Os comparison
FAIL: gcc.c-torture/unsorted/dump-noaddr.c.083t.crited, -Os comparison
FAIL: gcc.c-torture/unsorted/dump-noaddr.c.085t.alias6, -Os comparison
FAIL: gcc.c-torture/unsorted/dump-noaddr.c.086t.sink, -Os comparison
FAIL: gcc.c-torture/unsorted/dump-noaddr.c.087t.loop, -Os comparison
FAIL: gcc.c-torture/unsorted/dump-noaddr.c.088t.loopinit, -Os comparison
FAIL: gcc.c-torture/unsorted/dump-noaddr.c.089t.copyprop3, -Os comparison
FAIL: gcc.c-torture/unsorted/dump-noaddr.c.090t.lim, -Os comparison
FAIL: gcc.c-torture/unsorted/dump-noaddr.c.092t.sccp, -Os comparison
FAIL: gcc.c-torture/unsorted/dump-noaddr.c.093t.empty, -Os comparison
FAIL: gcc.c-torture/unsorted/dump-noaddr.c.096t.ivcanon, -Os comparison
FAIL: gcc.c-torture/unsorted/dump-noaddr.c.101t.cunroll, -Os comparison
FAIL: gcc.c-torture/unsorted/dump-noaddr.c.103t.ivopts, -Os comparison
FAIL: gcc.c-torture/unsorted/dump-noaddr.c.104t.loopdone, -Os comparison
FAIL: gcc.c-torture/unsorted/dump-noaddr.c.106t.reassoc2, -Os comparison
FAIL: gcc.c-torture/unsorted/dump-noaddr.c.107t.vrp2, -Os comparison
FAIL: gcc.c-torture/unsorted/dump-noaddr.c.108t.dom3, -Os comparison
FAIL: gcc.c-torture/unsorted/dump-noaddr.c.109t.phicprop3, -Os comparison
FAIL: gcc.c-torture/unsorted/dump-noaddr.c.110t.cddce, -Os comparison
FAIL: gcc.c-torture/unsorted/dump-noaddr.c.111t.dse2, -Os comparison
FAIL: gcc.c-torture/unsorted/dump-noaddr.c.112t.forwprop4, -Os comparison
FAIL: gcc.c-torture/unsorted/dump-noaddr.c.113t.phiopt3, -Os comparison
FAIL: gcc.c-torture/unsorted/dump-noaddr.c.114t.tailc, -Os comparison
FAIL: gcc.c-torture/unsorted/dump-noaddr.c.115t.copyrename4, -Os comparison
FAIL: gcc.c-torture/unsorted/dump-noaddr.c.116t.uncprop, -Os comparison
FAIL: gcc.c-torture/unsorted/dump-noaddr.c.117t.optimized, -Os comparison
FAIL: gcc.c-torture/unsorted/dump-noaddr.c.118t.nrv, -Os comparison
FAIL: gcc.c-torture/unsorted/dump-noaddr.c.119t.blocks, -Os comparison
FAIL: gcc.c-torture/unsorted/dump-noaddr.c.120t.final_cleanup, -Os comparison
FAIL: gcc.c-torture/unsorted/dump-noaddr.c.122r.expand, -Os comparison
FAIL: gcc.c-torture/unsorted/dump-noaddr.c.123r.sibling, -Os comparison
FAIL: gcc.c-torture/unsorted/dump-noaddr.c.125r.initvals, -Os comparison
FAIL: gcc.c-torture/unsorted/dump-noaddr.c.126r.unshare, -Os comparison
FAIL: gcc.c-torture/unsorted/dump-noaddr.c.127r.vregs, -Os comparison
FAIL: gcc.c-torture/unsorted/dump-noaddr.c.128r.into_cfglayout, -Os comparison
FAIL: gcc.c-torture/unsorted/dump-noaddr.c.129r.jump, -Os comparison
FAIL: gcc.c-torture/unsorted/dump-noaddr.c.130r.subreg, -Os comparison
FAIL: gcc.c-torture/unsorted/dump-noaddr.c.131r.cse1, -Os comparison
FAIL: gcc.c-torture/unsorted/dump-noaddr.c.132r.fwprop1, -Os comparison
FAIL: gcc.c-torture/unsorted/dump-noaddr.c.133r.gcse1, -Os comparison
FAIL: gcc.c-torture/unsorted/dump-noaddr.c.134r.ce1, -Os comparison
FAIL: gcc.c-torture/unsorted/dump-noaddr.c.136r.loop2, -Os comparison
FAIL: gcc.c-torture/unsorted/dump-noaddr.c.137r.loop2_init, -Os comparison
FAIL: gcc.c-torture/unsorted/dump-noaddr.c.138r.loop2_invariant, -Os comparison
FAIL: gcc.c-torture/unsorted/dump-noaddr.c.142r.loop2_done, -Os comparison
FAIL: gcc.c-torture/unsorted/dump-noaddr.c.144r.bypass, -Os comparison
FAIL: gcc.c-torture/unsorted/dump-noaddr.c.145r.cse2, -Os comparison
FAIL: gcc.c-torture/unsorted/dump-noaddr.c.146r.fwprop2, -Os comparison
FAIL: gcc.c-torture/unsorted/dump-noaddr.c.147r.outof_cfglayout, -Os comparison
FAIL: gcc.c-torture/unsorted/dump-noaddr.c.148r.life1, -Os comparison
FAIL: gcc.c-torture/unsorted/dump-noaddr.c.149r.combine, -Os comparison
FAIL: gcc.c-torture/unsorted/dump-noaddr.c.150r.ce2, -Os comparison
FAIL: gcc.c-torture/unsorted/dump-noaddr.c.152r.regmove, -Os comparison
FAIL: gcc.c-torture/unsorted/dump-noaddr.c.153r.split1, -Os comparison
FAIL: gcc.c-torture/unsorted/dump-noaddr.c.154r.subreg2, -Os comparison
FAIL: gcc.c-torture/unsorted/dump-noaddr.c.157r.life2, -Os comparison
FAIL: gcc.c-torture/unsorted/dump-noaddr.c.160r.lreg, -Os comparison
FAIL: gcc.c-torture/unsorted/dump-noaddr.c.161r.greg, -Os comparison
FAIL: gcc.c-torture/unsorted/dump-noaddr.c.162r.postreload, -Os comparison
FAIL: gcc.c-torture/unsorted/dump-noaddr.c.164r.flow2, -Os comparison
FAIL: gcc.c-torture/unsorted/dump-noaddr.c.166r.csa, -Os comparison
FAIL: gcc.c-torture/unsorted/dump-noaddr.c.167r.peephole2, -Os comparison
FAIL: gcc.c-torture/unsorted/dump-noaddr.c.168r.ce3, -Os comparison
FAIL: gcc.c-torture/unsorted/dump-noaddr.c.169r.rnreg, -Os comparison
FAIL: gcc.c-torture/unsorted/dump-noaddr.c.170r.bbro, -Os comparison
FAIL: gcc.c-torture/unsorted/dump-noaddr.c.177r.mach, -Os comparison
FAIL: gcc.c-torture/unsorted/dump-noaddr.c.178r.barriers, -Os comparison
FAIL: gcc.c-torture/unsorted/dump-noaddr.c.181r.eh-ranges, -Os comparison
FAIL: gcc.c-torture/unsorted/dump-noaddr.c.182r.shorten, -Os comparison
FAIL: gcc.dg/compat/fnptr-by-value-1 c_compat_x_tst.o-c_compat_y_tst.o execute
UNRESOLVED: gcc.dg/compat/scalar-by-value-1 c_compat_x_tst.o-c_compat_y_tst.o execute
FAIL: gcc.dg/compat/scalar-by-value-2 c_compat_x_tst.o-c_compat_y_tst.o execute
UNRESOLVED: gcc.dg/compat/scalar-by-value-3 c_compat_x_tst.o-c_compat_y_tst.o execute
FAIL: gcc.dg/compat/scalar-by-value-4 c_compat_x_tst.o compile, (internal compiler error)
FAIL: gcc.dg/compat/scalar-by-value-4 c_compat_y_tst.o compile, (internal compiler error)
UNRESOLVED: gcc.dg/compat/scalar-by-value-4 c_compat_x_tst.o-c_compat_y_tst.o link
UNRESOLVED: gcc.dg/compat/scalar-by-value-4 c_compat_x_tst.o-c_compat_y_tst.o execute
UNRESOLVED: gcc.dg/compat/scalar-by-value-5 c_compat_x_tst.o-c_compat_y_tst.o execute
FAIL: gcc.dg/compat/scalar-return-1 c_compat_x_tst.o-c_compat_y_tst.o execute
UNRESOLVED: gcc.dg/compat/scalar-return-3 c_compat_x_tst.o-c_compat_y_tst.o execute
FAIL: gcc.dg/compat/scalar-return-4 c_compat_x_tst.o compile, (internal compiler error)
FAIL: gcc.dg/compat/scalar-return-4 c_compat_y_tst.o compile, (internal compiler error)
UNRESOLVED: gcc.dg/compat/scalar-return-4 c_compat_x_tst.o-c_compat_y_tst.o link
UNRESOLVED: gcc.dg/compat/scalar-return-4 c_compat_x_tst.o-c_compat_y_tst.o execute
UNRESOLVED: gcc.dg/compat/struct-by-value-10 c_compat_x_tst.o-c_compat_y_tst.o execute
FAIL: gcc.dg/compat/struct-by-value-11 c_compat_y_tst.o compile, (internal compiler error)
UNRESOLVED: gcc.dg/compat/struct-by-value-11 c_compat_x_tst.o-c_compat_y_tst.o link
UNRESOLVED: gcc.dg/compat/struct-by-value-11 c_compat_x_tst.o-c_compat_y_tst.o execute
UNRESOLVED: gcc.dg/compat/struct-by-value-12 c_compat_x_tst.o-c_compat_y_tst.o execute
UNRESOLVED: gcc.dg/compat/struct-by-value-13 c_compat_x_tst.o-c_compat_y_tst.o execute
UNRESOLVED: gcc.dg/compat/struct-by-value-14 c_compat_x_tst.o-c_compat_y_tst.o execute
UNRESOLVED: gcc.dg/compat/struct-by-value-15 c_compat_x_tst.o-c_compat_y_tst.o execute
UNRESOLVED: gcc.dg/compat/struct-by-value-16 c_compat_x_tst.o-c_compat_y_tst.o execute
UNRESOLVED: gcc.dg/compat/struct-by-value-17 c_compat_x_tst.o-c_compat_y_tst.o execute
UNRESOLVED: gcc.dg/compat/struct-by-value-18 c_compat_x_tst.o-c_compat_y_tst.o execute
UNRESOLVED: gcc.dg/compat/struct-by-value-19 c_compat_x_tst.o-c_compat_y_tst.o execute
UNRESOLVED: gcc.dg/compat/struct-by-value-1 c_compat_x_tst.o-c_compat_y_tst.o execute
UNRESOLVED: gcc.dg/compat/struct-by-value-20 c_compat_x_tst.o-c_compat_y_tst.o execute
UNRESOLVED: gcc.dg/compat/struct-by-value-21 c_compat_x_tst.o-c_compat_y_tst.o execute
UNRESOLVED: gcc.dg/compat/struct-by-value-22 c_compat_x_tst.o-c_compat_y_tst.o execute
UNRESOLVED: gcc.dg/compat/struct-by-value-2 c_compat_x_tst.o-c_compat_y_tst.o execute
UNRESOLVED: gcc.dg/compat/struct-by-value-3 c_compat_x_tst.o-c_compat_y_tst.o execute
UNRESOLVED: gcc.dg/compat/struct-by-value-4 c_compat_x_tst.o-c_compat_y_tst.o execute
UNRESOLVED: gcc.dg/compat/struct-by-value-5a c_compat_x_tst.o-c_compat_y_tst.o execute
UNRESOLVED: gcc.dg/compat/struct-by-value-5b c_compat_x_tst.o-c_compat_y_tst.o execute
UNRESOLVED: gcc.dg/compat/struct-by-value-6a c_compat_x_tst.o-c_compat_y_tst.o execute
UNRESOLVED: gcc.dg/compat/struct-by-value-6b c_compat_x_tst.o-c_compat_y_tst.o execute
UNRESOLVED: gcc.dg/compat/struct-by-value-7a c_compat_x_tst.o-c_compat_y_tst.o execute
UNRESOLVED: gcc.dg/compat/struct-by-value-7b c_compat_x_tst.o-c_compat_y_tst.o execute
UNRESOLVED: gcc.dg/compat/struct-by-value-8 c_compat_x_tst.o-c_compat_y_tst.o execute
UNRESOLVED: gcc.dg/compat/struct-by-value-9 c_compat_x_tst.o-c_compat_y_tst.o execute
FAIL: gcc.dg/compat/struct-layout-1 c_compat_x_tst.o-c_compat_y_tst.o execute
UNRESOLVED: gcc.dg/compat/struct-return-10 c_compat_x_tst.o-c_compat_y_tst.o execute
UNRESOLVED: gcc.dg/compat/struct-return-19 c_compat_x_tst.o-c_compat_y_tst.o execute
UNRESOLVED: gcc.dg/compat/struct-return-2 c_compat_x_tst.o-c_compat_y_tst.o execute
UNRESOLVED: gcc.dg/compat/union-by-value-1 c_compat_x_tst.o-c_compat_y_tst.o execute
FAIL: gcc.dg/compat/vector-1 c_compat_x_tst.o-c_compat_y_tst.o execute
FAIL: gcc.dg/compat/vector-2 c_compat_x_tst.o-c_compat_y_tst.o execute
WARNING: Could not compile gcc.dg/compat/struct-layout-1 generator
FAIL: gcc.dg/cpp/_Pragma6.c (test for excess errors)
FAIL: gcc.dg/20001117-1.c execution test
FAIL: gcc.dg/20020219-1.c (test for excess errors)
WARNING: gcc.dg/20020219-1.c compilation failed to produce executable
FAIL: gcc.dg/20021014-1.c (test for excess errors)
WARNING: gcc.dg/20021014-1.c compilation failed to produce executable
FAIL: gcc.dg/20030826-1.c execution test
FAIL: gcc.dg/Wno-pointer-sign.c (test for excess errors)
FAIL: gcc.dg/Wpointer-sign-Wall-no.c (test for excess errors)
FAIL: gcc.dg/Wpointer-sign-Wall.c (test for warnings, line 8)
FAIL: gcc.dg/Wpointer-sign-Wall.c (test for excess errors)
FAIL: gcc.dg/Wpointer-sign-pedantic-no.c (test for excess errors)
FAIL: gcc.dg/Wpointer-sign-pedantic.c (test for warnings, line 8)
FAIL: gcc.dg/Wpointer-sign-pedantic.c (test for excess errors)
FAIL: gcc.dg/Wpointer-sign.c (test for excess errors)
FAIL: gcc.dg/assign-warn-1.c (test for warnings, line 63)
FAIL: gcc.dg/assign-warn-1.c (test for warnings, line 64)
FAIL: gcc.dg/assign-warn-1.c (test for warnings, line 65)
FAIL: gcc.dg/assign-warn-1.c (test for warnings, line 66)
FAIL: gcc.dg/assign-warn-1.c (test for warnings, line 67)
FAIL: gcc.dg/assign-warn-1.c (test for warnings, line 69)
FAIL: gcc.dg/assign-warn-1.c (test for warnings, line 70)
FAIL: gcc.dg/assign-warn-1.c (test for warnings, line 71)
FAIL: gcc.dg/assign-warn-1.c (test for warnings, line 72)
FAIL: gcc.dg/assign-warn-1.c (test for warnings, line 73)
FAIL: gcc.dg/assign-warn-1.c (test for warnings, line 75)
FAIL: gcc.dg/assign-warn-1.c (test for warnings, line 76)
FAIL: gcc.dg/assign-warn-1.c (test for warnings, line 77)
FAIL: gcc.dg/assign-warn-1.c (test for warnings, line 78)
FAIL: gcc.dg/assign-warn-1.c (test for warnings, line 79)
FAIL: gcc.dg/assign-warn-1.c (test for warnings, line 81)
FAIL: gcc.dg/assign-warn-1.c (test for warnings, line 82)
FAIL: gcc.dg/assign-warn-1.c (test for warnings, line 83)
FAIL: gcc.dg/assign-warn-1.c (test for warnings, line 84)
FAIL: gcc.dg/assign-warn-1.c (test for warnings, line 85)
FAIL: gcc.dg/assign-warn-1.c (test for excess errors)
FAIL: gcc.dg/assign-warn-2.c (test for errors, line 64)
FAIL: gcc.dg/assign-warn-2.c (test for errors, line 65)
FAIL: gcc.dg/assign-warn-2.c (test for errors, line 66)
FAIL: gcc.dg/assign-warn-2.c (test for errors, line 67)
FAIL: gcc.dg/assign-warn-2.c (test for errors, line 68)
FAIL: gcc.dg/assign-warn-2.c (test for errors, line 70)
FAIL: gcc.dg/assign-warn-2.c (test for errors, line 71)
FAIL: gcc.dg/assign-warn-2.c (test for errors, line 72)
FAIL: gcc.dg/assign-warn-2.c (test for errors, line 73)
FAIL: gcc.dg/assign-warn-2.c (test for errors, line 74)
FAIL: gcc.dg/assign-warn-2.c (test for errors, line 76)
FAIL: gcc.dg/assign-warn-2.c (test for errors, line 77)
FAIL: gcc.dg/assign-warn-2.c (test for errors, line 78)
FAIL: gcc.dg/assign-warn-2.c (test for errors, line 79)
FAIL: gcc.dg/assign-warn-2.c (test for errors, line 80)
FAIL: gcc.dg/assign-warn-2.c (test for errors, line 82)
FAIL: gcc.dg/assign-warn-2.c (test for errors, line 83)
FAIL: gcc.dg/assign-warn-2.c (test for errors, line 84)
FAIL: gcc.dg/assign-warn-2.c (test for errors, line 85)
FAIL: gcc.dg/assign-warn-2.c (test for errors, line 86)
FAIL: gcc.dg/assign-warn-2.c (test for excess errors)
FAIL: gcc.dg/builtin-apply3.c (internal compiler error)
FAIL: gcc.dg/builtin-apply3.c (test for excess errors)
WARNING: gcc.dg/builtin-apply3.c compilation failed to produce executable
FAIL: gcc.dg/builtins-1.c (internal compiler error)
FAIL: gcc.dg/builtins-1.c (test for excess errors)
ERROR: gcc.dg/builtins-1.c: error executing dg-final: couldn't open "builtins-1.s": no such file or directory
UNRESOLVED: gcc.dg/builtins-1.c: error executing dg-final: couldn't open "builtins-1.s": no such file or directory
FAIL: gcc.dg/builtins-20.c (test for excess errors)
FAIL: gcc.dg/builtins-24.c execution test
FAIL: gcc.dg/builtins-32.c (internal compiler error)
FAIL: gcc.dg/builtins-32.c (test for excess errors)
WARNING: gcc.dg/builtins-32.c compilation failed to produce executable
FAIL: gcc.dg/builtins-48.c execution test
FAIL: gcc.dg/builtins-49.c execution test
FAIL: gcc.dg/builtins-50.c execution test
FAIL: gcc.dg/builtins-51.c execution test
FAIL: gcc.dg/builtins-59.c scan-tree-dump __builtin_cexpi
FAIL: gcc.dg/builtins-59.c scan-tree-dump-not sincos
FAIL: gcc.dg/builtins-61.c scan-tree-dump cexpi
FAIL: gcc.dg/builtins-61.c scan-tree-dump sin
FAIL: gcc.dg/builtins-61.c scan-tree-dump cos
FAIL: gcc.dg/builtins-61.c scan-tree-dump return 0.0
FAIL: gcc.dg/builtins-62.c scan-tree-dump-times cexpi 3
FAIL: gcc.dg/builtins-8.c (test for excess errors)
WARNING: gcc.dg/builtins-8.c compilation failed to produce executable
XPASS: gcc.dg/c90-const-expr-2.c bogus null pointer constant (test for bogus messages, line 37)
XPASS: gcc.dg/c90-const-expr-2.c bogus null pointer constant (test for bogus messages, line 38)
XPASS: gcc.dg/c90-const-expr-2.c bogus null pointer constant (test for bogus messages, line 40)
XPASS: gcc.dg/c90-const-expr-2.c bogus null pointer constant (test for bogus messages, line 42)
FAIL: gcc.dg/c90-const-expr-2.c (test for excess errors)
XPASS: gcc.dg/c90-const-expr-3.c bogus null pointer constant (test for bogus messages, line 31)
XPASS: gcc.dg/c90-const-expr-3.c bogus null pointer constant (test for bogus messages, line 32)
XPASS: gcc.dg/c90-const-expr-3.c bogus null pointer constant (test for bogus messages, line 34)
XPASS: gcc.dg/c90-const-expr-3.c bogus null pointer constant (test for bogus messages, line 36)
XPASS: gcc.dg/c90-const-expr-3.c bogus null pointer constant (test for bogus messages, line 43)
XPASS: gcc.dg/c90-const-expr-3.c bogus null pointer constant (test for bogus messages, line 44)
XPASS: gcc.dg/c90-const-expr-3.c bogus null pointer constant (test for bogus messages, line 45)
FAIL: gcc.dg/c90-const-expr-5.c (test for errors, line 18)
FAIL: gcc.dg/c90-const-expr-5.c (test for errors, line 19)
FAIL: gcc.dg/c90-const-expr-5.c (test for excess errors)
XPASS: gcc.dg/c99-const-expr-2.c bogus null pointer constant (test for bogus messages, line 37)
XPASS: gcc.dg/c99-const-expr-2.c bogus null pointer constant (test for bogus messages, line 38)
XPASS: gcc.dg/c99-const-expr-2.c bogus null pointer constant (test for bogus messages, line 40)
FAIL: gcc.dg/c99-const-expr-2.c (test for excess errors)
XPASS: gcc.dg/c99-const-expr-3.c bogus null pointer constant (test for bogus messages, line 30)
XPASS: gcc.dg/c99-const-expr-3.c bogus null pointer constant (test for bogus messages, line 31)
XPASS: gcc.dg/c99-const-expr-3.c bogus null pointer constant (test for bogus messages, line 33)
XPASS: gcc.dg/c99-const-expr-3.c bogus null pointer constant (test for bogus messages, line 35)
XPASS: gcc.dg/c99-const-expr-3.c bogus null pointer constant (test for bogus messages, line 42)
XPASS: gcc.dg/c99-const-expr-3.c bogus null pointer constant (test for bogus messages, line 43)
XPASS: gcc.dg/c99-const-expr-3.c bogus null pointer constant (test for bogus messages, line 44)
FAIL: gcc.dg/c99-const-expr-5.c (test for errors, line 18)
FAIL: gcc.dg/c99-const-expr-5.c (test for errors, line 19)
FAIL: gcc.dg/c99-const-expr-5.c (test for excess errors)
FAIL: gcc.dg/complex-3.c execution test
FAIL: gcc.dg/conv-2.c (test for warnings, line 15)
FAIL: gcc.dg/conv-2.c (test for warnings, line 16)
FAIL: gcc.dg/conv-2.c (test for warnings, line 17)
FAIL: gcc.dg/conv-2.c (test for warnings, line 18)
FAIL: gcc.dg/conv-2.c (test for warnings, line 20)
FAIL: gcc.dg/conv-2.c (test for warnings, line 21)
FAIL: gcc.dg/conv-2.c (test for warnings, line 23)
FAIL: gcc.dg/conv-2.c (test for warnings, line 25)
FAIL: gcc.dg/conv-2.c (test for excess errors)
FAIL: gcc.dg/float-range-3.c (test for excess errors)
FAIL: gcc.dg/float-range-4.c (test for excess errors)
FAIL: gcc.dg/float-range-5.c (test for excess errors)
FAIL: gcc.dg/fold-overflow-1.c scan-assembler-times 2139095040 2
FAIL: gcc.dg/funcorder.c scan-assembler-not link_error
FAIL: gcc.dg/initpri1.c execution test
FAIL: gcc.dg/inline-1.c scan-assembler-not xyzzy
FAIL: gcc.dg/inline-16.c (test for excess errors)
FAIL: gcc.dg/max-1.c (test for excess errors)
FAIL: gcc.dg/memcpy-1.c scan-tree-dump-times nasty_local 0
FAIL: gcc.dg/nest.c (test for excess errors)
WARNING: gcc.dg/nest.c compilation failed to produce executable
FAIL: gcc.dg/nested-func-4.c (test for excess errors)
WARNING: gcc.dg/nested-func-4.c compilation failed to produce executable
FAIL: gcc.dg/pr19340.c (test for excess errors)
FAIL: gcc.dg/pr19402-2.c execution test
FAIL: gcc.dg/pr26719.c (test for excess errors)
WARNING: gcc.dg/pr26719.c compilation failed to produce executable
FAIL: gcc.dg/pr27095.c scan-assembler-not (?n)strlen(.*\\n)+.*strlen
FAIL: gcc.dg/pr27639.c (test for excess errors)
FAIL: gcc.dg/pr28726.c (test for excess errors)
FAIL: gcc.dg/pr28726.c execution test
FAIL: gcc.dg/pr28796-2.c execution test
FAIL: gcc.dg/pr30643.c scan-assembler-not undefined
FAIL: gcc.dg/pr30744-1.c (test for excess errors)
FAIL: gcc.dg/pr30957-1.c scan-rtl-dump Expanding Accumulator
FAIL: gcc.dg/redecl-4.c (test for excess errors)
FAIL: gcc.dg/trampoline-1.c execution test
FAIL: gcc.dg/transparent-union-1.c (test for warnings, line 55)
FAIL: gcc.dg/transparent-union-1.c (test for warnings, line 57)
FAIL: gcc.dg/transparent-union-1.c (test for warnings, line 59)
FAIL: gcc.dg/transparent-union-1.c (test for warnings, line 61)
FAIL: gcc.dg/transparent-union-1.c (test for warnings, line 63)
FAIL: gcc.dg/transparent-union-1.c (test for warnings, line 65)
FAIL: gcc.dg/transparent-union-1.c (test for warnings, line 67)
FAIL: gcc.dg/transparent-union-1.c (test for warnings, line 69)
FAIL: gcc.dg/transparent-union-1.c (test for warnings, line 71)
FAIL: gcc.dg/transparent-union-1.c (test for warnings, line 73)
FAIL: gcc.dg/ultrasp4.c (test for excess errors)
FAIL: gcc.dg/var-expand1.c scan-rtl-dump Expanding Accumulator
FAIL: gcc.dg/varpool-1.c (internal compiler error)
FAIL: gcc.dg/varpool-1.c (test for excess errors)
ERROR: gcc.dg/varpool-1.c: error executing dg-final: couldn't open "varpool-1.s": no such file or directory
UNRESOLVED: gcc.dg/varpool-1.c: error executing dg-final: couldn't open "varpool-1.s": no such file or directory
FAIL: gcc.dg/format/bitfld-1.c (test for excess errors)
FAIL: gcc.dg/format/bitfld-1.c -DWIDE (test for excess errors)
FAIL: gcc.dg/torture/builtin-pow-mpfr-1.c -O0 scan-tree-dump pow
FAIL: gcc.dg/torture/builtin-pow-mpfr-1.c -O1 scan-tree-dump pow
FAIL: gcc.dg/torture/builtin-pow-mpfr-1.c -O2 scan-tree-dump pow
FAIL: gcc.dg/torture/builtin-pow-mpfr-1.c -O3 -fomit-frame-pointer scan-tree-dump pow
FAIL: gcc.dg/torture/builtin-pow-mpfr-1.c -O3 -g scan-tree-dump pow
FAIL: gcc.dg/torture/builtin-pow-mpfr-1.c -Os scan-tree-dump pow
FAIL: gcc.dg/torture/builtin-sin-mpfr-1.c -O0 (test for excess errors)
FAIL: gcc.dg/torture/builtin-sin-mpfr-1.c -O1 (test for excess errors)
FAIL: gcc.dg/torture/builtin-sin-mpfr-1.c -O2 (test for excess errors)
FAIL: gcc.dg/torture/builtin-sin-mpfr-1.c -O3 -fomit-frame-pointer (test for excess errors)
FAIL: gcc.dg/torture/builtin-sin-mpfr-1.c -O3 -fomit-frame-pointer -funroll-loops (test for excess errors)
FAIL: gcc.dg/torture/builtin-sin-mpfr-1.c -O3 -fomit-frame-pointer -funroll-all-loops -finline-functions (test for excess errors)
FAIL: gcc.dg/torture/builtin-sin-mpfr-1.c -O3 -g (test for excess errors)
FAIL: gcc.dg/torture/builtin-sin-mpfr-1.c -Os (test for excess errors)
FAIL: gcc.dg/torture/complex-alias-1.c -O0 execution test
FAIL: gcc.dg/torture/complex-alias-1.c -O1 execution test
FAIL: gcc.dg/torture/complex-alias-1.c -O2 execution test
FAIL: gcc.dg/torture/fp-int-convert-timode.c -O0 execution test
FAIL: gcc.dg/torture/fp-int-convert-timode.c -O1 execution test
FAIL: gcc.dg/torture/fp-int-convert-timode.c -O2 execution test
FAIL: gcc.dg/torture/fp-int-convert-timode.c -O3 -fomit-frame-pointer execution test
FAIL: gcc.dg/torture/fp-int-convert-timode.c -O3 -g execution test
FAIL: gcc.dg/torture/fp-int-convert-timode.c -Os execution test
FAIL: gcc.dg/torture/pr26587.c -O3 -fomit-frame-pointer (internal compiler error)
FAIL: gcc.dg/torture/pr26587.c -O3 -fomit-frame-pointer (test for excess errors)
WARNING: gcc.dg/torture/pr26587.c -O3 -fomit-frame-pointer compilation failed to produce executable
FAIL: gcc.dg/torture/pr26587.c -O3 -fomit-frame-pointer -funroll-loops (internal compiler error)
FAIL: gcc.dg/torture/pr26587.c -O3 -fomit-frame-pointer -funroll-loops (test for excess errors)
WARNING: gcc.dg/torture/pr26587.c -O3 -fomit-frame-pointer -funroll-loops compilation failed to produce executable
FAIL: gcc.dg/torture/pr26587.c -O3 -fomit-frame-pointer -funroll-all-loops -finline-functions (internal compiler error)
FAIL: gcc.dg/torture/pr26587.c -O3 -fomit-frame-pointer -funroll-all-loops -finline-functions (test for excess errors)
WARNING: gcc.dg/torture/pr26587.c -O3 -fomit-frame-pointer -funroll-all-loops -finline-functions compilation failed to produce executable
FAIL: gcc.dg/torture/pr26587.c -O3 -g (internal compiler error)
FAIL: gcc.dg/torture/pr26587.c -O3 -g (test for excess errors)
WARNING: gcc.dg/torture/pr26587.c -O3 -g compilation failed to produce executable
FAIL: gcc.dg/torture/pr28814.c -O0 (test for excess errors)
FAIL: gcc.dg/torture/pr28814.c -O1 (test for excess errors)
FAIL: gcc.dg/torture/pr28814.c -O2 (test for excess errors)
FAIL: gcc.dg/torture/pr28814.c -O3 -fomit-frame-pointer (test for excess errors)
FAIL: gcc.dg/torture/pr28814.c -O3 -g (test for excess errors)
FAIL: gcc.dg/torture/pr28814.c -Os (test for excess errors)
FAIL: gcc.dg/torture/pr29584.c -O0 (test for excess errors)
FAIL: gcc.dg/torture/pr29584.c -O1 (test for excess errors)
FAIL: gcc.dg/torture/pr29584.c -O2 (test for excess errors)
FAIL: gcc.dg/torture/pr29584.c -O3 -fomit-frame-pointer (test for excess errors)
FAIL: gcc.dg/torture/pr29584.c -O3 -fomit-frame-pointer -funroll-loops (test for excess errors)
FAIL: gcc.dg/torture/pr29584.c -O3 -fomit-frame-pointer -funroll-all-loops -finline-functions (test for excess errors)
FAIL: gcc.dg/torture/pr29584.c -O3 -g (test for excess errors)
FAIL: gcc.dg/torture/pr29584.c -Os (test for excess errors)
FAIL: gcc.dg/tree-prof/indir-call-prof.c compilation, -fprofile-generate -D_PROFILE_GENERATE
UNRESOLVED: gcc.dg/tree-prof/indir-call-prof.c execution, -fprofile-generate -D_PROFILE_GENERATE
UNRESOLVED: gcc.dg/tree-prof/indir-call-prof.c compilation, -fprofile-use -D_PROFILE_USE
UNRESOLVED: gcc.dg/tree-prof/indir-call-prof.c execution, -fprofile-use -D_PROFILE_USE
FAIL: gcc.dg/tree-prof/inliner-1.c compilation, -fprofile-generate -D_PROFILE_GENERATE
UNRESOLVED: gcc.dg/tree-prof/inliner-1.c execution, -fprofile-generate -D_PROFILE_GENERATE
UNRESOLVED: gcc.dg/tree-prof/inliner-1.c compilation, -fprofile-use -D_PROFILE_USE
UNRESOLVED: gcc.dg/tree-prof/inliner-1.c execution, -fprofile-use -D_PROFILE_USE
UNRESOLVED: gcc.dg/tree-prof/stringop-1.c execution, -fprofile-generate -D_PROFILE_GENERATE
UNRESOLVED: gcc.dg/tree-prof/stringop-1.c compilation, -fprofile-use -D_PROFILE_USE
UNRESOLVED: gcc.dg/tree-prof/stringop-1.c execution, -fprofile-use -D_PROFILE_USE
UNRESOLVED: gcc.dg/tree-prof/stringop-2.c execution, -fprofile-generate -D_PROFILE_GENERATE
UNRESOLVED: gcc.dg/tree-prof/stringop-2.c compilation, -fprofile-use -D_PROFILE_USE
UNRESOLVED: gcc.dg/tree-prof/stringop-2.c execution, -fprofile-use -D_PROFILE_USE
FAIL: gcc.dg/tree-prof/update-cunroll-2.c compilation, -fprofile-generate -D_PROFILE_GENERATE
UNRESOLVED: gcc.dg/tree-prof/update-cunroll-2.c execution, -fprofile-generate -D_PROFILE_GENERATE
UNRESOLVED: gcc.dg/tree-prof/update-cunroll-2.c compilation, -fprofile-use -D_PROFILE_USE
UNRESOLVED: gcc.dg/tree-prof/update-cunroll-2.c execution, -fprofile-use -D_PROFILE_USE
FAIL: gcc.dg/tree-prof/update-loopch.c compilation, -fprofile-generate -D_PROFILE_GENERATE
UNRESOLVED: gcc.dg/tree-prof/update-loopch.c execution, -fprofile-generate -D_PROFILE_GENERATE
UNRESOLVED: gcc.dg/tree-prof/update-loopch.c compilation, -fprofile-use -D_PROFILE_USE
UNRESOLVED: gcc.dg/tree-prof/update-loopch.c execution, -fprofile-use -D_PROFILE_USE
FAIL: gcc.dg/tree-prof/update-tailcall.c compilation, -fprofile-generate -D_PROFILE_GENERATE
UNRESOLVED: gcc.dg/tree-prof/update-tailcall.c execution, -fprofile-generate -D_PROFILE_GENERATE
UNRESOLVED: gcc.dg/tree-prof/update-tailcall.c compilation, -fprofile-use -D_PROFILE_USE
UNRESOLVED: gcc.dg/tree-prof/update-tailcall.c execution, -fprofile-use -D_PROFILE_USE
UNRESOLVED: gcc.dg/tree-prof/val-prof-1.c execution, -fprofile-generate -D_PROFILE_GENERATE
UNRESOLVED: gcc.dg/tree-prof/val-prof-1.c compilation, -fprofile-use -D_PROFILE_USE
UNRESOLVED: gcc.dg/tree-prof/val-prof-1.c execution, -fprofile-use -D_PROFILE_USE
UNRESOLVED: gcc.dg/tree-prof/val-prof-2.c execution, -fprofile-generate -D_PROFILE_GENERATE
UNRESOLVED: gcc.dg/tree-prof/val-prof-2.c compilation, -fprofile-use -D_PROFILE_USE
UNRESOLVED: gcc.dg/tree-prof/val-prof-2.c execution, -fprofile-use -D_PROFILE_USE
UNRESOLVED: gcc.dg/tree-prof/val-prof-3.c execution, -fprofile-generate -D_PROFILE_GENERATE
UNRESOLVED: gcc.dg/tree-prof/val-prof-3.c compilation, -fprofile-use -D_PROFILE_USE
UNRESOLVED: gcc.dg/tree-prof/val-prof-3.c execution, -fprofile-use -D_PROFILE_USE
UNRESOLVED: gcc.dg/tree-prof/val-prof-4.c execution, -fprofile-generate -D_PROFILE_GENERATE
UNRESOLVED: gcc.dg/tree-prof/val-prof-4.c compilation, -fprofile-use -D_PROFILE_USE
UNRESOLVED: gcc.dg/tree-prof/val-prof-4.c execution, -fprofile-use -D_PROFILE_USE
UNRESOLVED: gcc.dg/tree-prof/val-prof-5.c execution, -fprofile-generate -D_PROFILE_GENERATE
UNRESOLVED: gcc.dg/tree-prof/val-prof-5.c compilation, -fprofile-use -D_PROFILE_USE
UNRESOLVED: gcc.dg/tree-prof/val-prof-5.c execution, -fprofile-use -D_PROFILE_USE
FAIL: gcc.dg/tree-prof/val-prof-6.c compilation, -fprofile-generate -D_PROFILE_GENERATE
UNRESOLVED: gcc.dg/tree-prof/val-prof-6.c execution, -fprofile-generate -D_PROFILE_GENERATE
UNRESOLVED: gcc.dg/tree-prof/val-prof-6.c compilation, -fprofile-use -D_PROFILE_USE
UNRESOLVED: gcc.dg/tree-prof/val-prof-6.c execution, -fprofile-use -D_PROFILE_USE
FAIL: gcc.dg/tree-prof/wcoverage-mismatch.c compilation, -fprofile-generate -D_PROFILE_GENERATE
UNRESOLVED: gcc.dg/tree-prof/wcoverage-mismatch.c execution, -fprofile-generate -D_PROFILE_GENERATE
UNRESOLVED: gcc.dg/tree-prof/wcoverage-mismatch.c compilation, -fprofile-use -D_PROFILE_USE
UNRESOLVED: gcc.dg/tree-prof/wcoverage-mismatch.c execution, -fprofile-use -D_PROFILE_USE
XPASS: gcc.dg/tree-ssa/20040204-1.c scan-tree-dump-times link_error 0
FAIL: gcc.dg/tree-ssa/foldaddr-1.c (test for excess errors)
FAIL: gcc.dg/tree-ssa/foldcast-1.c scan-tree-dump-times return x; 2
FAIL: gcc.dg/tree-ssa/gen-vect-11.c scan-tree-dump-times vectorized 1 loops 1
FAIL: gcc.dg/tree-ssa/gen-vect-11a.c scan-tree-dump-times vectorized 1 loops 1
FAIL: gcc.dg/tree-ssa/gen-vect-11b.c execution test
FAIL: gcc.dg/tree-ssa/gen-vect-2.c scan-tree-dump-times vectorized 1 loops 1
FAIL: gcc.dg/tree-ssa/gen-vect-25.c execution test
FAIL: gcc.dg/tree-ssa/gen-vect-25.c scan-tree-dump-times vectorized 2 loops 1
FAIL: gcc.dg/tree-ssa/loadpre6.c (test for excess errors)
FAIL: gcc.dg/tree-ssa/loop-1.c scan-assembler-times foo 5
FAIL: gcc.dg/tree-ssa/ltrans-5.c (test for excess errors)
ERROR: gcc.dg/tree-ssa/ltrans-5.c: error executing dg-final: no files matched glob pattern "ltrans-5.c.[0-9][0-9][0-9]t.ltrans"
UNRESOLVED: gcc.dg/tree-ssa/ltrans-5.c: error executing dg-final: no files matched glob pattern "ltrans-5.c.[0-9][0-9][0-9]t.ltrans"
FAIL: gcc.dg/tree-ssa/ltrans-8.c scan-tree-dump-times transformed loop 1
FAIL: gcc.dg/tree-ssa/pr15791-5.c scan-tree-dump-times i == j 1
FAIL: gcc.dg/tree-ssa/pr22051-2.c scan-tree-dump-times if \\(\\(int\\).*q 1
FAIL: gcc.dg/tree-ssa/scev-2.c execution test
FAIL: gcc.dg/tree-ssa/ssa-dse-10.c (test for excess errors)
ERROR: gcc.dg/tree-ssa/ssa-dse-10.c: error executing dg-final: no files matched glob pattern "ssa-dse-10.c.[0-9][0-9][0-9]t.dse1"
UNRESOLVED: gcc.dg/tree-ssa/ssa-dse-10.c: error executing dg-final: no files matched glob pattern "ssa-dse-10.c.[0-9][0-9][0-9]t.dse1"
FAIL: gcc.dg/tree-ssa/ssa-pre-8.c scan-tree-dump-times Eliminated: 4 1
XPASS: gcc.dg/tree-ssa/update-threading.c scan-tree-dump-times Invalid sum 0
FAIL: gcc.misc-tests/bprob-1.c execution: file bprob-1.gcda does not exist, -fprofile-arcs
UNRESOLVED: gcc.misc-tests/bprob-1.c compilation, -fbranch-probabilities
UNRESOLVED: gcc.misc-tests/bprob-1.c execution, -fbranch-probabilities
FAIL: gcc.misc-tests/bprob-2.c execution: file bprob-2.gcda does not exist, -fprofile-arcs
UNRESOLVED: gcc.misc-tests/bprob-2.c compilation, -fbranch-probabilities
UNRESOLVED: gcc.misc-tests/bprob-2.c execution, -fbranch-probabilities
=== gcc Summary ===
# of expected passes 39450
# of unexpected failures 1554
# of unexpected successes 23
# of expected failures 52
# of unresolved testcases 421
# of untested testcases 28
# of unsupported tests 868
/home/mstein/sim/m68hc11-elf/build/gcc/xgcc version 4.3.0 20070515 (experimental)
Compiler version: 4.3.0 20070515 (experimental) gcc
Platform: m68hc11-unknown-none
configure flags: --target=m68hc11-elf --prefix=/n/07/mstein/cross-local/m68hc11-elf --enable-languages=c --disable-nls --disable-build-warnings --with-ld=/n/07/mstein/cross-local/m68hc11-elf/bin/m68hc11-elf-ld --with-as=/n/07/mstein/cross-local/m68hc11-elf/bin/m68hc11-elf-as --disable-libssp
More information about the Gcc-testresults
mailing list