Results for 4.3.0 20070516 (experimental) testsuite on ia64-suse-linux-gnu
Andreas Schwab
schwab@suse.de
Wed May 16 10:02:00 GMT 2007
LAST_UPDATED: Wed May 16 08:01:08 UTC 2007 (revision 124761M)
=== acats tests ===
FAIL: c38005a
FAIL: c64104i
FAIL: cd10002
FAIL: cxh1001
=== acats Summary ===
# of expected passes 2311
# of unexpected failures 4
Native configuration is ia64-suse-linux-gnu
=== g++ tests ===
Running target unix
FAIL: g++.dg/tree-prof/indir-call-prof.C scan-tree-dump Indirect call -> direct call.* AA transformation on insn
FAIL: g++.dg/tree-prof/indir-call-prof.C scan-tree-dump Indirect call -> direct call.* AA transformation on insn
FAIL: g++.dg/tree-prof/indir-call-prof.C scan-tree-dump Indirect call -> direct call.* AA transformation on insn
FAIL: g++.dg/tree-prof/indir-call-prof.C scan-tree-dump Indirect call -> direct call.* AA transformation on insn
FAIL: g++.dg/tree-prof/indir-call-prof.C scan-tree-dump Indirect call -> direct call.* AA transformation on insn
FAIL: g++.dg/tree-prof/indir-call-prof.C scan-tree-dump Indirect call -> direct call.* AA transformation on insn
FAIL: g++.dg/tree-prof/indir-call-prof.C scan-tree-dump Indirect call -> direct call.* AA transformation on insn
=== g++ Summary ===
# of expected passes 14202
# of unexpected failures 7
# of expected failures 82
# of unsupported tests 119
/tmp/cvs/gcc-20070516/Build/gcc/testsuite/g++/../../g++ version 4.3.0 20070516 (experimental)
=== gcc tests ===
Running target unix
FAIL: gcc.c-torture/execute/mayalias-2.c compilation, -O3 -g (internal compiler error)
UNRESOLVED: gcc.c-torture/execute/mayalias-2.c execution, -O3 -g
FAIL: gcc.c-torture/execute/mayalias-3.c compilation, -O3 -g (internal compiler error)
UNRESOLVED: gcc.c-torture/execute/mayalias-3.c execution, -O3 -g
FAIL: gcc.c-torture/execute/va-arg-24.c execution, -O3 -fomit-frame-pointer -funroll-loops
FAIL: gcc.c-torture/execute/va-arg-24.c execution, -O3 -fomit-frame-pointer -funroll-all-loops -finline-functions
FAIL: gcc.dg/builtin-apply4.c execution test
FAIL: gcc.dg/pr30643.c scan-assembler-not undefined
WARNING: gcc.dg/torture/fp-int-convert-float128-timode.c -O0 compilation failed to produce executable
WARNING: gcc.dg/torture/fp-int-convert-float128-timode.c -O1 compilation failed to produce executable
WARNING: gcc.dg/torture/fp-int-convert-float128-timode.c -O2 compilation failed to produce executable
WARNING: gcc.dg/torture/fp-int-convert-float128-timode.c -O3 -fomit-frame-pointer compilation failed to produce executable
WARNING: gcc.dg/torture/fp-int-convert-float128-timode.c -O3 -g compilation failed to produce executable
WARNING: gcc.dg/torture/fp-int-convert-float128-timode.c -Os compilation failed to produce executable
FAIL: gcc.dg/torture/fp-int-convert-float128.c -O0 (test for excess errors)
WARNING: gcc.dg/torture/fp-int-convert-float128.c -O0 compilation failed to produce executable
FAIL: gcc.dg/torture/fp-int-convert-float128.c -O1 (test for excess errors)
WARNING: gcc.dg/torture/fp-int-convert-float128.c -O1 compilation failed to produce executable
FAIL: gcc.dg/torture/fp-int-convert-float128.c -O2 (test for excess errors)
WARNING: gcc.dg/torture/fp-int-convert-float128.c -O2 compilation failed to produce executable
FAIL: gcc.dg/torture/fp-int-convert-float128.c -O3 -fomit-frame-pointer (test for excess errors)
WARNING: gcc.dg/torture/fp-int-convert-float128.c -O3 -fomit-frame-pointer compilation failed to produce executable
FAIL: gcc.dg/torture/fp-int-convert-float128.c -O3 -g (test for excess errors)
WARNING: gcc.dg/torture/fp-int-convert-float128.c -O3 -g compilation failed to produce executable
FAIL: gcc.dg/torture/fp-int-convert-float128.c -Os (test for excess errors)
WARNING: gcc.dg/torture/fp-int-convert-float128.c -Os compilation failed to produce executable
XPASS: gcc.dg/tree-ssa/loop-1.c scan-assembler-times foo 5
XPASS: gcc.dg/tree-ssa/update-threading.c scan-tree-dump-times Invalid sum 0
=== gcc Summary ===
# of expected passes 42751
# of unexpected failures 12
# of unexpected successes 2
# of expected failures 162
# of unresolved testcases 2
# of untested testcases 28
# of unsupported tests 379
/tmp/cvs/gcc-20070516/Build/gcc/xgcc version 4.3.0 20070516 (experimental)
=== gfortran tests ===
Running target unix
FAIL: gfortran.dg/interface_12.f90 -O2 execution test
FAIL: gfortran.dg/interface_12.f90 -O3 -fomit-frame-pointer execution test
FAIL: gfortran.dg/interface_12.f90 -O3 -fomit-frame-pointer -funroll-loops execution test
FAIL: gfortran.dg/interface_12.f90 -O3 -fomit-frame-pointer -funroll-all-loops -finline-functions execution test
FAIL: gfortran.dg/interface_12.f90 -O3 -g execution test
FAIL: gfortran.dg/result_in_spec_1.f90 -O2 execution test
FAIL: gfortran.dg/result_in_spec_1.f90 -O3 -fomit-frame-pointer execution test
FAIL: gfortran.dg/result_in_spec_1.f90 -O3 -fomit-frame-pointer -funroll-loops execution test
FAIL: gfortran.dg/result_in_spec_1.f90 -O3 -fomit-frame-pointer -funroll-all-loops -finline-functions execution test
FAIL: gfortran.dg/result_in_spec_1.f90 -O3 -g execution test
FAIL: gfortran.fortran-torture/execute/st_function.f90, -O1 (internal compiler error)
FAIL: gfortran.fortran-torture/execute/st_function.f90, -O2 (internal compiler error)
FAIL: gfortran.fortran-torture/execute/st_function.f90, -O3 -fomit-frame-pointer (internal compiler error)
FAIL: gfortran.fortran-torture/execute/st_function.f90, -O3 -fomit-frame-pointer -funroll-loops (internal compiler error)
FAIL: gfortran.fortran-torture/execute/st_function.f90, -O3 -fomit-frame-pointer -funroll-all-loops -finline-functions (internal compiler error)
FAIL: gfortran.fortran-torture/execute/st_function.f90, -O3 -g (internal compiler error)
FAIL: gfortran.fortran-torture/execute/st_function.f90, -Os (internal compiler error)
=== gfortran Summary ===
# of expected passes 17964
# of unexpected failures 17
# of expected failures 14
# of unsupported tests 28
/tmp/cvs/gcc-20070516/Build/gcc/testsuite/gfortran/../../gfortran version 4.3.0 20070516 (experimental)
=== gnat tests ===
Running target unix
FAIL: gnat.dg/address_conversion.adb execution test
FAIL: gnat.dg/frame_overflow.adb (test for errors, line 12)
FAIL: gnat.dg/frame_overflow.adb (test for errors, line 21)
=== gnat Summary ===
# of expected passes 166
# of unexpected failures 3
=== obj-c++ tests ===
Running target unix
FAIL: obj-c++.dg/bitfield-1.mm (internal compiler error)
FAIL: obj-c++.dg/bitfield-1.mm (test for excess errors)
WARNING: obj-c++.dg/bitfield-1.mm compilation failed to produce executable
FAIL: obj-c++.dg/bitfield-4.mm (test for excess errors)
FAIL: obj-c++.dg/comp-types-10.mm (internal compiler error)
FAIL: obj-c++.dg/comp-types-10.mm (test for excess errors)
FAIL: obj-c++.dg/cxx-class-1.mm (test for excess errors)
FAIL: obj-c++.dg/cxx-ivars-2.mm execution test
FAIL: obj-c++.dg/encode-2.mm scan-assembler {Vec<float>=ffi}
FAIL: obj-c++.dg/encode-2.mm scan-assembler {Vec<double>=ddi}
FAIL: obj-c++.dg/encode-3.mm execution test
FAIL: obj-c++.dg/encode-8.mm execution test
FAIL: obj-c++.dg/gnu-runtime-2.mm (test for excess errors)
FAIL: obj-c++.dg/isa-field-1.mm (test for excess errors)
FAIL: obj-c++.dg/layout-1.mm (test for excess errors)
FAIL: obj-c++.dg/lookup-2.mm (test for excess errors)
WARNING: obj-c++.dg/lookup-2.mm compilation failed to produce executable
FAIL: obj-c++.dg/try-catch-2.mm (test for excess errors)
WARNING: obj-c++.dg/try-catch-2.mm compilation failed to produce executable
FAIL: obj-c++.dg/try-catch-9.mm (internal compiler error)
FAIL: obj-c++.dg/try-catch-9.mm (test for excess errors)
WARNING: obj-c++.dg/try-catch-9.mm compilation failed to produce executable
=== obj-c++ Summary ===
# of expected passes 419
# of unexpected failures 18
# of unsupported tests 13
/tmp/cvs/gcc-20070516/Build/gcc/testsuite/obj-c++/../../g++ version 4.3.0 20070516 (experimental)
=== objc tests ===
Running target unix
=== objc Summary ===
# of expected passes 1810
# of expected failures 7
# of unsupported tests 25
/tmp/cvs/gcc-20070516/Build/gcc/xgcc version 4.3.0 20070516 (experimental)
=== libffi tests ===
Running target unix
=== libffi Summary ===
# of expected passes 1096
# of unsupported tests 8
=== libgomp tests ===
Running target unix
FAIL: libgomp.fortran/vla1.f90 -O2 execution test
FAIL: libgomp.fortran/vla1.f90 -O3 -fomit-frame-pointer execution test
FAIL: libgomp.fortran/vla1.f90 -O3 -fomit-frame-pointer -funroll-loops execution test
FAIL: libgomp.fortran/vla1.f90 -O3 -fomit-frame-pointer -funroll-all-loops -finline-functions execution test
FAIL: libgomp.fortran/vla1.f90 -O3 -g execution test
FAIL: libgomp.fortran/vla1.f90 -Os execution test
FAIL: libgomp.fortran/vla2.f90 -O2 execution test
FAIL: libgomp.fortran/vla2.f90 -O3 -fomit-frame-pointer execution test
FAIL: libgomp.fortran/vla2.f90 -O3 -fomit-frame-pointer -funroll-loops execution test
FAIL: libgomp.fortran/vla2.f90 -O3 -fomit-frame-pointer -funroll-all-loops -finline-functions execution test
FAIL: libgomp.fortran/vla2.f90 -O3 -g execution test
FAIL: libgomp.fortran/vla2.f90 -Os execution test
FAIL: libgomp.fortran/vla3.f90 -O2 execution test
FAIL: libgomp.fortran/vla3.f90 -O3 -fomit-frame-pointer execution test
FAIL: libgomp.fortran/vla3.f90 -O3 -fomit-frame-pointer -funroll-loops execution test
FAIL: libgomp.fortran/vla3.f90 -O3 -fomit-frame-pointer -funroll-all-loops -finline-functions execution test
FAIL: libgomp.fortran/vla3.f90 -O3 -g execution test
FAIL: libgomp.fortran/vla3.f90 -Os execution test
FAIL: libgomp.fortran/vla4.f90 -O2 execution test
FAIL: libgomp.fortran/vla4.f90 -O3 -fomit-frame-pointer execution test
FAIL: libgomp.fortran/vla4.f90 -O3 -fomit-frame-pointer -funroll-loops execution test
FAIL: libgomp.fortran/vla4.f90 -O3 -fomit-frame-pointer -funroll-all-loops -finline-functions execution test
FAIL: libgomp.fortran/vla4.f90 -O3 -g execution test
FAIL: libgomp.fortran/vla4.f90 -Os execution test
FAIL: libgomp.fortran/vla5.f90 -O2 execution test
FAIL: libgomp.fortran/vla5.f90 -O3 -fomit-frame-pointer execution test
FAIL: libgomp.fortran/vla5.f90 -O3 -fomit-frame-pointer -funroll-loops execution test
FAIL: libgomp.fortran/vla5.f90 -O3 -fomit-frame-pointer -funroll-all-loops -finline-functions execution test
FAIL: libgomp.fortran/vla5.f90 -O3 -g execution test
FAIL: libgomp.fortran/vla5.f90 -Os execution test
FAIL: libgomp.fortran/vla6.f90 -O2 execution test
FAIL: libgomp.fortran/vla6.f90 -O3 -fomit-frame-pointer execution test
FAIL: libgomp.fortran/vla6.f90 -O3 -fomit-frame-pointer -funroll-loops execution test
FAIL: libgomp.fortran/vla6.f90 -O3 -fomit-frame-pointer -funroll-all-loops -finline-functions execution test
FAIL: libgomp.fortran/vla6.f90 -O3 -g execution test
FAIL: libgomp.fortran/vla6.f90 -Os execution test
=== libgomp Summary ===
# of expected passes 1530
# of unexpected failures 36
=== libjava tests ===
Running target unix
FAIL: getlocalvartable output
WARNING: program timed out.
FAIL: getstacktrace run
FAIL: Throw_3 -O3 output - source compiled test
FAIL: Throw_3 -O3 -findirect-dispatch output - source compiled test
=== libjava Summary ===
# of expected passes 2532
# of unexpected failures 4
# of untested testcases 1
=== libmudflap tests ===
Running target unix
FAIL: libmudflap.c++/pass41-frag.cxx execution test
FAIL: libmudflap.c++/pass41-frag.cxx ( -O) execution test
FAIL: libmudflap.c++/pass41-frag.cxx (-O2) execution test
FAIL: libmudflap.c++/pass41-frag.cxx (-O3) execution test
=== libmudflap Summary ===
# of expected passes 1371
# of unexpected failures 4
=== libstdc++ tests ===
Running target unix
XPASS: 26_numerics/headers/cmath/c99_classification_macros_c.cc (test for excess errors)
XPASS: 27_io/fpos/14320-1.cc execution test
=== libstdc++ Summary ===
# of expected passes 4992
# of unexpected successes 2
# of expected failures 68
Compiler version: 4.3.0 20070516 (experimental)
Platform: ia64-suse-linux-gnu
configure flags: --prefix=/tmp/cvs/gcc-20070516/Build/root --build=ia64-suse-linux --host=ia64-suse-linux --enable-shared --enable-threads --enable-__cxa_atexit --with-system-zlib --with-system-libunwind
More information about the Gcc-testresults
mailing list