Results for 4.3.0 20070514 (experimental) gcc testsuite on mips-unknown-elf

mstein mstein@phenix.rootshell.be
Wed May 16 05:02:00 GMT 2007


Ubuntu 5 on pentium3-smp
cross tool versions:
GNU assembler (GNU Binutils) 2.17.50.20070513
GNU gdb 6.6.50.20070513-cvs
GNU ld (GNU Binutils) 2.17.50.20070513

GNU Make 3.80
expect version 5.42.1
host gcc version: gcc (GCC) 4.3.0 20070512 (experimental)
LAST_UPDATED: Mon May 14 22:03:53 UTC 2007 (revision 124727)

Target is mips-unknown-elf
Host   is i686-pc-linux-gnu

		=== gcc tests ===


Running target mips-sim
FAIL: gcc.c-torture/compile/limits-structnest.c  -O2  (test for excess errors)
FAIL: gcc.c-torture/compile/limits-structnest.c  -O3 -fomit-frame-pointer  (test for excess errors)
FAIL: gcc.c-torture/compile/limits-structnest.c  -O3 -g  (test for excess errors)
FAIL: gcc.c-torture/compile/limits-structnest.c  -Os  (test for excess errors)
FAIL: gcc.c-torture/execute/920501-6.c compilation,  -O3 -fomit-frame-pointer -funroll-all-loops -finline-functions  (internal compiler error)
UNRESOLVED: gcc.c-torture/execute/920501-6.c execution,  -O3 -fomit-frame-pointer -funroll-all-loops -finline-functions 
FAIL: gcc.c-torture/execute/930921-1.c compilation,  -O3 -fomit-frame-pointer -funroll-loops  (internal compiler error)
UNRESOLVED: gcc.c-torture/execute/930921-1.c execution,  -O3 -fomit-frame-pointer -funroll-loops 
FAIL: gcc.c-torture/execute/930921-1.c compilation,  -O3 -fomit-frame-pointer -funroll-all-loops -finline-functions  (internal compiler error)
UNRESOLVED: gcc.c-torture/execute/930921-1.c execution,  -O3 -fomit-frame-pointer -funroll-all-loops -finline-functions 
FAIL: gcc.c-torture/execute/builtin-bitops-1.c execution,  -O3 -fomit-frame-pointer -funroll-loops 
FAIL: gcc.c-torture/execute/builtin-bitops-1.c execution,  -O3 -fomit-frame-pointer -funroll-all-loops -finline-functions 
FAIL: gcc.c-torture/execute/mayalias-2.c compilation,  -O3 -g  (internal compiler error)
UNRESOLVED: gcc.c-torture/execute/mayalias-2.c execution,  -O3 -g 
FAIL: gcc.c-torture/execute/mayalias-3.c compilation,  -O3 -g  (internal compiler error)
UNRESOLVED: gcc.c-torture/execute/mayalias-3.c execution,  -O3 -g 
WARNING: Could not compile gcc.dg/compat/struct-layout-1 generator
FAIL: gcc.dg/Wno-pointer-sign.c (test for excess errors)
FAIL: gcc.dg/Wpointer-sign-Wall-no.c (test for excess errors)
FAIL: gcc.dg/Wpointer-sign-Wall.c  (test for warnings, line 8)
FAIL: gcc.dg/Wpointer-sign-Wall.c (test for excess errors)
FAIL: gcc.dg/Wpointer-sign-pedantic-no.c (test for excess errors)
FAIL: gcc.dg/Wpointer-sign-pedantic.c  (test for warnings, line 8)
FAIL: gcc.dg/Wpointer-sign-pedantic.c (test for excess errors)
FAIL: gcc.dg/Wpointer-sign.c (test for excess errors)
FAIL: gcc.dg/builtins-20.c (test for excess errors)
FAIL: gcc.dg/builtins-59.c scan-tree-dump __builtin_cexpi
FAIL: gcc.dg/builtins-59.c scan-tree-dump-not sincos
FAIL: gcc.dg/builtins-61.c scan-tree-dump cexpi
FAIL: gcc.dg/builtins-61.c scan-tree-dump sin
FAIL: gcc.dg/builtins-61.c scan-tree-dump cos
FAIL: gcc.dg/builtins-61.c scan-tree-dump return 0.0
FAIL: gcc.dg/builtins-62.c scan-tree-dump-times cexpi 3
XPASS: gcc.dg/c90-const-expr-2.c bogus null pointer constant (test for bogus messages, line 37)
XPASS: gcc.dg/c90-const-expr-2.c bogus null pointer constant (test for bogus messages, line 38)
XPASS: gcc.dg/c90-const-expr-2.c bogus null pointer constant (test for bogus messages, line 40)
XPASS: gcc.dg/c90-const-expr-2.c bogus null pointer constant (test for bogus messages, line 42)
XPASS: gcc.dg/c90-const-expr-3.c bogus null pointer constant (test for bogus messages, line 31)
XPASS: gcc.dg/c90-const-expr-3.c bogus null pointer constant (test for bogus messages, line 32)
XPASS: gcc.dg/c90-const-expr-3.c bogus null pointer constant (test for bogus messages, line 34)
XPASS: gcc.dg/c90-const-expr-3.c bogus null pointer constant (test for bogus messages, line 36)
XPASS: gcc.dg/c90-const-expr-3.c bogus null pointer constant (test for bogus messages, line 43)
XPASS: gcc.dg/c90-const-expr-3.c bogus null pointer constant (test for bogus messages, line 44)
XPASS: gcc.dg/c90-const-expr-3.c bogus null pointer constant (test for bogus messages, line 45)
FAIL: gcc.dg/c90-const-expr-5.c  (test for errors, line 18)
FAIL: gcc.dg/c90-const-expr-5.c  (test for errors, line 19)
FAIL: gcc.dg/c90-const-expr-5.c (test for excess errors)
XPASS: gcc.dg/c99-const-expr-2.c bogus null pointer constant (test for bogus messages, line 37)
XPASS: gcc.dg/c99-const-expr-2.c bogus null pointer constant (test for bogus messages, line 38)
XPASS: gcc.dg/c99-const-expr-2.c bogus null pointer constant (test for bogus messages, line 40)
XPASS: gcc.dg/c99-const-expr-3.c bogus null pointer constant (test for bogus messages, line 30)
XPASS: gcc.dg/c99-const-expr-3.c bogus null pointer constant (test for bogus messages, line 31)
XPASS: gcc.dg/c99-const-expr-3.c bogus null pointer constant (test for bogus messages, line 33)
XPASS: gcc.dg/c99-const-expr-3.c bogus null pointer constant (test for bogus messages, line 35)
XPASS: gcc.dg/c99-const-expr-3.c bogus null pointer constant (test for bogus messages, line 42)
XPASS: gcc.dg/c99-const-expr-3.c bogus null pointer constant (test for bogus messages, line 43)
XPASS: gcc.dg/c99-const-expr-3.c bogus null pointer constant (test for bogus messages, line 44)
FAIL: gcc.dg/c99-const-expr-5.c  (test for errors, line 18)
FAIL: gcc.dg/c99-const-expr-5.c  (test for errors, line 19)
FAIL: gcc.dg/c99-const-expr-5.c (test for excess errors)
FAIL: gcc.dg/conv-2.c  (test for warnings, line 15)
FAIL: gcc.dg/conv-2.c  (test for warnings, line 16)
FAIL: gcc.dg/conv-2.c  (test for warnings, line 17)
FAIL: gcc.dg/conv-2.c  (test for warnings, line 18)
FAIL: gcc.dg/conv-2.c (test for excess errors)
FAIL: gcc.dg/float-range-3.c (test for excess errors)
FAIL: gcc.dg/float-range-4.c (test for excess errors)
FAIL: gcc.dg/float-range-5.c (test for excess errors)
FAIL: gcc.dg/memcpy-1.c scan-tree-dump-times nasty_local 0
FAIL: gcc.dg/transparent-union-1.c  (test for warnings, line 55)
FAIL: gcc.dg/transparent-union-1.c  (test for warnings, line 57)
FAIL: gcc.dg/transparent-union-1.c  (test for warnings, line 59)
FAIL: gcc.dg/transparent-union-1.c  (test for warnings, line 61)
FAIL: gcc.dg/transparent-union-1.c  (test for warnings, line 63)
FAIL: gcc.dg/transparent-union-1.c  (test for warnings, line 65)
FAIL: gcc.dg/transparent-union-1.c  (test for warnings, line 67)
FAIL: gcc.dg/transparent-union-1.c  (test for warnings, line 69)
FAIL: gcc.dg/transparent-union-1.c  (test for warnings, line 71)
FAIL: gcc.dg/transparent-union-1.c  (test for warnings, line 73)
FAIL: gcc.dg/format/bitfld-1.c   (test for excess errors)
FAIL: gcc.dg/format/bitfld-1.c  -DWIDE  (test for excess errors)
FAIL: gcc.dg/torture/builtin-pow-mpfr-1.c  -O0  scan-tree-dump pow
FAIL: gcc.dg/torture/builtin-pow-mpfr-1.c  -O1  scan-tree-dump pow
FAIL: gcc.dg/torture/builtin-pow-mpfr-1.c  -O2  scan-tree-dump pow
FAIL: gcc.dg/torture/builtin-pow-mpfr-1.c  -O3 -fomit-frame-pointer  scan-tree-dump pow
FAIL: gcc.dg/torture/builtin-pow-mpfr-1.c  -O3 -g  scan-tree-dump pow
FAIL: gcc.dg/torture/builtin-pow-mpfr-1.c  -Os  scan-tree-dump pow
FAIL: gcc.dg/torture/builtin-sin-mpfr-1.c  -O0  (test for excess errors)
FAIL: gcc.dg/torture/builtin-sin-mpfr-1.c  -O1  (test for excess errors)
FAIL: gcc.dg/torture/builtin-sin-mpfr-1.c  -O2  (test for excess errors)
FAIL: gcc.dg/torture/builtin-sin-mpfr-1.c  -O3 -fomit-frame-pointer  (test for excess errors)
FAIL: gcc.dg/torture/builtin-sin-mpfr-1.c  -O3 -fomit-frame-pointer -funroll-loops  (test for excess errors)
FAIL: gcc.dg/torture/builtin-sin-mpfr-1.c  -O3 -fomit-frame-pointer -funroll-all-loops -finline-functions  (test for excess errors)
FAIL: gcc.dg/torture/builtin-sin-mpfr-1.c  -O3 -g  (test for excess errors)
FAIL: gcc.dg/torture/builtin-sin-mpfr-1.c  -Os  (test for excess errors)
XPASS: gcc.dg/tree-ssa/20040204-1.c scan-tree-dump-times link_error 0
XPASS: gcc.dg/tree-ssa/update-threading.c scan-tree-dump-times Invalid sum 0

		=== gcc Summary ===

# of expected passes		42105
# of unexpected failures	68
# of unexpected successes	23
# of expected failures		51
# of unresolved testcases	5
# of untested testcases		28
# of unsupported tests		401
/home/mstein/sim/mips-elf/build/gcc/xgcc  version 4.3.0 20070514 (experimental)


Compiler version: 4.3.0 20070514 (experimental) gcc 
Platform: mips-unknown-elf
configure flags: --target=mips-elf --prefix=/n/07/mstein/cross-local/mips-elf --enable-languages=c --disable-nls --disable-build-warnings --with-ld=/n/07/mstein/cross-local/mips-elf/bin/mips-elf-ld --with-as=/n/07/mstein/cross-local/mips-elf/bin/mips-elf-as --disable-libssp



More information about the Gcc-testresults mailing list