Results for 4.2.1 20070514 (prerelease) testsuite on hppa2.0w-hp-hpux11.11

John David Anglin dave@hiauly3.hia.nrc.ca
Wed May 16 02:48:00 GMT 2007


LAST_UPDATED: Mon May 14 23:21:47 UTC 2007 (revision 124729)

		=== acats tests ===
FAIL:	c380004
FAIL:	c974005

		=== acats Summary ===
# of expected passes		2313
# of unexpected failures	2
Native configuration is hppa2.0w-hp-hpux11.11

		=== g++ tests ===


Running target unix
XPASS: g++.dg/tree-ssa/ivopts-1.C scan-tree-dump-not offset: -4B
XPASS: g++.dg/tree-ssa/ivopts-1.C scan-tree-dump-not &x\\[5\\]

		=== g++ Summary ===

# of expected passes		12791
# of unexpected successes	2
# of expected failures		70
# of unsupported tests		184
/mnt/gnu/gcc/objdir/gcc/testsuite/g++/../../g++  version 4.2.1 20070514 (prerelease)

		=== gcc tests ===


Running target unix
XPASS: gcc.c-torture/execute/mayalias-2.c compilation,  -O3 -g 
XPASS: gcc.dg/cpp/cmdlne-dI-M.c scan-file (^|\\\\n)cmdlne-dI-M.*:[^\\\\n]*cmdlne-dI-M.c
XPASS: gcc.dg/cpp/cmdlne-dM-M.c scan-file (^|\\\\n)cmdlne-dM-M[^\\\\n]*:[^\\\\n]*cmdlne-dM-M.c

		=== gcc Summary ===

# of expected passes		39923
# of unexpected successes	3
# of expected failures		82
# of untested testcases		28
# of unsupported tests		499
/mnt/gnu/gcc/objdir/gcc/xgcc  version 4.2.1 20070514 (prerelease)

		=== gfortran tests ===


Running target unix

		=== gfortran Summary ===

# of expected passes		15803
# of expected failures		6
# of unsupported tests		105
/mnt/gnu/gcc/objdir/gcc/testsuite/gfortran/../../gfortran  version 4.2.1 20070514 (prerelease)

		=== gnat tests ===


Running target unix

		=== gnat Summary ===

# of expected passes		42
		=== obj-c++ tests ===


Running target unix
FAIL: obj-c++.dg/cxx-ivars-2.mm execution test
FAIL: obj-c++.dg/encode-8.mm execution test
FAIL: obj-c++.dg/isa-field-1.mm (test for excess errors)
FAIL: obj-c++.dg/lookup-2.mm (test for excess errors)
WARNING: obj-c++.dg/lookup-2.mm compilation failed to produce executable
FAIL: obj-c++.dg/try-catch-2.mm (test for excess errors)
WARNING: obj-c++.dg/try-catch-2.mm compilation failed to produce executable
FAIL: obj-c++.dg/try-catch-9.mm (test for excess errors)
WARNING: obj-c++.dg/try-catch-9.mm compilation failed to produce executable

		=== obj-c++ Summary ===

# of expected passes		427
# of unexpected failures	6
# of unsupported tests		14
/mnt/gnu/gcc/objdir/gcc/testsuite/obj-c++/../../g++  version 4.2.1 20070514 (prerelease)

		=== objc tests ===


Running target unix

		=== objc Summary ===

# of expected passes		1800
# of expected failures		7
# of unsupported tests		27
/mnt/gnu/gcc/objdir/gcc/xgcc  version 4.2.1 20070514 (prerelease)

		=== libffi tests ===


Running target unix

		=== libffi Summary ===

# of expected passes		1084
# of unsupported tests		8
		=== libgomp tests ===


Running target unix
FAIL: libgomp.fortran/vla6.f90  -O2  execution test

		=== libgomp Summary ===

# of expected passes		1331
# of unexpected failures	1
# of unsupported tests		118
		=== libjava tests ===


Running target unix
FAIL: LargeFile execution - source compiled test
FAIL: LargeFile execution - gij test
FAIL: LargeFile execution - bytecode->native test
FAIL: LargeFile execution - gij test
FAIL: LargeFile -findirect-dispatch execution - bytecode->native test
FAIL: LargeFile -O3 execution - source compiled test
FAIL: LargeFile execution - gij test
FAIL: LargeFile -O3 execution - bytecode->native test
FAIL: LargeFile execution - gij test
FAIL: LargeFile -O3 -findirect-dispatch execution - bytecode->native test
FAIL: SyncTest execution - gij test

		=== libjava Summary ===

# of expected passes		6984
# of unexpected failures	11
# of expected failures		12
# of untested testcases		19
		=== libstdc++ tests ===


Running target unix

		=== libstdc++ Summary ===

# of expected passes		3810
# of expected failures		15
# of unsupported tests		332

Compiler version: 4.2.1 20070514 (prerelease) 
Platform: hppa2.0w-hp-hpux11.11
configure flags: --with-gnu-as --with-as=/opt/gnu/bin/as --enable-shared --with-local-prefix=/opt/gnu --prefix=/opt/gnu/gcc/gcc-4.2.0 --with-gmp=/opt/gnu/gcc/gcc-4.2.0 --enable-threads=posix --enable-debug=no --disable-nls --enable-languages=c,ada,c++,fortran,java,objc,obj-c++



More information about the Gcc-testresults mailing list