LAST_UPDATED: Obtained from SVN: tags/gcc_3_4_6_release revision 111785
Lukas Oboril
oboril.lukas@gmail.com
Tue May 15 10:40:00 GMT 2007
Native configuration is sparc-sun-solaris2.5.1
=== g++ tests ===
Running target unix
WARNING: g++.dg/eh/simd-1.C compilation failed to produce executable
WARNING: g++.dg/eh/simd-2.C compilation failed to produce executable
WARNING: program timed out.
FAIL: g++.dg/parse/stack1.C (test for excess errors)
FAIL: g++.old-deja/g++.law/profile1.C execution test
=== g++ Summary ===
# of expected passes 9764
# of unexpected failures 2
# of expected failures 68
# of unsupported tests 77
/export/work/gcc-3.4.6/objdir/gcc/testsuite/../g++ version 3.4.6
=== g77 tests ===
Running target unix
FAIL: g77.dg/bprob/g77-bprob-1.f compilation, -g -fprofile-arcs
UNRESOLVED: g77.dg/bprob/g77-bprob-1.f execution, -g -fprofile-arcs
UNRESOLVED: g77.dg/bprob/g77-bprob-1.f compilation, -g -fbranch-probabilities
UNRESOLVED: g77.dg/bprob/g77-bprob-1.f execution, -g -fbranch-probabilities
FAIL: g77.dg/bprob/g77-bprob-1.f compilation, -O0 -fprofile-arcs
UNRESOLVED: g77.dg/bprob/g77-bprob-1.f execution, -O0 -fprofile-arcs
UNRESOLVED: g77.dg/bprob/g77-bprob-1.f compilation, -O0 -fbranch-probabilities
UNRESOLVED: g77.dg/bprob/g77-bprob-1.f execution, -O0 -fbranch-probabilities
FAIL: g77.dg/bprob/g77-bprob-1.f compilation, -O1 -fprofile-arcs
UNRESOLVED: g77.dg/bprob/g77-bprob-1.f execution, -O1 -fprofile-arcs
UNRESOLVED: g77.dg/bprob/g77-bprob-1.f compilation, -O1 -fbranch-probabilities
UNRESOLVED: g77.dg/bprob/g77-bprob-1.f execution, -O1 -fbranch-probabilities
FAIL: g77.dg/bprob/g77-bprob-1.f compilation, -O2 -fprofile-arcs
UNRESOLVED: g77.dg/bprob/g77-bprob-1.f execution, -O2 -fprofile-arcs
UNRESOLVED: g77.dg/bprob/g77-bprob-1.f compilation, -O2 -fbranch-probabilities
UNRESOLVED: g77.dg/bprob/g77-bprob-1.f execution, -O2 -fbranch-probabilities
FAIL: g77.dg/bprob/g77-bprob-1.f compilation, -O3 -fprofile-arcs
UNRESOLVED: g77.dg/bprob/g77-bprob-1.f execution, -O3 -fprofile-arcs
UNRESOLVED: g77.dg/bprob/g77-bprob-1.f compilation, -O3 -fbranch-probabilities
UNRESOLVED: g77.dg/bprob/g77-bprob-1.f execution, -O3 -fbranch-probabilities
FAIL: g77.dg/bprob/g77-bprob-1.f compilation, -O3 -g -fprofile-arcs
UNRESOLVED: g77.dg/bprob/g77-bprob-1.f execution, -O3 -g -fprofile-arcs
UNRESOLVED: g77.dg/bprob/g77-bprob-1.f compilation, -O3 -g
-fbranch-probabilities
UNRESOLVED: g77.dg/bprob/g77-bprob-1.f execution, -O3 -g
-fbranch-probabilities
FAIL: g77.dg/bprob/g77-bprob-1.f compilation, -Os -fprofile-arcs
UNRESOLVED: g77.dg/bprob/g77-bprob-1.f execution, -Os -fprofile-arcs
UNRESOLVED: g77.dg/bprob/g77-bprob-1.f compilation, -Os -fbranch-probabilities
UNRESOLVED: g77.dg/bprob/g77-bprob-1.f execution, -Os -fbranch-probabilities
=== gcc tests ===
Running target unix
WARNING: program timed out.
FAIL: gcc.c-torture/compile/20001226-1.c -O3 -g (test for excess errors)
UNRESOLVED: gcc.c-torture/execute/simd-4.c execution, -O0
UNRESOLVED: gcc.dg/compat/vector-1 c_compat_x_tst.o-c_compat_y_tst.o link
UNRESOLVED: gcc.dg/compat/vector-1 c_compat_x_tst.o-c_compat_y_tst.o execute
UNRESOLVED: gcc.dg/compat/vector-2 c_compat_x_tst.o-c_compat_y_tst.o link
UNRESOLVED: gcc.dg/compat/vector-2 c_compat_x_tst.o-c_compat_y_tst.o execute
WARNING: gcc.dg/titype-1.c compilation failed to produce executable
XPASS: gcc.dg/uninit-4.c uninitialized variable warning (test for
bogus messages, line 26)
FAIL: gcc.dg/visibility-1.c (test for excess errors)
FAIL: gcc.dg/visibility-1.c scan-assembler \\\\.hidden.*foo
FAIL: gcc.dg/visibility-2.c (test for excess errors)
FAIL: gcc.dg/visibility-2.c scan-assembler \\\\.hidden.*foo
FAIL: gcc.dg/visibility-3.c (test for excess errors)
FAIL: gcc.dg/visibility-3.c scan-assembler \\\\.hidden.*xyzzy
FAIL: gcc.dg/visibility-4.c (test for excess errors)
FAIL: gcc.dg/visibility-4.c scan-assembler \\\\.hidden.*xyzzy
FAIL: gcc.dg/visibility-5.c (test for excess errors)
FAIL: gcc.dg/visibility-5.c scan-assembler \\\\.hidden.*foo
FAIL: gcc.dg/visibility-6.c (test for excess errors)
FAIL: gcc.dg/visibility-6.c scan-assembler \\\\.hidden.*xyzzy
FAIL: gcc.dg/visibility-7.c (test for excess errors)
FAIL: gcc.dg/visibility-7.c scan-assembler \\\\.hidden.*xyzzy
FAIL: gcc.dg/visibility-8.c (test for excess errors)
FAIL: gcc.dg/visibility-8.c scan-assembler \\\\.hidden.*__GI_fputs_unlocked
FAIL: largefile.c -O0 -g (test for excess errors)
FAIL: largefile.c -O0 (test for excess errors)
FAIL: largefile.c -O1 (test for excess errors)
FAIL: largefile.c -O2 (test for excess errors)
FAIL: largefile.c -O3 -fomit-frame-pointer (test for excess errors)
FAIL: largefile.c -O3 -g (test for excess errors)
FAIL: largefile.c -Os (test for excess errors)
=== gcc Summary ===
# of expected passes 24627
# of unexpected failures 24
# of unexpected successes 1
# of expected failures 78
# of unresolved testcases 5
# of untested testcases 14
# of unsupported tests 358
/export/work/gcc-3.4.6/objdir/gcc/xgcc version 3.4.6
=== objc tests ===
Running target unix
=== objc Summary ===
# of expected passes 1352
# of unsupported tests 8
/export/work/gcc-3.4.6/objdir/gcc/xgcc version 3.4.6
=== libffi tests ===
Running target unix
FAIL: libffi.call/closure_fn0.c (test for excess errors)
WARNING: libffi.call/closure_fn0.c compilation failed to produce executable
FAIL: libffi.call/closure_fn1.c (test for excess errors)
WARNING: libffi.call/closure_fn1.c compilation failed to produce executable
FAIL: libffi.call/closure_fn2.c (test for excess errors)
WARNING: libffi.call/closure_fn2.c compilation failed to produce executable
FAIL: libffi.call/closure_fn3.c (test for excess errors)
WARNING: libffi.call/closure_fn3.c compilation failed to produce executable
FAIL: libffi.call/closure_fn4.c (test for excess errors)
WARNING: libffi.call/closure_fn4.c compilation failed to produce executable
FAIL: libffi.call/closure_fn5.c (test for excess errors)
WARNING: libffi.call/closure_fn5.c compilation failed to produce executable
FAIL: libffi.call/cls_12byte.c (test for excess errors)
WARNING: libffi.call/cls_12byte.c compilation failed to produce executable
FAIL: libffi.call/cls_16byte.c (test for excess errors)
WARNING: libffi.call/cls_16byte.c compilation failed to produce executable
FAIL: libffi.call/cls_18byte.c (test for excess errors)
WARNING: libffi.call/cls_18byte.c compilation failed to produce executable
FAIL: libffi.call/cls_19byte.c (test for excess errors)
WARNING: libffi.call/cls_19byte.c compilation failed to produce executable
FAIL: libffi.call/cls_1_1byte.c (test for excess errors)
WARNING: libffi.call/cls_1_1byte.c compilation failed to produce executable
FAIL: libffi.call/cls_20byte.c (test for excess errors)
WARNING: libffi.call/cls_20byte.c compilation failed to produce executable
FAIL: libffi.call/cls_20byte1.c (test for excess errors)
WARNING: libffi.call/cls_20byte1.c compilation failed to produce executable
FAIL: libffi.call/cls_24byte.c (test for excess errors)
WARNING: libffi.call/cls_24byte.c compilation failed to produce executable
FAIL: libffi.call/cls_2byte.c (test for excess errors)
WARNING: libffi.call/cls_2byte.c compilation failed to produce executable
FAIL: libffi.call/cls_3_1byte.c (test for excess errors)
WARNING: libffi.call/cls_3_1byte.c compilation failed to produce executable
FAIL: libffi.call/cls_3byte1.c (test for excess errors)
WARNING: libffi.call/cls_3byte1.c compilation failed to produce executable
FAIL: libffi.call/cls_3byte2.c (test for excess errors)
WARNING: libffi.call/cls_3byte2.c compilation failed to produce executable
FAIL: libffi.call/cls_4_1byte.c (test for excess errors)
WARNING: libffi.call/cls_4_1byte.c compilation failed to produce executable
FAIL: libffi.call/cls_4byte.c (test for excess errors)
WARNING: libffi.call/cls_4byte.c compilation failed to produce executable
FAIL: libffi.call/cls_5byte.c (test for excess errors)
WARNING: libffi.call/cls_5byte.c compilation failed to produce executable
FAIL: libffi.call/cls_64byte.c (test for excess errors)
WARNING: libffi.call/cls_64byte.c compilation failed to produce executable
FAIL: libffi.call/cls_6byte.c (test for excess errors)
WARNING: libffi.call/cls_6byte.c compilation failed to produce executable
FAIL: libffi.call/cls_7byte.c (test for excess errors)
WARNING: libffi.call/cls_7byte.c compilation failed to produce executable
FAIL: libffi.call/cls_8byte.c (test for excess errors)
WARNING: libffi.call/cls_8byte.c compilation failed to produce executable
FAIL: libffi.call/cls_9byte1.c (test for excess errors)
WARNING: libffi.call/cls_9byte1.c compilation failed to produce executable
FAIL: libffi.call/cls_9byte2.c (test for excess errors)
WARNING: libffi.call/cls_9byte2.c compilation failed to produce executable
FAIL: libffi.call/cls_align_double.c (test for excess errors)
WARNING: libffi.call/cls_align_double.c compilation failed to produce executable
FAIL: libffi.call/cls_align_float.c (test for excess errors)
WARNING: libffi.call/cls_align_float.c compilation failed to produce executable
FAIL: libffi.call/cls_align_longdouble.c (test for excess errors)
WARNING: libffi.call/cls_align_longdouble.c compilation failed to
produce executable
FAIL: libffi.call/cls_align_pointer.c (test for excess errors)
WARNING: libffi.call/cls_align_pointer.c compilation failed to produce
executable
FAIL: libffi.call/cls_align_sint16.c (test for excess errors)
WARNING: libffi.call/cls_align_sint16.c compilation failed to produce executable
FAIL: libffi.call/cls_align_sint32.c (test for excess errors)
WARNING: libffi.call/cls_align_sint32.c compilation failed to produce executable
FAIL: libffi.call/cls_align_sint64.c (test for excess errors)
WARNING: libffi.call/cls_align_sint64.c compilation failed to produce executable
FAIL: libffi.call/cls_align_uint16.c (test for excess errors)
WARNING: libffi.call/cls_align_uint16.c compilation failed to produce executable
FAIL: libffi.call/cls_align_uint32.c (test for excess errors)
WARNING: libffi.call/cls_align_uint32.c compilation failed to produce executable
FAIL: libffi.call/cls_align_uint64.c (test for excess errors)
WARNING: libffi.call/cls_align_uint64.c compilation failed to produce executable
FAIL: libffi.call/cls_double.c (test for excess errors)
WARNING: libffi.call/cls_double.c compilation failed to produce executable
FAIL: libffi.call/cls_float.c (test for excess errors)
WARNING: libffi.call/cls_float.c compilation failed to produce executable
FAIL: libffi.call/cls_multi_schar.c (test for excess errors)
WARNING: libffi.call/cls_multi_schar.c compilation failed to produce executable
FAIL: libffi.call/cls_multi_sshort.c (test for excess errors)
WARNING: libffi.call/cls_multi_sshort.c compilation failed to produce executable
FAIL: libffi.call/cls_multi_sshortchar.c (test for excess errors)
WARNING: libffi.call/cls_multi_sshortchar.c compilation failed to
produce executable
FAIL: libffi.call/cls_multi_uchar.c (test for excess errors)
WARNING: libffi.call/cls_multi_uchar.c compilation failed to produce executable
FAIL: libffi.call/cls_multi_ushort.c (test for excess errors)
WARNING: libffi.call/cls_multi_ushort.c compilation failed to produce executable
FAIL: libffi.call/cls_multi_ushortchar.c (test for excess errors)
WARNING: libffi.call/cls_multi_ushortchar.c compilation failed to
produce executable
FAIL: libffi.call/cls_schar.c (test for excess errors)
WARNING: libffi.call/cls_schar.c compilation failed to produce executable
FAIL: libffi.call/cls_sint.c (test for excess errors)
WARNING: libffi.call/cls_sint.c compilation failed to produce executable
FAIL: libffi.call/cls_sshort.c (test for excess errors)
WARNING: libffi.call/cls_sshort.c compilation failed to produce executable
FAIL: libffi.call/cls_uchar.c (test for excess errors)
WARNING: libffi.call/cls_uchar.c compilation failed to produce executable
FAIL: libffi.call/cls_uint.c (test for excess errors)
WARNING: libffi.call/cls_uint.c compilation failed to produce executable
FAIL: libffi.call/cls_ulonglong.c (test for excess errors)
WARNING: libffi.call/cls_ulonglong.c compilation failed to produce executable
FAIL: libffi.call/cls_ushort.c (test for excess errors)
WARNING: libffi.call/cls_ushort.c compilation failed to produce executable
FAIL: libffi.call/float.c (test for excess errors)
WARNING: libffi.call/float.c compilation failed to produce executable
FAIL: libffi.call/float1.c (test for excess errors)
WARNING: libffi.call/float1.c compilation failed to produce executable
FAIL: libffi.call/float2.c (test for excess errors)
WARNING: libffi.call/float2.c compilation failed to produce executable
FAIL: libffi.call/many.c (test for excess errors)
WARNING: libffi.call/many.c compilation failed to produce executable
FAIL: libffi.call/nested_struct.c (test for excess errors)
WARNING: libffi.call/nested_struct.c compilation failed to produce executable
FAIL: libffi.call/nested_struct1.c (test for excess errors)
WARNING: libffi.call/nested_struct1.c compilation failed to produce executable
FAIL: libffi.call/nested_struct2.c (test for excess errors)
WARNING: libffi.call/nested_struct2.c compilation failed to produce executable
FAIL: libffi.call/nested_struct3.c (test for excess errors)
WARNING: libffi.call/nested_struct3.c compilation failed to produce executable
FAIL: libffi.call/problem1.c (test for excess errors)
WARNING: libffi.call/problem1.c compilation failed to produce executable
FAIL: libffi.call/promotion.c (test for excess errors)
WARNING: libffi.call/promotion.c compilation failed to produce executable
FAIL: libffi.call/pyobjc-tc.c (test for excess errors)
WARNING: libffi.call/pyobjc-tc.c compilation failed to produce executable
FAIL: libffi.call/return_ll.c (test for excess errors)
WARNING: libffi.call/return_ll.c compilation failed to produce executable
FAIL: libffi.call/return_sc.c (test for excess errors)
WARNING: libffi.call/return_sc.c compilation failed to produce executable
FAIL: libffi.call/return_uc.c (test for excess errors)
WARNING: libffi.call/return_uc.c compilation failed to produce executable
FAIL: libffi.call/strlen.c (test for excess errors)
WARNING: libffi.call/strlen.c compilation failed to produce executable
FAIL: libffi.call/struct1.c (test for excess errors)
WARNING: libffi.call/struct1.c compilation failed to produce executable
FAIL: libffi.call/struct2.c (test for excess errors)
WARNING: libffi.call/struct2.c compilation failed to produce executable
FAIL: libffi.call/struct3.c (test for excess errors)
WARNING: libffi.call/struct3.c compilation failed to produce executable
FAIL: libffi.call/struct4.c (test for excess errors)
WARNING: libffi.call/struct4.c compilation failed to produce executable
FAIL: libffi.call/struct5.c (test for excess errors)
WARNING: libffi.call/struct5.c compilation failed to produce executable
FAIL: libffi.call/struct6.c (test for excess errors)
WARNING: libffi.call/struct6.c compilation failed to produce executable
FAIL: libffi.call/struct7.c (test for excess errors)
WARNING: libffi.call/struct7.c compilation failed to produce executable
FAIL: libffi.call/struct8.c (test for excess errors)
WARNING: libffi.call/struct8.c compilation failed to produce executable
FAIL: libffi.call/struct9.c (test for excess errors)
WARNING: libffi.call/struct9.c compilation failed to produce executable
ERROR: tcl error sourcing
/export/work/gcc-3.4.6/libffi/testsuite/libffi.special/special.exp.
ERROR: ld.so.1: /export/work/gcc-3.4.6/objdir/gcc/xgcc: fatal:
libintl.so.3: open failed: No such file or directory
=== libffi Summary ===
# of unexpected failures 76
# of unsupported tests 2
=== libjava tests ===
Running target unix
FAIL: PR9577 output
FAIL: longfield output
FAIL: shortfield output
FAIL: simple output
FAIL: /export/work/gcc-3.4.6/libjava/testsuite/libjava.jar/simple.jar
output - gij test
FAIL: calls output
FAIL: cxxtest output
FAIL: field output
FAIL: final_method output
FAIL: findclass output
FAIL: iface output
FAIL: invoke output
FAIL: jniutf output
FAIL: martin output
FAIL: noclass output
FAIL: overload output
FAIL: pr11951 output
FAIL: register output
FAIL: simple_int output
FAIL: throwit output
FAIL: virtual output
FAIL: ArrayStore output - source compiled test
FAIL: ArrayStore output - gij test
FAIL: ArrayStore -O3 output - source compiled test
FAIL: ArrayStore output - gij test
FAIL: ArrayStore2 output - gij test
FAIL: ArrayStore2 output - bytecode->native test
FAIL: ArrayStore2 output - gij test
FAIL: ArrayStore2 -O3 output - bytecode->native test
FAIL: Array_1 output - source compiled test
FAIL: Array_1 output - gij test
FAIL: Array_1 output - bytecode->native test
FAIL: Array_1 -O3 output - source compiled test
FAIL: Array_1 output - gij test
FAIL: Array_1 -O3 output - bytecode->native test
FAIL: Array_2 output - source compiled test
FAIL: Array_2 output - gij test
FAIL: Array_2 output - bytecode->native test
FAIL: Array_2 -O3 output - source compiled test
FAIL: Array_2 output - gij test
FAIL: Array_2 -O3 output - bytecode->native test
FAIL: Array_3 output - source compiled test
FAIL: Array_3 execution - gij test
FAIL: Array_3 output - bytecode->native test
FAIL: Array_3 -O3 output - source compiled test
FAIL: Array_3 execution - gij test
FAIL: Array_3 -O3 output - bytecode->native test
FAIL: Class_1 output - source compiled test
FAIL: Class_1 output - gij test
FAIL: Class_1 output - bytecode->native test
FAIL: Class_1 -O3 output - source compiled test
FAIL: Class_1 output - gij test
FAIL: Class_1 -O3 output - bytecode->native test
FAIL: CompareNaN output - source compiled test
FAIL: CompareNaN output - gij test
FAIL: CompareNaN output - bytecode->native test
FAIL: CompareNaN -O3 output - source compiled test
FAIL: CompareNaN output - gij test
FAIL: CompareNaN -O3 output - bytecode->native test
FAIL: Divide_1 output - source compiled test
FAIL: Divide_1 output - gij test
FAIL: Divide_1 output - bytecode->native test
FAIL: Divide_1 -O3 output - source compiled test
FAIL: Divide_1 output - gij test
FAIL: Divide_1 -O3 output - bytecode->native test
FAIL: EvaluationOrder output - source compiled test
FAIL: EvaluationOrder output - gij test
FAIL: EvaluationOrder output - bytecode->native test
FAIL: EvaluationOrder -O3 output - source compiled test
FAIL: EvaluationOrder output - gij test
FAIL: EvaluationOrder -O3 output - bytecode->native test
FAIL: FileHandleGcTest execution - source compiled test
FAIL: FileHandleGcTest execution - gij test
FAIL: FileHandleGcTest execution - bytecode->native test
FAIL: FileHandleGcTest -O3 execution - source compiled test
FAIL: FileHandleGcTest execution - gij test
FAIL: FileHandleGcTest -O3 execution - bytecode->native test
FAIL: Final output - source compiled test
FAIL: Final output - gij test
FAIL: Final output - bytecode->native test
FAIL: Final -O3 output - source compiled test
FAIL: Final output - gij test
FAIL: Final -O3 output - bytecode->native test
FAIL: Float_1 output - source compiled test
FAIL: Float_1 output - gij test
FAIL: Float_1 output - bytecode->native test
FAIL: Float_1 -O3 output - source compiled test
FAIL: Float_1 output - gij test
FAIL: Float_1 -O3 output - bytecode->native test
FAIL: G19990301_01 output - source compiled test
FAIL: G19990301_01 output - gij test
FAIL: G19990301_01 output - bytecode->native test
FAIL: G19990301_01 -O3 output - source compiled test
FAIL: G19990301_01 output - gij test
FAIL: G19990301_01 -O3 output - bytecode->native test
FAIL: G19990302_02 output - source compiled test
FAIL: G19990302_02 output - gij test
FAIL: G19990302_02 output - bytecode->native test
FAIL: G19990302_02 -O3 output - source compiled test
FAIL: G19990302_02 output - gij test
FAIL: G19990302_02 -O3 output - bytecode->native test
FAIL: G19990303_01 output - source compiled test
FAIL: G19990303_01 output - gij test
FAIL: G19990303_01 output - bytecode->native test
FAIL: G19990303_01 -O3 output - source compiled test
FAIL: G19990303_01 output - gij test
FAIL: G19990303_01 -O3 output - bytecode->native test
FAIL: G19990303_02 output - source compiled test
FAIL: G19990303_02 output - gij test
FAIL: G19990303_02 output - bytecode->native test
FAIL: G19990303_02 -O3 output - source compiled test
FAIL: G19990303_02 output - gij test
FAIL: G19990303_02 -O3 output - bytecode->native test
FAIL: G19990304_01 output - source compiled test
FAIL: G19990304_01 output - gij test
FAIL: G19990304_01 output - bytecode->native test
FAIL: G19990304_01 -O3 output - source compiled test
FAIL: G19990304_01 output - gij test
FAIL: G19990304_01 -O3 output - bytecode->native test
FAIL: G19990310_01 output - source compiled test
FAIL: G19990310_01 output - gij test
FAIL: G19990310_01 output - bytecode->native test
FAIL: G19990310_01 -O3 output - source compiled test
FAIL: G19990310_01 output - gij test
FAIL: G19990310_01 -O3 output - bytecode->native test
FAIL: II output - source compiled test
FAIL: II output - gij test
FAIL: II output - bytecode->native test
FAIL: II -O3 output - source compiled test
FAIL: II output - gij test
FAIL: II -O3 output - bytecode->native test
FAIL: InterfaceDispatch output - source compiled test
FAIL: InterfaceDispatch output - gij test
FAIL: InterfaceDispatch output - bytecode->native test
FAIL: InterfaceDispatch -O3 output - source compiled test
FAIL: InterfaceDispatch output - gij test
FAIL: InterfaceDispatch -O3 output - bytecode->native test
FAIL: InvokeReturn output - source compiled test
FAIL: InvokeReturn output - gij test
FAIL: InvokeReturn output - bytecode->native test
FAIL: InvokeReturn -O3 output - source compiled test
FAIL: InvokeReturn output - gij test
FAIL: InvokeReturn -O3 output - bytecode->native test
FAIL: Invoke_1 output - source compiled test
FAIL: Invoke_1 output - gij test
FAIL: Invoke_1 output - bytecode->native test
FAIL: Invoke_1 -O3 output - source compiled test
FAIL: Invoke_1 output - gij test
FAIL: Invoke_1 -O3 output - bytecode->native test
FAIL: Invoke_2 output - source compiled test
FAIL: Invoke_2 output - gij test
FAIL: Invoke_2 output - bytecode->native test
FAIL: Invoke_2 -O3 output - source compiled test
FAIL: Invoke_2 output - gij test
FAIL: Invoke_2 -O3 output - bytecode->native test
FAIL: KeepInline output - source compiled test
FAIL: KeepInline output - gij test
FAIL: KeepInline output - bytecode->native test
FAIL: KeepInline -O3 output - source compiled test
FAIL: KeepInline output - gij test
FAIL: KeepInline -O3 output - bytecode->native test
FAIL: MathBuiltin output - source compiled test
FAIL: MathBuiltin output - gij test
FAIL: MathBuiltin output - bytecode->native test
FAIL: MathBuiltin -O3 output - source compiled test
FAIL: MathBuiltin output - gij test
FAIL: MathBuiltin -O3 output - bytecode->native test
FAIL: Matrix4f output - source compiled test
FAIL: Matrix4f output - gij test
FAIL: Matrix4f output - bytecode->native test
FAIL: Matrix4f -O3 output - source compiled test
FAIL: Matrix4f output - gij test
FAIL: Matrix4f -O3 output - bytecode->native test
FAIL: N19990310_02 output - source compiled test
FAIL: N19990310_02 output - gij test
FAIL: N19990310_02 output - bytecode->native test
FAIL: N19990310_02 -O3 output - source compiled test
FAIL: N19990310_02 output - gij test
FAIL: N19990310_02 -O3 output - bytecode->native test
FAIL: N19990310_3 output - source compiled test
FAIL: N19990310_3 output - gij test
FAIL: N19990310_3 output - bytecode->native test
FAIL: N19990310_3 -O3 output - source compiled test
FAIL: N19990310_3 output - gij test
FAIL: N19990310_3 -O3 output - bytecode->native test
FAIL: N19990310_4 output - source compiled test
FAIL: N19990310_4 output - gij test
FAIL: N19990310_4 output - bytecode->native test
FAIL: N19990310_4 -O3 output - source compiled test
FAIL: N19990310_4 output - gij test
FAIL: N19990310_4 -O3 output - bytecode->native test
FAIL: N19990310_5 output - source compiled test
FAIL: N19990310_5 output - gij test
FAIL: N19990310_5 output - bytecode->native test
FAIL: N19990310_5 -O3 output - source compiled test
FAIL: N19990310_5 output - gij test
FAIL: N19990310_5 -O3 output - bytecode->native test
FAIL: Overflow output - source compiled test
FAIL: Overflow output - gij test
FAIL: Overflow output - bytecode->native test
FAIL: Overflow -O3 output - source compiled test
FAIL: Overflow output - gij test
FAIL: Overflow -O3 output - bytecode->native test
FAIL: PR12350 output - source compiled test
FAIL: PR12350 output - gij test
FAIL: PR12350 output - bytecode->native test
FAIL: PR12350 -O3 output - source compiled test
FAIL: PR12350 output - gij test
FAIL: PR12350 -O3 output - bytecode->native test
FAIL: PR12416 output - source compiled test
FAIL: PR12416 output - gij test
FAIL: PR12416 output - bytecode->native test
FAIL: PR12416 -O3 output - source compiled test
FAIL: PR12416 output - gij test
FAIL: PR12416 -O3 output - bytecode->native test
FAIL: PR12656 output - source compiled test
FAIL: PR12656 output - gij test
FAIL: PR12656 output - bytecode->native test
FAIL: PR12656 -O3 output - source compiled test
FAIL: PR12656 output - gij test
FAIL: PR12656 -O3 output - bytecode->native test
FAIL: PR12915 output - source compiled test
FAIL: PR12915 output - gij test
FAIL: PR12915 output - bytecode->native test
FAIL: PR12915 -O3 output - source compiled test
FAIL: PR12915 output - gij test
FAIL: PR12915 -O3 output - bytecode->native test
FAIL: PR141 output - source compiled test
FAIL: PR141 output - gij test
FAIL: PR141 output - bytecode->native test
FAIL: PR141 -O3 output - source compiled test
FAIL: PR141 output - gij test
FAIL: PR141 -O3 output - bytecode->native test
FAIL: PR160 output - source compiled test
FAIL: PR160 output - gij test
FAIL: PR160 output - bytecode->native test
FAIL: PR160 -O3 output - source compiled test
FAIL: PR160 output - gij test
FAIL: PR160 -O3 output - bytecode->native test
FAIL: PR162 output - source compiled test
FAIL: PR162 output - gij test
FAIL: PR162 output - bytecode->native test
FAIL: PR162 -O3 output - source compiled test
FAIL: PR162 output - gij test
FAIL: PR162 -O3 output - bytecode->native test
FAIL: PR218 output - source compiled test
FAIL: PR218 output - gij test
FAIL: PR218 output - bytecode->native test
FAIL: PR218 -O3 output - source compiled test
FAIL: PR218 output - gij test
FAIL: PR218 -O3 output - bytecode->native test
FAIL: PR242 output - source compiled test
FAIL: PR242 output - gij test
FAIL: PR242 output - bytecode->native test
FAIL: PR242 -O3 output - source compiled test
FAIL: PR242 output - gij test
FAIL: PR242 -O3 output - bytecode->native test
FAIL: PR260 output - source compiled test
FAIL: PR260 output - gij test
FAIL: PR260 output - bytecode->native test
FAIL: PR260 -O3 output - source compiled test
FAIL: PR260 output - gij test
FAIL: PR260 -O3 output - bytecode->native test
FAIL: PR3096 output - source compiled test
FAIL: PR3096 output - gij test
FAIL: PR3096 output - bytecode->native test
FAIL: PR3096 -O3 output - source compiled test
FAIL: PR3096 output - gij test
FAIL: PR3096 -O3 output - bytecode->native test
FAIL: PR3731 output - source compiled test
FAIL: PR3731 output - gij test
FAIL: PR3731 output - bytecode->native test
FAIL: PR3731 -O3 output - source compiled test
FAIL: PR3731 output - gij test
FAIL: PR3731 -O3 output - bytecode->native test
FAIL: PR5057 output - source compiled test
FAIL: PR5057 output - gij test
FAIL: PR5057 output - bytecode->native test
FAIL: PR5057 -O3 output - source compiled test
FAIL: PR5057 output - gij test
FAIL: PR5057 -O3 output - bytecode->native test
FAIL: PR5057_2 output - source compiled test
FAIL: PR5057_2 output - gij test
FAIL: PR5057_2 output - bytecode->native test
FAIL: PR5057_2 -O3 output - source compiled test
FAIL: PR5057_2 output - gij test
FAIL: PR5057_2 -O3 output - bytecode->native test
FAIL: PR55 output - source compiled test
FAIL: PR55 output - gij test
FAIL: PR55 output - bytecode->native test
FAIL: PR55 -O3 output - source compiled test
FAIL: PR55 output - gij test
FAIL: PR55 -O3 output - bytecode->native test
FAIL: PR56 output - source compiled test
FAIL: PR56 output - gij test
FAIL: PR56 output - bytecode->native test
FAIL: PR56 -O3 output - source compiled test
FAIL: PR56 output - gij test
FAIL: PR56 -O3 output - bytecode->native test
FAIL: PR6085 output - source compiled test
FAIL: PR6085 output - gij test
FAIL: PR6085 output - bytecode->native test
FAIL: PR6085 -O3 output - source compiled test
FAIL: PR6085 output - gij test
FAIL: PR6085 -O3 output - bytecode->native test
FAIL: PR6204 output - source compiled test
FAIL: PR6204 output - gij test
FAIL: PR6204 output - bytecode->native test
FAIL: PR6204 -O3 output - source compiled test
FAIL: PR6204 output - gij test
FAIL: PR6204 -O3 output - bytecode->native test
FAIL: PR6729 output - source compiled test
FAIL: PR6729 output - gij test
FAIL: PR6729 output - bytecode->native test
FAIL: PR6729 -O3 output - source compiled test
FAIL: PR6729 output - gij test
FAIL: PR6729 -O3 output - bytecode->native test
FAIL: PR6820 output - source compiled test
FAIL: PR6820 output - gij test
FAIL: PR6820 output - bytecode->native test
FAIL: PR6820 -O3 output - source compiled test
FAIL: PR6820 output - gij test
FAIL: PR6820 -O3 output - bytecode->native test
FAIL: PR7482 output - source compiled test
FAIL: PR7482 output - gij test
FAIL: PR7482 output - bytecode->native test
FAIL: PR7482 -O3 output - source compiled test
FAIL: PR7482 output - gij test
FAIL: PR7482 -O3 output - bytecode->native test
FAIL: Shazam output - source compiled test
FAIL: Shazam output - gij test
FAIL: Shazam output - bytecode->native test
FAIL: Shazam -O3 output - source compiled test
FAIL: Shazam output - gij test
FAIL: Shazam -O3 output - bytecode->native test
FAIL: StaticConstructor output - source compiled test
FAIL: StaticConstructor output - gij test
FAIL: StaticConstructor output - bytecode->native test
FAIL: StaticConstructor -O3 output - source compiled test
FAIL: StaticConstructor output - gij test
FAIL: StaticConstructor -O3 output - bytecode->native test
FAIL: StringBuffer_1 output - source compiled test
FAIL: StringBuffer_1 output - gij test
FAIL: StringBuffer_1 output - bytecode->native test
FAIL: StringBuffer_1 -O3 output - source compiled test
FAIL: StringBuffer_1 output - gij test
FAIL: StringBuffer_1 -O3 output - bytecode->native test
FAIL: StringBuffer_overflow output - source compiled test
FAIL: StringBuffer_overflow output - gij test
FAIL: StringBuffer_overflow output - bytecode->native test
FAIL: StringBuffer_overflow -O3 output - source compiled test
FAIL: StringBuffer_overflow output - gij test
FAIL: StringBuffer_overflow -O3 output - bytecode->native test
FAIL: String_overflow output - source compiled test
FAIL: String_overflow output - gij test
FAIL: String_overflow output - bytecode->native test
FAIL: String_overflow -O3 output - source compiled test
FAIL: String_overflow output - gij test
FAIL: String_overflow -O3 output - bytecode->native test
FAIL: SyncGlobal output - source compiled test
FAIL: SyncGlobal output - gij test
FAIL: SyncGlobal output - bytecode->native test
FAIL: SyncGlobal -O3 output - source compiled test
FAIL: SyncGlobal output - gij test
FAIL: SyncGlobal -O3 output - bytecode->native test
FAIL: SyncTest output - source compiled test
FAIL: SyncTest output - gij test
FAIL: SyncTest output - bytecode->native test
FAIL: SyncTest -O3 output - source compiled test
FAIL: SyncTest output - gij test
FAIL: SyncTest -O3 output - bytecode->native test
FAIL: Synch output - source compiled test
FAIL: Synch output - gij test
FAIL: Synch output - bytecode->native test
FAIL: Synch -O3 output - source compiled test
FAIL: Synch output - gij test
FAIL: Synch -O3 output - bytecode->native test
FAIL: TLtest output - source compiled test
FAIL: TLtest output - gij test
FAIL: TLtest output - bytecode->native test
FAIL: TLtest -O3 output - source compiled test
FAIL: TLtest output - gij test
FAIL: TLtest -O3 output - bytecode->native test
FAIL: TestProxy output - source compiled test
FAIL: TestProxy output - gij test
FAIL: TestProxy output - bytecode->native test
FAIL: TestProxy -O3 output - source compiled test
FAIL: TestProxy output - gij test
FAIL: TestProxy -O3 output - bytecode->native test
FAIL: Thread_Alive output - source compiled test
FAIL: Thread_Alive output - gij test
FAIL: Thread_Alive output - bytecode->native test
FAIL: Thread_Alive -O3 output - source compiled test
FAIL: Thread_Alive output - gij test
FAIL: Thread_Alive -O3 output - bytecode->native test
FAIL: Thread_Interrupt output - source compiled test
FAIL: Thread_Interrupt output - gij test
FAIL: Thread_Interrupt output - bytecode->native test
FAIL: Thread_Interrupt -O3 output - source compiled test
FAIL: Thread_Interrupt output - gij test
FAIL: Thread_Interrupt -O3 output - bytecode->native test
FAIL: Thread_Join output - source compiled test
FAIL: Thread_Join output - gij test
FAIL: Thread_Join output - bytecode->native test
FAIL: Thread_Join -O3 output - source compiled test
FAIL: Thread_Join output - gij test
FAIL: Thread_Join -O3 output - bytecode->native test
FAIL: Thread_Monitor output - source compiled test
FAIL: Thread_Monitor output - gij test
FAIL: Thread_Monitor output - bytecode->native test
FAIL: Thread_Monitor -O3 output - source compiled test
FAIL: Thread_Monitor output - gij test
FAIL: Thread_Monitor -O3 output - bytecode->native test
FAIL: Thread_Sleep output - source compiled test
FAIL: Thread_Sleep output - gij test
FAIL: Thread_Sleep output - bytecode->native test
FAIL: Thread_Sleep -O3 output - source compiled test
FAIL: Thread_Sleep output - gij test
FAIL: Thread_Sleep -O3 output - bytecode->native test
FAIL: Thread_Wait output - source compiled test
FAIL: Thread_Wait output - gij test
FAIL: Thread_Wait output - bytecode->native test
FAIL: Thread_Wait -O3 output - source compiled test
FAIL: Thread_Wait output - gij test
FAIL: Thread_Wait -O3 output - bytecode->native test
FAIL: Thread_Wait_2 output - source compiled test
FAIL: Thread_Wait_2 output - gij test
FAIL: Thread_Wait_2 output - bytecode->native test
FAIL: Thread_Wait_2 -O3 output - source compiled test
FAIL: Thread_Wait_2 output - gij test
FAIL: Thread_Wait_2 -O3 output - bytecode->native test
FAIL: Thread_Wait_Interrupt output - source compiled test
FAIL: Thread_Wait_Interrupt output - gij test
FAIL: Thread_Wait_Interrupt output - bytecode->native test
FAIL: Thread_Wait_Interrupt -O3 output - source compiled test
FAIL: Thread_Wait_Interrupt output - gij test
FAIL: Thread_Wait_Interrupt -O3 output - bytecode->native test
FAIL: Throw_1 output - source compiled test
FAIL: Throw_1 output - gij test
FAIL: Throw_1 output - bytecode->native test
FAIL: Throw_1 -O3 output - source compiled test
FAIL: Throw_1 output - gij test
FAIL: Throw_1 -O3 output - bytecode->native test
FAIL: Throw_2 output - source compiled test
FAIL: Throw_2 output - gij test
FAIL: Throw_2 output - bytecode->native test
FAIL: Throw_2 -O3 output - source compiled test
FAIL: Throw_2 output - gij test
FAIL: Throw_2 -O3 output - bytecode->native test
FAIL: anfi output - source compiled test
FAIL: anfi output - gij test
FAIL: anfi output - bytecode->native test
FAIL: anfi -O3 output - source compiled test
FAIL: anfi output - gij test
FAIL: anfi -O3 output - bytecode->native test
FAIL: anon output - source compiled test
FAIL: anon output - gij test
FAIL: anon output - bytecode->native test
FAIL: anon -O3 output - source compiled test
FAIL: anon output - gij test
FAIL: anon -O3 output - bytecode->native test
FAIL: anon2 output - source compiled test
FAIL: anon2 output - gij test
FAIL: anon2 output - bytecode->native test
FAIL: anon2 -O3 output - source compiled test
FAIL: anon2 output - gij test
FAIL: anon2 -O3 output - bytecode->native test
FAIL: anon3 output - source compiled test
FAIL: anon3 output - gij test
FAIL: anon3 output - bytecode->native test
FAIL: anon3 -O3 output - source compiled test
FAIL: anon3 output - gij test
FAIL: anon3 -O3 output - bytecode->native test
FAIL: anon4 output - source compiled test
FAIL: anon4 output - gij test
FAIL: anon4 output - bytecode->native test
FAIL: anon4 -O3 output - source compiled test
FAIL: anon4 output - gij test
FAIL: anon4 -O3 output - bytecode->native test
FAIL: anon_ctor_itf_arg output - source compiled test
FAIL: anon_ctor_itf_arg output - gij test
FAIL: anon_ctor_itf_arg output - bytecode->native test
FAIL: anon_ctor_itf_arg -O3 output - source compiled test
FAIL: anon_ctor_itf_arg output - gij test
FAIL: anon_ctor_itf_arg -O3 output - bytecode->native test
FAIL: anonarray output - source compiled test
FAIL: anonarray output - gij test
FAIL: anonarray output - bytecode->native test
FAIL: anonarray -O3 output - source compiled test
FAIL: anonarray output - gij test
FAIL: anonarray -O3 output - bytecode->native test
FAIL: anonarray2 output - source compiled test
FAIL: anonarray2 output - gij test
FAIL: anonarray2 output - bytecode->native test
FAIL: anonarray2 -O3 output - source compiled test
FAIL: anonarray2 output - gij test
FAIL: anonarray2 -O3 output - bytecode->native test
FAIL: anonarray3 output - source compiled test
FAIL: anonarray3 output - gij test
FAIL: anonarray3 output - bytecode->native test
FAIL: anonarray3 -O3 output - source compiled test
FAIL: anonarray3 output - gij test
FAIL: anonarray3 -O3 output - bytecode->native test
FAIL: assign output - source compiled test
FAIL: assign output - gij test
FAIL: assign output - bytecode->native test
FAIL: assign -O3 output - source compiled test
FAIL: assign output - gij test
FAIL: assign -O3 output - bytecode->native test
FAIL: direct_read output - source compiled test
FAIL: direct_read output - gij test
FAIL: direct_read output - bytecode->native test
FAIL: direct_read -O3 output - source compiled test
FAIL: direct_read output - gij test
FAIL: direct_read -O3 output - bytecode->native test
FAIL: direct_write output - source compiled test
FAIL: direct_write output - gij test
FAIL: direct_write output - bytecode->native test
FAIL: direct_write -O3 output - source compiled test
FAIL: direct_write output - gij test
FAIL: direct_write -O3 output - bytecode->native test
FAIL: emptystring output - source compiled test
FAIL: emptystring output - gij test
FAIL: emptystring output - bytecode->native test
FAIL: emptystring -O3 output - source compiled test
FAIL: emptystring output - gij test
FAIL: emptystring -O3 output - bytecode->native test
FAIL: err1 output - source compiled test
FAIL: err1 output - gij test
FAIL: err1 output - bytecode->native test
FAIL: err1 -O3 output - source compiled test
FAIL: err1 output - gij test
FAIL: err1 -O3 output - bytecode->native test
FAIL: err10 output - source compiled test
FAIL: err10 output - gij test
FAIL: err10 output - bytecode->native test
FAIL: err10 -O3 output - source compiled test
FAIL: err10 output - gij test
FAIL: err10 -O3 output - bytecode->native test
FAIL: err11 output - source compiled test
FAIL: err11 output - gij test
FAIL: err11 output - bytecode->native test
FAIL: err11 -O3 output - source compiled test
FAIL: err11 output - gij test
FAIL: err11 -O3 output - bytecode->native test
FAIL: err12 output - source compiled test
FAIL: err12 output - gij test
FAIL: err12 output - bytecode->native test
FAIL: err12 -O3 output - source compiled test
FAIL: err12 output - gij test
FAIL: err12 -O3 output - bytecode->native test
FAIL: err13 output - source compiled test
FAIL: err13 output - gij test
FAIL: err13 output - bytecode->native test
FAIL: err13 -O3 output - source compiled test
FAIL: err13 output - gij test
FAIL: err13 -O3 output - bytecode->native test
FAIL: err2 output - source compiled test
FAIL: err2 output - gij test
FAIL: err2 output - bytecode->native test
FAIL: err2 -O3 output - source compiled test
FAIL: err2 output - gij test
FAIL: err2 -O3 output - bytecode->native test
FAIL: err3 output - source compiled test
FAIL: err3 output - gij test
FAIL: err3 output - bytecode->native test
FAIL: err3 -O3 output - source compiled test
FAIL: err3 output - gij test
FAIL: err3 -O3 output - bytecode->native test
FAIL: err4 output - source compiled test
FAIL: err4 output - gij test
FAIL: err4 output - bytecode->native test
FAIL: err4 -O3 output - source compiled test
FAIL: err4 output - gij test
FAIL: err4 -O3 output - bytecode->native test
FAIL: err5 output - source compiled test
FAIL: err5 output - gij test
FAIL: err5 output - bytecode->native test
FAIL: err5 -O3 output - source compiled test
FAIL: err5 output - gij test
FAIL: err5 -O3 output - bytecode->native test
FAIL: err6 output - source compiled test
FAIL: err6 output - gij test
FAIL: err6 output - bytecode->native test
FAIL: err6 -O3 output - source compiled test
FAIL: err6 output - gij test
FAIL: err6 -O3 output - bytecode->native test
FAIL: err7 output - source compiled test
FAIL: err7 output - gij test
FAIL: err7 output - bytecode->native test
FAIL: err7 -O3 output - source compiled test
FAIL: err7 output - gij test
FAIL: err7 -O3 output - bytecode->native test
FAIL: err8 output - source compiled test
FAIL: err8 output - gij test
FAIL: err8 output - bytecode->native test
FAIL: err8 -O3 output - source compiled test
FAIL: err8 output - gij test
FAIL: err8 -O3 output - bytecode->native test
FAIL: err9 output - source compiled test
FAIL: err9 output - gij test
FAIL: err9 output - bytecode->native test
FAIL: err9 -O3 output - source compiled test
FAIL: err9 output - gij test
FAIL: err9 -O3 output - bytecode->native test
FAIL: final_inner output - source compiled test
FAIL: final_inner output - gij test
FAIL: final_inner output - bytecode->native test
FAIL: final_inner -O3 output - source compiled test
FAIL: final_inner output - gij test
FAIL: final_inner -O3 output - bytecode->native test
FAIL: final_int output - source compiled test
FAIL: final_int output - gij test
FAIL: final_int output - bytecode->native test
FAIL: final_int -O3 output - source compiled test
FAIL: final_int output - gij test
FAIL: final_int -O3 output - bytecode->native test
FAIL: final_static_and_friend output - source compiled test
FAIL: final_static_and_friend output - gij test
FAIL: final_static_and_friend output - bytecode->native test
FAIL: final_static_and_friend -O3 output - source compiled test
FAIL: final_static_and_friend output - gij test
FAIL: final_static_and_friend -O3 output - bytecode->native test
FAIL: indirect output - source compiled test
FAIL: indirect output - gij test
FAIL: indirect output - bytecode->native test
FAIL: indirect -O3 output - source compiled test
FAIL: indirect output - gij test
FAIL: indirect -O3 output - bytecode->native test
FAIL: indirect_read output - source compiled test
FAIL: indirect_read output - gij test
FAIL: indirect_read output - bytecode->native test
FAIL: indirect_read -O3 output - source compiled test
FAIL: indirect_read output - gij test
FAIL: indirect_read -O3 output - bytecode->native test
FAIL: indirect_write output - source compiled test
FAIL: indirect_write output - gij test
FAIL: indirect_write output - bytecode->native test
FAIL: indirect_write -O3 output - source compiled test
FAIL: indirect_write output - gij test
FAIL: indirect_write -O3 output - bytecode->native test
FAIL: initexc output - source compiled test
FAIL: initexc output - gij test
FAIL: initexc output - bytecode->native test
FAIL: initexc -O3 output - source compiled test
FAIL: initexc output - gij test
FAIL: initexc -O3 output - bytecode->native test
FAIL: initfield output - source compiled test
FAIL: initfield output - gij test
FAIL: initfield output - bytecode->native test
FAIL: initfield -O3 output - source compiled test
FAIL: initfield output - gij test
FAIL: initfield -O3 output - bytecode->native test
FAIL: inline output - source compiled test
FAIL: inline output - gij test
FAIL: inline output - bytecode->native test
FAIL: inline -O3 output - source compiled test
FAIL: inline output - gij test
FAIL: inline -O3 output - bytecode->native test
FAIL: inner1 output - source compiled test
FAIL: inner1 output - gij test
FAIL: inner1 output - bytecode->native test
FAIL: inner1 -O3 output - source compiled test
FAIL: inner1 output - gij test
FAIL: inner1 -O3 output - bytecode->native test
FAIL: inner2 output - source compiled test
FAIL: inner2 output - gij test
FAIL: inner2 output - bytecode->native test
FAIL: inner2 -O3 output - source compiled test
FAIL: inner2 output - gij test
FAIL: inner2 -O3 output - bytecode->native test
FAIL: inner3 output - source compiled test
FAIL: inner3 output - gij test
FAIL: inner3 output - bytecode->native test
FAIL: inner3 -O3 output - source compiled test
FAIL: inner3 output - gij test
FAIL: inner3 -O3 output - bytecode->native test
FAIL: inner4 output - source compiled test
FAIL: inner4 output - gij test
FAIL: inner4 output - bytecode->native test
FAIL: inner4 -O3 output - source compiled test
FAIL: inner4 output - gij test
FAIL: inner4 -O3 output - bytecode->native test
FAIL: inner_array output - source compiled test
FAIL: inner_array output - gij test
FAIL: inner_array output - bytecode->native test
FAIL: inner_array -O3 output - source compiled test
FAIL: inner_array output - gij test
FAIL: inner_array -O3 output - bytecode->native test
FAIL: inner_interface output - source compiled test
FAIL: inner_interface output - gij test
FAIL: inner_interface output - bytecode->native test
FAIL: inner_interface -O3 output - source compiled test
FAIL: inner_interface output - gij test
FAIL: inner_interface -O3 output - bytecode->native test
FAIL: instance output - source compiled test
FAIL: instance output - gij test
FAIL: instance output - bytecode->native test
FAIL: instance -O3 output - source compiled test
FAIL: instance output - gij test
FAIL: instance -O3 output - bytecode->native test
FAIL: instinit output - source compiled test
FAIL: instinit output - gij test
FAIL: instinit output - bytecode->native test
FAIL: instinit -O3 output - source compiled test
FAIL: instinit output - gij test
FAIL: instinit -O3 output - bytecode->native test
FAIL: instinit2 output - source compiled test
FAIL: instinit2 output - gij test
FAIL: instinit2 output - bytecode->native test
FAIL: instinit2 -O3 output - source compiled test
FAIL: instinit2 output - gij test
FAIL: instinit2 -O3 output - bytecode->native test
FAIL: invoke_from_inner output - source compiled test
FAIL: invoke_from_inner output - gij test
FAIL: invoke_from_inner output - bytecode->native test
FAIL: invoke_from_inner -O3 output - source compiled test
FAIL: invoke_from_inner output - gij test
FAIL: invoke_from_inner -O3 output - bytecode->native test
FAIL: invokethrow output - source compiled test
FAIL: invokethrow output - gij test
FAIL: invokethrow output - bytecode->native test
FAIL: invokethrow -O3 output - source compiled test
FAIL: invokethrow output - gij test
FAIL: invokethrow -O3 output - bytecode->native test
FAIL: klass output - source compiled test
FAIL: klass output - gij test
FAIL: klass output - bytecode->native test
FAIL: klass -O3 output - source compiled test
FAIL: klass output - gij test
FAIL: klass -O3 output - bytecode->native test
FAIL: multiple_finit output - source compiled test
FAIL: multiple_finit output - gij test
FAIL: multiple_finit output - bytecode->native test
FAIL: multiple_finit -O3 output - source compiled test
FAIL: multiple_finit output - gij test
FAIL: multiple_finit -O3 output - bytecode->native test
FAIL: negzero output - source compiled test
FAIL: negzero output - gij test
FAIL: negzero output - bytecode->native test
FAIL: negzero -O3 output - source compiled test
FAIL: negzero output - gij test
FAIL: negzero -O3 output - bytecode->native test
FAIL: nested_with_ctor output - source compiled test
FAIL: nested_with_ctor output - gij test
FAIL: nested_with_ctor output - bytecode->native test
FAIL: nested_with_ctor -O3 output - source compiled test
FAIL: nested_with_ctor output - gij test
FAIL: nested_with_ctor -O3 output - bytecode->native test
FAIL: newarray_overflow output - source compiled test
FAIL: newarray_overflow output - gij test
FAIL: newarray_overflow output - bytecode->native test
FAIL: newarray_overflow -O3 output - source compiled test
FAIL: newarray_overflow output - gij test
FAIL: newarray_overflow -O3 output - bytecode->native test
FAIL: override output - source compiled test
FAIL: override output - gij test
FAIL: override output - bytecode->native test
FAIL: override -O3 output - source compiled test
FAIL: override output - gij test
FAIL: override -O3 output - bytecode->native test
FAIL: pr109 output - source compiled test
FAIL: pr109 output - gij test
FAIL: pr109 output - bytecode->native test
FAIL: pr109 -O3 output - source compiled test
FAIL: pr109 output - gij test
FAIL: pr109 -O3 output - bytecode->native test
FAIL: pr133 output - source compiled test
FAIL: pr133 output - gij test
FAIL: pr133 output - bytecode->native test
FAIL: pr133 -O3 output - source compiled test
FAIL: pr133 output - gij test
FAIL: pr133 -O3 output - bytecode->native test
FAIL: pr179 output - source compiled test
FAIL: pr179 output - gij test
FAIL: pr179 output - bytecode->native test
FAIL: pr179 -O3 output - source compiled test
FAIL: pr179 output - gij test
FAIL: pr179 -O3 output - bytecode->native test
FAIL: pr184 output - source compiled test
FAIL: pr184 output - gij test
FAIL: pr184 output - bytecode->native test
FAIL: pr184 -O3 output - source compiled test
FAIL: pr184 output - gij test
FAIL: pr184 -O3 output - bytecode->native test
FAIL: pr6388 output - source compiled test
FAIL: pr6388 output - gij test
FAIL: pr6388 output - bytecode->native test
FAIL: pr6388 -O3 output - source compiled test
FAIL: pr6388 output - gij test
FAIL: pr6388 -O3 output - bytecode->native test
FAIL: pr83 output - source compiled test
FAIL: pr83 output - gij test
FAIL: pr83 output - bytecode->native test
FAIL: pr83 -O3 output - source compiled test
FAIL: pr83 output - gij test
FAIL: pr83 -O3 output - bytecode->native test
FAIL: pr8415 output - source compiled test
FAIL: pr8415 output - gij test
FAIL: pr8415 output - bytecode->native test
FAIL: pr8415 -O3 output - source compiled test
FAIL: pr8415 output - gij test
FAIL: pr8415 -O3 output - bytecode->native test
FAIL: pr8676 output - source compiled test
FAIL: pr8676 output - gij test
FAIL: pr8676 output - bytecode->native test
FAIL: pr8676 -O3 output - source compiled test
FAIL: pr8676 output - gij test
FAIL: pr8676 -O3 output - bytecode->native test
FAIL: pr8823 output - source compiled test
FAIL: pr8823 output - gij test
FAIL: pr8823 output - bytecode->native test
FAIL: pr8823 -O3 output - source compiled test
FAIL: pr8823 output - gij test
FAIL: pr8823 -O3 output - bytecode->native test
FAIL: pr8945 output - source compiled test
FAIL: pr8945 output - gij test
FAIL: pr8945 output - bytecode->native test
FAIL: pr8945 -O3 output - source compiled test
FAIL: pr8945 output - gij test
FAIL: pr8945 -O3 output - bytecode->native test
FAIL: private_direct_read output - source compiled test
FAIL: private_direct_read output - gij test
FAIL: private_direct_read output - bytecode->native test
FAIL: private_direct_read -O3 output - source compiled test
FAIL: private_direct_read output - gij test
FAIL: private_direct_read -O3 output - bytecode->native test
FAIL: search_outer output - source compiled test
FAIL: search_outer output - gij test
FAIL: search_outer output - bytecode->native test
FAIL: search_outer -O3 output - source compiled test
FAIL: search_outer output - gij test
FAIL: search_outer -O3 output - bytecode->native test
FAIL: stringconst output - gij test
FAIL: stringconst output - bytecode->native test
FAIL: stringconst output - gij test
FAIL: stringconst -O3 output - bytecode->native test
FAIL: stringconst2 output - source compiled test
FAIL: stringconst2 output - gij test
FAIL: stringconst2 output - bytecode->native test
FAIL: stringconst2 -O3 output - source compiled test
FAIL: stringconst2 output - gij test
FAIL: stringconst2 -O3 output - bytecode->native test
FAIL: stub output - source compiled test
FAIL: stub output - gij test
FAIL: stub output - bytecode->native test
FAIL: stub -O3 output - source compiled test
FAIL: stub output - gij test
FAIL: stub -O3 output - bytecode->native test
FAIL: test_long output - source compiled test
FAIL: test_long output - gij test
FAIL: test_long output - bytecode->native test
FAIL: test_long -O3 output - source compiled test
FAIL: test_long output - gij test
FAIL: test_long -O3 output - bytecode->native test
FAIL: tmi output - source compiled test
FAIL: tmi output - gij test
FAIL: tmi output - bytecode->native test
FAIL: tmi -O3 output - source compiled test
FAIL: tmi output - gij test
FAIL: tmi -O3 output - bytecode->native test
FAIL: tp output - source compiled test
FAIL: tp output - gij test
FAIL: tp output - bytecode->native test
FAIL: tp -O3 output - source compiled test
FAIL: tp output - gij test
FAIL: tp -O3 output - bytecode->native test
FAIL: update_outer output - source compiled test
FAIL: update_outer output - gij test
FAIL: update_outer output - bytecode->native test
FAIL: update_outer -O3 output - source compiled test
FAIL: update_outer output - gij test
FAIL: update_outer -O3 output - bytecode->native test
FAIL: utf8concat output - source compiled test
FAIL: utf8concat output - gij test
FAIL: utf8concat output - bytecode->native test
FAIL: utf8concat -O3 output - source compiled test
FAIL: utf8concat output - gij test
FAIL: utf8concat -O3 output - bytecode->native test
FAIL: utilTest output - source compiled test
FAIL: utilTest output - gij test
FAIL: utilTest output - bytecode->native test
FAIL: utilTest -O3 output - source compiled test
FAIL: utilTest output - gij test
FAIL: utilTest -O3 output - bytecode->native test
FAIL: verify output - source compiled test
FAIL: verify output - gij test
FAIL: verify output - bytecode->native test
FAIL: verify -O3 output - source compiled test
FAIL: verify output - gij test
FAIL: verify -O3 output - bytecode->native test
FAIL: /export/work/gcc-3.4.6/objdir/sparc-sun-solaris2.5.1/libjava/testsuite/TestEarlyGC.exe
output - /export/work/gcc-3.4.6/objdir/sparc-sun-solaris2.5.1/libjava/testsuite/TestEarlyGC.exe
FAIL: /export/work/gcc-3.4.6/objdir/sparc-sun-solaris2.5.1/libjava/testsuite/TestLeak.exe
output - /export/work/gcc-3.4.6/objdir/sparc-sun-solaris2.5.1/libjava/testsuite/TestLeak.exe
FAIL: /export/work/gcc-3.4.6/objdir/sparc-sun-solaris2.5.1/libjava/testsuite/TestMultiple.exe
output - /export/work/gcc-3.4.6/objdir/sparc-sun-solaris2.5.1/libjava/testsuite/TestMultiple.exe
FAIL: /export/work/gcc-3.4.6/objdir/sparc-sun-solaris2.5.1/libjava/testsuite/TestParent.exe
output - /export/work/gcc-3.4.6/objdir/sparc-sun-solaris2.5.1/libjava/testsuite/TestParent.exe
=== libjava Summary ===
# of expected passes 2368
# of unexpected failures 895
# of expected failures 10
# of untested testcases 16
=== libstdc++ tests ===
Running target unix
FAIL: 22_locale/ctype/is/char/3.cc execution test
XPASS: 22_locale/locale/cons/12658_thread.cc execution test
FAIL: 23_containers/vector/resize/1.cc execution test
FAIL: 27_io/basic_filebuf/sgetn/char/1-in.cc execution test
FAIL: 27_io/basic_filebuf/sgetn/char/1-io.cc execution test
FAIL: 27_io/basic_filebuf/sgetn/char/2-in.cc execution test
FAIL: 27_io/basic_filebuf/sgetn/char/2-io.cc execution test
FAIL: 27_io/basic_istream/readsome/char/6746-2.cc execution test
FAIL: 27_io/ios_base/storage/2.cc execution test
=== libstdc++ Summary ===
# of expected passes 2047
# of unexpected failures 8
# of unexpected successes 1
# of expected failures 5
Compiler version: 3.4.6
Platform: sparc-sun-solaris2.5.1
configure flags: --with-as=/usr/ccs/bin/as --with-ld=/usr/ccs/bin/ld
--enable-shared --prefix=/tmp/pkg-gcc
--
Lukas Oboril
When dealing with people, let us remember we are not dealing with
creatures of logic. We are dealing with creatures of emotions,
creatures bristling with prejudices and motivated by pride and vanity.
Dale Carnegie
More information about the Gcc-testresults
mailing list