Results for 4.3.0 20070511 (experimental) testsuite on i686-pc-linux-gnu

Rask Ingemann Lambertsen rask@sygehus.dk
Sun May 13 11:30:00 GMT 2007


LAST_UPDATED: 
Native configuration is i686-pc-linux-gnu

		=== binutils tests ===


Running target unix

		=== binutils Summary ===

# of expected passes		45
		=== gas tests ===


Running target unix

		=== gas Summary ===

# of expected passes		173
		=== gcc tests ===


Running target unix
FAIL: gcc.c-torture/execute/20050316-2.c execution,  -O0 
FAIL: gcc.c-torture/execute/20050316-2.c execution,  -O1 
FAIL: gcc.c-torture/execute/20050316-2.c execution,  -O2 
FAIL: gcc.c-torture/execute/20050604-1.c execution,  -O3 -fomit-frame-pointer -funroll-loops 
FAIL: gcc.c-torture/execute/20050604-1.c execution,  -O3 -fomit-frame-pointer -funroll-all-loops -finline-functions 
FAIL: gcc.c-torture/execute/990127-2.c execution,  -Os 
FAIL: gcc.c-torture/execute/mayalias-2.c compilation,  -O3 -g  (internal compiler error)
UNRESOLVED: gcc.c-torture/execute/mayalias-2.c execution,  -O3 -g 
FAIL: gcc.c-torture/execute/mayalias-3.c compilation,  -O3 -g  (internal compiler error)
UNRESOLVED: gcc.c-torture/execute/mayalias-3.c execution,  -O3 -g 
FAIL: gcc.dg/compat/scalar-by-value-dfp c_compat_x_tst.o compile,  (internal compiler error)
FAIL: gcc.dg/compat/scalar-by-value-dfp c_compat_y_tst.o compile,  (internal compiler error)
UNRESOLVED: gcc.dg/compat/scalar-by-value-dfp c_compat_x_tst.o-c_compat_y_tst.o link 
UNRESOLVED: gcc.dg/compat/scalar-by-value-dfp c_compat_x_tst.o-c_compat_y_tst.o execute 
FAIL: gcc.dg/compat/scalar-return-dfp c_compat_x_tst.o compile,  (internal compiler error)
FAIL: gcc.dg/compat/scalar-return-dfp c_compat_y_tst.o compile,  (internal compiler error)
UNRESOLVED: gcc.dg/compat/scalar-return-dfp c_compat_x_tst.o-c_compat_y_tst.o link 
UNRESOLVED: gcc.dg/compat/scalar-return-dfp c_compat_x_tst.o-c_compat_y_tst.o execute 
FAIL: gcc.dg/compat/vector-2 c_compat_x_tst.o-c_compat_y_tst.o execute 
FAIL: tmpdir-gcc.dg-struct-layout-1/t001 c_compat_x_tst.o compile,  (internal compiler error)
FAIL: tmpdir-gcc.dg-struct-layout-1/t001 c_compat_y_tst.o compile,  (internal compiler error)
UNRESOLVED: tmpdir-gcc.dg-struct-layout-1/t001 c_compat_x_tst.o-c_compat_y_tst.o link 
UNRESOLVED: tmpdir-gcc.dg-struct-layout-1/t001 c_compat_x_tst.o-c_compat_y_tst.o execute 
FAIL: tmpdir-gcc.dg-struct-layout-1/t002 c_compat_x_tst.o compile,  (internal compiler error)
FAIL: tmpdir-gcc.dg-struct-layout-1/t002 c_compat_y_tst.o compile,  (internal compiler error)
UNRESOLVED: tmpdir-gcc.dg-struct-layout-1/t002 c_compat_x_tst.o-c_compat_y_tst.o link 
UNRESOLVED: tmpdir-gcc.dg-struct-layout-1/t002 c_compat_x_tst.o-c_compat_y_tst.o execute 
FAIL: tmpdir-gcc.dg-struct-layout-1/t003 c_compat_x_tst.o compile,  (internal compiler error)
FAIL: tmpdir-gcc.dg-struct-layout-1/t003 c_compat_y_tst.o compile,  (internal compiler error)
UNRESOLVED: tmpdir-gcc.dg-struct-layout-1/t003 c_compat_x_tst.o-c_compat_y_tst.o link 
UNRESOLVED: tmpdir-gcc.dg-struct-layout-1/t003 c_compat_x_tst.o-c_compat_y_tst.o execute 
FAIL: tmpdir-gcc.dg-struct-layout-1/t004 c_compat_x_tst.o compile,  (internal compiler error)
FAIL: tmpdir-gcc.dg-struct-layout-1/t004 c_compat_y_tst.o compile,  (internal compiler error)
UNRESOLVED: tmpdir-gcc.dg-struct-layout-1/t004 c_compat_x_tst.o-c_compat_y_tst.o link 
UNRESOLVED: tmpdir-gcc.dg-struct-layout-1/t004 c_compat_x_tst.o-c_compat_y_tst.o execute 
FAIL: tmpdir-gcc.dg-struct-layout-1/t005 c_compat_x_tst.o compile,  (internal compiler error)
FAIL: tmpdir-gcc.dg-struct-layout-1/t005 c_compat_y_tst.o compile,  (internal compiler error)
UNRESOLVED: tmpdir-gcc.dg-struct-layout-1/t005 c_compat_x_tst.o-c_compat_y_tst.o link 
UNRESOLVED: tmpdir-gcc.dg-struct-layout-1/t005 c_compat_x_tst.o-c_compat_y_tst.o execute 
FAIL: tmpdir-gcc.dg-struct-layout-1/t006 c_compat_x_tst.o compile,  (internal compiler error)
FAIL: tmpdir-gcc.dg-struct-layout-1/t006 c_compat_y_tst.o compile,  (internal compiler error)
UNRESOLVED: tmpdir-gcc.dg-struct-layout-1/t006 c_compat_x_tst.o-c_compat_y_tst.o link 
UNRESOLVED: tmpdir-gcc.dg-struct-layout-1/t006 c_compat_x_tst.o-c_compat_y_tst.o execute 
FAIL: tmpdir-gcc.dg-struct-layout-1/t007 c_compat_x_tst.o compile,  (internal compiler error)
FAIL: tmpdir-gcc.dg-struct-layout-1/t007 c_compat_y_tst.o compile,  (internal compiler error)
UNRESOLVED: tmpdir-gcc.dg-struct-layout-1/t007 c_compat_x_tst.o-c_compat_y_tst.o link 
UNRESOLVED: tmpdir-gcc.dg-struct-layout-1/t007 c_compat_x_tst.o-c_compat_y_tst.o execute 
FAIL: tmpdir-gcc.dg-struct-layout-1/t008 c_compat_x_tst.o compile,  (internal compiler error)
FAIL: tmpdir-gcc.dg-struct-layout-1/t008 c_compat_y_tst.o compile,  (internal compiler error)
UNRESOLVED: tmpdir-gcc.dg-struct-layout-1/t008 c_compat_x_tst.o-c_compat_y_tst.o link 
UNRESOLVED: tmpdir-gcc.dg-struct-layout-1/t008 c_compat_x_tst.o-c_compat_y_tst.o execute 
FAIL: tmpdir-gcc.dg-struct-layout-1/t009 c_compat_x_tst.o compile,  (internal compiler error)
FAIL: tmpdir-gcc.dg-struct-layout-1/t009 c_compat_y_tst.o compile,  (internal compiler error)
UNRESOLVED: tmpdir-gcc.dg-struct-layout-1/t009 c_compat_x_tst.o-c_compat_y_tst.o link 
UNRESOLVED: tmpdir-gcc.dg-struct-layout-1/t009 c_compat_x_tst.o-c_compat_y_tst.o execute 
FAIL: tmpdir-gcc.dg-struct-layout-1/t010 c_compat_x_tst.o compile,  (internal compiler error)
FAIL: tmpdir-gcc.dg-struct-layout-1/t010 c_compat_y_tst.o compile,  (internal compiler error)
UNRESOLVED: tmpdir-gcc.dg-struct-layout-1/t010 c_compat_x_tst.o-c_compat_y_tst.o link 
UNRESOLVED: tmpdir-gcc.dg-struct-layout-1/t010 c_compat_x_tst.o-c_compat_y_tst.o execute 
FAIL: tmpdir-gcc.dg-struct-layout-1/t011 c_compat_x_tst.o compile,  (internal compiler error)
FAIL: tmpdir-gcc.dg-struct-layout-1/t011 c_compat_y_tst.o compile,  (internal compiler error)
UNRESOLVED: tmpdir-gcc.dg-struct-layout-1/t011 c_compat_x_tst.o-c_compat_y_tst.o link 
UNRESOLVED: tmpdir-gcc.dg-struct-layout-1/t011 c_compat_x_tst.o-c_compat_y_tst.o execute 
FAIL: tmpdir-gcc.dg-struct-layout-1/t012 c_compat_x_tst.o compile,  (internal compiler error)
FAIL: tmpdir-gcc.dg-struct-layout-1/t012 c_compat_y_tst.o compile,  (internal compiler error)
UNRESOLVED: tmpdir-gcc.dg-struct-layout-1/t012 c_compat_x_tst.o-c_compat_y_tst.o link 
UNRESOLVED: tmpdir-gcc.dg-struct-layout-1/t012 c_compat_x_tst.o-c_compat_y_tst.o execute 
FAIL: tmpdir-gcc.dg-struct-layout-1/t013 c_compat_x_tst.o compile,  (internal compiler error)
FAIL: tmpdir-gcc.dg-struct-layout-1/t013 c_compat_y_tst.o compile,  (internal compiler error)
UNRESOLVED: tmpdir-gcc.dg-struct-layout-1/t013 c_compat_x_tst.o-c_compat_y_tst.o link 
UNRESOLVED: tmpdir-gcc.dg-struct-layout-1/t013 c_compat_x_tst.o-c_compat_y_tst.o execute 
FAIL: tmpdir-gcc.dg-struct-layout-1/t014 c_compat_x_tst.o compile,  (internal compiler error)
FAIL: tmpdir-gcc.dg-struct-layout-1/t014 c_compat_y_tst.o compile,  (internal compiler error)
UNRESOLVED: tmpdir-gcc.dg-struct-layout-1/t014 c_compat_x_tst.o-c_compat_y_tst.o link 
UNRESOLVED: tmpdir-gcc.dg-struct-layout-1/t014 c_compat_x_tst.o-c_compat_y_tst.o execute 
FAIL: tmpdir-gcc.dg-struct-layout-1/t015 c_compat_x_tst.o compile,  (internal compiler error)
FAIL: tmpdir-gcc.dg-struct-layout-1/t015 c_compat_y_tst.o compile,  (internal compiler error)
UNRESOLVED: tmpdir-gcc.dg-struct-layout-1/t015 c_compat_x_tst.o-c_compat_y_tst.o link 
UNRESOLVED: tmpdir-gcc.dg-struct-layout-1/t015 c_compat_x_tst.o-c_compat_y_tst.o execute 
FAIL: tmpdir-gcc.dg-struct-layout-1/t016 c_compat_x_tst.o compile,  (internal compiler error)
FAIL: tmpdir-gcc.dg-struct-layout-1/t016 c_compat_y_tst.o compile,  (internal compiler error)
UNRESOLVED: tmpdir-gcc.dg-struct-layout-1/t016 c_compat_x_tst.o-c_compat_y_tst.o link 
UNRESOLVED: tmpdir-gcc.dg-struct-layout-1/t016 c_compat_x_tst.o-c_compat_y_tst.o execute 
FAIL: tmpdir-gcc.dg-struct-layout-1/t017 c_compat_x_tst.o compile,  (internal compiler error)
FAIL: tmpdir-gcc.dg-struct-layout-1/t017 c_compat_y_tst.o compile,  (internal compiler error)
UNRESOLVED: tmpdir-gcc.dg-struct-layout-1/t017 c_compat_x_tst.o-c_compat_y_tst.o link 
UNRESOLVED: tmpdir-gcc.dg-struct-layout-1/t017 c_compat_x_tst.o-c_compat_y_tst.o execute 
FAIL: tmpdir-gcc.dg-struct-layout-1/t018 c_compat_x_tst.o compile,  (internal compiler error)
FAIL: tmpdir-gcc.dg-struct-layout-1/t018 c_compat_y_tst.o compile,  (internal compiler error)
UNRESOLVED: tmpdir-gcc.dg-struct-layout-1/t018 c_compat_x_tst.o-c_compat_y_tst.o link 
UNRESOLVED: tmpdir-gcc.dg-struct-layout-1/t018 c_compat_x_tst.o-c_compat_y_tst.o execute 
FAIL: tmpdir-gcc.dg-struct-layout-1/t019 c_compat_x_tst.o compile,  (internal compiler error)
FAIL: tmpdir-gcc.dg-struct-layout-1/t019 c_compat_y_tst.o compile,  (internal compiler error)
UNRESOLVED: tmpdir-gcc.dg-struct-layout-1/t019 c_compat_x_tst.o-c_compat_y_tst.o link 
UNRESOLVED: tmpdir-gcc.dg-struct-layout-1/t019 c_compat_x_tst.o-c_compat_y_tst.o execute 
FAIL: tmpdir-gcc.dg-struct-layout-1/t020 c_compat_x_tst.o compile,  (internal compiler error)
FAIL: tmpdir-gcc.dg-struct-layout-1/t020 c_compat_y_tst.o compile,  (internal compiler error)
UNRESOLVED: tmpdir-gcc.dg-struct-layout-1/t020 c_compat_x_tst.o-c_compat_y_tst.o link 
UNRESOLVED: tmpdir-gcc.dg-struct-layout-1/t020 c_compat_x_tst.o-c_compat_y_tst.o execute 
FAIL: tmpdir-gcc.dg-struct-layout-1/t021 c_compat_x_tst.o compile,  (internal compiler error)
FAIL: tmpdir-gcc.dg-struct-layout-1/t021 c_compat_y_tst.o compile,  (internal compiler error)
UNRESOLVED: tmpdir-gcc.dg-struct-layout-1/t021 c_compat_x_tst.o-c_compat_y_tst.o link 
UNRESOLVED: tmpdir-gcc.dg-struct-layout-1/t021 c_compat_x_tst.o-c_compat_y_tst.o execute 
FAIL: tmpdir-gcc.dg-struct-layout-1/t022 c_compat_x_tst.o compile,  (internal compiler error)
FAIL: tmpdir-gcc.dg-struct-layout-1/t022 c_compat_y_tst.o compile,  (internal compiler error)
UNRESOLVED: tmpdir-gcc.dg-struct-layout-1/t022 c_compat_x_tst.o-c_compat_y_tst.o link 
UNRESOLVED: tmpdir-gcc.dg-struct-layout-1/t022 c_compat_x_tst.o-c_compat_y_tst.o execute 
FAIL: tmpdir-gcc.dg-struct-layout-1/t023 c_compat_x_tst.o compile,  (internal compiler error)
FAIL: tmpdir-gcc.dg-struct-layout-1/t023 c_compat_y_tst.o compile,  (internal compiler error)
UNRESOLVED: tmpdir-gcc.dg-struct-layout-1/t023 c_compat_x_tst.o-c_compat_y_tst.o link 
UNRESOLVED: tmpdir-gcc.dg-struct-layout-1/t023 c_compat_x_tst.o-c_compat_y_tst.o execute 
FAIL: tmpdir-gcc.dg-struct-layout-1/t024 c_compat_x_tst.o compile,  (internal compiler error)
FAIL: tmpdir-gcc.dg-struct-layout-1/t024 c_compat_y_tst.o compile,  (internal compiler error)
UNRESOLVED: tmpdir-gcc.dg-struct-layout-1/t024 c_compat_x_tst.o-c_compat_y_tst.o link 
UNRESOLVED: tmpdir-gcc.dg-struct-layout-1/t024 c_compat_x_tst.o-c_compat_y_tst.o execute 
FAIL: tmpdir-gcc.dg-struct-layout-1/t025 c_compat_x_tst.o compile,  (internal compiler error)
FAIL: tmpdir-gcc.dg-struct-layout-1/t025 c_compat_y_tst.o compile,  (internal compiler error)
UNRESOLVED: tmpdir-gcc.dg-struct-layout-1/t025 c_compat_x_tst.o-c_compat_y_tst.o link 
UNRESOLVED: tmpdir-gcc.dg-struct-layout-1/t025 c_compat_x_tst.o-c_compat_y_tst.o execute 
FAIL: tmpdir-gcc.dg-struct-layout-1/t026 c_compat_x_tst.o compile,  (internal compiler error)
FAIL: tmpdir-gcc.dg-struct-layout-1/t026 c_compat_y_tst.o compile,  (internal compiler error)
UNRESOLVED: tmpdir-gcc.dg-struct-layout-1/t026 c_compat_x_tst.o-c_compat_y_tst.o link 
UNRESOLVED: tmpdir-gcc.dg-struct-layout-1/t026 c_compat_x_tst.o-c_compat_y_tst.o execute 
FAIL: tmpdir-gcc.dg-struct-layout-1/t027 c_compat_x_tst.o compile,  (internal compiler error)
FAIL: tmpdir-gcc.dg-struct-layout-1/t027 c_compat_y_tst.o compile,  (internal compiler error)
UNRESOLVED: tmpdir-gcc.dg-struct-layout-1/t027 c_compat_x_tst.o-c_compat_y_tst.o link 
UNRESOLVED: tmpdir-gcc.dg-struct-layout-1/t027 c_compat_x_tst.o-c_compat_y_tst.o execute 
FAIL: tmpdir-gcc.dg-struct-layout-1/t028 c_compat_x_tst.o compile,  (internal compiler error)
FAIL: tmpdir-gcc.dg-struct-layout-1/t028 c_compat_y_tst.o compile,  (internal compiler error)
UNRESOLVED: tmpdir-gcc.dg-struct-layout-1/t028 c_compat_x_tst.o-c_compat_y_tst.o link 
UNRESOLVED: tmpdir-gcc.dg-struct-layout-1/t028 c_compat_x_tst.o-c_compat_y_tst.o execute 
XPASS: gcc.dg/cpp/cmdlne-dI-M.c scan-file (^|\\\\n)cmdlne-dI-M.*:[^\\\\n]*cmdlne-dI-M.c
XPASS: gcc.dg/cpp/cmdlne-dM-M.c scan-file (^|\\\\n)cmdlne-dM-M[^\\\\n]*:[^\\\\n]*cmdlne-dM-M.c
FAIL: gcc.dg/debug/dwarf2/dwarf-dfp.c (internal compiler error)
FAIL: gcc.dg/debug/dwarf2/dwarf-dfp.c (test for excess errors)
ERROR: gcc.dg/debug/dwarf2/dwarf-dfp.c: error executing dg-final: couldn't open "dwarf-dfp.s": no such file or directory
UNRESOLVED: gcc.dg/debug/dwarf2/dwarf-dfp.c: error executing dg-final: couldn't open "dwarf-dfp.s": no such file or directory
FAIL: gcc.dg/dfp/Wtraditional-conversion-2.c (internal compiler error)
FAIL: gcc.dg/dfp/Wtraditional-conversion-2.c (test for excess errors)
FAIL: gcc.dg/dfp/call-by-value.c (internal compiler error)
FAIL: gcc.dg/dfp/call-by-value.c (test for excess errors)
WARNING: gcc.dg/dfp/call-by-value.c compilation failed to produce executable
FAIL: gcc.dg/dfp/cast.c (internal compiler error)
FAIL: gcc.dg/dfp/cast.c (test for excess errors)
WARNING: gcc.dg/dfp/cast.c compilation failed to produce executable
FAIL: gcc.dg/dfp/compare-eq-dfp.c (internal compiler error)
FAIL: gcc.dg/dfp/compare-eq-dfp.c (test for excess errors)
WARNING: gcc.dg/dfp/compare-eq-dfp.c compilation failed to produce executable
FAIL: gcc.dg/dfp/compare-rel-dfp.c (internal compiler error)
FAIL: gcc.dg/dfp/compare-rel-dfp.c (test for excess errors)
WARNING: gcc.dg/dfp/compare-rel-dfp.c compilation failed to produce executable
FAIL: gcc.dg/dfp/compare-special-d128.c (internal compiler error)
FAIL: gcc.dg/dfp/compare-special-d128.c (test for excess errors)
WARNING: gcc.dg/dfp/compare-special-d128.c compilation failed to produce executable
FAIL: gcc.dg/dfp/convert-bfp-fold.c (internal compiler error)
FAIL: gcc.dg/dfp/convert-bfp-fold.c (test for excess errors)
WARNING: gcc.dg/dfp/convert-bfp-fold.c compilation failed to produce executable
FAIL: gcc.dg/dfp/convert-bfp.c (internal compiler error)
FAIL: gcc.dg/dfp/convert-bfp.c (test for excess errors)
WARNING: gcc.dg/dfp/convert-bfp.c compilation failed to produce executable
FAIL: gcc.dg/dfp/convert-dfp-round.c (internal compiler error)
FAIL: gcc.dg/dfp/convert-dfp-round.c (test for excess errors)
WARNING: gcc.dg/dfp/convert-dfp-round.c compilation failed to produce executable
FAIL: gcc.dg/dfp/convert-dfp.c (internal compiler error)
FAIL: gcc.dg/dfp/convert-dfp.c (test for excess errors)
WARNING: gcc.dg/dfp/convert-dfp.c compilation failed to produce executable
FAIL: gcc.dg/dfp/convert-int-max.c (internal compiler error)
FAIL: gcc.dg/dfp/convert-int-max.c (test for excess errors)
WARNING: gcc.dg/dfp/convert-int-max.c compilation failed to produce executable
FAIL: gcc.dg/dfp/convert-int.c (internal compiler error)
FAIL: gcc.dg/dfp/convert-int.c (test for excess errors)
WARNING: gcc.dg/dfp/convert-int.c compilation failed to produce executable
FAIL: gcc.dg/dfp/fe-binop.c (internal compiler error)
FAIL: gcc.dg/dfp/fe-binop.c (test for excess errors)
WARNING: gcc.dg/dfp/fe-binop.c compilation failed to produce executable
FAIL: gcc.dg/dfp/fe-convert-1.c (internal compiler error)
FAIL: gcc.dg/dfp/fe-convert-1.c (test for excess errors)
WARNING: gcc.dg/dfp/fe-convert-1.c compilation failed to produce executable
FAIL: gcc.dg/dfp/func-array.c (internal compiler error)
FAIL: gcc.dg/dfp/func-array.c (test for excess errors)
WARNING: gcc.dg/dfp/func-array.c compilation failed to produce executable
FAIL: gcc.dg/dfp/func-mixed.c (internal compiler error)
FAIL: gcc.dg/dfp/func-mixed.c (test for excess errors)
WARNING: gcc.dg/dfp/func-mixed.c compilation failed to produce executable
FAIL: gcc.dg/dfp/func-scalar.c (internal compiler error)
FAIL: gcc.dg/dfp/func-scalar.c (test for excess errors)
WARNING: gcc.dg/dfp/func-scalar.c compilation failed to produce executable
FAIL: gcc.dg/dfp/func-struct.c (internal compiler error)
FAIL: gcc.dg/dfp/func-struct.c (test for excess errors)
WARNING: gcc.dg/dfp/func-struct.c compilation failed to produce executable
FAIL: gcc.dg/dfp/func-vararg-alternate-d128.c (internal compiler error)
FAIL: gcc.dg/dfp/func-vararg-alternate-d128.c (test for excess errors)
WARNING: gcc.dg/dfp/func-vararg-alternate-d128.c compilation failed to produce executable
FAIL: gcc.dg/dfp/func-vararg-dfp.c (internal compiler error)
FAIL: gcc.dg/dfp/func-vararg-dfp.c (test for excess errors)
WARNING: gcc.dg/dfp/func-vararg-dfp.c compilation failed to produce executable
FAIL: gcc.dg/dfp/func-vararg-mixed.c (internal compiler error)
FAIL: gcc.dg/dfp/func-vararg-mixed.c (test for excess errors)
WARNING: gcc.dg/dfp/func-vararg-mixed.c compilation failed to produce executable
FAIL: gcc.dg/dfp/inf-1.c (internal compiler error)
FAIL: gcc.dg/dfp/inf-1.c (test for excess errors)
WARNING: gcc.dg/dfp/inf-1.c compilation failed to produce executable
FAIL: gcc.dg/dfp/loop-index.c (internal compiler error)
FAIL: gcc.dg/dfp/loop-index.c (test for excess errors)
WARNING: gcc.dg/dfp/loop-index.c compilation failed to produce executable
FAIL: gcc.dg/dfp/nan-2.c (internal compiler error)
FAIL: gcc.dg/dfp/nan-2.c (test for excess errors)
WARNING: gcc.dg/dfp/nan-2.c compilation failed to produce executable
FAIL: gcc.dg/dfp/operator-assignment.c (internal compiler error)
FAIL: gcc.dg/dfp/operator-assignment.c (test for excess errors)
WARNING: gcc.dg/dfp/operator-assignment.c compilation failed to produce executable
FAIL: gcc.dg/dfp/operator-comma.c (internal compiler error)
FAIL: gcc.dg/dfp/operator-comma.c (test for excess errors)
WARNING: gcc.dg/dfp/operator-comma.c compilation failed to produce executable
FAIL: gcc.dg/dfp/operator-cond.c (internal compiler error)
FAIL: gcc.dg/dfp/operator-cond.c (test for excess errors)
WARNING: gcc.dg/dfp/operator-cond.c compilation failed to produce executable
FAIL: gcc.dg/dfp/operator-logical.c (internal compiler error)
FAIL: gcc.dg/dfp/operator-logical.c (test for excess errors)
WARNING: gcc.dg/dfp/operator-logical.c compilation failed to produce executable
FAIL: gcc.dg/dfp/operator-unary.c (internal compiler error)
FAIL: gcc.dg/dfp/operator-unary.c (test for excess errors)
WARNING: gcc.dg/dfp/operator-unary.c compilation failed to produce executable
FAIL: gcc.dg/dfp/signbit-1.c (internal compiler error)
FAIL: gcc.dg/dfp/signbit-1.c (test for excess errors)
WARNING: gcc.dg/dfp/signbit-1.c compilation failed to produce executable
FAIL: gcc.dg/dfp/union-init.c (internal compiler error)
FAIL: gcc.dg/dfp/union-init.c (test for excess errors)
WARNING: gcc.dg/dfp/union-init.c compilation failed to produce executable
FAIL: gcc.dg/dfp/usual-arith-conv.c (internal compiler error)
FAIL: gcc.dg/dfp/usual-arith-conv.c (test for excess errors)
WARNING: gcc.dg/dfp/usual-arith-conv.c compilation failed to produce executable
FAIL: gcc.dg/builtin-apply4.c execution test
FAIL: gcc.dg/torture/builtin-pow-mpfr-1.c  -O0  scan-tree-dump pow
FAIL: gcc.dg/torture/builtin-pow-mpfr-1.c  -O1  scan-tree-dump pow
FAIL: gcc.dg/torture/builtin-pow-mpfr-1.c  -O2  scan-tree-dump pow
FAIL: gcc.dg/torture/builtin-pow-mpfr-1.c  -O3 -fomit-frame-pointer  scan-tree-dump pow
FAIL: gcc.dg/torture/builtin-pow-mpfr-1.c  -O3 -g  scan-tree-dump pow
FAIL: gcc.dg/torture/builtin-pow-mpfr-1.c  -Os  scan-tree-dump pow
FAIL: gcc.dg/torture/builtin-sin-mpfr-1.c  -O0  (test for excess errors)
FAIL: gcc.dg/torture/builtin-sin-mpfr-1.c  -O1  (test for excess errors)
FAIL: gcc.dg/torture/builtin-sin-mpfr-1.c  -O2  (test for excess errors)
FAIL: gcc.dg/torture/builtin-sin-mpfr-1.c  -O3 -fomit-frame-pointer  (test for excess errors)
FAIL: gcc.dg/torture/builtin-sin-mpfr-1.c  -O3 -fomit-frame-pointer -funroll-loops  (test for excess errors)
FAIL: gcc.dg/torture/builtin-sin-mpfr-1.c  -O3 -fomit-frame-pointer -funroll-all-loops -finline-functions  (test for excess errors)
FAIL: gcc.dg/torture/builtin-sin-mpfr-1.c  -O3 -g  (test for excess errors)
FAIL: gcc.dg/torture/builtin-sin-mpfr-1.c  -Os  (test for excess errors)
FAIL: gcc.dg/tree-ssa/gen-vect-11.c scan-tree-dump-times vectorized 1 loops 1
FAIL: gcc.dg/tree-ssa/gen-vect-11a.c scan-tree-dump-times vectorized 1 loops 1
XPASS: gcc.dg/tree-ssa/update-threading.c scan-tree-dump-times Invalid sum 0
FAIL: gcc.target/i386/pr21291.c (test for excess errors)
FAIL: gcc.target/i386/sse-vect-types.c (test for excess errors)

		=== gcc Summary ===

# of expected passes		44853
# of unexpected failures	154
# of unexpected successes	3
# of expected failures		119
# of unresolved testcases	63
# of untested testcases		28
# of unsupported tests		304
/home/rask/build/gcc/gcc/xgcc  version 4.3.0 20070511 (experimental)

		=== gfortran tests ===


Running target unix
FAIL: gfortran.dg/csqrt_2.f  -O0  execution test
FAIL: gfortran.dg/csqrt_2.f  -O1  execution test
FAIL: gfortran.dg/csqrt_2.f  -O2  execution test
FAIL: gfortran.dg/csqrt_2.f  -O3 -fomit-frame-pointer  execution test
FAIL: gfortran.dg/csqrt_2.f  -O3 -fomit-frame-pointer -funroll-loops  execution test
FAIL: gfortran.dg/csqrt_2.f  -O3 -fomit-frame-pointer -funroll-all-loops -finline-functions  execution test
FAIL: gfortran.dg/csqrt_2.f  -O3 -g  execution test
FAIL: gfortran.dg/csqrt_2.f  -Os  execution test
FAIL: gfortran.fortran-torture/execute/st_function.f90,  -O1  (internal compiler error)
FAIL: gfortran.fortran-torture/execute/st_function.f90,  -O2  (internal compiler error)
FAIL: gfortran.fortran-torture/execute/st_function.f90,  -O3 -fomit-frame-pointer  (internal compiler error)
FAIL: gfortran.fortran-torture/execute/st_function.f90,  -O3 -fomit-frame-pointer -funroll-loops  (internal compiler error)
FAIL: gfortran.fortran-torture/execute/st_function.f90,  -O3 -fomit-frame-pointer -funroll-all-loops -finline-functions  (internal compiler error)
FAIL: gfortran.fortran-torture/execute/st_function.f90,  -O3 -g  (internal compiler error)
FAIL: gfortran.fortran-torture/execute/st_function.f90,  -Os  (internal compiler error)

		=== gfortran Summary ===

# of expected passes		17851
# of unexpected failures	15
# of expected failures		8
# of unsupported tests		16
/home/rask/build/gcc/gcc/testsuite/gfortran/../../gfortran  version 4.3.0 20070511 (experimental)

		=== g++ tests ===


Running target unix
FAIL: tmpdir-g++.dg-struct-layout-1/t024 cp_compat_x_tst.o-cp_compat_y_tst.o execute 
XPASS: g++.dg/tree-ssa/ivopts-1.C scan-tree-dump-not offset: -4B
XPASS: g++.dg/tree-ssa/ivopts-1.C scan-tree-dump-not &x\\[5\\]

		=== g++ Summary ===

# of expected passes		14941
# of unexpected failures	1
# of unexpected successes	2
# of expected failures		81
# of unsupported tests		80
/home/rask/build/gcc/gcc/testsuite/g++/../../g++  version 4.3.0 20070511 (experimental)

		=== objc tests ===


Running target unix

		=== objc Summary ===

# of expected passes		1812
# of expected failures		7
# of unsupported tests		24
/home/rask/build/gcc/gcc/xgcc  version 4.3.0 20070511 (experimental)

		=== gdb tests ===


Running target unix
FAIL: gdb.ada/arrayidx.exp: print e_one_two_three, indexes off
FAIL: gdb.ada/arrayidx.exp: print r_two_three, indexes off
FAIL: gdb.ada/arrayidx.exp: print u_one_two_three, indexes off
FAIL: gdb.ada/arrayidx.exp: print p_one_two_three, indexes off
FAIL: gdb.ada/arrayidx.exp: print e_one_two_three
FAIL: gdb.ada/arrayidx.exp: print r_two_three
FAIL: gdb.ada/arrayidx.exp: print u_one_two_three
FAIL: gdb.ada/arrayidx.exp: print p_one_two_three
FAIL: gdb.ada/catch_ex.exp: insert catchpoint on all Ada exceptions
FAIL: gdb.ada/catch_ex.exp: info break, catch all Ada exceptions
FAIL: gdb.ada/catch_ex.exp: continuing to first exception (the program exited)
FAIL: gdb.ada/catch_ex.exp: continuing to second exception (the program is no longer running)
FAIL: gdb.ada/catch_ex.exp: insert catchpoint on Program_Error
FAIL: gdb.ada/catch_ex.exp: insert catchpoint on failed assertions
FAIL: gdb.ada/catch_ex.exp: insert catchpoint on unhandled exceptions
FAIL: gdb.ada/catch_ex.exp: info break, second run
FAIL: gdb.ada/catch_ex.exp: continuing to Program_Error exception (the program exited)
FAIL: gdb.ada/catch_ex.exp: continuing to failed assertion (the program is no longer running)
FAIL: gdb.ada/catch_ex.exp: continuing to unhandled exception (the program is no longer running)
FAIL: gdb.ada/catch_ex.exp: continuing to program completion (the program is no longer running)
FAIL: gdb.ada/packed_array.exp: print var
FAIL: gdb.base/auxv.exp: gcore
WARNING: can't generate a core file - core tests suppressed - check ulimit -c
FAIL: gdb.base/auxv.exp: generate native core dump
FAIL: gdb.base/break.exp: breakpoint at start of multi line while conditional
FAIL: gdb.base/break.exp: breakpoint info
FAIL: gdb.base/corefile.exp: accessing mmapped data in core file (mapping address not found in core file)
FAIL: gdb.base/gcore.exp: save a corefile
ERROR: tcl error sourcing /home/rask/src/gcc/gdb/testsuite/gdb.base/gcore.exp.
ERROR: can't read "core_supported": no such variable
XPASS: gdb.base/interrupt.exp: send end of file
FAIL: gdb.base/sepdebug.exp: breakpoint at start of multi line while conditional
FAIL: gdb.base/sepdebug.exp: breakpoint info
FAIL: gdb.cp/annota3.exp: annotate-quit (pattern 1)
FAIL: gdb.cp/inherit.exp: ptype tagless struct
FAIL: gdb.cp/inherit.exp: ptype variable of type tagless struct
FAIL: gdb.cp/inherit.exp: print type of anonymous union // unrecognized line type 1: class_with_anon_union::<anonymous union>;
FAIL: gdb.cp/namespace.exp: print 'F::cXf'
FAIL: gdb.cp/namespace.exp: print F::cXf
FAIL: gdb.cp/namespace.exp: print F::cXfX
FAIL: gdb.cp/namespace.exp: print 'G::Xg'
FAIL: gdb.cp/namespace.exp: print G::Xg
FAIL: gdb.cp/namespace.exp: print G::XgX
FAIL: gdb.cp/namespace.exp: print cXOtherFile
FAIL: gdb.cp/namespace.exp: print XOtherFile
FAIL: gdb.threads/gcore-thread.exp: save a corefile
ERROR: tcl error sourcing /home/rask/src/gcc/gdb/testsuite/gdb.threads/gcore-thread.exp.
ERROR: can't read "core_supported": no such variable
FAIL: gdb.threads/pthreads.exp: check backtrace from main thread
FAIL: gdb.threads/watchthreads.exp: threaded watch loop
FAIL: gdb.threads/watchthreads.exp: first watchpoint on args[1] hit
FAIL: gdb.threads/watchthreads.exp: watchpoint on args[0] hit in thread
FAIL: gdb.threads/watchthreads.exp: watchpoint on args[1] hit in thread
FAIL: gdb.threads/watchthreads.exp: combination of threaded watchpoints = 30

		=== gdb Summary ===

# of expected passes		11493
# of unexpected failures	48
# of unexpected successes	1
# of expected failures		41
# of unknown successes		6
# of known failures		50
# of untested testcases		13
# of unsupported tests		12
/home/rask/build/gcc/gdb/testsuite/../../gdb/gdb version  6.6.50.20070506-cvs -nx

		=== libffi tests ===


Running target unix

		=== libffi Summary ===

# of expected passes		1096
# of unsupported tests		8
		=== libgomp tests ===


Running target unix

		=== libgomp Summary ===

# of expected passes		1566
		=== libjava tests ===


Running target unix
WARNING: program timed out.
FAIL: getstacktrace run

		=== libjava Summary ===

# of expected passes		2535
# of unexpected failures	1
# of untested testcases		1
		=== libmudflap tests ===


Running target unix
FAIL: libmudflap.c++/pass41-frag.cxx execution test
FAIL: libmudflap.c++/pass41-frag.cxx (-static) execution test
FAIL: libmudflap.c++/pass41-frag.cxx ( -O) execution test
FAIL: libmudflap.c++/pass41-frag.cxx (-O2) execution test
FAIL: libmudflap.c++/pass41-frag.cxx (-O3) execution test
FAIL: libmudflap.cth/pass37-frag.c (-static -DSTATIC) execution test
FAIL: libmudflap.cth/pass37-frag.c (-static -DSTATIC) output pattern test
FAIL: libmudflap.cth/pass37-frag.c (-static -DSTATIC) (rerun 1) execution test
FAIL: libmudflap.cth/pass37-frag.c (-static -DSTATIC) (rerun 1) output pattern test
FAIL: libmudflap.cth/pass37-frag.c (-static -DSTATIC) (rerun 2) execution test
FAIL: libmudflap.cth/pass37-frag.c (-static -DSTATIC) (rerun 2) output pattern test
FAIL: libmudflap.cth/pass37-frag.c (-static -DSTATIC) (rerun 3) execution test
FAIL: libmudflap.cth/pass37-frag.c (-static -DSTATIC) (rerun 3) output pattern test
FAIL: libmudflap.cth/pass37-frag.c (-static -DSTATIC) (rerun 4) execution test
FAIL: libmudflap.cth/pass37-frag.c (-static -DSTATIC) (rerun 4) output pattern test
FAIL: libmudflap.cth/pass37-frag.c (-static -DSTATIC) (rerun 5) execution test
FAIL: libmudflap.cth/pass37-frag.c (-static -DSTATIC) (rerun 5) output pattern test
FAIL: libmudflap.cth/pass37-frag.c (-static -DSTATIC) (rerun 6) execution test
FAIL: libmudflap.cth/pass37-frag.c (-static -DSTATIC) (rerun 6) output pattern test
FAIL: libmudflap.cth/pass37-frag.c (-static -DSTATIC) (rerun 7) execution test
FAIL: libmudflap.cth/pass37-frag.c (-static -DSTATIC) (rerun 7) output pattern test
FAIL: libmudflap.cth/pass37-frag.c (-static -DSTATIC) (rerun 8) execution test
FAIL: libmudflap.cth/pass37-frag.c (-static -DSTATIC) (rerun 8) output pattern test
FAIL: libmudflap.cth/pass37-frag.c (-static -DSTATIC) (rerun 9) execution test
FAIL: libmudflap.cth/pass37-frag.c (-static -DSTATIC) (rerun 9) output pattern test
FAIL: libmudflap.cth/pass37-frag.c (-static -DSTATIC) (rerun 10) execution test
FAIL: libmudflap.cth/pass37-frag.c (-static -DSTATIC) (rerun 10) output pattern test
FAIL: libmudflap.cth/pass37-frag.c (-static -DSTATIC) (rerun 11) execution test
FAIL: libmudflap.cth/pass37-frag.c (-static -DSTATIC) (rerun 11) output pattern test
FAIL: libmudflap.cth/pass37-frag.c (-static -DSTATIC) (rerun 12) execution test
FAIL: libmudflap.cth/pass37-frag.c (-static -DSTATIC) (rerun 12) output pattern test
FAIL: libmudflap.cth/pass37-frag.c (-static -DSTATIC) (rerun 13) execution test
FAIL: libmudflap.cth/pass37-frag.c (-static -DSTATIC) (rerun 13) output pattern test
FAIL: libmudflap.cth/pass37-frag.c (-static -DSTATIC) (rerun 14) execution test
FAIL: libmudflap.cth/pass37-frag.c (-static -DSTATIC) (rerun 14) output pattern test
FAIL: libmudflap.cth/pass37-frag.c (-static -DSTATIC) (rerun 15) execution test
FAIL: libmudflap.cth/pass37-frag.c (-static -DSTATIC) (rerun 15) output pattern test
FAIL: libmudflap.cth/pass37-frag.c (-static -DSTATIC) (rerun 16) execution test
FAIL: libmudflap.cth/pass37-frag.c (-static -DSTATIC) (rerun 16) output pattern test
FAIL: libmudflap.cth/pass37-frag.c (-static -DSTATIC) (rerun 17) execution test
FAIL: libmudflap.cth/pass37-frag.c (-static -DSTATIC) (rerun 17) output pattern test
FAIL: libmudflap.cth/pass37-frag.c (-static -DSTATIC) (rerun 18) execution test
FAIL: libmudflap.cth/pass37-frag.c (-static -DSTATIC) (rerun 18) output pattern test
FAIL: libmudflap.cth/pass37-frag.c (-static -DSTATIC) (rerun 19) execution test
FAIL: libmudflap.cth/pass37-frag.c (-static -DSTATIC) (rerun 19) output pattern test
FAIL: libmudflap.cth/pass39-frag.c (-static -DSTATIC) execution test
FAIL: libmudflap.cth/pass39-frag.c (-static -DSTATIC) output pattern test
FAIL: libmudflap.cth/pass39-frag.c (-static -DSTATIC) (rerun 1) execution test
FAIL: libmudflap.cth/pass39-frag.c (-static -DSTATIC) (rerun 1) output pattern test
FAIL: libmudflap.cth/pass39-frag.c (-static -DSTATIC) (rerun 2) execution test
FAIL: libmudflap.cth/pass39-frag.c (-static -DSTATIC) (rerun 2) output pattern test
FAIL: libmudflap.cth/pass39-frag.c (-static -DSTATIC) (rerun 3) execution test
FAIL: libmudflap.cth/pass39-frag.c (-static -DSTATIC) (rerun 3) output pattern test
FAIL: libmudflap.cth/pass39-frag.c (-static -DSTATIC) (rerun 4) execution test
FAIL: libmudflap.cth/pass39-frag.c (-static -DSTATIC) (rerun 4) output pattern test
FAIL: libmudflap.cth/pass39-frag.c (-static -DSTATIC) (rerun 5) execution test
FAIL: libmudflap.cth/pass39-frag.c (-static -DSTATIC) (rerun 5) output pattern test
FAIL: libmudflap.cth/pass39-frag.c (-static -DSTATIC) (rerun 6) execution test
FAIL: libmudflap.cth/pass39-frag.c (-static -DSTATIC) (rerun 6) output pattern test
FAIL: libmudflap.cth/pass39-frag.c (-static -DSTATIC) (rerun 7) execution test
FAIL: libmudflap.cth/pass39-frag.c (-static -DSTATIC) (rerun 7) output pattern test
FAIL: libmudflap.cth/pass39-frag.c (-static -DSTATIC) (rerun 8) execution test
FAIL: libmudflap.cth/pass39-frag.c (-static -DSTATIC) (rerun 8) output pattern test
FAIL: libmudflap.cth/pass39-frag.c (-static -DSTATIC) (rerun 9) execution test
FAIL: libmudflap.cth/pass39-frag.c (-static -DSTATIC) (rerun 9) output pattern test
FAIL: libmudflap.cth/pass39-frag.c (-static -DSTATIC) (rerun 10) execution test
FAIL: libmudflap.cth/pass39-frag.c (-static -DSTATIC) (rerun 10) output pattern test
FAIL: libmudflap.cth/pass39-frag.c (-static -DSTATIC) (rerun 11) execution test
FAIL: libmudflap.cth/pass39-frag.c (-static -DSTATIC) (rerun 11) output pattern test
FAIL: libmudflap.cth/pass39-frag.c (-static -DSTATIC) (rerun 12) execution test
FAIL: libmudflap.cth/pass39-frag.c (-static -DSTATIC) (rerun 12) output pattern test
FAIL: libmudflap.cth/pass39-frag.c (-static -DSTATIC) (rerun 13) execution test
FAIL: libmudflap.cth/pass39-frag.c (-static -DSTATIC) (rerun 13) output pattern test
FAIL: libmudflap.cth/pass39-frag.c (-static -DSTATIC) (rerun 14) execution test
FAIL: libmudflap.cth/pass39-frag.c (-static -DSTATIC) (rerun 14) output pattern test
FAIL: libmudflap.cth/pass39-frag.c (-static -DSTATIC) (rerun 15) execution test
FAIL: libmudflap.cth/pass39-frag.c (-static -DSTATIC) (rerun 15) output pattern test
FAIL: libmudflap.cth/pass39-frag.c (-static -DSTATIC) (rerun 16) execution test
FAIL: libmudflap.cth/pass39-frag.c (-static -DSTATIC) (rerun 16) output pattern test
FAIL: libmudflap.cth/pass39-frag.c (-static -DSTATIC) (rerun 17) execution test
FAIL: libmudflap.cth/pass39-frag.c (-static -DSTATIC) (rerun 17) output pattern test
FAIL: libmudflap.cth/pass39-frag.c (-static -DSTATIC) (rerun 18) execution test
FAIL: libmudflap.cth/pass39-frag.c (-static -DSTATIC) (rerun 18) output pattern test
FAIL: libmudflap.cth/pass39-frag.c (-static -DSTATIC) (rerun 19) execution test
FAIL: libmudflap.cth/pass39-frag.c (-static -DSTATIC) (rerun 19) output pattern test
FAIL: libmudflap.cth/pass40-frag.c (-static -DSTATIC) execution test
FAIL: libmudflap.cth/pass40-frag.c (-static -DSTATIC) output pattern test
FAIL: libmudflap.cth/pass59-frag.c (-static -DSTATIC) execution test
FAIL: libmudflap.cth/pass59-frag.c (-static -DSTATIC) output pattern test

		=== libmudflap Summary ===

# of expected passes		1737
# of unexpected failures	89
		=== libstdc++ tests ===


Running target unix
FAIL: abi_check
XPASS: 26_numerics/headers/cmath/c99_classification_macros_c.cc (test for excess errors)
FAIL: ext/array_allocator/check_delete.cc execution test
FAIL: ext/array_allocator/check_new.cc execution test
FAIL: ext/debug_allocator/check_delete.cc execution test
FAIL: ext/debug_allocator/check_new.cc execution test
FAIL: ext/malloc_allocator/check_delete.cc execution test
FAIL: ext/malloc_allocator/check_new.cc execution test
FAIL: ext/mt_allocator/check_delete.cc execution test
FAIL: ext/pool_allocator/allocate_chunk.cc execution test
FAIL: ext/pool_allocator/check_delete.cc execution test

		=== libstdc++ Summary ===

# of expected passes		4350
# of unexpected failures	10
# of unexpected successes	1
# of expected failures		69
# of unsupported tests		316
		=== ld tests ===


Running target unix
ERROR: /home/rask/src/gcc/ld/testsuite/ld-cdtest/cdtest-foo.cc: compilation failed
UNRESOLVED: cdtest
UNRESOLVED: cdtest with -Ur
ERROR: /home/rask/src/gcc/ld/testsuite/ld-elf/del.cc: compilation failed
ERROR: /home/rask/src/gcc/ld/testsuite/ld-elf/new.cc: compilation failed
FAIL: Build libdnew1a.so with --Bsymbolic-functions --dynamic-list-cpp-new
ERROR: /home/rask/src/gcc/ld/testsuite/ld-elf/del.cc: compilation failed
ERROR: /home/rask/src/gcc/ld/testsuite/ld-elf/new.cc: compilation failed
FAIL: Build libdnew1b.so with --dynamic-list-data --dynamic-list-cpp-new
ERROR: /home/rask/src/gcc/ld/testsuite/ld-elf/dl5.cc: compilation failed
UNRESOLVED: Run with libnew1a.so
ERROR: /home/rask/src/gcc/ld/testsuite/ld-elf/dl5.cc: compilation failed
UNRESOLVED: Run with libnew1b.so

		=== ld Summary ===

# of expected passes		420
# of unexpected failures	2
# of expected failures		4
# of unresolved testcases	4

Compiler version: 6.6.50.20070506-cvs -nx 
Platform: i686-pc-linux-gnu
configure flags: --disable-nls --with-arch=pentium3



More information about the Gcc-testresults mailing list