Results for 4.3.0 20070506 (experimental) testsuite on s390x-ibm-linux-gnu

Andreas Krebbel Andreas.Krebbel@de.ibm.com
Mon May 7 20:20:00 GMT 2007


LAST_UPDATED: Mon May  7 13:04:14 UTC 2007 (revision 124499M)

		=== acats tests ===
FAIL:	cd10002
FAIL:	cxh1001

		=== acats Summary ===
# of expected passes		2313
# of unexpected failures	2
Native configuration is s390x-ibm-linux-gnu

		=== g++ tests ===


Running target unix

		=== g++ Summary ===

# of expected passes		14808
# of expected failures		79
# of unsupported tests		122
/31bit/build/BUILD/gcc/obj-s390x-redhat-linux/gcc/testsuite/g++/../../g++  version 4.3.0 20070506 (experimental)

		=== gcc tests ===


Running target unix
FAIL: gcc.c-torture/execute/mayalias-2.c compilation,  -O3 -g  (internal compiler error)
UNRESOLVED: gcc.c-torture/execute/mayalias-2.c execution,  -O3 -g 
FAIL: gcc.c-torture/execute/mayalias-3.c compilation,  -O3 -g  (internal compiler error)
UNRESOLVED: gcc.c-torture/execute/mayalias-3.c execution,  -O3 -g 
XPASS: gcc.dg/cpp/cmdlne-dI-M.c scan-file (^|\\\\n)cmdlne-dI-M.*:[^\\\\n]*cmdlne-dI-M.c
XPASS: gcc.dg/cpp/cmdlne-dM-M.c scan-file (^|\\\\n)cmdlne-dM-M[^\\\\n]*:[^\\\\n]*cmdlne-dM-M.c
FAIL: gcc.dg/torture/builtin-pow-mpfr-1.c  -O0  scan-tree-dump pow
FAIL: gcc.dg/torture/builtin-pow-mpfr-1.c  -O1  scan-tree-dump pow
FAIL: gcc.dg/torture/builtin-pow-mpfr-1.c  -O2  scan-tree-dump pow
FAIL: gcc.dg/torture/builtin-pow-mpfr-1.c  -O3 -fomit-frame-pointer  scan-tree-dump pow
FAIL: gcc.dg/torture/builtin-pow-mpfr-1.c  -O3 -g  scan-tree-dump pow
FAIL: gcc.dg/torture/builtin-pow-mpfr-1.c  -Os  scan-tree-dump pow
XPASS: gcc.dg/tree-ssa/20040204-1.c scan-tree-dump-times link_error 0
XPASS: gcc.dg/tree-ssa/sra-2.c scan-tree-dump-times link_error 0
XPASS: gcc.dg/tree-ssa/update-threading.c scan-tree-dump-times Invalid sum 0

		=== gcc Summary ===

# of expected passes		42564
# of unexpected failures	8
# of unexpected successes	5
# of expected failures		73
# of unresolved testcases	2
# of untested testcases		28
# of unsupported tests		379
/31bit/build/BUILD/gcc/obj-s390x-redhat-linux/gcc/xgcc  version 4.3.0 20070506 (experimental)

		=== gfortran tests ===


Running target unix
FAIL: gfortran.dg/open_errors.f90  -O0  execution test
FAIL: gfortran.dg/open_errors.f90  -O1  execution test
FAIL: gfortran.dg/open_errors.f90  -O2  execution test
FAIL: gfortran.dg/open_errors.f90  -O3 -fomit-frame-pointer  execution test
FAIL: gfortran.dg/open_errors.f90  -O3 -fomit-frame-pointer -funroll-loops  execution test
FAIL: gfortran.dg/open_errors.f90  -O3 -fomit-frame-pointer -funroll-all-loops -finline-functions  execution test
FAIL: gfortran.dg/open_errors.f90  -O3 -g  execution test
FAIL: gfortran.dg/open_errors.f90  -Os  execution test
FAIL: gfortran.fortran-torture/execute/st_function.f90,  -O1  (internal compiler error)
FAIL: gfortran.fortran-torture/execute/st_function.f90,  -O2  (internal compiler error)
FAIL: gfortran.fortran-torture/execute/st_function.f90,  -O3 -fomit-frame-pointer  (internal compiler error)
FAIL: gfortran.fortran-torture/execute/st_function.f90,  -O3 -fomit-frame-pointer -funroll-loops  (internal compiler error)
FAIL: gfortran.fortran-torture/execute/st_function.f90,  -O3 -fomit-frame-pointer -funroll-all-loops -finline-functions  (internal compiler error)
FAIL: gfortran.fortran-torture/execute/st_function.f90,  -O3 -g  (internal compiler error)
FAIL: gfortran.fortran-torture/execute/st_function.f90,  -Os  (internal compiler error)

		=== gfortran Summary ===

# of expected passes		17689
# of unexpected failures	15
# of expected failures		7
# of unsupported tests		20
/31bit/build/BUILD/gcc/obj-s390x-redhat-linux/gcc/testsuite/gfortran/../../gfortran  version 4.3.0 20070506 (experimental)

		=== gnat tests ===


Running target unix
FAIL: gnat.dg/address_conversion.adb execution test
FAIL: gnat.dg/frame_overflow.adb  (test for errors, line 12)
FAIL: gnat.dg/frame_overflow.adb  (test for errors, line 21)

		=== gnat Summary ===

# of expected passes		166
# of unexpected failures	3
		=== objc tests ===


Running target unix

		=== objc Summary ===

# of expected passes		1812
# of expected failures		7
# of unsupported tests		24
/31bit/build/BUILD/gcc/obj-s390x-redhat-linux/gcc/xgcc  version 4.3.0 20070506 (experimental)

		=== libffi tests ===


Running target unix

		=== libffi Summary ===

# of expected passes		1096
# of unsupported tests		8
		=== libgomp tests ===


Running target unix

		=== libgomp Summary ===

# of expected passes		1566
		=== libjava tests ===


Running target unix
WARNING: program timed out.
FAIL: getstacktrace run
FAIL: events output
FAIL: Divide_1 output - source compiled test
FAIL: Divide_1 -findirect-dispatch output - source compiled test
FAIL: Divide_1 -O3 output - source compiled test
FAIL: Divide_1 -O3 -findirect-dispatch output - source compiled test
FAIL: pr6388 output - source compiled test
FAIL: pr6388 -findirect-dispatch output - source compiled test
FAIL: pr6388 -O3 output - source compiled test
FAIL: pr6388 -O3 -findirect-dispatch output - source compiled test

		=== libjava Summary ===

# of expected passes		2526
# of unexpected failures	10
# of untested testcases		1
		=== libmudflap tests ===


Running target unix
FAIL: libmudflap.c++/pass41-frag.cxx execution test
FAIL: libmudflap.c++/pass41-frag.cxx (-static) execution test
FAIL: libmudflap.c++/pass41-frag.cxx ( -O) execution test
FAIL: libmudflap.c++/pass41-frag.cxx (-O2) execution test
FAIL: libmudflap.c++/pass41-frag.cxx (-O3) execution test

		=== libmudflap Summary ===

# of expected passes		1821
# of unexpected failures	5
		=== libstdc++ tests ===


Running target unix
FAIL: abi_check
FAIL: 20_util/headers/type_traits/types_std_c++0x_neg.cc  (test for errors, line 27)
FAIL: 20_util/headers/type_traits/types_std_c++0x_neg.cc  (test for errors, line 28)
FAIL: 20_util/headers/type_traits/types_std_c++0x_neg.cc  (test for errors, line 29)
FAIL: 20_util/headers/type_traits/types_std_c++0x_neg.cc  (test for errors, line 30)
XPASS: 26_numerics/headers/cmath/c99_classification_macros_c.cc (test for excess errors)
XPASS: 27_io/fpos/14320-1.cc execution test
FAIL: 27_io/ios_base/storage/2.cc execution test

		=== libstdc++ Summary ===

# of expected passes		4343
# of unexpected failures	6
# of unexpected successes	2
# of expected failures		41
# of unsupported tests		316

Compiler version: 4.3.0 20070506 (experimental) 
Platform: s390x-ibm-linux-gnu
configure flags: --prefix=/usr --mandir=/usr/share/man --infodir=/usr/share/info --enable-shared --enable-threads=posix --enable-checking --with-system-zlib --enable-__cxa_atexit --with-long-double-128 --enable-languages=c,c++,objc,java,fortran,ada --host=s390x-redhat-linux



More information about the Gcc-testresults mailing list