Results for 4.3.0 20070506 (experimental) testsuite on arm-none-eabi

CodeSourcery Automatic Testing System gcc@codesourcery.com
Mon May 7 19:06:00 GMT 2007


LAST_UPDATED: Mon May  7 07:16:46 UTC 2007 (/trunk revision 124496)

Target is arm-none-eabi
Host   is i686-pc-linux-gnu

		=== g++ tests ===


Running target arm-sim
FAIL: g++.dg/cpp/_Pragma1.C (test for excess errors)
XPASS: g++.dg/other/packed1.C execution test
FAIL: g++.dg/warn/multiple-overflow-warn-3.C  (test for warnings, line 8)
FAIL: g++.dg/special/initpri1.C execution test

		=== g++ Summary ===

# of expected passes		14373
# of unexpected failures	3
# of unexpected successes	1
# of expected failures		79
# of unsupported tests		134
/scratch/gcc/nightly-2007-05-07-mainline/arm-none-eabi/build_gcc/build/test-mainline-0-arm-none-eabi/host-i686-pc-linux-gnu/fsf-mainline/bin/arm-none-eabi-g++  version 4.3.0 20070506 (experimental)

Host   is i686-pc-linux-gnu

		=== gcc tests ===


Running target arm-sim
FAIL: gcc.c-torture/execute/920501-2.c execution,  -O3 -fomit-frame-pointer 
FAIL: gcc.c-torture/execute/920501-2.c execution,  -O3 -fomit-frame-pointer -funroll-loops 
FAIL: gcc.c-torture/execute/920501-2.c execution,  -O3 -fomit-frame-pointer -funroll-all-loops -finline-functions 
FAIL: gcc.c-torture/execute/920501-2.c execution,  -O3 -g 
FAIL: gcc.c-torture/execute/mayalias-2.c compilation,  -O3 -g  (internal compiler error)
UNRESOLVED: gcc.c-torture/execute/mayalias-2.c execution,  -O3 -g 
FAIL: gcc.c-torture/execute/mayalias-3.c compilation,  -O3 -g  (internal compiler error)
UNRESOLVED: gcc.c-torture/execute/mayalias-3.c execution,  -O3 -g 
FAIL: gcc.dg/compat/struct-layout-1 c_compat_x_tst.o compile
FAIL: gcc.dg/compat/struct-layout-1 c_compat_y_tst.o compile
UNRESOLVED: gcc.dg/compat/struct-layout-1 c_compat_x_tst.o-c_compat_y_tst.o link 
UNRESOLVED: gcc.dg/compat/struct-layout-1 c_compat_x_tst.o-c_compat_y_tst.o execute 
FAIL: gcc.dg/cpp/_Pragma6.c (test for excess errors)
FAIL: gcc.dg/arm-g2.c scan-assembler mla[ \\t].*
FAIL: gcc.dg/builtins-20.c (test for excess errors)
FAIL: gcc.dg/builtins-59.c scan-tree-dump __builtin_cexpi
FAIL: gcc.dg/builtins-59.c scan-tree-dump-not sincos
FAIL: gcc.dg/builtins-61.c scan-tree-dump cexpi
FAIL: gcc.dg/builtins-61.c scan-tree-dump sin
FAIL: gcc.dg/builtins-61.c scan-tree-dump cos
FAIL: gcc.dg/builtins-61.c scan-tree-dump return 0.0
FAIL: gcc.dg/builtins-62.c scan-tree-dump-times cexpi 3
WARNING: program timed out.
FAIL: gcc.dg/c99-intconst-1.c (test for excess errors)
FAIL: gcc.dg/float-range-3.c (test for excess errors)
FAIL: gcc.dg/float-range-4.c (test for excess errors)
FAIL: gcc.dg/float-range-5.c (test for excess errors)
FAIL: gcc.dg/initpri1.c execution test
FAIL: gcc.dg/memcpy-1.c scan-tree-dump-times nasty_local 0
FAIL: gcc.dg/pr30957-1.c scan-rtl-dump Expanding Accumulator
FAIL: gcc.dg/var-expand1.c scan-rtl-dump Expanding Accumulator
FAIL: gcc.dg/tls/alias-1.c (test for excess errors)
FAIL: gcc.dg/tls/opt-2.c (test for excess errors)
XPASS: gcc.dg/tree-ssa/update-threading.c scan-tree-dump-times Invalid sum 0

		=== gcc Summary ===

# of expected passes		41950
# of unexpected failures	28
# of unexpected successes	1
# of expected failures		72
# of unresolved testcases	4
# of untested testcases		28
# of unsupported tests		434
/scratch/gcc/nightly-2007-05-07-mainline/arm-none-eabi/build_gcc/build/test-mainline-0-arm-none-eabi/host-i686-pc-linux-gnu/fsf-mainline/bin/arm-none-eabi-gcc  version 4.3.0 20070506 (experimental)

Host   is i686-pc-linux-gnu

		=== libstdc++ tests ===


Running target arm-sim
FAIL: 20_util/headers/type_traits/types_std_c++0x_neg.cc  (test for errors, line 27)
FAIL: 20_util/headers/type_traits/types_std_c++0x_neg.cc  (test for errors, line 28)
FAIL: 20_util/headers/type_traits/types_std_c++0x_neg.cc  (test for errors, line 29)
FAIL: 20_util/headers/type_traits/types_std_c++0x_neg.cc  (test for errors, line 30)
FAIL: 20_util/make_signed/requirements/typedefs.cc (test for excess errors)
UNRESOLVED: 20_util/make_signed/requirements/typedefs.cc compilation failed to produce executable
FAIL: 20_util/make_unsigned/requirements/typedefs.cc (test for excess errors)
UNRESOLVED: 20_util/make_unsigned/requirements/typedefs.cc compilation failed to produce executable
ERROR: (DejaGnu) proc "-I/scratch/gcc/nightly-2007-05-07-mainline/arm-none-eabi/build_gcc/build/test-mainline-0-arm-none-eabi/host-i686-pc-linux-gnu/fsf-mainline/bin/../include/c++/4.3.0" does not exist.

		=== libstdc++ Summary ===

# of expected passes		2185
# of unexpected failures	6
# of expected failures		39
# of unresolved testcases	2
# of unsupported tests		166
Host   is i686-pc-linux-gnu

		=== g++ tests ===


Running target arm-sim/-mthumb
FAIL: g++.dg/cpp/_Pragma1.C (test for excess errors)
XPASS: g++.dg/other/packed1.C execution test
FAIL: g++.dg/warn/multiple-overflow-warn-3.C  (test for warnings, line 8)
FAIL: g++.dg/special/initpri1.C execution test

		=== g++ Summary ===

# of expected passes		14369
# of unexpected failures	3
# of unexpected successes	1
# of expected failures		79
# of unsupported tests		136
/scratch/gcc/nightly-2007-05-07-mainline/arm-none-eabi/build_gcc/build/test-mainline-0-arm-none-eabi/host-i686-pc-linux-gnu/fsf-mainline/bin/arm-none-eabi-g++  version 4.3.0 20070506 (experimental)

Host   is i686-pc-linux-gnu

		=== gcc tests ===


Running target arm-sim/-mthumb
XPASS: gcc.c-torture/execute/941014-1.c execution,  -O0 
FAIL: gcc.c-torture/execute/mayalias-2.c compilation,  -O3 -g  (internal compiler error)
UNRESOLVED: gcc.c-torture/execute/mayalias-2.c execution,  -O3 -g 
FAIL: gcc.c-torture/execute/mayalias-3.c compilation,  -O3 -g  (internal compiler error)
UNRESOLVED: gcc.c-torture/execute/mayalias-3.c execution,  -O3 -g 
FAIL: gcc.dg/compat/struct-layout-1 c_compat_x_tst.o compile
FAIL: gcc.dg/compat/struct-layout-1 c_compat_y_tst.o compile
UNRESOLVED: gcc.dg/compat/struct-layout-1 c_compat_x_tst.o-c_compat_y_tst.o link 
UNRESOLVED: gcc.dg/compat/struct-layout-1 c_compat_x_tst.o-c_compat_y_tst.o execute 
FAIL: gcc.dg/cpp/_Pragma6.c (test for excess errors)
FAIL: gcc.dg/builtins-20.c (test for excess errors)
FAIL: gcc.dg/builtins-59.c scan-tree-dump __builtin_cexpi
FAIL: gcc.dg/builtins-59.c scan-tree-dump-not sincos
FAIL: gcc.dg/builtins-61.c scan-tree-dump cexpi
FAIL: gcc.dg/builtins-61.c scan-tree-dump sin
FAIL: gcc.dg/builtins-61.c scan-tree-dump cos
FAIL: gcc.dg/builtins-61.c scan-tree-dump return 0.0
FAIL: gcc.dg/builtins-62.c scan-tree-dump-times cexpi 3
FAIL: gcc.dg/float-range-3.c (test for excess errors)
FAIL: gcc.dg/float-range-4.c (test for excess errors)
FAIL: gcc.dg/float-range-5.c (test for excess errors)
FAIL: gcc.dg/initpri1.c execution test
FAIL: gcc.dg/memcpy-1.c scan-tree-dump-times nasty_local 0
FAIL: gcc.dg/pr30957-1.c scan-rtl-dump Expanding Accumulator
FAIL: gcc.dg/sibcall-3.c execution test
FAIL: gcc.dg/sibcall-4.c execution test
FAIL: gcc.dg/var-expand1.c scan-rtl-dump Expanding Accumulator
FAIL: gcc.dg/tls/alias-1.c (test for excess errors)
FAIL: gcc.dg/tls/opt-2.c (test for excess errors)
XPASS: gcc.dg/tree-ssa/update-threading.c scan-tree-dump-times Invalid sum 0

		=== gcc Summary ===

# of expected passes		41902
# of unexpected failures	24
# of unexpected successes	2
# of expected failures		72
# of unresolved testcases	4
# of untested testcases		28
# of unsupported tests		440
/scratch/gcc/nightly-2007-05-07-mainline/arm-none-eabi/build_gcc/build/test-mainline-0-arm-none-eabi/host-i686-pc-linux-gnu/fsf-mainline/bin/arm-none-eabi-gcc  version 4.3.0 20070506 (experimental)

Host   is i686-pc-linux-gnu

		=== libstdc++ tests ===


Running target arm-sim/-mthumb
FAIL: 20_util/headers/type_traits/types_std_c++0x_neg.cc  (test for errors, line 27)
FAIL: 20_util/headers/type_traits/types_std_c++0x_neg.cc  (test for errors, line 28)
FAIL: 20_util/headers/type_traits/types_std_c++0x_neg.cc  (test for errors, line 29)
FAIL: 20_util/headers/type_traits/types_std_c++0x_neg.cc  (test for errors, line 30)
FAIL: 20_util/make_signed/requirements/typedefs.cc (test for excess errors)
UNRESOLVED: 20_util/make_signed/requirements/typedefs.cc compilation failed to produce executable
FAIL: 20_util/make_unsigned/requirements/typedefs.cc (test for excess errors)
UNRESOLVED: 20_util/make_unsigned/requirements/typedefs.cc compilation failed to produce executable
ERROR: (DejaGnu) proc "-I/scratch/gcc/nightly-2007-05-07-mainline/arm-none-eabi/build_gcc/build/test-mainline-0-arm-none-eabi/host-i686-pc-linux-gnu/fsf-mainline/bin/../include/c++/4.3.0" does not exist.

		=== libstdc++ Summary ===

# of expected passes		2185
# of unexpected failures	6
# of expected failures		39
# of unresolved testcases	2
# of unsupported tests		166

Compiler version: 4.3.0 20070506 (experimental) 
Platform: arm-none-eabi
configure flags: --build=i686-pc-linux-gnu --host=i686-pc-linux-gnu --target=arm-none-eabi --enable-shared --enable-threads --disable-libmudflap --disable-libssp --disable-libgomp --disable-libstdcxx-pch --with-gnu-as --with-gnu-ld --enable-languages=c,c++ --with-newlib --disable-nls --prefix=/opt/codesourcery --with-headers=yes --with-sysroot=/opt/codesourcery/arm-none-eabi --with-build-sysroot=/scratch/gcc/nightly-2007-05-07-mainline/arm-none-eabi/build_gcc/install/arm-none-eabi --with-gmp=/scratch/gcc/nightly-2007-05-07-mainline/arm-none-eabi/build_gcc/build/host-libs-mainline-0-arm-none-eabi-i686-pc-linux-gnu/usr --with-mpfr=/scratch/gcc/nightly-2007-05-07-mainline/arm-none-eabi/build_gcc/build/host-libs-mainline-0-arm-none-eabi-i686-pc-linux-gnu/usr --enable-poison-system-directories --with-build-time-tools=/scratch/gcc/nightly-2007-05-07-mainline/arm-none-eabi/build_gcc/install/arm-none-eabi/bin --with-build-time-tools=/scratch/gcc/nightly-2007-05-07-mainline/arm-none-!
 eabi/build_gcc/install/arm-none-eabi/bin



More information about the Gcc-testresults mailing list