Results for 4.3.0 20070503 (experimental) testsuite on i686-pc-cygwin
Timothy C Prince
tprince@myrealbox.com
Mon May 7 15:11:00 GMT 2007
LAST_UPDATED: Obtained from SVN: trunk revision 124449
Native configuration is i686-pc-cygwin
=== g++ tests ===
Running target unix
FAIL: g++.dg/abi/local1.C execution test
FAIL: g++.dg/abi/rtti1.C scan-assembler-dem-not \\ntypeinfo for A[: \\t\\n]
FAIL: g++.dg/abi/rtti3.C scan-assembler .weak[ \\t]_?_ZTSPP1A
FAIL: g++.dg/abi/thunk4.C scan-assembler .weak[ \\t]_?_ZThn._N7Derived3FooEv
FAIL: g++.dg/eh/weak1.C execution test
FAIL: g++.dg/ext/dllimport7.C C++ specific error (test for errors, line 24)
FAIL: g++.dg/opt/complex3.C (internal compiler error)
FAIL: g++.dg/opt/complex3.C (test for excess errors)
FAIL: g++.dg/opt/vt1.C scan-assembler-not section[^\\n\\r]*_ZTV1S[^\\n\\r]*"[^w"\\n\\r]*"
FAIL: g++.dg/other/unused1.C scan-assembler (string|ascii?)z?\\t"class2("|\\\\\\\\000)
FAIL: g++.dg/other/unused1.C scan-assembler (string|ascii?)z?\\t"printer("|\\\\\\\\000)
XPASS: g++.dg/tree-ssa/ivopts-1.C scan-tree-dump-not offset: -4B
XPASS: g++.dg/tree-ssa/ivopts-1.C scan-tree-dump-not &x\\[5\\]
FAIL: g++.dg/pch/externc-1.C -g assembly comparison
FAIL: g++.dg/pch/externc-1.C -O2 -g assembly comparison
FAIL: g++.dg/pch/static-1.C -g assembly comparison
FAIL: g++.dg/pch/static-1.C -O2 -g assembly comparison
FAIL: g++.dg/pch/system-1.C -g assembly comparison
FAIL: g++.dg/pch/system-1.C -O2 -g assembly comparison
FAIL: g++.dg/pch/system-2.C -g assembly comparison
FAIL: g++.dg/pch/system-2.C -O2 -g assembly comparison
FAIL: g++.dg/pch/uninst.C -g assembly comparison
FAIL: g++.dg/pch/uninst.C -O2 -g assembly comparison
FAIL: g++.dg/pch/wchar-1.C -g assembly comparison
FAIL: g++.dg/pch/wchar-1.C -O2 -g assembly comparison
FAIL: g++.old-deja/g++.eh/badalloc1.C execution test
XPASS: g++.old-deja/g++.ext/attrib5.C execution test
FAIL: g++.old-deja/g++.other/init18.C execution test
FAIL: g++.old-deja/g++.other/init19.C execution test
FAIL: g++.old-deja/g++.other/init5.C execution test
=== g++ Summary ===
# of expected passes 15072
# of unexpected failures 27
# of unexpected successes 3
# of expected failures 79
# of unsupported tests 173
/cygdrive/e/gnu/gcc-4.3-20070504/xp/gcc/testsuite/g++/../../g++ version 4.3.0 20070503 (experimental)
=== gcc tests ===
Running target unix
FAIL: gcc.c-torture/compile/20001226-1.c (test for excess errors)
FAIL: gcc.c-torture/compile/limits-declparen.c (test for excess errors)
FAIL: gcc.c-torture/compile/limits-exprparen.c (test for excess errors)
FAIL: gcc.c-torture/compile/limits-pointer.c (test for excess errors)
FAIL: gcc.c-torture/execute/990127-2.c execution, -Os
FAIL: gcc.dg/cpp/trigraphs.c (test for excess errors)
WARNING: gcc.dg/cpp/trigraphs.c compilation failed to produce executable
FAIL: gcc.dg/20021014-1.c (test for excess errors)
WARNING: gcc.dg/20021014-1.c compilation failed to produce executable
FAIL: gcc.dg/builtins-20.c (test for excess errors)
FAIL: gcc.dg/builtins-59.c scan-tree-dump __builtin_cexpi
FAIL: gcc.dg/builtins-59.c scan-tree-dump-not sincos
FAIL: gcc.dg/builtins-61.c scan-tree-dump cexpi
FAIL: gcc.dg/builtins-61.c scan-tree-dump sin
FAIL: gcc.dg/builtins-61.c scan-tree-dump cos
FAIL: gcc.dg/builtins-61.c scan-tree-dump return 0.0
FAIL: gcc.dg/builtins-62.c scan-tree-dump-times cexpi 3
FAIL: gcc.dg/float-range-3.c (test for excess errors)
FAIL: gcc.dg/float-range-4.c (test for excess errors)
FAIL: gcc.dg/float-range-5.c (test for excess errors)
FAIL: gcc.dg/pr25993.c (test for excess errors)
FAIL: gcc.dg/setjmp-3.c (test for excess errors)
WARNING: gcc.dg/setjmp-3.c compilation failed to produce executable
FAIL: gcc.dg/setjmp-4.c (test for excess errors)
WARNING: gcc.dg/setjmp-4.c compilation failed to produce executable
FAIL: gcc.dg/ssp-2.c (test for excess errors)
WARNING: gcc.dg/ssp-2.c compilation failed to produce executable
FAIL: largefile.c (test for excess errors)
FAIL: largefile.c (test for excess errors)
FAIL: largefile.c (test for excess errors)
FAIL: largefile.c (test for excess errors)
FAIL: largefile.c (test for excess errors)
FAIL: largefile.c (test for excess errors)
FAIL: largefile.c (test for excess errors)
FAIL: gcc.dg/tree-ssa/loop-1.c scan-assembler-times foo 5
FAIL: gcc.dg/tree-ssa/pr27781.c scan-tree-dump func \\(\\);
XPASS: gcc.dg/tree-ssa/update-threading.c scan-tree-dump-times Invalid sum 0
FAIL: gcc.dg/vect/pr31041.c (test for excess errors)
FAIL: compiler driver --coverage option(s) (compiler options)
FAIL: gcc.target/i386/pic-1.c (test for errors, line 11)
FAIL: gcc.target/i386/pr21291.c (test for excess errors)
FAIL: gcc.target/i386/sse-vect-types.c (test for excess errors)
=== gcc Summary ===
# of expected passes 45930
# of unexpected failures 36
# of unexpected successes 1
# of expected failures 120
# of untested testcases 35
# of unsupported tests 356
/cygdrive/e/gnu/gcc-4.3-20070504/xp/gcc/xgcc version 4.3.0 20070503 (experimental)
=== gfortran tests ===
Running target unix
FAIL: gfortran.dg/backspace_8.f execution test
FAIL: gfortran.dg/backspace_8.f execution test
FAIL: gfortran.dg/backspace_8.f execution test
FAIL: gfortran.dg/backspace_8.f execution test
FAIL: gfortran.dg/backspace_8.f execution test
FAIL: gfortran.dg/backspace_8.f execution test
FAIL: gfortran.dg/backspace_8.f execution test
FAIL: gfortran.dg/backspace_8.f execution test
FAIL: gfortran.dg/fseek.f90 (test for excess errors)
WARNING: gfortran.dg/fseek.f90 compilation failed to produce executable
FAIL: gfortran.dg/fseek.f90 (test for excess errors)
WARNING: gfortran.dg/fseek.f90 compilation failed to produce executable
FAIL: gfortran.dg/fseek.f90 (test for excess errors)
WARNING: gfortran.dg/fseek.f90 compilation failed to produce executable
FAIL: gfortran.dg/fseek.f90 (test for excess errors)
WARNING: gfortran.dg/fseek.f90 compilation failed to produce executable
FAIL: gfortran.dg/fseek.f90 (test for excess errors)
WARNING: gfortran.dg/fseek.f90 compilation failed to produce executable
FAIL: gfortran.dg/fseek.f90 (test for excess errors)
WARNING: gfortran.dg/fseek.f90 compilation failed to produce executable
FAIL: gfortran.dg/fseek.f90 (test for excess errors)
WARNING: gfortran.dg/fseek.f90 compilation failed to produce executable
FAIL: gfortran.dg/fseek.f90 (test for excess errors)
WARNING: gfortran.dg/fseek.f90 compilation failed to produce executable
FAIL: gfortran.dg/zero_length_1.f90 execution test
FAIL: gfortran.dg/zero_length_1.f90 execution test
FAIL: gfortran.dg/zero_length_1.f90 execution test
FAIL: gfortran.dg/zero_length_1.f90 execution test
FAIL: gfortran.dg/zero_length_1.f90 execution test
FAIL: gfortran.dg/zero_length_1.f90 execution test
FAIL: gfortran.dg/zero_length_1.f90 execution test
FAIL: gfortran.dg/zero_length_1.f90 execution test
FAIL: gfortran.fortran-torture/execute/st_function.f90, -O1 (internal compiler error)
FAIL: gfortran.fortran-torture/execute/st_function.f90, -O2 (internal compiler error)
FAIL: gfortran.fortran-torture/execute/st_function.f90, -O3 -fomit-frame-pointer (internal compiler error)
FAIL: gfortran.fortran-torture/execute/st_function.f90, -O3 -fomit-frame-pointer -funroll-loops (internal compiler error)
FAIL: gfortran.fortran-torture/execute/st_function.f90, -O3 -fomit-frame-pointer -funroll-all-loops -finline-functions (internal compiler error)
FAIL: gfortran.fortran-torture/execute/st_function.f90, -O3 -g (internal compiler error)
FAIL: gfortran.fortran-torture/execute/st_function.f90, -Os (internal compiler error)
=== gfortran Summary ===
# of expected passes 17442
# of unexpected failures 31
# of expected failures 8
# of unsupported tests 86
/cygdrive/e/gnu/gcc-4.3-20070504/xp/gcc/testsuite/gfortran/../../gfortran version 4.3.0 20070503 (experimental)
=== objc tests ===
Running target unix
=== objc Summary ===
# of expected passes 1892
# of expected failures 7
# of unsupported tests 24
/cygdrive/e/gnu/gcc-4.3-20070504/xp/gcc/xgcc version 4.3.0 20070503 (experimental)
=== treelang tests ===
Running target unix
ERROR: tcl error sourcing /cygdrive/e/gnu/gcc-4.3-20070504/gcc/testsuite/treelang/output/output.exp.
ERROR: rm: cannot remove \`treelang/output-1': No such file or directory
=== treelang Summary ===
# of expected passes 52
=== libgomp tests ===
Running target unix
FAIL: libgomp.c/loop-1.c execution test
WARNING: program timed out.
FAIL: libgomp.c++/ctor-8.C execution test
WARNING: program timed out.
FAIL: libgomp.c++/ctor-8.C execution test
WARNING: program timed out.
FAIL: libgomp.c++/ctor-8.C execution test
WARNING: program timed out.
FAIL: libgomp.c++/ctor-9.C execution test
FAIL: libgomp.fortran/lib2.f execution test
FAIL: libgomp.fortran/omp_parse1.f90 execution test
FAIL: libgomp.fortran/omp_parse2.f90 execution test
FAIL: libgomp.fortran/omp_parse3.f90 (test for excess errors)
WARNING: libgomp.fortran/omp_parse3.f90 compilation failed to produce executable
WARNING: program timed out.
FAIL: libgomp.fortran/threadprivate1.f90 execution test
WARNING: program timed out.
FAIL: libgomp.fortran/threadprivate1.f90 execution test
FAIL: libgomp.fortran/threadprivate1.f90 execution test
WARNING: program timed out.
FAIL: libgomp.fortran/threadprivate2.f90 execution test
WARNING: program timed out.
FAIL: libgomp.fortran/threadprivate2.f90 execution test
WARNING: program timed out.
FAIL: libgomp.fortran/threadprivate2.f90 execution test
WARNING: program timed out.
FAIL: libgomp.fortran/threadprivate2.f90 execution test
WARNING: program timed out.
FAIL: libgomp.fortran/threadprivate2.f90 execution test
FAIL: libgomp.fortran/threadprivate2.f90 (test for excess errors)
WARNING: libgomp.fortran/threadprivate2.f90 compilation failed to produce executable
FAIL: libgomp.fortran/threadprivate3.f90 execution test
WARNING: program timed out.
FAIL: libgomp.fortran/threadprivate3.f90 execution test
WARNING: program timed out.
FAIL: libgomp.fortran/threadprivate3.f90 execution test
WARNING: program timed out.
FAIL: libgomp.fortran/threadprivate3.f90 execution test
WARNING: program timed out.
FAIL: libgomp.fortran/threadprivate3.f90 execution test
FAIL: libgomp.fortran/threadprivate3.f90 (test for excess errors)
WARNING: libgomp.fortran/threadprivate3.f90 compilation failed to produce executable
WARNING: program timed out.
FAIL: libgomp.fortran/threadprivate3.f90 execution test
FAIL: libgomp.fortran/vla2.f90 execution test
FAIL: libgomp.fortran/vla2.f90 execution test
FAIL: libgomp.fortran/vla5.f90 execution test
FAIL: libgomp.fortran/vla5.f90 execution test
FAIL: libgomp.fortran/vla6.f90 execution test
FAIL: libgomp.fortran/vla6.f90 execution test
=== libgomp Summary ===
# of expected passes 1530
# of unexpected failures 31
# of unsupported tests 2
=== libstdc++ tests ===
Running target unix
FAIL: 17_intro/headers/all_c++200x_compatibility.cc (test for excess errors)
FAIL: 20_util/headers/type_traits/types_std_c++0x_neg.cc (test for errors, line 27)
FAIL: 20_util/headers/type_traits/types_std_c++0x_neg.cc (test for errors, line 28)
FAIL: 20_util/headers/type_traits/types_std_c++0x_neg.cc (test for errors, line 29)
FAIL: 20_util/headers/type_traits/types_std_c++0x_neg.cc (test for errors, line 30)
FAIL: 20_util/headers/type_traits/types_std_c++0x_neg.cc (test for errors, line 27)
FAIL: 20_util/headers/type_traits/types_std_c++0x_neg.cc (test for errors, line 28)
FAIL: 20_util/headers/type_traits/types_std_c++0x_neg.cc (test for errors, line 29)
FAIL: 20_util/headers/type_traits/types_std_c++0x_neg.cc (test for errors, line 30)
FAIL: 20_util/make_signed/requirements/typedefs.cc (test for excess errors)
WARNING: 20_util/make_signed/requirements/typedefs.cc compilation failed to produce executable
FAIL: 20_util/make_signed/requirements/typedefs.cc (test for excess errors)
WARNING: 20_util/make_signed/requirements/typedefs.cc compilation failed to produce executable
FAIL: 20_util/make_unsigned/requirements/typedefs.cc (test for excess errors)
WARNING: 20_util/make_unsigned/requirements/typedefs.cc compilation failed to produce executable
FAIL: 20_util/make_unsigned/requirements/typedefs.cc (test for excess errors)
WARNING: 20_util/make_unsigned/requirements/typedefs.cc compilation failed to produce executable
FAIL: 26_numerics/headers/cmath/c99_classification_macros_c.cc (test for excess errors)
FAIL: 26_numerics/headers/cmath/c99_classification_macros_c.cc (test for excess errors)
FAIL: abi/header_cxxabi.c (test for excess errors)
FAIL: ext/pb_ds/example/priority_queue_dijkstra.cc execution test
FAIL: ext/pb_ds/example/priority_queue_dijkstra.cc execution test
FAIL: thread/pthread2.cc execution test
FAIL: thread/pthread3.cc execution test
FAIL: tr1/2_general_utilities/shared_ptr/thread/default_weaktoshared.cc execution test
FAIL: tr1/2_general_utilities/shared_ptr/thread/default_weaktoshared.cc execution test
FAIL: tr1/2_general_utilities/shared_ptr/thread/default_weaktoshared.cc execution test
FAIL: tr1/2_general_utilities/shared_ptr/thread/mutex_weaktoshared.cc execution test
FAIL: tr1/2_general_utilities/shared_ptr/thread/mutex_weaktoshared.cc execution test
=== libstdc++ Summary ===
# of expected passes 7353
# of unexpected failures 25
# of expected failures 91
# of unsupported tests 943
Compiler version: 4.3.0 20070503 (experimental)
Platform: i686-pc-cygwin
configure flags: --enable-threads=posix --enable-sjlj-exceptions --disable-libmudflap --disable-shared --enable-maintainer-mode --prefix=/usr/local/gcc43 --enable-bootstrap --enable-languages=c,c++,fortran,objc,treelang --enable-libgomp
Tim Prince
More information about the Gcc-testresults
mailing list