Results for 4.2.0 20070505 (prerelease) testsuite on i686-pc-linux-gnu

Rob1weld@aol.com Rob1weld@aol.com
Sun May 6 20:29:00 GMT 2007


See notes at end (search for  "---").

LAST_UPDATED: Sat May 5 4:17:48 UTC 2007  (/branches/gcc-4_2-branch revision 
124468)

=== acats tests  ===
FAIL: c380004

=== acats Summary ===
# of expected  passes  2314
# of unexpected failures 1
Native configuration is  i686-pc-linux-gnu

=== g++ tests ===


Running target  unix
FAIL: tmpdir-g++.dg-struct-layout-1/t024  cp_compat_x_tst.o-cp_compat_y_tst.o 
execute 
XPASS:  g++.dg/tree-ssa/ivopts-1.C scan-tree-dump-not offset: -4B
XPASS:  g++.dg/tree-ssa/ivopts-1.C scan-tree-dump-not &x\\[5\\]

===  g++ Summary ===

# of expected passes  13437
# of unexpected  failures 1
# of unexpected successes 2
# of expected failures   66
# of unsupported tests   74
/opt/gcc-4_2-build/gcc/testsuite/g++/../../g++  version 4.2.0  20070505 
(prerelease)

=== gcc tests ===


Running target  unix
FAIL: gcc.c-torture/compile/20000804-1.c  -O0  (test for  excess errors)
FAIL: gcc.c-torture/execute/20050316-2.c execution,  -O0  
FAIL: gcc.c-torture/execute/20050316-2.c execution,  -O1 
FAIL:  gcc.c-torture/execute/20050316-2.c execution,  -O2 
UNRESOLVED:  gcc.c-torture/execute/mayalias-2.c execution,  -O3 -g 
FAIL:  gcc.dg/compat/scalar-by-value-dfp c_compat_x_tst.o compile,  (internal 
 compiler error)
FAIL: gcc.dg/compat/scalar-by-value-dfp c_compat_y_tst.o  compile,  (internal 
compiler error)
UNRESOLVED:  gcc.dg/compat/scalar-by-value-dfp 
c_compat_x_tst.o-c_compat_y_tst.o link  
UNRESOLVED: gcc.dg/compat/scalar-by-value-dfp  
c_compat_x_tst.o-c_compat_y_tst.o execute 
FAIL:  gcc.dg/compat/scalar-return-dfp c_compat_x_tst.o compile,  (internal  
compiler error)
FAIL: gcc.dg/compat/scalar-return-dfp c_compat_y_tst.o  compile,  (internal 
compiler error)
UNRESOLVED:  gcc.dg/compat/scalar-return-dfp 
c_compat_x_tst.o-c_compat_y_tst.o link  
UNRESOLVED: gcc.dg/compat/scalar-return-dfp  
c_compat_x_tst.o-c_compat_y_tst.o execute 
FAIL: gcc.dg/compat/vector-2  c_compat_x_tst.o-c_compat_y_tst.o execute 
FAIL:  tmpdir-gcc.dg-struct-layout-1/t001 c_compat_x_tst.o compile,  
(internal  compiler error)
FAIL: tmpdir-gcc.dg-struct-layout-1/t001 c_compat_y_tst.o  compile,  
(internal compiler error)
UNRESOLVED:  tmpdir-gcc.dg-struct-layout-1/t001 
c_compat_x_tst.o-c_compat_y_tst.o link  
UNRESOLVED: tmpdir-gcc.dg-struct-layout-1/t001  
c_compat_x_tst.o-c_compat_y_tst.o execute 
FAIL:  tmpdir-gcc.dg-struct-layout-1/t002 c_compat_x_tst.o compile,  
(internal  compiler error)
FAIL: tmpdir-gcc.dg-struct-layout-1/t002 c_compat_y_tst.o  compile,  
(internal compiler error)
UNRESOLVED:  tmpdir-gcc.dg-struct-layout-1/t002 
c_compat_x_tst.o-c_compat_y_tst.o link  
UNRESOLVED: tmpdir-gcc.dg-struct-layout-1/t002  
c_compat_x_tst.o-c_compat_y_tst.o execute 
FAIL:  tmpdir-gcc.dg-struct-layout-1/t003 c_compat_x_tst.o compile,  
(internal  compiler error)
FAIL: tmpdir-gcc.dg-struct-layout-1/t003 c_compat_y_tst.o  compile,  
(internal compiler error)
UNRESOLVED:  tmpdir-gcc.dg-struct-layout-1/t003 
c_compat_x_tst.o-c_compat_y_tst.o link  
UNRESOLVED: tmpdir-gcc.dg-struct-layout-1/t003  
c_compat_x_tst.o-c_compat_y_tst.o execute 
FAIL:  tmpdir-gcc.dg-struct-layout-1/t004 c_compat_x_tst.o compile,  
(internal  compiler error)
FAIL: tmpdir-gcc.dg-struct-layout-1/t004 c_compat_y_tst.o  compile,  
(internal compiler error)
UNRESOLVED:  tmpdir-gcc.dg-struct-layout-1/t004 c_compat_x_tst.o-c_compat
_y_tst.o link  
UNRESOLVED: tmpdir-gcc.dg-struct-layout-1/t004  
c_compat_x_tst.o-c_compat_y_tst.o execute 
FAIL:  tmpdir-gcc.dg-struct-layout-1/t005 c_compat_x_tst.o compile,  
(internal  compiler error)
FAIL: tmpdir-gcc.dg-struct-layout-1/t005 c_compat_y_tst.o  compile,  
(internal compiler error)
UNRESOLVED:  tmpdir-gcc.dg-struct-layout-1/t005 
c_compat_x_tst.o-c_compat_y_tst.o link  
UNRESOLVED: tmpdir-gcc.dg-struct-layout-1/t005  
c_compat_x_tst.o-c_compat_y_tst.o execute 
FAIL:  tmpdir-gcc.dg-struct-layout-1/t006 c_compat_x_tst.o compile,  
(internal  compiler error)
FAIL: tmpdir-gcc.dg-struct-layout-1/t006 c_compat_y_tst.o  compile,  
(internal compiler error)
UNRESOLVED:  tmpdir-gcc.dg-struct-layout-1/t006 
c_compat_x_tst.o-c_compat_y_tst.o link  
UNRESOLVED: tmpdir-gcc.dg-struct-layout-1/t006  
c_compat_x_tst.o-c_compat_y_tst.o execute 
FAIL:  tmpdir-gcc.dg-struct-layout-1/t007 c_compat_x_tst.o compile,  
(internal  compiler error)
FAIL: tmpdir-gcc.dg-struct-layout-1/t007 c_compat_y_tst.o  compile,  
(internal compiler error)
UNRESOLVED:  tmpdir-gcc.dg-struct-layout-1/t007 
c_compat_x_tst.o-c_compat_y_tst.o link  
UNRESOLVED: tmpdir-gcc.dg-struct-layout-1/t007  
c_compat_x_tst.o-c_compat_y_tst.o execute 
FAIL:  tmpdir-gcc.dg-struct-layout-1/t008 c_compat_x_tst.o compile,  
(internal  compiler error)
FAIL: tmpdir-gcc.dg-struct-layout-1/t008 c_compat_y_tst.o  compile,  
(internal compiler error)
UNRESOLVED:  tmpdir-gcc.dg-struct-layout-1/t008 
c_compat_x_tst.o-c_compat_y_tst.o link  
UNRESOLVED: tmpdir-gcc.dg-struct-layout-1/t008  
c_compat_x_tst.o-c_compat_y_tst.o execute 
FAIL:  tmpdir-gcc.dg-struct-layout-1/t009 c_compat_x_tst.o compile,  
(internal  compiler error)
FAIL: tmpdir-gcc.dg-struct-layout-1/t009 c_compat_y_tst.o  compile,  
(internal compiler error)
UNRESOLVED:  tmpdir-gcc.dg-struct-layout-1/t009 
c_compat_x_tst.o-c_compat_y_tst.o link  
UNRESOLVED: tmpdir-gcc.dg-struct-layout-1/t009  
c_compat_x_tst.o-c_compat_y_tst.o execute 
FAIL:  tmpdir-gcc.dg-struct-layout-1/t010 c_compat_x_tst.o compile,  
(internal  compiler error)
FAIL: tmpdir-gcc.dg-struct-layout-1/t010 c_compat_y_tst.o  compile,  
(internal compiler error)
UNRESOLVED:  tmpdir-gcc.dg-struct-layout-1/t010 
c_compat_x_tst.o-c_compat_y_tst.o link  
UNRESOLVED: tmpdir-gcc.dg-struct-layout-1/t010  
c_compat_x_tst.o-c_compat_y_tst.o execute 
FAIL:  tmpdir-gcc.dg-struct-layout-1/t011 c_compat_x_tst.o compile,  
(internal  compiler error)
FAIL: tmpdir-gcc.dg-struct-layout-1/t011 c_compat_y_tst.o  compile,  
(internal compiler error)
UNRESOLVED:  tmpdir-gcc.dg-struct-layout-1/t011 
c_compat_x_tst.o-c_compat_y_tst.o link  
UNRESOLVED: tmpdir-gcc.dg-struct-layout-1/t011  
c_compat_x_tst.o-c_compat_y_tst.o execute 
FAIL:  tmpdir-gcc.dg-struct-layout-1/t012 c_compat_x_tst.o compile,  
(internal  compiler error)
FAIL: tmpdir-gcc.dg-struct-layout-1/t012 c_compat_y_tst.o  compile,  
(internal compiler error)
UNRESOLVED:  tmpdir-gcc.dg-struct-layout-1/t012 
c_compat_x_tst.o-c_compat_y_tst.o link  
UNRESOLVED: tmpdir-gcc.dg-struct-layout-1/t012  
c_compat_x_tst.o-c_compat_y_tst.o execute 
FAIL:  tmpdir-gcc.dg-struct-layout-1/t013 c_compat_x_tst.o compile,  
(internal  compiler error)
FAIL: tmpdir-gcc.dg-struct-layout-1/t013 c_compat_y_tst.o  compile,  
(internal compiler error)
UNRESOLVED:  tmpdir-gcc.dg-struct-layout-1/t013 
c_compat_x_tst.o-c_compat_y_tst.o link  
UNRESOLVED: tmpdir-gcc.dg-struct-layout-1/t013  
c_compat_x_tst.o-c_compat_y_tst.o execute 
FAIL:  tmpdir-gcc.dg-struct-layout-1/t014 c_compat_x_tst.o compile,  
(internal  compiler error)
FAIL: tmpdir-gcc.dg-struct-layout-1/t014 c_compat_y_tst.o  compile,  
(internal compiler error)
UNRESOLVED:  tmpdir-gcc.dg-struct-layout-1/t014 
c_compat_x_tst.o-c_compat_y_tst.o link  
UNRESOLVED: tmpdir-gcc.dg-struct-layout-1/t014  
c_compat_x_tst.o-c_compat_y_tst.o execute 
FAIL:  tmpdir-gcc.dg-struct-layout-1/t015 c_compat_x_tst.o compile,  
(internal  compiler error)
FAIL: tmpdir-gcc.dg-struct-layout-1/t015 c_compat_y_tst.o  compile,  
(internal compiler error)
UNRESOLVED:  tmpdir-gcc.dg-struct-layout-1/t015 c_compat_x_tst.o-c_compa
t_y_tst.o link  
UNRESOLVED: tmpdir-gcc.dg-struct-layout-1/t015  
c_compat_x_tst.o-c_compat_y_tst.o execute 
FAIL:  tmpdir-gcc.dg-struct-layout-1/t016 c_compat_x_tst.o compile,  
(internal  compiler error)
FAIL: tmpdir-gcc.dg-struct-layout-1/t016 c_compat_y_tst.o  compile,  
(internal compiler error)
UNRESOLVED:  tmpdir-gcc.dg-struct-layout-1/t016 
c_compat_x_tst.o-c_compat_y_tst.o link  
UNRESOLVED: tmpdir-gcc.dg-struct-layout-1/t016  
c_compat_x_tst.o-c_compat_y_tst.o execute 
FAIL:  tmpdir-gcc.dg-struct-layout-1/t017 c_compat_x_tst.o compile,  
(internal  compiler error)
FAIL: tmpdir-gcc.dg-struct-layout-1/t017 c_compat_y_tst.o  compile,  
(internal compiler error)
UNRESOLVED:  tmpdir-gcc.dg-struct-layout-1/t017 
c_compat_x_tst.o-c_compat_y_tst.o link  
UNRESOLVED: tmpdir-gcc.dg-struct-layout-1/t017  
c_compat_x_tst.o-c_compat_y_tst.o execute 
FAIL:  tmpdir-gcc.dg-struct-layout-1/t018 c_compat_x_tst.o compile,  
(internal  compiler error)
FAIL: tmpdir-gcc.dg-struct-layout-1/t018 c_compat_y_tst.o  compile,  
(internal compiler error)
UNRESOLVED:  tmpdir-gcc.dg-struct-layout-1/t018 
c_compat_x_tst.o-c_compat_y_tst.o link  
UNRESOLVED: tmpdir-gcc.dg-struct-layout-1/t018  
c_compat_x_tst.o-c_compat_y_tst.o execute 
FAIL:  tmpdir-gcc.dg-struct-layout-1/t019 c_compat_x_tst.o compile,  
(internal  compiler error)
FAIL: tmpdir-gcc.dg-struct-layout-1/t019 c_compat_y_tst.o  compile,  
(internal compiler error)
UNRESOLVED:  tmpdir-gcc.dg-struct-layout-1/t019 
c_compat_x_tst.o-c_compat_y_tst.o link  
UNRESOLVED: tmpdir-gcc.dg-struct-layout-1/t019  
c_compat_x_tst.o-c_compat_y_tst.o execute 
FAIL:  tmpdir-gcc.dg-struct-layout-1/t020 c_compat_x_tst.o compile,  
(internal  compiler error)
FAIL: tmpdir-gcc.dg-struct-layout-1/t020 c_compat_y_tst.o  compile,  
(internal compiler error)
UNRESOLVED:  tmpdir-gcc.dg-struct-layout-1/t020 
c_compat_x_tst.o-c_compat_y_tst.o link  
UNRESOLVED: tmpdir-gcc.dg-struct-layout-1/t020  
c_compat_x_tst.o-c_compat_y_tst.o execute 
FAIL:  tmpdir-gcc.dg-struct-layout-1/t021 c_compat_x_tst.o compile,  
(internal  compiler error)
FAIL: tmpdir-gcc.dg-struct-layout-1/t021 c_compat_y_tst.o  compile,  
(internal compiler error)
UNRESOLVED:  tmpdir-gcc.dg-struct-layout-1/t021 
c_compat_x_tst.o-c_compat_y_tst.o link  
UNRESOLVED: tmpdir-gcc.dg-struct-layout-1/t021  
c_compat_x_tst.o-c_compat_y_tst.o execute 
FAIL:  tmpdir-gcc.dg-struct-layout-1/t022 c_compat_x_tst.o compile,  
(internal  compiler error)
FAIL: tmpdir-gcc.dg-struct-layout-1/t022 c_compat_y_tst.o  compile,  
(internal compiler error)
UNRESOLVED:  tmpdir-gcc.dg-struct-layout-1/t022 
c_compat_x_tst.o-c_compat_y_tst.o link  
UNRESOLVED: tmpdir-gcc.dg-struct-layout-1/t022  
c_compat_x_tst.o-c_compat_y_tst.o execute 
FAIL:  tmpdir-gcc.dg-struct-layout-1/t023 c_compat_x_tst.o compile,  
(internal  compiler error)
FAIL: tmpdir-gcc.dg-struct-layout-1/t023 c_compat_y_tst.o  compile,  
(internal compiler error)
UNRESOLVED:  tmpdir-gcc.dg-struct-layout-1/t023 
c_compat_x_tst.o-c_compat_y_tst.o link  
UNRESOLVED: tmpdir-gcc.dg-struct-layout-1/t023  
c_compat_x_tst.o-c_compat_y_tst.o execute 
FAIL:  tmpdir-gcc.dg-struct-layout-1/t024 c_compat_x_tst.o compile,  
(internal  compiler error)
FAIL: tmpdir-gcc.dg-struct-layout-1/t024 c_compat_y_tst.o  compile,  
(internal compiler error)
UNRESOLVED:  tmpdir-gcc.dg-struct-layout-1/t024 
c_compat_x_tst.o-c_compat_y_tst.o link  
UNRESOLVED: tmpdir-gcc.dg-struct-layout-1/t024  
c_compat_x_tst.o-c_compat_y_tst.o execute 
FAIL:  tmpdir-gcc.dg-struct-layout-1/t025 c_compat_x_tst.o compile,  
(internal  compiler error)
FAIL: tmpdir-gcc.dg-struct-layout-1/t025 c_compat_y_tst.o  compile,  
(internal compiler error)
UNRESOLVED:  tmpdir-gcc.dg-struct-layout-1/t025 
c_compat_x_tst.o-c_compat_y_tst.o link  
UNRESOLVED: tmpdir-gcc.dg-struct-layout-1/t025  
c_compat_x_tst.o-c_compat_y_tst.o execute 
FAIL:  tmpdir-gcc.dg-struct-layout-1/t026 c_compat_x_tst.o compile,  
(internal  compiler error)
FAIL: tmpdir-gcc.dg-struct-layout-1/t026 c_compat_y_tst.o  compile,  
(internal compiler error)
UNRESOLVED:  tmpdir-gcc.dg-struct-layout-1/t026 c_compat_x_tst.o-c_comp
at_y_tst.o link  
UNRESOLVED: tmpdir-gcc.dg-struct-layout-1/t026  
c_compat_x_tst.o-c_compat_y_tst.o execute 
FAIL:  tmpdir-gcc.dg-struct-layout-1/t027 c_compat_x_tst.o compile,  
(internal  compiler error)
FAIL: tmpdir-gcc.dg-struct-layout-1/t027 c_compat_y_tst.o  compile,  
(internal compiler error)
UNRESOLVED:  tmpdir-gcc.dg-struct-layout-1/t027 
c_compat_x_tst.o-c_compat_y_tst.o link  
UNRESOLVED: tmpdir-gcc.dg-struct-layout-1/t027  
c_compat_x_tst.o-c_compat_y_tst.o execute 
FAIL:  tmpdir-gcc.dg-struct-layout-1/t028 c_compat_x_tst.o compile,  
(internal  compiler error)
FAIL: tmpdir-gcc.dg-struct-layout-1/t028 c_compat_y_tst.o  compile,  
(internal compiler error)
UNRESOLVED:  tmpdir-gcc.dg-struct-layout-1/t028 
c_compat_x_tst.o-c_compat_y_tst.o link  
UNRESOLVED: tmpdir-gcc.dg-struct-layout-1/t028  
c_compat_x_tst.o-c_compat_y_tst.o execute 
FAIL:  gcc.dg/debug/dwarf2/dwarf-dfp.c (internal compiler error)
FAIL:  gcc.dg/debug/dwarf2/dwarf-dfp.c (test for excess errors)
ERROR:  gcc.dg/debug/dwarf2/dwarf-dfp.c: error executing dg-final: couldn't 
open  "dwarf-dfp.s": no such file or directory
UNRESOLVED:  gcc.dg/debug/dwarf2/dwarf-dfp.c: error executing dg-final: 
couldn't open  "dwarf-dfp.s": no such file or directory
FAIL: gcc.dg/dfp/Wconversion-2.c  (internal compiler error)
FAIL: gcc.dg/dfp/Wconversion-2.c (test for excess  errors)
FAIL: gcc.dg/dfp/call-by-value.c (internal compiler error)
FAIL:  gcc.dg/dfp/call-by-value.c (test for excess errors)
UNRESOLVED:  gcc.dg/dfp/call-by-value.c compilation failed to produce 
executable
FAIL:  gcc.dg/dfp/cast.c (internal compiler error)
FAIL: gcc.dg/dfp/cast.c (test for  excess errors)
UNRESOLVED: gcc.dg/dfp/cast.c compilation failed to produce  executable
FAIL: gcc.dg/dfp/compare-eq-dfp.c (internal compiler  error)
FAIL: gcc.dg/dfp/compare-eq-dfp.c (test for excess  errors)
UNRESOLVED: gcc.dg/dfp/compare-eq-dfp.c compilation failed to produce  
executable
FAIL: gcc.dg/dfp/compare-rel-dfp.c (internal compiler  error)
FAIL: gcc.dg/dfp/compare-rel-dfp.c (test for excess  errors)
UNRESOLVED: gcc.dg/dfp/compare-rel-dfp.c compilation failed to  produce 
executable
FAIL: gcc.dg/dfp/convert-bfp-fold.c (internal compiler  error)
FAIL: gcc.dg/dfp/convert-bfp-fold.c (test for excess  errors)
UNRESOLVED: gcc.dg/dfp/convert-bfp-fold.c compilation failed to  produce 
executable
FAIL: gcc.dg/dfp/convert-bfp.c (internal compiler  error)
FAIL: gcc.dg/dfp/convert-bfp.c (test for excess errors)
UNRESOLVED:  gcc.dg/dfp/convert-bfp.c compilation failed to produce executable
FAIL:  gcc.dg/dfp/convert-dfp-round.c (internal compiler error)
FAIL:  gcc.dg/dfp/convert-dfp-round.c (test for excess errors)
UNRESOLVED:  gcc.dg/dfp/convert-dfp-round.c compilation failed to produce 
executable
FAIL:  gcc.dg/dfp/convert-dfp.c (internal compiler error)
FAIL:  gcc.dg/dfp/convert-dfp.c (test for excess errors)
UNRESOLVED:  gcc.dg/dfp/convert-dfp.c compilation failed to produce executable
FAIL:  gcc.dg/dfp/convert-int.c (internal compiler error)
FAIL:  gcc.dg/dfp/convert-int.c (test for excess errors)
FAIL:  gcc.dg/dfp/func-array.c (internal compiler error)
FAIL:  gcc.dg/dfp/func-array.c (test for excess errors)
UNRESOLVED:  gcc.dg/dfp/func-array.c compilation failed to produce executable
FAIL:  gcc.dg/dfp/func-mixed.c (internal compiler error)
FAIL:  gcc.dg/dfp/func-mixed.c (test for excess errors)
UNRESOLVED:  gcc.dg/dfp/func-mixed.c compilation failed to produce executable
FAIL:  gcc.dg/dfp/func-scalar.c (internal compiler error)
FAIL:  gcc.dg/dfp/func-scalar.c (test for excess errors)
UNRESOLVED:  gcc.dg/dfp/func-scalar.c compilation failed to produce executable
FAIL:  gcc.dg/dfp/func-struct.c (internal compiler error)
FAIL:  gcc.dg/dfp/func-struct.c (test for excess errors)
UNRESOLVED:  gcc.dg/dfp/func-struct.c compilation failed to produce executable
FAIL:  gcc.dg/dfp/func-vararg-dfp.c (internal compiler error)
FAIL:  gcc.dg/dfp/func-vararg-dfp.c (test for excess errors)
UNRESOLVED:  gcc.dg/dfp/func-vararg-dfp.c compilation failed to produce 
executable
FAIL:  gcc.dg/dfp/func-vararg-mixed.c (internal compiler error)
FAIL:  gcc.dg/dfp/func-vararg-mixed.c (test for excess errors)
UNRESOLVED:  gcc.dg/dfp/func-vararg-mixed.c compilation failed to produce 
executable
FAIL:  gcc.dg/dfp/inf-1.c (internal compiler error)
FAIL: gcc.dg/dfp/inf-1.c (test  for excess errors)
UNRESOLVED: gcc.dg/dfp/inf-1.c compilation failed to  produce executable
FAIL: gcc.dg/dfp/loop-index.c (internal compiler  error)
FAIL: gcc.dg/dfp/loop-index.c (test for excess errors)
UNRESOLVED:  gcc.dg/dfp/loop-index.c compilation failed to produce executable
FAIL:  gcc.dg/dfp/nan-2.c (internal compiler error)
FAIL: gcc.dg/dfp/nan-2.c (test  for excess errors)
UNRESOLVED: gcc.dg/dfp/nan-2.c compilation failed to  produce executable
FAIL: gcc.dg/dfp/operator-assignment.c (internal compiler  error)
FAIL: gcc.dg/dfp/operator-assignment.c (test for excess  errors)
UNRESOLVED: gcc.dg/dfp/operator-assignment.c compilation failed to  produce 
executable
FAIL: gcc.dg/dfp/operator-comma.c (internal compiler  error)
FAIL: gcc.dg/dfp/operator-comma.c (test for excess  errors)
UNRESOLVED: gcc.dg/dfp/operator-comma.c compilation failed to produce  
executable
FAIL: gcc.dg/dfp/operator-cond.c (internal compiler  error)
FAIL: gcc.dg/dfp/operator-cond.c (test for excess  errors)
UNRESOLVED: gcc.dg/dfp/operator-cond.c compilation failed to produce  
executable
FAIL: gcc.dg/dfp/operator-logical.c (internal compiler  error)
FAIL: gcc.dg/dfp/operator-logical.c (test for excess  errors)
UNRESOLVED: gcc.dg/dfp/operator-logical.c compilation failed to  produce 
executable
FAIL: gcc.dg/dfp/operator-unary.c (internal compiler  error)
FAIL: gcc.dg/dfp/operator-unary.c (test for excess  errors)
UNRESOLVED: gcc.dg/dfp/operator-unary.c compilation failed to produce  
executable
FAIL: gcc.dg/dfp/union-init.c (internal compiler error)
FAIL:  gcc.dg/dfp/union-init.c (test for excess errors)
UNRESOLVED:  gcc.dg/dfp/union-init.c compilation failed to produce executable
FAIL:  gcc.dg/dfp/usual-arith-conv.c (internal compiler error)
FAIL:  gcc.dg/dfp/usual-arith-conv.c (test for excess errors)
UNRESOLVED:  gcc.dg/dfp/usual-arith-conv.c compilation failed to produce 
executable
FAIL:  gcc.dg/builtin-apply4.c execution test
FAIL: gcc.dg/tree-ssa/gen-vect-11.c  scan-tree-dump-times vectorized 1 loops 1
FAIL:  gcc.dg/tree-ssa/gen-vect-11a.c scan-tree-dump-times vectorized 1 loops 
 1
FAIL: gcc.target/i386/sse3-movddup.c (internal compiler error)
FAIL:  gcc.target/i386/sse3-movddup.c (test for excess errors)
UNRESOLVED:  gcc.target/i386/sse3-movddup.c compilation failed to produce  
executable

=== gcc Summary ===

# of expected passes   42632
# of unexpected failures 124
# of expected failures  116
#  of unresolved testcases 87
# of untested testcases  28
# of  unsupported tests  287
/opt/gcc-4_2-build/gcc/xgcc  version 4.2.0  20070505 (prerelease)

=== gfortran tests ===


Running  target unix
XPASS: gfortran.dg/csqrt_2.f  -O0  execution  test
XPASS: gfortran.dg/csqrt_2.f  -O1  execution test
XPASS:  gfortran.dg/csqrt_2.f  -O2  execution test
XPASS:  gfortran.dg/csqrt_2.f  -O3 -fomit-frame-pointer  execution  test
XPASS: gfortran.dg/csqrt_2.f  -O3 -fomit-frame-pointer  -funroll-loops  
execution test
XPASS: gfortran.dg/csqrt_2.f  -O3  -fomit-frame-pointer -funroll-all-loops 
-finline-functions  execution  test
XPASS: gfortran.dg/csqrt_2.f  -O3 -g  execution test
XPASS:  gfortran.dg/csqrt_2.f  -Os  execution test

=== gfortran  Summary ===

# of expected passes  16019
# of unexpected successes  8
# of expected failures  7
# of unsupported tests   16
/opt/gcc-4_2-build/gcc/testsuite/gfortran/../../gfortran  version  4.2.0 
20070505 (prerelease)

=== gnat tests ===


Running  target unix

=== gnat Summary ===

# of expected passes   44
=== obj-c++ tests ===


Running target unix
FAIL:  obj-c++.dg/comp-types-10.mm (internal compiler error)
FAIL:  obj-c++.dg/comp-types-10.mm (test for excess errors)
FAIL:  obj-c++.dg/cxx-ivars-2.mm execution test
FAIL: obj-c++.dg/encode-8.mm  execution test
FAIL: obj-c++.dg/isa-field-1.mm (test for excess  errors)
FAIL: obj-c++.dg/lookup-2.mm (test for excess errors)
UNRESOLVED:  obj-c++.dg/lookup-2.mm compilation failed to produce executable
FAIL:  obj-c++.dg/try-catch-2.mm (test for excess errors)
UNRESOLVED:  obj-c++.dg/try-catch-2.mm compilation failed to produce 
executable
FAIL:  obj-c++.dg/try-catch-9.mm (internal compiler error)
FAIL:  obj-c++.dg/try-catch-9.mm (test for excess errors)
UNRESOLVED:  obj-c++.dg/try-catch-9.mm compilation failed to produce 
executable

=== obj-c++ Summary ===

# of expected passes  428
# of unexpected  failures 9
# of unresolved testcases 3
# of unsupported tests   13
/opt/gcc-4_2-build/gcc/testsuite/obj-c++/../../g++  version 4.2.0  20070505 
(prerelease)

=== objc tests ===


Running target  unix

=== objc Summary ===

# of expected passes   1806
# of expected failures  7
# of unsupported tests   24
/opt/gcc-4_2-build/gcc/xgcc  version 4.2.0 20070505  (prerelease)

=== libffi tests ===


Running target  unix
FAIL: libffi.call/return_fl2.c -O0 -W -Wall execution test
FAIL:  libffi.call/return_fl2.c -O2 execution test
FAIL: libffi.call/return_fl2.c  -O3 execution test
FAIL: libffi.call/return_fl2.c -Os execution  test

=== libffi Summary ===

# of expected passes   1080
# of unexpected failures 4
# of unsupported tests  8
=== libgomp tests ===


Running target unix

=== libgomp  Summary ===

# of expected passes  1566
=== libjava tests  ===


Running target unix
FAIL: Divide_1 output - source compiled  test
FAIL: Divide_1 output - gij test
FAIL: Divide_1 output -  bytecode->native test
FAIL: Divide_1 output - gij test
FAIL: Divide_1  -findirect-dispatch output - bytecode->native test
FAIL: Divide_1 -O3  output - source compiled test
FAIL: Divide_1 output - gij test
FAIL:  Divide_1 -O3 output - bytecode->native test
FAIL: Divide_1 output - gij  test
FAIL: Divide_1 -O3 -findirect-dispatch output - bytecode->native  test
FAIL: Thread_Sleep_2 output - gij test
FAIL: Thread_Sleep_2 output -  gij test
FAIL: pr6388 output - source compiled test
FAIL: pr6388 output -  gij test
FAIL: pr6388 output - bytecode->native test
FAIL: pr6388  output - gij test
FAIL: pr6388 -findirect-dispatch output -  bytecode->native test
FAIL: pr6388 -O3 output - source compiled  test
FAIL: pr6388 output - gij test
FAIL: pr6388 -O3 output -  bytecode->native test
FAIL: pr6388 output - gij test
FAIL: pr6388 -O3  -findirect-dispatch output - bytecode->native test

=== libjava  Summary ===

# of expected passes  6984
# of unexpected failures  22
# of expected failures  12
# of untested testcases   8
=== libmudflap tests ===


Running target unix
WARNING:  program timed out.
FAIL: libmudflap.cth/pass40-frag.c execution test
FAIL:  libmudflap.cth/pass40-frag.c output pattern test
WARNING: program timed  out.
FAIL: libmudflap.cth/pass40-frag.c (-O2) execution test
FAIL:  libmudflap.cth/pass40-frag.c (-O2) output pattern test
WARNING: program timed  out.
FAIL: libmudflap.cth/pass40-frag.c (-O3) execution test
FAIL:  libmudflap.cth/pass40-frag.c (-O3) output pattern test

===  libmudflap Summary ===

# of expected passes  1808
# of unexpected  failures 6
=== libstdc++ tests ===


Running target  unix
FAIL: abi_check
FAIL: 23_containers/deque/explicit_instantiation/3.cc  (test for excess 
errors)
FAIL: 23_containers/list/explicit_instantiation/3.cc  (test for excess errors)
FAIL: 23_containers/map/explicit_instantiation/3.cc  (test for excess errors)
FAIL:  23_containers/multimap/explicit_instantiation/3.cc (test for excess  
errors)
FAIL: 23_containers/multiset/explicit_instantiation/3.cc (test for  excess 
errors)
FAIL: 23_containers/set/explicit_instantiation/3.cc (test for  excess errors)
FAIL: 23_containers/vector/explicit_instantiation/3.cc (test  for excess 
errors)
XPASS: 26_numerics/cmath/c99_classification_macros_c.cc  (test for excess 
errors)
WARNING: program timed out.
FAIL:  thread/pthread7-rope.cc execution test

=== libstdc++ Summary  ===

# of expected passes  3833
# of unexpected failures 9
# of  unexpected successes 1
# of expected failures  15
# of unsupported  tests  316

Compiler version: 4.2.0 20070505 (prerelease)  
Platform: i686-pc-linux-gnu
configure flags: --verbose  --with-tune=athlon-xp --prefix=/usr 
--enable-objc-gc --enable-concept-checks  --disable-multilib 
--with-gxx-include-dir=/usr/include/c++/4.2  --enable-libstdcxx-debug --enable-static --enable-shared 
--enable-initfini-array  --enable-__cxa_atexit --enable-threads=posix  
--enable-version-specific-runtime-libs --enable-libssp --enable-libmudflap  
--enable-libgomp --disable-werror --enable-nls --with-included-gettext  
--enable-decimal-float --with-long-double-128 --enable-debug  --enable-java-gc=boehm --with-x 
--x-includes=/usr/X11R6/include  --x-libraries=/usr/X11R6/lib 
--enable-java-awt=gtk,xlib --enable-gtk-cairo  --enable-qt-peer --enable-xmlj --enable-gconf-peer 
--enable-tool-wrappers  --with-gjdoc --enable-portable-native-sync 
--enable-libgcj-multifile  --with-stabs --enable-hash-synchronization --enable-gc-debug  
--enable-interpreter --with-system-zlib --enable-libada --with-tls  
--with-cpu=athlon-xp --with-arch=athlon-xp --enable-checking  
--enable-languages=c,ada,c++,fortran,java,objc,obj-c++



---     Notes: ("These results might be better if it were not for  ..."):    
---

Point 1):

When I did a 'diff' of my  last "make -i check" with this revision here is 
what I observed (hand  edited):

Approximately a half dozen files where altered between these two  SVN 
revisions.

-LAST_UPDATED: Mon May 1 10:27:08 UTC 2007  (/branches/gcc-4_2-branch 
revision 124320)
+LAST_UPDATED: Sat May 5   4:17:48 UTC 2007 (/branches/gcc-4_2-branch 
revision 124468)

The "acats",  "g++", "gcc", "gfortran", "gnat", "obj-c++", "objc", "libffi", 
and "libgomp"  tests produced identical results.

The "libjava", "libmudflap" and  "libstdc++" tests produced worse results.

If you wish to compile the gcc  toolchain you may as well compile revision 
124320 instead of  124468.



Point 2):

In the above tests I noticed these  lines: "WARNING: program timed out." - my 
computer is reasonably  fast.


In reference to the first (libmudflap) timeout above, the file  
"i686-pc-linux-gnu/libmudflap/libmudflap.log" says:

...
Executing on  host: /opt/gcc-4_2-build/gcc/xgcc -B/opt/gcc-4_2-build/gcc/ 
-ggdb3  -DDEBUG_ASSERT -I/root/downloads/gcc-4_$
PASS: libmudflap.cth/pass40-frag.c  (test for excess errors)
Setting LD_LIBRARY_PATH to  
.:/opt/gcc-4_2-build/gcc:/opt/gcc-4_2-build/i686-pc-linux-gnu/./libstdc++-v3/src/.libs:/opt/$
Overriding  timeout = 20
100 200 300 400 500 600 700 800 900 1000
1100 1200 1300 1400  1500 1600 1700 1800 1900 2000
2100 2200 2300 2400 2500 WARNING: program timed  out.
FAIL: libmudflap.cth/pass40-frag.c execution test
FAIL:  libmudflap.cth/pass40-frag.c output pattern test
Output pattern 100 200 300  400 500 600 700 800 900 1000
1100 1200 1300 1400 1500 1600 1700 1800 1900  2000
2100 2200 2300 2400 2500 2600 2700 2800 2900 3000
...
Executing on  host: /opt/gcc-4_2-build/gcc/xgcc -B/opt/gcc-4_2-build/gcc/ 
-ggdb3  -DDEBUG_ASSERT -I/root/downloads/gcc-4_$
PASS: libmudflap.cth/pass40-frag.c  (-O2) (test for excess errors)
Setting LD_LIBRARY_PATH to  
.:/opt/gcc-4_2-build/gcc:/opt/gcc-4_2-build/i686-pc-linux-gnu/./libstdc++-v3/src/.libs:/opt/$
Overriding  timeout = 20
100 200 300 400 500 600 700 800 900 1000
1100 1200 1300 1400  1500 1600 1700 1800 1900 2000
2100 2200 2300 WARNING: program timed  out.
FAIL: libmudflap.cth/pass40-frag.c (-O2) execution test
FAIL:  libmudflap.cth/pass40-frag.c (-O2) output pattern test
Output pattern 100 200  300 400 500 600 700 800 900 1000
1100 1200 1300 1400 1500 1600 1700 1800 1900  2000
2100 2200 2300 2400 2500 2600 2700 2800 2900 3000
...
Executing on  host: /opt/gcc-4_2-build/gcc/xgcc -B/opt/gcc-4_2-build/gcc/ 
-ggdb3  -DDEBUG_ASSERT -I/root/downloads/gcc-4_$
PASS: libmudflap.cth/pass40-frag.c  (-O3) (test for excess errors)
Setting LD_LIBRARY_PATH to  
.:/opt/gcc-4_2-build/gcc:/opt/gcc-4_2-build/i686-pc-linux-gnu/./libstdc++-v3/src/.libs:/opt/$
Overriding  timeout = 20
100 200 300 400 500 600 700 800 900 1000
1100 1200 1300 1400  1500 1600 1700 1800 1900 2000
2100 2200 2300 2400 2500 2600 2700 2800 2900  WARNING: program timed out.
FAIL: libmudflap.cth/pass40-frag.c (-O3)  execution test
FAIL: libmudflap.cth/pass40-frag.c (-O3) output pattern  test
Output pattern 100 200 300 400 500 600 700 800 900 1000
1100 1200  1300 1400 1500 1600 1700 1800 1900 2000
2100 2200 2300 2400 2500 2600 2700  2800 2900 3000


The tests _seemed_ to be working, if only they had  more time ... These tests 
are longer than some of the others that  passed.

Notice that as each successive test uses a higher optimization  (-O2 vs. -O3) 
it gets further along in the test before it times out. Libmudflap  _might_ be 
OK.



In reference to the second (libstdc++) timeout  above, the file 
"i686-pc-linux-gnu/libstdc++-v3/testsuite/libstdc++.log" says  (in part):

...
Running  
/root/downloads/gcc-4_2-branch/libstdc++-v3/testsuite/libstdc++-abi/abi.exp  ...
shared library support detected
set_ld_library_path_env_vars:  
ld_library_path=:/opt/gcc-4_2-build/gcc:/opt/gcc-4_2-build/i686-pc-linux-gnu/./libstdc++-$
LD_LIBRARY_PATH  =  
:/opt/gcc-4_2-build/gcc:/opt/gcc-4_2-build/i686-pc-linux-gnu/./libstdc++-v3/src/.libs:/opt/gcc-4_2-bu$
Executing  on host: /opt/gcc-4_2-build/./gcc/g++ -shared-libgcc 
-B/opt/gcc-4_2-build/./gcc  -nostdinc++ -L/opt/gcc-4_2-bu$
Executing on host:  /opt/gcc-4_2-build/./gcc/g++ -shared-libgcc 
-B/opt/gcc-4_2-build/./gcc  -nostdinc++ -L/opt/gcc-4_2-bu$
# 1 "config.cc"
# 1  "/opt/gcc-4_2-build/i686-pc-linux-gnu/libstdc++-v3/testsuite//"
# 1  "<built-in>"
#define __STDC__
#define __cplusplus
#define  __STDC_HOSTED__
#define __GNUC__
#define __GNUG__
#define  __GNUC_MINOR__
... (MANY MANY lines deleted)
void  std::__convert_to_v<float>(char const*, float&,  std::_Ios_Iostate&, 
int* const&)
version status:  incompatible
GLIBCXX_3.4
type: function
status: added
...
#pragma  GCC visibility pop
# 2 "config.cc" 2

wchar_t support  detected
symbol versioning support detected
thread support  detected
Executing on build: msgfmt -o fr/LC_MESSAGES/libstdc++.mo  
/root/downloads/gcc-4_2-branch/libstdc++-v3/testsuite/../po/f$
Executing on  build: msgfmt -o de/LC_MESSAGES/libstdc++.mo  
/root/downloads/gcc-4_2-branch/libstdc++-v3/testsuite/../po/d$
Executing on  host: /opt/gcc-4_2-build/./gcc/g++ -shared-libgcc 
-B/opt/gcc-4_2-build/./gcc  -nostdinc++ -L/opt/gcc-4_2-bu$
Executing on host:  /opt/gcc-4_2-build/./gcc/g++ -shared-libgcc 
-B/opt/gcc-4_2-build/./gcc  -nostdinc++ -L/opt/gcc-4_2-bu$
Executing on host:  /opt/gcc-4_2-build/./gcc/g++ -shared-libgcc 
-B/opt/gcc-4_2-build/./gcc  -nostdinc++ -L/opt/gcc-4_2-bu$
Executing on host:  /opt/gcc-4_2-build/./gcc/g++ -shared-libgcc 
-B/opt/gcc-4_2-build/./gcc  -nostdinc++ -L/opt/gcc-4_2-bu$
Executing on host:  /opt/gcc-4_2-build/./gcc/g++ -shared-libgcc 
-B/opt/gcc-4_2-build/./gcc  -nostdinc++ -L/opt/gcc-4_2-bu$
Executing on host:  /opt/gcc-4_2-build/./gcc/g++ -shared-libgcc 
-B/opt/gcc-4_2-build/./gcc  -nostdinc++ -L/opt/gcc-4_2-bu$
Executing on host:  /opt/gcc-4_2-build/./gcc/g++ -shared-libgcc 
-B/opt/gcc-4_2-build/./gcc  -nostdinc++ -L/opt/gcc-4_2-bu$
Executing on host:  /opt/gcc-4_2-build/./gcc/g++ -shared-libgcc 
-B/opt/gcc-4_2-build/./gcc  -nostdinc++ -L/opt/gcc-4_2-bu$
Executing on host:  /opt/gcc-4_2-build/./gcc/g++ -shared-libgcc 
-B/opt/gcc-4_2-build/./gcc  -nostdinc++ -L/opt/gcc-4_2-bu$
Executing on build:  
/root/downloads/gcc-4_2-branch/libstdc++-v3/testsuite/../scripts/extract_symvers  ../src/.libs/libst$
Executing on host: /opt/gcc-4_2-build/./gcc/g++  -shared-libgcc 
-B/opt/gcc-4_2-build/./gcc -nostdinc++  -L/opt/gcc-4_2-bu$
Setting LD_LIBRARY_PATH to  
:/opt/gcc-4_2-build/gcc:/opt/gcc-4_2-build/i686-pc-linux-gnu/./libstdc++-v3/src/.libs::/opt/$

114  added symbols
0
... (MANY MANY lines  deleted)

=== libstdc++-v3 check-abi Summary ===

# of added  symbols:               114
# of missing  symbols:             46
# of incompatible symbols:        92

using: baseline_symbols.txt
FAIL: abi_check
testcase  
/root/downloads/gcc-4_2-branch/libstdc++-v3/testsuite/libstdc++-abi/abi.exp  completed in 94 seconds
Running  
/root/downloads/gcc-4_2-branch/libstdc++-v3/testsuite/libstdc++-dg/conformance.exp  ...
shared library support detected
set_ld_library_path_env_vars:  
ld_library_path=:/opt/gcc-4_2-build/gcc:/opt/gcc-4_2-build/i686-pc-linux-gnu/./libstdc++-$
LD_LIBRARY_PATH  =  
:/opt/gcc-4_2-build/gcc:/opt/gcc-4_2-build/i686-pc-linux-gnu/./libstdc++-v3/src/.libs:/opt/gcc-4_2-bu$
Executing  on host: /opt/gcc-4_2-build/./gcc/g++ -shared-libgcc 
-B/opt/gcc-4_2-build/./gcc  -nostdinc++ -L/opt/gcc-4_2-bu$
# 1 "config.cc"
# 1  "/opt/gcc-4_2-build/i686-pc-linux-gnu/libstdc++-v3/testsuite//"
# 1  "<built-in>"
... (MANY MANY lines deleted)



The  "libstdc++-v3 check-abi Summary" results are not getting captured and 
output by  the mailer script ("../gcc-4_2-branch/contrib/test_summary") due to 
some  breakage.

Notice that the above tests show that G++ (and objc, obj-c++,  etc.) are all 
testing quite well (some without error) but the test results  indicate many 
problems with "libstdc++-v3" - this seems inconsistent with logic,  overall the 
GCC toolchain works better than these results imply.


My  point is that these tests are not perfectly indicative of the fine 
quality of  GCC 4.2.0 - I was able to compile my kernel with "gcc version 4.2.0 
20070501"  and it does not crash.

--- End of Notes ---  




   



More information about the Gcc-testresults mailing list