Results for 4.3.0 20070503 (experimental) testsuite on sparc-sun-solaris2.6
Eric Botcazou
ebotcazou@libertysurf.fr
Sun May 6 19:48:00 GMT 2007
LAST_UPDATED: Fri May 4 12:26:39 UTC 2007 (revision 124415)
=== acats tests ===
FAIL: c3a2003
FAIL: c460001
FAIL: c460002
FAIL: cd10002
FAIL: cxh1001
=== acats Summary ===
# of expected passes 2310
# of unexpected failures 5
Native configuration is sparc-sun-solaris2.6
=== g++ tests ===
Running target unix
FAIL: g++.dg/compat/eh/unexpected1 cp_compat_x_tst.o-cp_compat_y_tst.o execute
FAIL: g++.dg/eh/unexpected1.C execution test
FAIL: g++.dg/other/fesd-any.C (test for excess errors)
ERROR: g++.dg/other/fesd-any.C: error executing dg-final: couldn't open "fesd-any.s": no such file or directory
UNRESOLVED: g++.dg/other/fesd-any.C: error executing dg-final: couldn't open "fesd-any.s": no such file or directory
FAIL: g++.dg/other/fesd-baseonly.C (test for excess errors)
ERROR: g++.dg/other/fesd-baseonly.C: error executing dg-final: couldn't open "fesd-baseonly.s": no such file or directory
UNRESOLVED: g++.dg/other/fesd-baseonly.C: error executing dg-final: couldn't open "fesd-baseonly.s": no such file or directory
FAIL: g++.dg/other/fesd-none.C (test for excess errors)
ERROR: g++.dg/other/fesd-none.C: error executing dg-final: couldn't open "fesd-none.s": no such file or directory
UNRESOLVED: g++.dg/other/fesd-none.C: error executing dg-final: couldn't open "fesd-none.s": no such file or directory
FAIL: g++.dg/other/fesd-reduced.C (test for excess errors)
ERROR: g++.dg/other/fesd-reduced.C: error executing dg-final: couldn't open "fesd-reduced.s": no such file or directory
UNRESOLVED: g++.dg/other/fesd-reduced.C: error executing dg-final: couldn't open "fesd-reduced.s": no such file or directory
FAIL: g++.dg/other/fesd-sys.C (test for excess errors)
ERROR: g++.dg/other/fesd-sys.C: error executing dg-final: couldn't open "fesd-sys.s": no such file or directory
UNRESOLVED: g++.dg/other/fesd-sys.C: error executing dg-final: couldn't open "fesd-sys.s": no such file or directory
WARNING: g++.dg/other/ucnid-1.C compilation failed to produce executable
FAIL: g++.dg/pch/externc-1.C -g assembly comparison
FAIL: g++.dg/pch/externc-1.C -O2 -g assembly comparison
FAIL: g++.dg/pch/static-1.C -g assembly comparison
FAIL: g++.dg/pch/static-1.C -O2 -g assembly comparison
FAIL: g++.dg/pch/system-1.C -g assembly comparison
FAIL: g++.dg/pch/system-1.C -O2 -g assembly comparison
FAIL: g++.dg/pch/system-2.C -g assembly comparison
FAIL: g++.dg/pch/system-2.C -O2 -g assembly comparison
FAIL: g++.dg/pch/uninst.C -g assembly comparison
FAIL: g++.dg/pch/uninst.C -O2 -g assembly comparison
FAIL: g++.dg/pch/wchar-1.C -g assembly comparison
FAIL: g++.dg/pch/wchar-1.C -O2 -g assembly comparison
FAIL: g++.old-deja/g++.eh/spec2.C execution test
FAIL: g++.old-deja/g++.mike/eh33.C execution test
FAIL: g++.old-deja/g++.mike/eh50.C execution test
FAIL: g++.old-deja/g++.mike/eh51.C execution test
XPASS: g++.old-deja/g++.other/init19.C execution test
=== g++ Summary ===
# of expected passes 13850
# of unexpected failures 23
# of unexpected successes 1
# of expected failures 82
# of unresolved testcases 5
# of unsupported tests 188
/opt/build/eric/gcc/gcc/testsuite/g++/../../g++ version 4.3.0 20070503 (experimental)
=== gcc tests ===
Running target unix
FAIL: gcc.c-torture/compile/limits-exprparen.c -O0 (test for excess errors)
FAIL: gcc.c-torture/compile/limits-exprparen.c -O1 (test for excess errors)
FAIL: gcc.c-torture/compile/limits-exprparen.c -O2 (test for excess errors)
FAIL: gcc.c-torture/compile/limits-exprparen.c -O3 -fomit-frame-pointer (test for excess errors)
FAIL: gcc.c-torture/compile/limits-exprparen.c -O3 -g (test for excess errors)
FAIL: gcc.c-torture/compile/limits-exprparen.c -Os (test for excess errors)
XPASS: gcc.dg/cpp/cmdlne-dI-M.c scan-file (^|\\\\n)cmdlne-dI-M.*:[^\\\\n]*cmdlne-dI-M.c
XPASS: gcc.dg/cpp/cmdlne-dM-M.c scan-file (^|\\\\n)cmdlne-dM-M[^\\\\n]*:[^\\\\n]*cmdlne-dM-M.c
FAIL: gcc.dg/builtins-20.c (test for excess errors)
FAIL: gcc.dg/builtins-59.c scan-tree-dump __builtin_cexpi
FAIL: gcc.dg/builtins-59.c scan-tree-dump-not sincos
FAIL: gcc.dg/builtins-61.c scan-tree-dump cexpi
FAIL: gcc.dg/builtins-61.c scan-tree-dump sin
FAIL: gcc.dg/builtins-61.c scan-tree-dump cos
FAIL: gcc.dg/builtins-61.c scan-tree-dump return 0.0
FAIL: gcc.dg/builtins-62.c scan-tree-dump-times cexpi 3
FAIL: gcc.dg/fesd-any.c (test for excess errors)
ERROR: gcc.dg/fesd-any.c: error executing dg-final: couldn't open "fesd-any.s": no such file or directory
UNRESOLVED: gcc.dg/fesd-any.c: error executing dg-final: couldn't open "fesd-any.s": no such file or directory
FAIL: gcc.dg/fesd-baseonly.c (test for excess errors)
ERROR: gcc.dg/fesd-baseonly.c: error executing dg-final: couldn't open "fesd-baseonly.s": no such file or directory
UNRESOLVED: gcc.dg/fesd-baseonly.c: error executing dg-final: couldn't open "fesd-baseonly.s": no such file or directory
FAIL: gcc.dg/fesd-none.c (test for excess errors)
ERROR: gcc.dg/fesd-none.c: error executing dg-final: couldn't open "fesd-none.s": no such file or directory
UNRESOLVED: gcc.dg/fesd-none.c: error executing dg-final: couldn't open "fesd-none.s": no such file or directory
FAIL: gcc.dg/fesd-reduced.c (test for excess errors)
ERROR: gcc.dg/fesd-reduced.c: error executing dg-final: couldn't open "fesd-reduced.s": no such file or directory
UNRESOLVED: gcc.dg/fesd-reduced.c: error executing dg-final: couldn't open "fesd-reduced.s": no such file or directory
FAIL: gcc.dg/fesd-sys.c (test for excess errors)
ERROR: gcc.dg/fesd-sys.c: error executing dg-final: couldn't open "fesd-sys.s": no such file or directory
UNRESOLVED: gcc.dg/fesd-sys.c: error executing dg-final: couldn't open "fesd-sys.s": no such file or directory
FAIL: gcc.dg/float-range-3.c (test for excess errors)
FAIL: gcc.dg/float-range-4.c (test for excess errors)
FAIL: gcc.dg/float-range-5.c (test for excess errors)
WARNING: gcc.dg/ucnid-2.c compilation failed to produce executable
WARNING: gcc.dg/ucnid-3.c compilation failed to produce executable
WARNING: gcc.dg/ucnid-4.c compilation failed to produce executable
FAIL: gcc.dg/torture/builtin-pow-mpfr-1.c -O0 scan-tree-dump pow
FAIL: gcc.dg/torture/builtin-pow-mpfr-1.c -O1 scan-tree-dump pow
FAIL: gcc.dg/torture/builtin-pow-mpfr-1.c -O2 scan-tree-dump pow
FAIL: gcc.dg/torture/builtin-pow-mpfr-1.c -O3 -fomit-frame-pointer scan-tree-dump pow
FAIL: gcc.dg/torture/builtin-pow-mpfr-1.c -O3 -g scan-tree-dump pow
FAIL: gcc.dg/torture/builtin-pow-mpfr-1.c -Os scan-tree-dump pow
FAIL: gcc.dg/torture/builtin-sin-mpfr-1.c -O0 (test for excess errors)
FAIL: gcc.dg/torture/builtin-sin-mpfr-1.c -O1 (test for excess errors)
FAIL: gcc.dg/torture/builtin-sin-mpfr-1.c -O2 (test for excess errors)
FAIL: gcc.dg/torture/builtin-sin-mpfr-1.c -O3 -fomit-frame-pointer (test for excess errors)
FAIL: gcc.dg/torture/builtin-sin-mpfr-1.c -O3 -fomit-frame-pointer -funroll-loops (test for excess errors)
FAIL: gcc.dg/torture/builtin-sin-mpfr-1.c -O3 -fomit-frame-pointer -funroll-all-loops -finline-functions (test for excess errors)
FAIL: gcc.dg/torture/builtin-sin-mpfr-1.c -O3 -g (test for excess errors)
FAIL: gcc.dg/torture/builtin-sin-mpfr-1.c -Os (test for excess errors)
XPASS: gcc.dg/tree-ssa/update-threading.c scan-tree-dump-times Invalid sum 0
FAIL: gcc.dg/vect/vect-multitypes-5.c scan-tree-dump-times vectorized 1 loops 1
FAIL: gcc.dg/vect/vect-multitypes-6.c scan-tree-dump-times vectorized 1 loops 1
FAIL: gcc.dg/vect/no-section-anchors-vect-69.c scan-tree-dump-times Alignment of access forced using peeling 3
FAIL: gcc.target/sparc/align.c (test for excess errors)
ERROR: gcc.target/sparc/align.c: error executing dg-final: couldn't open "align.s": no such file or directory
UNRESOLVED: gcc.target/sparc/align.c: error executing dg-final: couldn't open "align.s": no such file or directory
FAIL: gcc.target/sparc/combined-2.c (test for excess errors)
ERROR: gcc.target/sparc/combined-2.c: error executing dg-final: couldn't open "combined-2.s": no such file or directory
UNRESOLVED: gcc.target/sparc/combined-2.c: error executing dg-final: couldn't open "combined-2.s": no such file or directory
FAIL: gcc.target/sparc/fexpand.c (test for excess errors)
ERROR: gcc.target/sparc/fexpand.c: error executing dg-final: couldn't open "fexpand.s": no such file or directory
UNRESOLVED: gcc.target/sparc/fexpand.c: error executing dg-final: couldn't open "fexpand.s": no such file or directory
FAIL: gcc.target/sparc/fnot.c (test for excess errors)
ERROR: gcc.target/sparc/fnot.c: error executing dg-final: couldn't open "fnot.s": no such file or directory
UNRESOLVED: gcc.target/sparc/fnot.c: error executing dg-final: couldn't open "fnot.s": no such file or directory
FAIL: gcc.target/sparc/fpack16.c (test for excess errors)
ERROR: gcc.target/sparc/fpack16.c: error executing dg-final: couldn't open "fpack16.s": no such file or directory
UNRESOLVED: gcc.target/sparc/fpack16.c: error executing dg-final: couldn't open "fpack16.s": no such file or directory
FAIL: gcc.target/sparc/fpmerge.c (test for excess errors)
ERROR: gcc.target/sparc/fpmerge.c: error executing dg-final: couldn't open "fpmerge.s": no such file or directory
UNRESOLVED: gcc.target/sparc/fpmerge.c: error executing dg-final: couldn't open "fpmerge.s": no such file or directory
FAIL: gcc.target/sparc/fpmul.c (test for excess errors)
ERROR: gcc.target/sparc/fpmul.c: error executing dg-final: couldn't open "fpmul.s": no such file or directory
UNRESOLVED: gcc.target/sparc/fpmul.c: error executing dg-final: couldn't open "fpmul.s": no such file or directory
FAIL: gcc.target/sparc/noresult.c (internal compiler error)
FAIL: gcc.target/sparc/noresult.c (test for excess errors)
ERROR: gcc.target/sparc/noresult.c: error executing dg-final: couldn't open "noresult.s": no such file or directory
UNRESOLVED: gcc.target/sparc/noresult.c: error executing dg-final: couldn't open "noresult.s": no such file or directory
FAIL: gcc.target/sparc/pdist.c (test for excess errors)
ERROR: gcc.target/sparc/pdist.c: error executing dg-final: couldn't open "pdist.s": no such file or directory
UNRESOLVED: gcc.target/sparc/pdist.c: error executing dg-final: couldn't open "pdist.s": no such file or directory
=== gcc Summary ===
# of expected passes 42253
# of unexpected failures 49
# of unexpected successes 3
# of expected failures 136
# of unresolved testcases 14
# of untested testcases 28
# of unsupported tests 503
/opt/build/eric/gcc/gcc/xgcc version 4.3.0 20070503 (experimental)
=== gfortran tests ===
Running target unix
FAIL: gfortran.fortran-torture/execute/st_function.f90, -O1 (internal compiler error)
FAIL: gfortran.fortran-torture/execute/st_function.f90, -O2 (internal compiler error)
FAIL: gfortran.fortran-torture/execute/st_function.f90, -O3 -fomit-frame-pointer (internal compiler error)
FAIL: gfortran.fortran-torture/execute/st_function.f90, -O3 -fomit-frame-pointer -funroll-loops (internal compiler error)
FAIL: gfortran.fortran-torture/execute/st_function.f90, -O3 -fomit-frame-pointer -funroll-all-loops -finline-functions (internal compiler error)
FAIL: gfortran.fortran-torture/execute/st_function.f90, -O3 -g (internal compiler error)
FAIL: gfortran.fortran-torture/execute/st_function.f90, -Os (internal compiler error)
=== gfortran Summary ===
# of expected passes 17368
# of unexpected failures 7
# of expected failures 9
# of unsupported tests 111
/opt/build/eric/gcc/gcc/testsuite/gfortran/../../gfortran version 4.3.0 20070503 (experimental)
=== gnat tests ===
Running target unix
FAIL: gnat.dg/address_conversion.adb execution test
=== gnat Summary ===
# of expected passes 167
# of unexpected failures 1
=== obj-c++ tests ===
Running target unix
FAIL: obj-c++.dg/cxx-class-1.mm (test for excess errors)
FAIL: obj-c++.dg/cxx-ivars-2.mm execution test
FAIL: obj-c++.dg/encode-2.mm scan-assembler {Vec<float>=ffi}
FAIL: obj-c++.dg/encode-2.mm scan-assembler {Vec<double>=ddi}
FAIL: obj-c++.dg/encode-3.mm execution test
FAIL: obj-c++.dg/encode-8.mm execution test
FAIL: obj-c++.dg/gnu-runtime-2.mm (test for excess errors)
FAIL: obj-c++.dg/isa-field-1.mm (test for excess errors)
FAIL: obj-c++.dg/lookup-2.mm (test for excess errors)
WARNING: obj-c++.dg/lookup-2.mm compilation failed to produce executable
FAIL: obj-c++.dg/try-catch-2.mm (test for excess errors)
WARNING: obj-c++.dg/try-catch-2.mm compilation failed to produce executable
FAIL: obj-c++.dg/try-catch-9.mm (test for excess errors)
WARNING: obj-c++.dg/try-catch-9.mm compilation failed to produce executable
=== obj-c++ Summary ===
# of expected passes 422
# of unexpected failures 11
# of unsupported tests 14
/opt/build/eric/gcc/gcc/testsuite/obj-c++/../../g++ version 4.3.0 20070503 (experimental)
=== objc tests ===
Running target unix
=== objc Summary ===
# of expected passes 1808
# of expected failures 7
# of unsupported tests 26
/opt/build/eric/gcc/gcc/xgcc version 4.3.0 20070503 (experimental)
=== libgomp tests ===
Running target unix
WARNING: program timed out.
FAIL: libgomp.c/appendix-a/a.18.1.c execution test
WARNING: program timed out.
FAIL: libgomp.fortran/appendix-a/a.18.1.f90 -O0 execution test
WARNING: program timed out.
FAIL: libgomp.fortran/appendix-a/a.18.1.f90 -O1 execution test
WARNING: program timed out.
FAIL: libgomp.fortran/appendix-a/a.18.1.f90 -O2 execution test
WARNING: program timed out.
FAIL: libgomp.fortran/appendix-a/a.18.1.f90 -O3 -fomit-frame-pointer execution test
WARNING: program timed out.
FAIL: libgomp.fortran/appendix-a/a.18.1.f90 -O3 -fomit-frame-pointer -funroll-loops execution test
WARNING: program timed out.
FAIL: libgomp.fortran/appendix-a/a.18.1.f90 -O3 -fomit-frame-pointer -funroll-all-loops -finline-functions execution test
WARNING: program timed out.
FAIL: libgomp.fortran/appendix-a/a.18.1.f90 -O3 -g execution test
WARNING: program timed out.
FAIL: libgomp.fortran/appendix-a/a.18.1.f90 -Os execution test
FAIL: libgomp.fortran/omp_parse3.f90 -O3 -g (test for excess errors)
WARNING: libgomp.fortran/omp_parse3.f90 -O3 -g compilation failed to produce executable
FAIL: libgomp.fortran/threadprivate2.f90 -O3 -g (test for excess errors)
WARNING: libgomp.fortran/threadprivate2.f90 -O3 -g compilation failed to produce executable
FAIL: libgomp.fortran/threadprivate3.f90 -O3 -g (test for excess errors)
WARNING: libgomp.fortran/threadprivate3.f90 -O3 -g compilation failed to produce executable
=== libgomp Summary ===
# of expected passes 1535
# of unexpected failures 12
# of unsupported tests 9
=== libstdc++ tests ===
Running target unix
FAIL: 17_intro/headers/c++200x/all.cc (test for excess errors)
FAIL: 17_intro/headers/c++200x/all_multiple_inclusion.cc (test for excess errors)
FAIL: 20_util/headers/type_traits/types_std_c++0x_neg.cc (test for errors, line 27)
FAIL: 20_util/headers/type_traits/types_std_c++0x_neg.cc (test for errors, line 28)
FAIL: 20_util/headers/type_traits/types_std_c++0x_neg.cc (test for errors, line 29)
FAIL: 20_util/headers/type_traits/types_std_c++0x_neg.cc (test for errors, line 30)
FAIL: 20_util/make_signed/requirements/typedefs.cc (test for excess errors)
WARNING: 20_util/make_signed/requirements/typedefs.cc compilation failed to produce executable
FAIL: 20_util/make_unsigned/requirements/typedefs.cc (test for excess errors)
WARNING: 20_util/make_unsigned/requirements/typedefs.cc compilation failed to produce executable
FAIL: 21_strings/headers/cwchar/macros.cc (test for excess errors)
FAIL: 22_locale/ctype/is/char/1.cc execution test
FAIL: 27_io/basic_filebuf/sgetn/char/1-in.cc execution test
FAIL: 27_io/basic_filebuf/sgetn/char/1-io.cc execution test
FAIL: 27_io/basic_filebuf/sgetn/char/2-in.cc execution test
FAIL: 27_io/basic_filebuf/sgetn/char/2-io.cc execution test
FAIL: 27_io/basic_istream/readsome/char/6746-2.cc execution test
FAIL: 27_io/ios_base/storage/2.cc execution test
=== libstdc++ Summary ===
# of expected passes 3429
# of unexpected failures 16
# of expected failures 41
# of unsupported tests 195
Compiler version: 4.3.0 20070503 (experimental)
Platform: sparc-sun-solaris2.6
configure flags: --prefix=/opt/build/eric/local/gcc --with-gmp=/opt/build/eric/local --with-mpfr=/opt/build/eric/local --with-local-prefix=/opt/build/eric/local --enable-languages=c,c++,objc,obj-c++,fortran,ada --enable-checking=assert,misc,runtime
BOOT_CFLAGS=-g -O2
More information about the Gcc-testresults
mailing list