Results for 4.2.0 20070501 (prerelease) testsuite on i686-pc-cygwin

Dave Korn dave.korn@artimi.com
Sun May 6 16:34:00 GMT 2007


LAST_UPDATED: Obtained from SVN: branches/gcc-4_2-branch revision 124338

Native configuration is i686-pc-cygwin

		=== g++ tests ===


Running target unix
FAIL: g++.dg/abi/local1.C execution test
FAIL: g++.dg/abi/rtti1.C scan-assembler-dem-not \\ntypeinfo for A[: \\t\\n]
FAIL: g++.dg/abi/rtti3.C scan-assembler .weak[ \\t]_?_ZTSPP1A
FAIL: g++.dg/abi/thunk4.C scan-assembler .weak[ \\t]_?_ZThn._N7Derived3FooEv
XPASS: g++.dg/expr/anew4.C execution test
FAIL: g++.dg/ext/dllimport7.C C++ specific error (test for errors, line 24)
FAIL: g++.dg/opt/complex3.C (internal compiler error)
FAIL: g++.dg/opt/complex3.C (test for excess errors)
FAIL: g++.dg/opt/vt1.C scan-assembler-not
section[^\\n\\r]*_ZTV1S[^\\n\\r]*"[^w"\\n\\r]*"
FAIL: g++.dg/other/unused1.C scan-assembler
(string|ascii?)z?\\t"class2("|\\\\\\\\000)
FAIL: g++.dg/other/unused1.C scan-assembler
(string|ascii?)z?\\t"printer("|\\\\\\\\000)
XPASS: g++.dg/tree-ssa/ivopts-1.C scan-tree-dump-not offset: -4B
XPASS: g++.dg/tree-ssa/ivopts-1.C scan-tree-dump-not &x\\[5\\]
FAIL: g++.dg/pch/externc-1.C -g assembly comparison
FAIL: g++.dg/pch/externc-1.C -O2 -g assembly comparison
FAIL: g++.dg/pch/static-1.C -g assembly comparison
FAIL: g++.dg/pch/static-1.C -O2 -g assembly comparison
FAIL: g++.dg/pch/system-1.C -g assembly comparison
FAIL: g++.dg/pch/system-1.C -O2 -g assembly comparison
FAIL: g++.dg/pch/system-2.C -g assembly comparison
FAIL: g++.dg/pch/system-2.C -O2 -g assembly comparison
FAIL: g++.dg/pch/uninst.C -g assembly comparison
FAIL: g++.dg/pch/uninst.C -O2 -g assembly comparison
FAIL: g++.dg/pch/wchar-1.C -g assembly comparison
FAIL: g++.dg/pch/wchar-1.C -O2 -g assembly comparison
FAIL: g++.old-deja/g++.eh/badalloc1.C execution test
XPASS: g++.old-deja/g++.ext/attrib5.C execution test
FAIL: g++.old-deja/g++.other/init18.C execution test

		=== g++ Summary ===

# of expected passes		13565
# of unexpected failures	24
# of unexpected successes	4
# of expected failures		65
# of unsupported tests		126
/repository/davek/patch-gnu/gcc/rc2/gcc/testsuite/g++/../../g++  version 4.2.0
20070501 (prerelease)

		=== gcc tests ===


Running target unix
XPASS: gcc.c-torture/execute/mayalias-2.c compilation,  -O3 -g 
FAIL: gcc.dg/20021014-1.c (test for excess errors)
WARNING: gcc.dg/20021014-1.c compilation failed to produce executable
FAIL: gcc.dg/pr25993.c (test for excess errors)
FAIL: gcc.dg/setjmp-3.c (test for excess errors)
WARNING: gcc.dg/setjmp-3.c compilation failed to produce executable
FAIL: gcc.dg/setjmp-4.c (test for excess errors)
WARNING: gcc.dg/setjmp-4.c compilation failed to produce executable
FAIL: largefile.c -O0 -g (test for excess errors)
FAIL: largefile.c  -O0  (test for excess errors)
FAIL: largefile.c  -O1  (test for excess errors)
FAIL: largefile.c  -O2  (test for excess errors)
FAIL: largefile.c  -O3 -fomit-frame-pointer  (test for excess errors)
FAIL: largefile.c  -O3 -g  (test for excess errors)
FAIL: largefile.c  -Os  (test for excess errors)
FAIL: gcc.dg/tree-ssa/loop-1.c scan-assembler-times foo 5
FAIL: compiler driver --coverage option(s) (compiler options)
XPASS: gcc.target/i386/builtin-apply-mmx.c execution test
FAIL: gcc.target/i386/pic-1.c  (test for errors, line 10)

		=== gcc Summary ===

# of expected passes		42092
# of unexpected failures	14
# of unexpected successes	2
# of expected failures		113
# of untested testcases		35
# of unsupported tests		357
/repository/davek/patch-gnu/gcc/rc2/gcc/xgcc  version 4.2.0 20070501
(prerelease)

		=== gfortran tests ===


Running target unix

		=== gfortran Summary ===

# of expected passes		15846
# of expected failures		7
# of unsupported tests		86
/repository/davek/patch-gnu/gcc/rc2/gcc/testsuite/gfortran/../../gfortran
version 4.2.0 20070501 (prerelease)

		=== objc tests ===


Running target unix
XPASS: objc.dg-struct-layout-encoding-1/t025_main.m execution test
XPASS: objc.dg-struct-layout-encoding-1/t026_main.m execution test
XPASS: objc.dg-struct-layout-encoding-1/t027_main.m execution test
XPASS: objc.dg-struct-layout-encoding-1/t029_main.m execution test
XPASS: objc.dg-struct-layout-encoding-1/t030_main.m execution test
XPASS: objc.dg-struct-layout-encoding-1/t031_main.m execution test

		=== objc Summary ===

# of expected passes		1806
# of unexpected successes	6
# of expected failures		1
# of unsupported tests		24
/repository/davek/patch-gnu/gcc/rc2/gcc/xgcc  version 4.2.0 20070501
(prerelease)

		=== libstdc++ tests ===


Running target unix
FAIL: 26_numerics/cmath/c99_classification_macros_c.cc (test for excess
errors)
XPASS: 27_io/fpos/14320-1.cc execution test
XPASS: 27_io/objects/char/12048-5.cc execution test
WARNING: program timed out.
FAIL: ext/pb_ds/example/priority_queue_dijkstra.cc execution test
XPASS: tr1/2_general_utilities/memory/shared_ptr/cons/weak_ptr_expired.cc
execution test
XPASS: tr1/5_numerical_facilities/random/uniform_int/cons/range_neg.cc
execution test

		=== libstdc++ Summary ===

# of expected passes		2980
# of unexpected failures	2
# of unexpected successes	4
# of expected failures		8
# of unsupported tests		155

Compiler version: 4.2.0 20070501 (prerelease) 
Platform: i686-pc-cygwin
configure flags: --prefix=/gnu/install/bin --with-gmp=/usr --with-mpfr=/usr -v
--enable-languages=c,c++,fortran,java,objc

    cheers,
      DaveK
-- 
Can't think of a witty .sigline today....



More information about the Gcc-testresults mailing list