Results for 4.2.0 20070501 (prerelease) testsuite on powerpc-apple-darwin8.9.0

Geoffrey Keating gkeating@apple.com
Fri May 4 20:06:00 GMT 2007


LAST_UPDATED: Obtained from SVN: branches/gcc-4_2-branch revision 124338

Native configuration is powerpc-apple-darwin8.9.0

		=== g++ tests ===


Running target unix
FAIL: g++.dg/ext/alignof2.C execution test
FAIL: g++.dg/other/unused1.C scan-assembler (string|ascii?)z?\\t"class2("|\\\\\\\\000)
FAIL: g++.dg/other/unused1.C scan-assembler (string|ascii?)z?\\t"printer("|\\\\\\\\000)
FAIL: g++.dg/warn/weak1.C (test for excess errors)
WARNING: g++.dg/warn/weak1.C compilation failed to produce executable
FAIL: g++.dg/special/conpr-3.C execution test

		=== g++ Summary ===

# of expected passes		13272
# of unexpected failures	5
# of expected failures		66
# of unsupported tests		130
/Volumes/build/gcc-4.2.0-20070501-build/gcc/testsuite/g++/../../g++  version 4.2.0 20070501 (prerelease)

		=== gcc tests ===


Running target unix
XPASS: gcc.c-torture/execute/mayalias-2.c compilation,  -O3 -g 
XPASS: gcc.dg/20020103-1.c scan-assembler-not LC[0-9]
FAIL: gcc.dg/setjmp-3.c (test for excess errors)
FAIL: gcc.dg/setjmp-4.c (test for excess errors)
FAIL: gcc.dg/tree-ssa/loop-19.c scan-tree-dump-times MEM.(base: &|symbol: )a, 2
FAIL: gcc.dg/tree-ssa/loop-19.c scan-tree-dump-times MEM.(base: &|symbol: )c, 2
FAIL: gcc.dg/vect/section-anchors-pr27770.c (test for excess errors)
FAIL: gcc.dg/vect/section-anchors-vect-69.c (test for excess errors)
FAIL: gcc.dg/vect/section-anchors-vect-69.c scan-tree-dump-times Alignment of access forced using peeling 4
FAIL: gcc.target/powerpc/stabs-attrib-vect-darwin.c scan-assembler .stabs.*vi:\\\\(0,[0-9]+\\\\)=@V

		=== gcc Summary ===

# of expected passes		42529
# of unexpected failures	8
# of unexpected successes	2
# of expected failures		119
# of untested testcases		28
# of unsupported tests		448
/Volumes/build/gcc-4.2.0-20070501-build/gcc/xgcc  version 4.2.0 20070501 (prerelease)

		=== gfortran tests ===


Running target unix
FAIL: gfortran.dg/large_real_kind_2.F90  -O0  execution test
FAIL: gfortran.dg/large_real_kind_2.F90  -O1  execution test
FAIL: gfortran.dg/large_real_kind_2.F90  -O2  execution test
FAIL: gfortran.dg/large_real_kind_2.F90  -O3 -fomit-frame-pointer  execution test
FAIL: gfortran.dg/large_real_kind_2.F90  -O3 -fomit-frame-pointer -funroll-loops  execution test
FAIL: gfortran.dg/large_real_kind_2.F90  -O3 -fomit-frame-pointer -funroll-all-loops -finline-functions  execution test
FAIL: gfortran.dg/large_real_kind_2.F90  -O3 -g  execution test
FAIL: gfortran.dg/large_real_kind_2.F90  -Os  execution test
FAIL: gfortran.dg/large_real_kind_form_io_2.f90  -O0  execution test
FAIL: gfortran.dg/large_real_kind_form_io_2.f90  -O1  execution test
FAIL: gfortran.dg/large_real_kind_form_io_2.f90  -O2  execution test
FAIL: gfortran.dg/large_real_kind_form_io_2.f90  -O3 -fomit-frame-pointer  execution test
FAIL: gfortran.dg/large_real_kind_form_io_2.f90  -O3 -fomit-frame-pointer -funroll-loops  execution test
FAIL: gfortran.dg/large_real_kind_form_io_2.f90  -O3 -fomit-frame-pointer -funroll-all-loops -finline-functions  execution test
FAIL: gfortran.dg/large_real_kind_form_io_2.f90  -O3 -g  execution test
FAIL: gfortran.dg/large_real_kind_form_io_2.f90  -Os  execution test
FAIL: gfortran.dg/stat_1.f90  -O0  execution test
FAIL: gfortran.dg/stat_1.f90  -O1  execution test
FAIL: gfortran.dg/stat_1.f90  -O2  execution test
FAIL: gfortran.dg/stat_1.f90  -O3 -fomit-frame-pointer  execution test
FAIL: gfortran.dg/stat_1.f90  -O3 -fomit-frame-pointer -funroll-loops  execution test
FAIL: gfortran.dg/stat_1.f90  -O3 -fomit-frame-pointer -funroll-all-loops -finline-functions  execution test
FAIL: gfortran.dg/stat_1.f90  -O3 -g  execution test
FAIL: gfortran.dg/stat_1.f90  -Os  execution test
FAIL: gfortran.dg/stat_2.f90  -O0  execution test
FAIL: gfortran.dg/stat_2.f90  -O1  execution test
FAIL: gfortran.dg/stat_2.f90  -O2  execution test
FAIL: gfortran.dg/stat_2.f90  -O3 -fomit-frame-pointer  execution test
FAIL: gfortran.dg/stat_2.f90  -O3 -fomit-frame-pointer -funroll-loops  execution test
FAIL: gfortran.dg/stat_2.f90  -O3 -fomit-frame-pointer -funroll-all-loops -finline-functions  execution test
FAIL: gfortran.dg/stat_2.f90  -O3 -g  execution test
FAIL: gfortran.dg/stat_2.f90  -Os  execution test

		=== gfortran Summary ===

# of expected passes		15871
# of unexpected failures	32
# of expected failures		7
# of unsupported tests		57
/Volumes/build/gcc-4.2.0-20070501-build/gcc/testsuite/gfortran/../../gfortran  version 4.2.0 20070501 (prerelease)

		=== objc tests ===


Running target unix

		=== objc Summary ===

# of expected passes		3041
# of expected failures		17
# of unsupported tests		1
/Volumes/build/gcc-4.2.0-20070501-build/gcc/xgcc  version 4.2.0 20070501 (prerelease)

		=== libffi tests ===


Running target unix

		=== libffi Summary ===

# of expected passes		1068
# of expected failures		8
# of unsupported tests		8
		=== libgomp tests ===


Running target unix
FAIL: libgomp.c++/ctor-1.C  -O0  (test for excess errors)
FAIL: libgomp.c++/ctor-1.C  -O1  (test for excess errors)
FAIL: libgomp.c++/ctor-1.C  -O2  (test for excess errors)
FAIL: libgomp.c++/ctor-1.C  -O3 -fomit-frame-pointer  (test for excess errors)
FAIL: libgomp.c++/ctor-1.C  -O3 -fomit-frame-pointer -funroll-loops  (test for excess errors)
FAIL: libgomp.c++/ctor-1.C  -O3 -fomit-frame-pointer -funroll-all-loops -finline-functions  (test for excess errors)
FAIL: libgomp.c++/ctor-1.C  -O3 -g  (test for excess errors)
FAIL: libgomp.c++/ctor-1.C  -Os  (test for excess errors)
FAIL: libgomp.c++/ctor-2.C  -O0  (test for excess errors)
FAIL: libgomp.c++/ctor-2.C  -O1  (test for excess errors)
FAIL: libgomp.c++/ctor-2.C  -O2  (test for excess errors)
FAIL: libgomp.c++/ctor-2.C  -O3 -fomit-frame-pointer  (test for excess errors)
FAIL: libgomp.c++/ctor-2.C  -O3 -fomit-frame-pointer -funroll-loops  (test for excess errors)
FAIL: libgomp.c++/ctor-2.C  -O3 -fomit-frame-pointer -funroll-all-loops -finline-functions  (test for excess errors)
FAIL: libgomp.c++/ctor-2.C  -O3 -g  (test for excess errors)
FAIL: libgomp.c++/ctor-2.C  -Os  (test for excess errors)
FAIL: libgomp.c++/ctor-3.C  -O0  (test for excess errors)
FAIL: libgomp.c++/ctor-3.C  -O1  (test for excess errors)
FAIL: libgomp.c++/ctor-3.C  -O2  (test for excess errors)
FAIL: libgomp.c++/ctor-3.C  -O3 -fomit-frame-pointer  (test for excess errors)
FAIL: libgomp.c++/ctor-3.C  -O3 -fomit-frame-pointer -funroll-loops  (test for excess errors)
FAIL: libgomp.c++/ctor-3.C  -O3 -fomit-frame-pointer -funroll-all-loops -finline-functions  (test for excess errors)
FAIL: libgomp.c++/ctor-3.C  -O3 -g  (test for excess errors)
FAIL: libgomp.c++/ctor-3.C  -Os  (test for excess errors)
FAIL: libgomp.c++/ctor-4.C  -O0  (test for excess errors)
FAIL: libgomp.c++/ctor-4.C  -O1  (test for excess errors)
FAIL: libgomp.c++/ctor-4.C  -O2  (test for excess errors)
FAIL: libgomp.c++/ctor-4.C  -O3 -fomit-frame-pointer  (test for excess errors)
FAIL: libgomp.c++/ctor-4.C  -O3 -fomit-frame-pointer -funroll-loops  (test for excess errors)
FAIL: libgomp.c++/ctor-4.C  -O3 -fomit-frame-pointer -funroll-all-loops -finline-functions  (test for excess errors)
FAIL: libgomp.c++/ctor-4.C  -O3 -g  (test for excess errors)
FAIL: libgomp.c++/ctor-4.C  -Os  (test for excess errors)
FAIL: libgomp.c++/ctor-6.C  -O0  (test for excess errors)
FAIL: libgomp.c++/ctor-6.C  -O1  (test for excess errors)
FAIL: libgomp.c++/ctor-6.C  -O2  (test for excess errors)
FAIL: libgomp.c++/ctor-6.C  -O3 -fomit-frame-pointer  (test for excess errors)
FAIL: libgomp.c++/ctor-6.C  -O3 -fomit-frame-pointer -funroll-loops  (test for excess errors)
FAIL: libgomp.c++/ctor-6.C  -O3 -fomit-frame-pointer -funroll-all-loops -finline-functions  (test for excess errors)
FAIL: libgomp.c++/ctor-6.C  -O3 -g  (test for excess errors)
FAIL: libgomp.c++/ctor-6.C  -Os  (test for excess errors)
FAIL: libgomp.c++/ctor-7.C  -O0  (test for excess errors)
FAIL: libgomp.c++/ctor-7.C  -O1  (test for excess errors)
FAIL: libgomp.c++/ctor-7.C  -O2  (test for excess errors)
FAIL: libgomp.c++/ctor-7.C  -O3 -fomit-frame-pointer  (test for excess errors)
FAIL: libgomp.c++/ctor-7.C  -O3 -fomit-frame-pointer -funroll-loops  (test for excess errors)
FAIL: libgomp.c++/ctor-7.C  -O3 -fomit-frame-pointer -funroll-all-loops -finline-functions  (test for excess errors)
FAIL: libgomp.c++/ctor-7.C  -O3 -g  (test for excess errors)
FAIL: libgomp.c++/ctor-7.C  -Os  (test for excess errors)
FAIL: libgomp.c++/loop-1.C  -O  (test for excess errors)
FAIL: libgomp.c++/loop-2.C  -O  (test for excess errors)
FAIL: libgomp.c++/loop-3.C  -O  (test for excess errors)
FAIL: libgomp.c++/loop-4.C  -O  (test for excess errors)
FAIL: libgomp.c++/loop-5.C  -O  (test for excess errors)
FAIL: libgomp.c++/loop-6.C  -O0  (test for excess errors)
FAIL: libgomp.c++/loop-6.C  -O1  (test for excess errors)
FAIL: libgomp.c++/loop-6.C  -O2  (test for excess errors)
FAIL: libgomp.c++/loop-6.C  -O3 -fomit-frame-pointer  (test for excess errors)
FAIL: libgomp.c++/loop-6.C  -O3 -fomit-frame-pointer -funroll-loops  (test for excess errors)
FAIL: libgomp.c++/loop-6.C  -O3 -fomit-frame-pointer -funroll-all-loops -finline-functions  (test for excess errors)
FAIL: libgomp.c++/loop-6.C  -O3 -g  (test for excess errors)
FAIL: libgomp.c++/loop-6.C  -Os  (test for excess errors)
FAIL: libgomp.c++/loop-7.C  -O0  (test for excess errors)
FAIL: libgomp.c++/loop-7.C  -O1  (test for excess errors)
FAIL: libgomp.c++/loop-7.C  -O2  (test for excess errors)
FAIL: libgomp.c++/loop-7.C  -O3 -fomit-frame-pointer  (test for excess errors)
FAIL: libgomp.c++/loop-7.C  -O3 -fomit-frame-pointer -funroll-loops  (test for excess errors)
FAIL: libgomp.c++/loop-7.C  -O3 -fomit-frame-pointer -funroll-all-loops -finline-functions  (test for excess errors)
FAIL: libgomp.c++/loop-7.C  -O3 -g  (test for excess errors)
FAIL: libgomp.c++/loop-7.C  -Os  (test for excess errors)
FAIL: libgomp.c++/master-1.C  -O0  (test for excess errors)
FAIL: libgomp.c++/master-1.C  -O1  (test for excess errors)
FAIL: libgomp.c++/master-1.C  -O2  (test for excess errors)
FAIL: libgomp.c++/master-1.C  -O3 -fomit-frame-pointer  (test for excess errors)
FAIL: libgomp.c++/master-1.C  -O3 -fomit-frame-pointer -funroll-loops  (test for excess errors)
FAIL: libgomp.c++/master-1.C  -O3 -fomit-frame-pointer -funroll-all-loops -finline-functions  (test for excess errors)
FAIL: libgomp.c++/master-1.C  -O3 -g  (test for excess errors)
FAIL: libgomp.c++/master-1.C  -Os  (test for excess errors)
FAIL: libgomp.c++/nested-1.C  -O0  (test for excess errors)
FAIL: libgomp.c++/nested-1.C  -O1  (test for excess errors)
FAIL: libgomp.c++/nested-1.C  -O2  (test for excess errors)
FAIL: libgomp.c++/nested-1.C  -O3 -fomit-frame-pointer  (test for excess errors)
FAIL: libgomp.c++/nested-1.C  -O3 -fomit-frame-pointer -funroll-loops  (test for excess errors)
FAIL: libgomp.c++/nested-1.C  -O3 -fomit-frame-pointer -funroll-all-loops -finline-functions  (test for excess errors)
FAIL: libgomp.c++/nested-1.C  -O3 -g  (test for excess errors)
FAIL: libgomp.c++/nested-1.C  -Os  (test for excess errors)
FAIL: libgomp.c++/parallel-1.C  -O  (test for excess errors)
FAIL: libgomp.c++/pr26691.C  -O  (test for excess errors)
FAIL: libgomp.c++/pr26943.C  -O0  (test for excess errors)
FAIL: libgomp.c++/pr26943.C  -O1  (test for excess errors)
FAIL: libgomp.c++/pr26943.C  -O2  (test for excess errors)
FAIL: libgomp.c++/pr26943.C  -O3 -fomit-frame-pointer  (test for excess errors)
FAIL: libgomp.c++/pr26943.C  -O3 -fomit-frame-pointer -funroll-loops  (test for excess errors)
FAIL: libgomp.c++/pr26943.C  -O3 -fomit-frame-pointer -funroll-all-loops -finline-functions  (test for excess errors)
FAIL: libgomp.c++/pr26943.C  -O3 -g  (test for excess errors)
FAIL: libgomp.c++/pr26943.C  -Os  (test for excess errors)
FAIL: libgomp.c++/pr27337.C  -O0  (test for excess errors)
FAIL: libgomp.c++/pr27337.C  -O1  (test for excess errors)
FAIL: libgomp.c++/pr27337.C  -O2  (test for excess errors)
FAIL: libgomp.c++/pr27337.C  -O3 -fomit-frame-pointer  (test for excess errors)
FAIL: libgomp.c++/pr27337.C  -O3 -fomit-frame-pointer -funroll-loops  (test for excess errors)
FAIL: libgomp.c++/pr27337.C  -O3 -fomit-frame-pointer -funroll-all-loops -finline-functions  (test for excess errors)
FAIL: libgomp.c++/pr27337.C  -O3 -g  (test for excess errors)
FAIL: libgomp.c++/pr27337.C  -Os  (test for excess errors)
FAIL: libgomp.c++/pr30703.C  -O0  (test for excess errors)
WARNING: libgomp.c++/pr30703.C  -O0  compilation failed to produce executable
FAIL: libgomp.c++/pr30703.C  -O1  (test for excess errors)
WARNING: libgomp.c++/pr30703.C  -O1  compilation failed to produce executable
FAIL: libgomp.c++/pr30703.C  -O2  (test for excess errors)
WARNING: libgomp.c++/pr30703.C  -O2  compilation failed to produce executable
FAIL: libgomp.c++/pr30703.C  -O3 -fomit-frame-pointer  (test for excess errors)
WARNING: libgomp.c++/pr30703.C  -O3 -fomit-frame-pointer  compilation failed to produce executable
FAIL: libgomp.c++/pr30703.C  -O3 -fomit-frame-pointer -funroll-loops  (test for excess errors)
WARNING: libgomp.c++/pr30703.C  -O3 -fomit-frame-pointer -funroll-loops  compilation failed to produce executable
FAIL: libgomp.c++/pr30703.C  -O3 -fomit-frame-pointer -funroll-all-loops -finline-functions  (test for excess errors)
WARNING: libgomp.c++/pr30703.C  -O3 -fomit-frame-pointer -funroll-all-loops -finline-functions  compilation failed to produce executable
FAIL: libgomp.c++/pr30703.C  -O3 -g  (test for excess errors)
WARNING: libgomp.c++/pr30703.C  -O3 -g  compilation failed to produce executable
FAIL: libgomp.c++/pr30703.C  -Os  (test for excess errors)
WARNING: libgomp.c++/pr30703.C  -Os  compilation failed to produce executable
FAIL: libgomp.c++/reduction-1.C  -O  (test for excess errors)
FAIL: libgomp.c++/reduction-2.C  -O  (test for excess errors)
FAIL: libgomp.c++/reduction-3.C  -O  (test for excess errors)
FAIL: libgomp.c++/sections-1.C  -O  (test for excess errors)
FAIL: libgomp.c++/shared-1.C  -O  (test for excess errors)
FAIL: libgomp.c++/shared-2.C  -O  (test for excess errors)
FAIL: libgomp.c++/single-1.C  -O  (test for excess errors)
FAIL: libgomp.c++/single-2.C  -O  (test for excess errors)
FAIL: libgomp.c++/single-3.C  -O  (test for excess errors)

		=== libgomp Summary ===

# of expected passes		1218
# of unexpected failures	120
# of unsupported tests		111
		=== libjava tests ===


Running target unix
FAIL: Array_3 execution - gij test
FAIL: Divide_1 output - source compiled test
FAIL: Divide_1 output - gij test
FAIL: Divide_1 output - bytecode->native test
FAIL: Divide_1 output - gij test
FAIL: Divide_1 -findirect-dispatch output - bytecode->native test
FAIL: Divide_1 -O3 output - source compiled test
FAIL: Divide_1 output - gij test
FAIL: Divide_1 -O3 output - bytecode->native test
FAIL: Divide_1 output - gij test
FAIL: Divide_1 -O3 -findirect-dispatch output - bytecode->native test
FAIL: PR27908 execution - source compiled test
FAIL: Thread_Sleep_2 output - source compiled test
FAIL: Thread_Sleep_2 output - gij test
FAIL: Thread_Sleep_2 output - bytecode->native test
FAIL: Thread_Sleep_2 output - gij test
FAIL: Thread_Sleep_2 -findirect-dispatch output - bytecode->native test
FAIL: Thread_Sleep_2 -O3 output - source compiled test
FAIL: Thread_Sleep_2 output - gij test
FAIL: Thread_Sleep_2 -O3 output - bytecode->native test
FAIL: Thread_Sleep_2 output - gij test
FAIL: Thread_Sleep_2 -O3 -findirect-dispatch output - bytecode->native test
FAIL: pr6388 output - source compiled test
FAIL: pr6388 output - gij test
FAIL: pr6388 output - bytecode->native test
FAIL: pr6388 output - gij test
FAIL: pr6388 -findirect-dispatch output - bytecode->native test
FAIL: pr6388 -O3 output - source compiled test
FAIL: pr6388 output - gij test
FAIL: pr6388 -O3 output - bytecode->native test
FAIL: pr6388 output - gij test
FAIL: pr6388 -O3 -findirect-dispatch output - bytecode->native test

		=== libjava Summary ===

# of expected passes		6972
# of unexpected failures	32
# of expected failures		12
# of untested testcases		10
		=== libstdc++ tests ===


Running target unix
XPASS: 21_strings/basic_string/element_access/char/21674.cc execution test
XPASS: 21_strings/basic_string/element_access/wchar_t/21674.cc execution test
XPASS: 26_numerics/cmath/c99_classification_macros_c.cc (test for excess errors)
FAIL: ext/mt_allocator/deallocate_local_thread-5.cc execution test
FAIL: ext/mt_allocator/deallocate_local_thread-7.cc execution test
FAIL: ext/pb_ds/example/priority_queue_dijkstra.cc execution test

		=== libstdc++ Summary ===

# of expected passes		3834
# of unexpected failures	3
# of unexpected successes	3
# of expected failures		13
# of unsupported tests		318

Compiler version: 4.2.0 20070501 (prerelease) 
Platform: powerpc-apple-darwin8.9.0
configure flags: --enable-languages=c,c++,fortran,java,objc



More information about the Gcc-testresults mailing list