Results for 4.2.0 20070502 (prerelease) testsuite on sparc64-sun-solaris2.9
Eric Botcazou
ebotcazou@libertysurf.fr
Fri May 4 11:53:00 GMT 2007
LAST_UPDATED: Thu May 3 05:33:56 UTC 2007 (revision 124372)
Native configuration is sparc64-sun-solaris2.9
=== g++ tests ===
Running target unix
WARNING: g++.dg/other/ucnid-1.C compilation failed to produce executable
XPASS: g++.old-deja/g++.other/init18.C execution test
XPASS: g++.old-deja/g++.other/init19.C execution test
=== g++ Summary ===
# of expected passes 13105
# of unexpected successes 2
# of expected failures 68
# of unsupported tests 176
/opt/build/eric/gcc-4_2-branch/gcc/testsuite/g++/../../g++ version 4.2.0 20070502 (prerelease)
=== gcc tests ===
Running target unix
UNRESOLVED: gcc.c-torture/execute/mayalias-2.c execution, -O3 -g
WARNING: gcc.dg/ucnid-2.c compilation failed to produce executable
WARNING: gcc.dg/ucnid-3.c compilation failed to produce executable
WARNING: gcc.dg/ucnid-4.c compilation failed to produce executable
FAIL: largefile.c -O0 -g (test for excess errors)
FAIL: largefile.c -O0 (test for excess errors)
FAIL: largefile.c -O1 (test for excess errors)
FAIL: largefile.c -O2 (test for excess errors)
FAIL: largefile.c -O3 -fomit-frame-pointer (test for excess errors)
FAIL: largefile.c -O3 -g (test for excess errors)
FAIL: largefile.c -Os (test for excess errors)
XPASS: gcc.dg/vect/pr20122.c scan-tree-dump-times vectorized 1 loops 2
XPASS: gcc.dg/vect/vect-105.c scan-tree-dump-times vectorized 1 loops 1
XPASS: gcc.dg/vect/vect-75.c scan-tree-dump-times vectorized 1 loops 1
=== gcc Summary ===
# of expected passes 40890
# of unexpected failures 7
# of unexpected successes 3
# of expected failures 127
# of unresolved testcases 1
# of untested testcases 35
# of unsupported tests 488
/opt/build/eric/gcc-4_2-branch/gcc/xgcc version 4.2.0 20070502 (prerelease)
=== gfortran tests ===
Running target unix
=== gfortran Summary ===
# of expected passes 15806
# of expected failures 8
# of unsupported tests 102
/opt/build/eric/gcc-4_2-branch/gcc/testsuite/gfortran/../../gfortran version 4.2.0 20070502 (prerelease)
=== obj-c++ tests ===
Running target unix
FAIL: obj-c++.dg/bitfield-1.mm (test for excess errors)
FAIL: obj-c++.dg/bitfield-4.mm (test for excess errors)
FAIL: obj-c++.dg/cxx-ivars-2.mm execution test
FAIL: obj-c++.dg/encode-8.mm execution test
FAIL: obj-c++.dg/isa-field-1.mm (test for excess errors)
FAIL: obj-c++.dg/layout-1.mm (test for excess errors)
FAIL: obj-c++.dg/lookup-2.mm (test for excess errors)
WARNING: obj-c++.dg/lookup-2.mm compilation failed to produce executable
FAIL: obj-c++.dg/try-catch-2.mm (test for excess errors)
WARNING: obj-c++.dg/try-catch-2.mm compilation failed to produce executable
FAIL: obj-c++.dg/try-catch-9.mm (test for excess errors)
WARNING: obj-c++.dg/try-catch-9.mm compilation failed to produce executable
=== obj-c++ Summary ===
# of expected passes 426
# of unexpected failures 9
# of unsupported tests 13
/opt/build/eric/gcc-4_2-branch/gcc/testsuite/obj-c++/../../g++ version 4.2.0 20070502 (prerelease)
=== objc tests ===
Running target unix
=== objc Summary ===
# of expected passes 1806
# of expected failures 7
# of unsupported tests 24
/opt/build/eric/gcc-4_2-branch/gcc/xgcc version 4.2.0 20070502 (prerelease)
=== libffi tests ===
Running target unix
=== libffi Summary ===
# of expected passes 1084
# of unsupported tests 8
=== libgomp tests ===
Running target unix
=== libgomp Summary ===
# of expected passes 1346
# of unsupported tests 111
=== libjava tests ===
Running target unix
FAIL: events output
FAIL: Array_3 execution - gij test
FAIL: Array_3 execution - gij test
FAIL: Array_3 execution - gij test
FAIL: Array_3 execution - gij test
FAIL: Divide_1 output - source compiled test
FAIL: Divide_1 output - gij test
FAIL: Divide_1 output - bytecode->native test
FAIL: Divide_1 output - gij test
FAIL: Divide_1 -findirect-dispatch output - bytecode->native test
FAIL: Divide_1 -O3 output - source compiled test
FAIL: Divide_1 output - gij test
FAIL: Divide_1 -O3 output - bytecode->native test
FAIL: Divide_1 output - gij test
FAIL: Divide_1 -O3 -findirect-dispatch output - bytecode->native test
FAIL: FileHandleGcTest execution - source compiled test
FAIL: FileHandleGcTest execution - gij test
FAIL: FileHandleGcTest execution - bytecode->native test
FAIL: FileHandleGcTest execution - gij test
FAIL: FileHandleGcTest -findirect-dispatch execution - bytecode->native test
FAIL: FileHandleGcTest -O3 execution - source compiled test
FAIL: FileHandleGcTest execution - gij test
FAIL: FileHandleGcTest -O3 execution - bytecode->native test
FAIL: FileHandleGcTest execution - gij test
FAIL: FileHandleGcTest -O3 -findirect-dispatch execution - bytecode->native test
FAIL: PR27908 execution - gij test
WARNING: program timed out.
FAIL: Process_2 -O3 -findirect-dispatch execution - bytecode->native test
WARNING: program timed out.
FAIL: Process_3 -findirect-dispatch execution - bytecode->native test
WARNING: program timed out.
FAIL: Process_3 -O3 -findirect-dispatch execution - bytecode->native test
WARNING: program timed out.
FAIL: Process_4 -findirect-dispatch execution - bytecode->native test
FAIL: Throw_2 execution - source compiled test
FAIL: Throw_2 execution - bytecode->native test
FAIL: Throw_2 -O3 execution - source compiled test
FAIL: Throw_2 -O3 execution - bytecode->native test
FAIL: pr6388 output - source compiled test
FAIL: pr6388 output - gij test
FAIL: pr6388 output - bytecode->native test
FAIL: pr6388 output - gij test
FAIL: pr6388 -findirect-dispatch output - bytecode->native test
FAIL: pr6388 -O3 output - source compiled test
FAIL: pr6388 output - gij test
FAIL: pr6388 -O3 output - bytecode->native test
FAIL: pr6388 output - gij test
FAIL: pr6388 -O3 -findirect-dispatch output - bytecode->native test
=== libjava Summary ===
# of expected passes 6939
# of unexpected failures 44
# of expected failures 12
# of untested testcases 31
=== libstdc++ tests ===
Running target unix
=== libstdc++ Summary ===
# of expected passes 3828
# of expected failures 17
# of unsupported tests 322
Compiler version: 4.2.0 20070502 (prerelease)
Platform: sparc64-sun-solaris2.9
configure flags: sparc64-sun-solaris2.9 --prefix=/opt/build/eric/local/gcc --with-gmp=/opt/build/eric/local --with-mpfr=/opt/build/eric/local --with-local-prefix=/opt/build/eric/local --disable-multilib --enable-languages=c,c++,fortran,java,objc,obj-c++
BOOT_CFLAGS=-g -O2
More information about the Gcc-testresults
mailing list