Results for 4.1.3 20070501 (prerelease) testsuite on i686-pc-linux-gnu
CodeSourcery Automatic Testing System
gcc@codesourcery.com
Wed May 2 14:48:00 GMT 2007
LAST_UPDATED: Wed May 2 07:16:53 UTC 2007 (/branches/gcc-4_1-branch revision 124346)
Native configuration is i686-pc-linux-gnu
=== g++ tests ===
Running target unix
XPASS: g++.dg/tree-ssa/pr14814.C scan-tree-dump-times &this 0
=== g++ Summary ===
# of expected passes 12463
# of unexpected successes 1
# of expected failures 67
# of unsupported tests 69
/scratch/gcc/nightly-2007-05-02-4.1/i686-pc-linux-gnu/build_gcc/build/test-4.1-0-i686-pc-linux-gnu/host-i686-pc-linux-gnu/fsf-4.1/bin/i686-pc-linux-gnu-g++ version 4.1.3 20070501 (prerelease)
=== gcc tests ===
Running target unix
=== gcc Summary ===
# of expected passes 39179
# of expected failures 101
# of untested testcases 28
# of unsupported tests 247
/scratch/gcc/nightly-2007-05-02-4.1/i686-pc-linux-gnu/build_gcc/build/test-4.1-0-i686-pc-linux-gnu/host-i686-pc-linux-gnu/fsf-4.1/bin/i686-pc-linux-gnu-gcc version 4.1.3 20070501 (prerelease)
=== libstdc++ tests ===
Running target unix
FAIL: 22_locale/messages/members/char/1.cc execution test
FAIL: 22_locale/messages/members/char/2.cc execution test
FAIL: 22_locale/messages/members/char/wrapped_env.cc execution test
FAIL: 22_locale/messages/members/char/wrapped_locale.cc execution test
FAIL: 22_locale/messages_byname/named_equivalence.cc execution test
=== libstdc++ Summary ===
# of expected passes 4002
# of unexpected failures 5
# of expected failures 13
# of unsupported tests 19
Compiler version: 4.1.3 20070501 (prerelease)
Platform: i686-pc-linux-gnu
configure flags: --build=i686-pc-linux-gnu --host=i686-pc-linux-gnu --target=i686-pc-linux-gnu --enable-shared --enable-threads --disable-libmudflap --disable-libssp --disable-libgomp --disable-libstdcxx-pch --with-gnu-as --with-gnu-ld --enable-languages=c,c++ --disable-nls --prefix=/scratch/gcc/nightly-2007-05-02-4.1/i686-pc-linux-gnu/build_gcc/install
More information about the Gcc-testresults
mailing list