Results for 4.3.0 20070331 (experimental) testsuite on i686-pc-linux-gnu
CodeSourcery Automatic Testing System
gcc@codesourcery.com
Sat Mar 31 16:54:00 GMT 2007
LAST_UPDATED: Sat Mar 31 07:13:59 UTC 2007 (/trunk revision 123378)
Native configuration is i686-pc-linux-gnu
=== g++ tests ===
Running target unix
XPASS: g++.dg/tree-ssa/ivopts-1.C scan-tree-dump-not offset: -4B
XPASS: g++.dg/tree-ssa/ivopts-1.C scan-tree-dump-not &x\\[5\\]
=== g++ Summary ===
# of expected passes 14470
# of unexpected successes 2
# of expected failures 79
# of unsupported tests 79
/scratch/gcc/nightly-2007-03-31-mainline/i686-pc-linux-gnu/build_gcc/build/test-mainline-0-i686-pc-linux-gnu/host-i686-pc-linux-gnu/fsf-mainline/bin/i686-pc-linux-gnu-g++ version 4.3.0 20070331 (experimental)
=== gcc tests ===
Running target unix
FAIL: gcc.c-torture/execute/mayalias-2.c compilation, -O3 -g (internal compiler error)
UNRESOLVED: gcc.c-torture/execute/mayalias-2.c execution, -O3 -g
FAIL: gcc.c-torture/execute/mayalias-3.c compilation, -O3 -g (internal compiler error)
UNRESOLVED: gcc.c-torture/execute/mayalias-3.c execution, -O3 -g
FAIL: gcc.dg/ssp-1.c (test for excess errors)
UNRESOLVED: gcc.dg/ssp-1.c compilation failed to produce executable
FAIL: gcc.dg/ssp-2.c (test for excess errors)
UNRESOLVED: gcc.dg/ssp-2.c compilation failed to produce executable
FAIL: gcc.dg/tree-ssa/loadpre1.c scan-tree-dump-times Eliminated: 1 1
XPASS: gcc.dg/tree-ssa/update-threading.c scan-tree-dump-times Invalid sum 0
FAIL: gcc.target/i386/sse-vect-types.c (test for excess errors)
=== gcc Summary ===
# of expected passes 44501
# of unexpected failures 6
# of unexpected successes 1
# of expected failures 114
# of unresolved testcases 4
# of untested testcases 28
# of unsupported tests 300
/scratch/gcc/nightly-2007-03-31-mainline/i686-pc-linux-gnu/build_gcc/build/test-mainline-0-i686-pc-linux-gnu/host-i686-pc-linux-gnu/fsf-mainline/bin/i686-pc-linux-gnu-gcc version 4.3.0 20070331 (experimental)
=== libstdc++ tests ===
Running target unix
=== libstdc++ Summary ===
# of expected passes 4841
# of expected failures 29
# of unsupported tests 2
=== g++ tests ===
Running target unix/-m64
XPASS: g++.dg/tree-ssa/ivopts-1.C scan-tree-dump-not offset: -4B
XPASS: g++.dg/tree-ssa/ivopts-1.C scan-tree-dump-not &x\\[5\\]
FAIL: g++.dg/tree-ssa/pr29902.C (test for excess errors)
=== g++ Summary ===
# of expected passes 14384
# of unexpected failures 1
# of unexpected successes 2
# of expected failures 79
# of unsupported tests 108
/scratch/gcc/nightly-2007-03-31-mainline/i686-pc-linux-gnu/build_gcc/build/test-mainline-0-i686-pc-linux-gnu/host-i686-pc-linux-gnu/fsf-mainline/bin/i686-pc-linux-gnu-g++ version 4.3.0 20070331 (experimental)
=== gcc tests ===
Running target unix/-m64
FAIL: gcc.c-torture/execute/mayalias-2.c compilation, -O3 -g (internal compiler error)
UNRESOLVED: gcc.c-torture/execute/mayalias-2.c execution, -O3 -g
FAIL: gcc.c-torture/execute/mayalias-3.c compilation, -O3 -g (internal compiler error)
UNRESOLVED: gcc.c-torture/execute/mayalias-3.c execution, -O3 -g
FAIL: gcc.dg/ssp-1.c (test for excess errors)
UNRESOLVED: gcc.dg/ssp-1.c compilation failed to produce executable
FAIL: gcc.dg/ssp-2.c (test for excess errors)
UNRESOLVED: gcc.dg/ssp-2.c compilation failed to produce executable
FAIL: gcc.dg/tls/opt-3.c (test for excess errors)
UNRESOLVED: gcc.dg/torture/fp-int-convert-float128-timode.c -O0 compilation failed to produce executable
UNRESOLVED: gcc.dg/torture/fp-int-convert-float128-timode.c -O1 compilation failed to produce executable
UNRESOLVED: gcc.dg/torture/fp-int-convert-float128-timode.c -O2 compilation failed to produce executable
UNRESOLVED: gcc.dg/torture/fp-int-convert-float128-timode.c -O3 -fomit-frame-pointer compilation failed to produce executable
UNRESOLVED: gcc.dg/torture/fp-int-convert-float128-timode.c -O3 -g compilation failed to produce executable
UNRESOLVED: gcc.dg/torture/fp-int-convert-float128-timode.c -Os compilation failed to produce executable
UNRESOLVED: gcc.dg/torture/fp-int-convert-float128.c -O0 compilation failed to produce executable
UNRESOLVED: gcc.dg/torture/fp-int-convert-float128.c -O1 compilation failed to produce executable
UNRESOLVED: gcc.dg/torture/fp-int-convert-float128.c -O2 compilation failed to produce executable
UNRESOLVED: gcc.dg/torture/fp-int-convert-float128.c -O3 -fomit-frame-pointer compilation failed to produce executable
UNRESOLVED: gcc.dg/torture/fp-int-convert-float128.c -O3 -g compilation failed to produce executable
UNRESOLVED: gcc.dg/torture/fp-int-convert-float128.c -Os compilation failed to produce executable
FAIL: gcc.dg/tree-ssa/loadpre1.c scan-tree-dump-times Eliminated: 1 1
XPASS: gcc.dg/tree-ssa/update-threading.c scan-tree-dump-times Invalid sum 0
FAIL: gcc.target/i386/sse-13.c (test for excess errors)
FAIL: gcc.target/i386/sse-14.c (test for excess errors)
FAIL: gcc.target/i386/sse-vect-types.c (test for excess errors)
=== gcc Summary ===
# of expected passes 44315
# of unexpected failures 9
# of unexpected successes 1
# of expected failures 125
# of unresolved testcases 16
# of untested testcases 28
# of unsupported tests 417
/scratch/gcc/nightly-2007-03-31-mainline/i686-pc-linux-gnu/build_gcc/build/test-mainline-0-i686-pc-linux-gnu/host-i686-pc-linux-gnu/fsf-mainline/bin/i686-pc-linux-gnu-gcc version 4.3.0 20070331 (experimental)
=== libstdc++ tests ===
Running target unix/-m64
XPASS: 27_io/fpos/14320-1.cc execution test
=== libstdc++ Summary ===
# of expected passes 4841
# of unexpected successes 1
# of expected failures 28
# of unsupported tests 2
Compiler version: 4.3.0 20070331 (experimental)
Platform: i686-pc-linux-gnu
configure flags: --build=i686-pc-linux-gnu --host=i686-pc-linux-gnu --target=i686-pc-linux-gnu --enable-shared --enable-threads --disable-libmudflap --disable-libssp --disable-libgomp --disable-libstdcxx-pch --enable-targets=all --with-gnu-as --with-gnu-ld --prefix=/opt/codesourcery --enable-languages=c,c++ --disable-nls --with-gmp=/scratch/gcc/nightly-2007-03-31-mainline/i686-pc-linux-gnu/build_gcc/build/host-libs-mainline-0-i686-pc-linux-gnu-i686-pc-linux-gnu/usr --with-mpfr=/scratch/gcc/nightly-2007-03-31-mainline/i686-pc-linux-gnu/build_gcc/build/host-libs-mainline-0-i686-pc-linux-gnu-i686-pc-linux-gnu/usr --with-build-time-tools=/scratch/gcc/nightly-2007-03-31-mainline/i686-pc-linux-gnu/build_gcc/install/i686-pc-linux-gnu/bin --with-build-time-tools=/scratch/gcc/nightly-2007-03-31-mainline/i686-pc-linux-gnu/build_gcc/install/i686-pc-linux-gnu/bin
More information about the Gcc-testresults
mailing list