Results for 4.3.0 20070323 (experimental) testsuite on i686-pc-cygwin
Tim Prince
tprince@sbcglobal.net
Mon Mar 26 02:06:00 GMT 2007
disabled __SCLE in stdio.h
cf PRs 20360,31039,31340,31341,31342
LAST_UPDATED: Obtained from SVN: trunk revision 123166
Native configuration is i686-pc-cygwin
=== g++ tests ===
Running target unix
FAIL: g++.dg/abi/local1.C execution test
FAIL: g++.dg/abi/rtti1.C scan-assembler-dem-not \\ntypeinfo for A[: \\t\\n]
FAIL: g++.dg/abi/rtti3.C scan-assembler .weak[ \\t]_?_ZTSPP1A
FAIL: g++.dg/abi/thunk4.C scan-assembler .weak[ \\t]_?_ZThn._N7Derived3FooEv
FAIL: g++.dg/ext/dllimport7.C C++ specific error (test for errors, line 24)
FAIL: g++.dg/opt/complex3.C (internal compiler error)
FAIL: g++.dg/opt/complex3.C (test for excess errors)
FAIL: g++.dg/opt/vt1.C scan-assembler-not
section[^\\n\\r]*_ZTV1S[^\\n\\r]*"[^w"\\n\\r]*"
FAIL: g++.dg/other/unused1.C scan-assembler
(string|ascii?)z?\\t"class2("|\\\\\\\\000)
FAIL: g++.dg/other/unused1.C scan-assembler
(string|ascii?)z?\\t"printer("|\\\\\\\\000)
XPASS: g++.dg/tree-ssa/ivopts-1.C scan-tree-dump-not offset: -4B
XPASS: g++.dg/tree-ssa/ivopts-1.C scan-tree-dump-not &x\\[5\\]
FAIL: g++.dg/pch/externc-1.C -g assembly comparison
FAIL: g++.dg/pch/externc-1.C -O2 -g assembly comparison
FAIL: g++.dg/pch/static-1.C -g assembly comparison
FAIL: g++.dg/pch/static-1.C -O2 -g assembly comparison
FAIL: g++.dg/pch/system-1.C -g assembly comparison
FAIL: g++.dg/pch/system-1.C -O2 -g assembly comparison
FAIL: g++.dg/pch/system-2.C -g assembly comparison
FAIL: g++.dg/pch/system-2.C -O2 -g assembly comparison
FAIL: g++.dg/pch/uninst.C -g assembly comparison
FAIL: g++.dg/pch/uninst.C -O2 -g assembly comparison
FAIL: g++.dg/pch/wchar-1.C -g assembly comparison
FAIL: g++.dg/pch/wchar-1.C -O2 -g assembly comparison
FAIL: g++.old-deja/g++.eh/badalloc1.C execution test
XPASS: g++.old-deja/g++.ext/attrib5.C execution test
FAIL: g++.old-deja/g++.other/init18.C execution test
FAIL: g++.old-deja/g++.other/init19.C execution test
FAIL: g++.old-deja/g++.other/init5.C execution test
=== g++ Summary ===
# of expected passes 14562
# of unexpected failures 26
# of unexpected successes 3
# of expected failures 79
# of unsupported tests 173
/cygdrive/c/tim/gnu/gcc-4.3-20070323/xp/gcc/testsuite/g++/../../g++
version 4.3.0 20070323 (experimental)
=== gcc tests ===
Running target unix
FAIL: gcc.c-torture/compile/20001226-1.c (test for excess errors)
FAIL: gcc.dg/builtins-20.c (test for excess errors)
FAIL: gcc.dg/builtins-59.c scan-tree-dump __builtin_cexpi
FAIL: gcc.dg/builtins-59.c scan-tree-dump-not sincos
FAIL: gcc.dg/builtins-61.c scan-tree-dump cexpi
FAIL: gcc.dg/builtins-61.c scan-tree-dump sin
FAIL: gcc.dg/builtins-61.c scan-tree-dump cos
FAIL: gcc.dg/builtins-61.c scan-tree-dump return 0.0
FAIL: gcc.dg/builtins-62.c scan-tree-dump-times cexpi 3
FAIL: gcc.dg/float-range-3.c (test for excess errors)
FAIL: gcc.dg/float-range-4.c (test for excess errors)
FAIL: gcc.dg/float-range-5.c (test for excess errors)
FAIL: gcc.dg/pr25993.c (test for excess errors)
FAIL: gcc.dg/setjmp-3.c (test for excess errors)
WARNING: gcc.dg/setjmp-3.c compilation failed to produce executable
FAIL: gcc.dg/setjmp-4.c (test for excess errors)
WARNING: gcc.dg/setjmp-4.c compilation failed to produce executable
FAIL: gcc.dg/ssp-2.c (test for excess errors)
WARNING: gcc.dg/ssp-2.c compilation failed to produce executable
FAIL: largefile.c (test for excess errors)
FAIL: largefile.c (test for excess errors)
FAIL: largefile.c (test for excess errors)
FAIL: largefile.c (test for excess errors)
FAIL: largefile.c (test for excess errors)
FAIL: largefile.c (test for excess errors)
FAIL: largefile.c (test for excess errors)
FAIL: gcc.dg/tree-ssa/loadpre1.c scan-tree-dump-times Eliminated: 1 1
FAIL: gcc.dg/tree-ssa/loop-1.c scan-assembler-times foo 5
XPASS: gcc.dg/tree-ssa/update-threading.c scan-tree-dump-times Invalid sum 0
FAIL: gcc.dg/vect/pr31041.c (test for excess errors)
FAIL: compiler driver --coverage option(s) (compiler options)
FAIL: gcc.target/i386/pic-1.c (test for errors, line 11)
FAIL: gcc.target/i386/ssefp-2.c scan-assembler maxsd
=== gcc Summary ===
# of expected passes 45389
# of unexpected failures 29
# of unexpected successes 1
# of expected failures 113
# of untested testcases 35
# of unsupported tests 352
/cygdrive/c/tim/gnu/gcc-4.3-20070323/xp/gcc/xgcc version 4.3.0 20070323
(experimental)
=== gfortran tests ===
Running target unix
FAIL: gfortran.dg/automatic_char_len_2.f90 output pattern test, is (
NaN, NaN)
FAIL: gfortran.dg/automatic_char_len_2.f90 output pattern test, is (
NaN, NaN)
FAIL: gfortran.dg/automatic_char_len_2.f90 output pattern test, is (
NaN, NaN)
FAIL: gfortran.dg/automatic_char_len_2.f90 output pattern test, is (
NaN, NaN)
FAIL: gfortran.dg/automatic_char_len_2.f90 output pattern test, is (
NaN, NaN)
FAIL: gfortran.dg/automatic_char_len_2.f90 output pattern test, is (
NaN, NaN)
FAIL: gfortran.dg/automatic_char_len_2.f90 output pattern test, is (
NaN, NaN)
FAIL: gfortran.dg/automatic_char_len_2.f90 output pattern test, is (
NaN, NaN)
FAIL: gfortran.dg/c_by_val_1.f (test for excess errors)
WARNING: gfortran.dg/c_by_val_1.f compilation failed to produce executable
FAIL: gfortran.dg/c_by_val_1.f (test for excess errors)
WARNING: gfortran.dg/c_by_val_1.f compilation failed to produce executable
FAIL: gfortran.dg/c_by_val_1.f (test for excess errors)
WARNING: gfortran.dg/c_by_val_1.f compilation failed to produce executable
FAIL: gfortran.dg/c_by_val_1.f (test for excess errors)
WARNING: gfortran.dg/c_by_val_1.f compilation failed to produce executable
FAIL: gfortran.dg/c_by_val_1.f (test for excess errors)
WARNING: gfortran.dg/c_by_val_1.f compilation failed to produce executable
FAIL: gfortran.dg/c_by_val_1.f (test for excess errors)
WARNING: gfortran.dg/c_by_val_1.f compilation failed to produce executable
FAIL: gfortran.dg/c_by_val_1.f (test for excess errors)
WARNING: gfortran.dg/c_by_val_1.f compilation failed to produce executable
FAIL: gfortran.dg/c_by_val_1.f (test for excess errors)
WARNING: gfortran.dg/c_by_val_1.f compilation failed to produce executable
FAIL: gfortran.dg/comma.f execution test
FAIL: gfortran.dg/comma.f execution test
FAIL: gfortran.dg/comma.f execution test
FAIL: gfortran.dg/comma.f execution test
FAIL: gfortran.dg/comma.f execution test
FAIL: gfortran.dg/comma.f execution test
FAIL: gfortran.dg/comma.f execution test
FAIL: gfortran.dg/comma.f execution test
FAIL: gfortran.dg/complex_read.f90 execution test
FAIL: gfortran.dg/complex_read.f90 execution test
FAIL: gfortran.dg/complex_read.f90 execution test
FAIL: gfortran.dg/complex_read.f90 execution test
FAIL: gfortran.dg/complex_read.f90 execution test
FAIL: gfortran.dg/complex_read.f90 execution test
FAIL: gfortran.dg/complex_read.f90 execution test
FAIL: gfortran.dg/complex_read.f90 execution test
FAIL: gfortran.dg/complex_write.f90 execution test
FAIL: gfortran.dg/complex_write.f90 execution test
FAIL: gfortran.dg/complex_write.f90 execution test
FAIL: gfortran.dg/complex_write.f90 execution test
FAIL: gfortran.dg/complex_write.f90 execution test
FAIL: gfortran.dg/complex_write.f90 execution test
FAIL: gfortran.dg/complex_write.f90 execution test
FAIL: gfortran.dg/complex_write.f90 execution test
FAIL: gfortran.dg/direct_io_3.f90 execution test
FAIL: gfortran.dg/direct_io_3.f90 execution test
FAIL: gfortran.dg/direct_io_3.f90 execution test
FAIL: gfortran.dg/direct_io_3.f90 execution test
FAIL: gfortran.dg/direct_io_3.f90 execution test
FAIL: gfortran.dg/direct_io_3.f90 execution test
FAIL: gfortran.dg/direct_io_3.f90 execution test
FAIL: gfortran.dg/direct_io_3.f90 execution test
FAIL: gfortran.dg/fmt_read.f90 execution test
FAIL: gfortran.dg/fmt_read.f90 execution test
FAIL: gfortran.dg/fmt_read.f90 execution test
FAIL: gfortran.dg/fmt_read.f90 execution test
FAIL: gfortran.dg/fmt_read.f90 execution test
FAIL: gfortran.dg/fmt_read.f90 execution test
FAIL: gfortran.dg/fmt_read.f90 execution test
FAIL: gfortran.dg/fmt_read.f90 execution test
FAIL: gfortran.dg/list_read_4.f90 execution test
FAIL: gfortran.dg/list_read_4.f90 execution test
FAIL: gfortran.dg/list_read_4.f90 execution test
FAIL: gfortran.dg/list_read_4.f90 execution test
FAIL: gfortran.dg/list_read_4.f90 execution test
FAIL: gfortran.dg/list_read_4.f90 execution test
FAIL: gfortran.dg/list_read_4.f90 execution test
FAIL: gfortran.dg/list_read_4.f90 execution test
FAIL: gfortran.dg/namelist_11.f execution test
FAIL: gfortran.dg/namelist_11.f execution test
FAIL: gfortran.dg/namelist_11.f execution test
FAIL: gfortran.dg/namelist_11.f execution test
FAIL: gfortran.dg/namelist_11.f execution test
FAIL: gfortran.dg/namelist_11.f execution test
FAIL: gfortran.dg/namelist_11.f execution test
FAIL: gfortran.dg/namelist_11.f execution test
FAIL: gfortran.dg/namelist_13.f90 execution test
FAIL: gfortran.dg/namelist_13.f90 execution test
FAIL: gfortran.dg/namelist_13.f90 execution test
FAIL: gfortran.dg/namelist_13.f90 execution test
FAIL: gfortran.dg/namelist_13.f90 execution test
FAIL: gfortran.dg/namelist_13.f90 execution test
FAIL: gfortran.dg/namelist_13.f90 execution test
FAIL: gfortran.dg/namelist_13.f90 execution test
FAIL: gfortran.dg/namelist_14.f90 execution test
FAIL: gfortran.dg/namelist_14.f90 execution test
FAIL: gfortran.dg/namelist_14.f90 execution test
FAIL: gfortran.dg/namelist_14.f90 execution test
FAIL: gfortran.dg/namelist_14.f90 execution test
FAIL: gfortran.dg/namelist_14.f90 execution test
FAIL: gfortran.dg/namelist_14.f90 execution test
FAIL: gfortran.dg/namelist_14.f90 execution test
FAIL: gfortran.dg/namelist_16.f90 execution test
FAIL: gfortran.dg/namelist_16.f90 execution test
FAIL: gfortran.dg/namelist_16.f90 execution test
FAIL: gfortran.dg/namelist_16.f90 execution test
FAIL: gfortran.dg/namelist_16.f90 execution test
FAIL: gfortran.dg/namelist_16.f90 execution test
FAIL: gfortran.dg/namelist_16.f90 execution test
FAIL: gfortran.dg/namelist_16.f90 execution test
FAIL: gfortran.dg/namelist_print_1.f output pattern test, is &MYNML
FAIL: gfortran.dg/namelist_print_1.f output pattern test, is &MYNML
FAIL: gfortran.dg/namelist_print_1.f output pattern test, is &MYNML
FAIL: gfortran.dg/namelist_print_1.f output pattern test, is &MYNML
FAIL: gfortran.dg/namelist_print_1.f output pattern test, is &MYNML
FAIL: gfortran.dg/namelist_print_1.f output pattern test, is &MYNML
FAIL: gfortran.dg/namelist_print_1.f output pattern test, is &MYNML
FAIL: gfortran.dg/namelist_print_1.f output pattern test, is &MYNML
FAIL: gfortran.dg/namelist_use.f90 execution test
FAIL: gfortran.dg/namelist_use.f90 execution test
FAIL: gfortran.dg/namelist_use.f90 execution test
FAIL: gfortran.dg/namelist_use.f90 execution test
FAIL: gfortran.dg/namelist_use.f90 execution test
FAIL: gfortran.dg/namelist_use.f90 execution test
FAIL: gfortran.dg/namelist_use.f90 execution test
FAIL: gfortran.dg/namelist_use.f90 execution test
FAIL: gfortran.dg/namelist_use_only.f90 execution test
FAIL: gfortran.dg/namelist_use_only.f90 execution test
FAIL: gfortran.dg/namelist_use_only.f90 execution test
FAIL: gfortran.dg/namelist_use_only.f90 execution test
FAIL: gfortran.dg/namelist_use_only.f90 execution test
FAIL: gfortran.dg/namelist_use_only.f90 execution test
FAIL: gfortran.dg/namelist_use_only.f90 execution test
FAIL: gfortran.dg/namelist_use_only.f90 execution test
FAIL: gfortran.dg/pr17090.f90 execution test
FAIL: gfortran.dg/pr17090.f90 execution test
FAIL: gfortran.dg/pr17090.f90 execution test
FAIL: gfortran.dg/pr17090.f90 execution test
FAIL: gfortran.dg/pr17090.f90 execution test
FAIL: gfortran.dg/pr17090.f90 execution test
FAIL: gfortran.dg/pr17090.f90 execution test
FAIL: gfortran.dg/pr17090.f90 execution test
FAIL: gfortran.dg/pr18122.f90 execution test
FAIL: gfortran.dg/pr18122.f90 execution test
FAIL: gfortran.dg/pr18122.f90 execution test
FAIL: gfortran.dg/pr18122.f90 execution test
FAIL: gfortran.dg/pr18122.f90 execution test
FAIL: gfortran.dg/pr18122.f90 execution test
FAIL: gfortran.dg/pr18122.f90 execution test
FAIL: gfortran.dg/pr18122.f90 execution test
FAIL: gfortran.dg/pr18392.f90 execution test
FAIL: gfortran.dg/pr18392.f90 execution test
FAIL: gfortran.dg/pr18392.f90 execution test
FAIL: gfortran.dg/pr18392.f90 execution test
FAIL: gfortran.dg/pr18392.f90 execution test
FAIL: gfortran.dg/pr18392.f90 execution test
FAIL: gfortran.dg/pr18392.f90 execution test
FAIL: gfortran.dg/pr18392.f90 execution test
FAIL: gfortran.dg/pr19155.f execution test
FAIL: gfortran.dg/pr19155.f execution test
FAIL: gfortran.dg/pr19155.f execution test
FAIL: gfortran.dg/pr19155.f execution test
FAIL: gfortran.dg/pr19155.f execution test
FAIL: gfortran.dg/pr19155.f execution test
FAIL: gfortran.dg/pr19155.f execution test
FAIL: gfortran.dg/pr19155.f execution test
FAIL: gfortran.dg/streamio_11.f90 execution test
FAIL: gfortran.dg/streamio_11.f90 execution test
FAIL: gfortran.dg/streamio_11.f90 execution test
FAIL: gfortran.dg/streamio_11.f90 execution test
FAIL: gfortran.dg/streamio_11.f90 execution test
FAIL: gfortran.dg/streamio_11.f90 execution test
FAIL: gfortran.dg/streamio_11.f90 execution test
FAIL: gfortran.dg/streamio_11.f90 execution test
FAIL: gfortran.dg/streamio_8.f90 execution test
FAIL: gfortran.dg/streamio_8.f90 execution test
FAIL: gfortran.dg/streamio_8.f90 execution test
FAIL: gfortran.dg/streamio_8.f90 execution test
FAIL: gfortran.dg/streamio_8.f90 execution test
FAIL: gfortran.dg/streamio_8.f90 execution test
FAIL: gfortran.dg/streamio_8.f90 execution test
FAIL: gfortran.dg/streamio_8.f90 execution test
FAIL: gfortran.dg/streamio_9.f90 execution test
FAIL: gfortran.dg/streamio_9.f90 execution test
FAIL: gfortran.dg/streamio_9.f90 execution test
FAIL: gfortran.dg/streamio_9.f90 execution test
FAIL: gfortran.dg/streamio_9.f90 execution test
FAIL: gfortran.dg/streamio_9.f90 execution test
FAIL: gfortran.dg/streamio_9.f90 execution test
FAIL: gfortran.dg/streamio_9.f90 execution test
FAIL: gfortran.dg/unf_io_convert_1.f90 execution test
FAIL: gfortran.dg/unf_io_convert_1.f90 execution test
FAIL: gfortran.dg/unf_io_convert_1.f90 execution test
FAIL: gfortran.dg/unf_io_convert_1.f90 execution test
FAIL: gfortran.dg/unf_io_convert_1.f90 execution test
FAIL: gfortran.dg/unf_io_convert_1.f90 execution test
FAIL: gfortran.dg/unf_io_convert_1.f90 execution test
FAIL: gfortran.dg/unf_io_convert_1.f90 execution test
FAIL: gfortran.dg/unf_io_convert_2.f90 execution test
FAIL: gfortran.dg/unf_io_convert_2.f90 execution test
FAIL: gfortran.dg/unf_io_convert_2.f90 execution test
FAIL: gfortran.dg/unf_io_convert_2.f90 execution test
FAIL: gfortran.dg/unf_io_convert_2.f90 execution test
FAIL: gfortran.dg/unf_io_convert_2.f90 execution test
FAIL: gfortran.dg/unf_io_convert_2.f90 execution test
FAIL: gfortran.dg/unf_io_convert_2.f90 execution test
FAIL: gfortran.fortran-torture/execute/list_read_1.f90 execution, -O0
FAIL: gfortran.fortran-torture/execute/list_read_1.f90 execution, -O1
FAIL: gfortran.fortran-torture/execute/list_read_1.f90 execution, -O2
FAIL: gfortran.fortran-torture/execute/list_read_1.f90 execution, -O3
-fomit-frame-pointer
FAIL: gfortran.fortran-torture/execute/list_read_1.f90 execution, -O3
-fomit-frame-pointer -funroll-loops
FAIL: gfortran.fortran-torture/execute/list_read_1.f90 execution, -O3
-fomit-frame-pointer -funroll-all-loops -finline-functions
FAIL: gfortran.fortran-torture/execute/list_read_1.f90 execution, -O3 -g
FAIL: gfortran.fortran-torture/execute/list_read_1.f90 execution, -Os
FAIL: gfortran.fortran-torture/execute/seq_io.f90 execution, -O0
FAIL: gfortran.fortran-torture/execute/seq_io.f90 execution, -O1
FAIL: gfortran.fortran-torture/execute/seq_io.f90 execution, -O2
FAIL: gfortran.fortran-torture/execute/seq_io.f90 execution, -O3
-fomit-frame-pointer
FAIL: gfortran.fortran-torture/execute/seq_io.f90 execution, -O3
-fomit-frame-pointer -funroll-loops
FAIL: gfortran.fortran-torture/execute/seq_io.f90 execution, -O3
-fomit-frame-pointer -funroll-all-loops -finline-functions
FAIL: gfortran.fortran-torture/execute/seq_io.f90 execution, -O3 -g
FAIL: gfortran.fortran-torture/execute/seq_io.f90 execution, -Os
=== gfortran Summary ===
# of expected passes 16417
# of unexpected failures 208
# of expected failures 7
# of unsupported tests 86
/cygdrive/c/tim/gnu/gcc-4.3-20070323/xp/gcc/testsuite/gfortran/../../gfortran
version 4.3.0 20070323 (experimental)
=== objc tests ===
Running target unix
=== objc Summary ===
# of expected passes 1860
# of expected failures 7
# of unsupported tests 24
/cygdrive/c/tim/gnu/gcc-4.3-20070323/xp/gcc/xgcc version 4.3.0 20070323
(experimental)
=== treelang tests ===
Running target unix
ERROR: tcl error sourcing
/cygdrive/c/tim/gnu/gcc-4.3-20070323/gcc/testsuite/treelang/output/output.exp.
ERROR: rm: cannot remove \`treelang/output-1': No such file or directory
=== treelang Summary ===
# of expected passes 52
=== libstdc++ tests ===
Running target unix
FAIL: 17_intro/headers/all_c++200x_compatibility.cc (test for excess errors)
FAIL: 26_numerics/headers/cmath/c99_classification_macros_c.cc (test for
excess errors)
FAIL: 26_numerics/headers/cmath/c99_classification_macros_c.cc (test for
excess errors)
FAIL: 27_io/basic_istream/extractors_arithmetic/char/12.cc execution test
FAIL: 27_io/basic_istream/extractors_arithmetic/char/12.cc execution test
FAIL: 27_io/basic_istream/extractors_arithmetic/char/12.cc execution test
FAIL: ext/pb_ds/example/priority_queue_dijkstra.cc execution test
FAIL: ext/pb_ds/example/priority_queue_dijkstra.cc execution test
FAIL: tr1/2_general_utilities/shared_ptr/thread/default_weaktoshared.cc
execution test
=== libstdc++ Summary ===
# of expected passes 7105
# of unexpected failures 9
# of expected failures 51
# of unsupported tests 940
Compiler version: 4.3.0 20070323 (experimental)
Platform: i686-pc-cygwin
configure flags: --enable-threads=posix --enable-sjlj-exceptions
--disable-libmudflap --disable-shared --enable-maintainer-mode
--prefix=/usr/local/gcc43 --enable-bootstrap
--enable-languages=c,c++,fortran,objc,treelang
More information about the Gcc-testresults
mailing list