Results for 4.3.0 20070319 (experimental) [trunk revision 123067] testsuite on x86_64-unknown-linux-gnu
H.J. Lu
hjl@gnu-27.sc.intel.com
Tue Mar 20 01:05:00 GMT 2007
LAST_UPDATED: Mon Mar 19 22:03:26 UTC 2007 (revision 123067)
Native configuration is x86_64-unknown-linux-gnu
=== gcc tests ===
Running target unix/-m32
FAIL: gcc.c-torture/execute/mayalias-2.c compilation, -O3 -g (internal compiler error)
UNRESOLVED: gcc.c-torture/execute/mayalias-2.c execution, -O3 -g
FAIL: gcc.c-torture/execute/mayalias-3.c compilation, -O3 -g (internal compiler error)
UNRESOLVED: gcc.c-torture/execute/mayalias-3.c execution, -O3 -g
FAIL: gcc.c-torture/unsorted/dump-noaddr.c, -O1 -DMASK=1 -x c --param ggc-min-heapsize=1 -da -fdump-tree-all -fdump-noaddr (internal compiler error)
FAIL: gcc.c-torture/unsorted/dump-noaddr.c, -O1 -DMASK=2 -x c -da -fdump-tree-all -fdump-noaddr (internal compiler error)
FAIL: gcc.c-torture/unsorted/dump-noaddr.c, -O2 -DMASK=1 -x c --param ggc-min-heapsize=1 -da -fdump-tree-all -fdump-noaddr (internal compiler error)
FAIL: gcc.c-torture/unsorted/dump-noaddr.c, -O2 -DMASK=2 -x c -da -fdump-tree-all -fdump-noaddr (internal compiler error)
FAIL: gcc.c-torture/unsorted/dump-noaddr.c, -O3 -fomit-frame-pointer -DMASK=1 -x c --param ggc-min-heapsize=1 -da -fdump-tree-all -fdump-noaddr (internal compiler error)
FAIL: gcc.c-torture/unsorted/dump-noaddr.c, -O3 -fomit-frame-pointer -DMASK=2 -x c -da -fdump-tree-all -fdump-noaddr (internal compiler error)
FAIL: gcc.c-torture/unsorted/dump-noaddr.c, -O3 -fomit-frame-pointer -funroll-loops -DMASK=1 -x c --param ggc-min-heapsize=1 -da -fdump-tree-all -fdump-noaddr (internal compiler error)
FAIL: gcc.c-torture/unsorted/dump-noaddr.c, -O3 -fomit-frame-pointer -funroll-loops -DMASK=2 -x c -da -fdump-tree-all -fdump-noaddr (internal compiler error)
FAIL: gcc.c-torture/unsorted/dump-noaddr.c, -O3 -fomit-frame-pointer -funroll-all-loops -finline-functions -DMASK=1 -x c --param ggc-min-heapsize=1 -da -fdump-tree-all -fdump-noaddr (internal compiler error)
FAIL: gcc.c-torture/unsorted/dump-noaddr.c, -O3 -fomit-frame-pointer -funroll-all-loops -finline-functions -DMASK=2 -x c -da -fdump-tree-all -fdump-noaddr (internal compiler error)
FAIL: gcc.c-torture/unsorted/dump-noaddr.c, -O3 -g -DMASK=1 -x c --param ggc-min-heapsize=1 -da -fdump-tree-all -fdump-noaddr (internal compiler error)
FAIL: gcc.c-torture/unsorted/dump-noaddr.c, -O3 -g -DMASK=2 -x c -da -fdump-tree-all -fdump-noaddr (internal compiler error)
FAIL: gcc.c-torture/unsorted/dump-noaddr.c, -Os -DMASK=1 -x c --param ggc-min-heapsize=1 -da -fdump-tree-all -fdump-noaddr (internal compiler error)
FAIL: gcc.c-torture/unsorted/dump-noaddr.c, -Os -DMASK=2 -x c -da -fdump-tree-all -fdump-noaddr (internal compiler error)
FAIL: gcc.dg/dfp/convert-bfp-fold.c (internal compiler error)
FAIL: gcc.dg/dfp/convert-bfp-fold.c (test for excess errors)
FAIL: gcc.dg/dfp/convert-dfp.c (test for excess errors)
FAIL: gcc.dg/dfp/convert-int-saturate.c (test for excess errors)
FAIL: gcc.dg/dfp/decfloat-constants.c (test for excess errors)
FAIL: gcc.dg/ssp-1.c execution test
FAIL: gcc.dg/ssp-2.c execution test
FAIL: gcc.dg/tree-ssa/20031015-1.c (internal compiler error)
FAIL: gcc.dg/tree-ssa/20031015-1.c (test for excess errors)
FAIL: gcc.dg/tree-ssa/20031015-1.c scan-tree-dump-times DEF 2
FAIL: gcc.dg/tree-ssa/20040517-1.c (internal compiler error)
FAIL: gcc.dg/tree-ssa/20040517-1.c (test for excess errors)
FAIL: gcc.dg/tree-ssa/20040517-1.c scan-tree-dump-times VDEF 2
FAIL: gcc.dg/tree-ssa/20040911-1.c (internal compiler error)
FAIL: gcc.dg/tree-ssa/20040911-1.c (test for excess errors)
FAIL: gcc.dg/tree-ssa/alias-12.c (internal compiler error)
FAIL: gcc.dg/tree-ssa/alias-12.c (test for excess errors)
FAIL: gcc.dg/tree-ssa/alias-12.c scan-tree-dump VDEF
FAIL: gcc.dg/tree-ssa/inline_asm-1.c (internal compiler error)
FAIL: gcc.dg/tree-ssa/inline_asm-1.c (test for excess errors)
ERROR: gcc.dg/tree-ssa/inline_asm-1.c: error executing dg-final: no files matched glob pattern "inline_asm-1.c.[0-9][0-9][0-9]t.optimized"
UNRESOLVED: gcc.dg/tree-ssa/inline_asm-1.c: error executing dg-final: no files matched glob pattern "inline_asm-1.c.[0-9][0-9][0-9]t.optimized"
FAIL: gcc.dg/tree-ssa/inline_asm-2.c (internal compiler error)
FAIL: gcc.dg/tree-ssa/inline_asm-2.c (test for excess errors)
FAIL: gcc.dg/tree-ssa/inline_asm-2.c scan-tree-dump-times VDEF 2
FAIL: gcc.dg/tree-ssa/loadpre1.c scan-tree-dump-times Eliminated: 1 1
FAIL: gcc.dg/tree-ssa/pr23382.c (internal compiler error)
FAIL: gcc.dg/tree-ssa/pr23382.c (test for excess errors)
FAIL: gcc.dg/tree-ssa/pr23382.c scan-tree-dump-times VDEF <HEAP 1
ERROR: gcc.dg/tree-ssa/pr23382.c: error executing dg-final: no files matched glob pattern "pr23382.c.[0-9][0-9][0-9]t.alias2"
UNRESOLVED: gcc.dg/tree-ssa/pr23382.c: error executing dg-final: no files matched glob pattern "pr23382.c.[0-9][0-9][0-9]t.alias2"
FAIL: gcc.dg/tree-ssa/pr26421.c (internal compiler error)
FAIL: gcc.dg/tree-ssa/pr26421.c (test for excess errors)
FAIL: gcc.dg/tree-ssa/pr26421.c scan-tree-dump-times VDEF 2
FAIL: gcc.dg/tree-ssa/pta-fp.c (internal compiler error)
FAIL: gcc.dg/tree-ssa/pta-fp.c (test for excess errors)
XPASS: gcc.dg/tree-ssa/update-threading.c scan-tree-dump-times Invalid sum 0
FAIL: gcc.target/i386/ssefp-2.c scan-assembler maxsd
=== gcc Summary for unix/-m32 ===
# of expected passes 43587
# of unexpected failures 49
# of unexpected successes 1
# of expected failures 114
# of unresolved testcases 4
# of untested testcases 28
# of unsupported tests 307
Running target unix
FAIL: gcc.c-torture/execute/mayalias-2.c compilation, -O3 -g (internal compiler error)
UNRESOLVED: gcc.c-torture/execute/mayalias-2.c execution, -O3 -g
FAIL: gcc.c-torture/execute/mayalias-3.c compilation, -O3 -g (internal compiler error)
UNRESOLVED: gcc.c-torture/execute/mayalias-3.c execution, -O3 -g
FAIL: gcc.c-torture/unsorted/dump-noaddr.c, -O1 -DMASK=1 -x c --param ggc-min-heapsize=1 -da -fdump-tree-all -fdump-noaddr (internal compiler error)
FAIL: gcc.c-torture/unsorted/dump-noaddr.c, -O1 -DMASK=2 -x c -da -fdump-tree-all -fdump-noaddr (internal compiler error)
FAIL: gcc.c-torture/unsorted/dump-noaddr.c, -O2 -DMASK=1 -x c --param ggc-min-heapsize=1 -da -fdump-tree-all -fdump-noaddr (internal compiler error)
FAIL: gcc.c-torture/unsorted/dump-noaddr.c, -O2 -DMASK=2 -x c -da -fdump-tree-all -fdump-noaddr (internal compiler error)
FAIL: gcc.c-torture/unsorted/dump-noaddr.c, -O3 -fomit-frame-pointer -DMASK=1 -x c --param ggc-min-heapsize=1 -da -fdump-tree-all -fdump-noaddr (internal compiler error)
FAIL: gcc.c-torture/unsorted/dump-noaddr.c, -O3 -fomit-frame-pointer -DMASK=2 -x c -da -fdump-tree-all -fdump-noaddr (internal compiler error)
FAIL: gcc.c-torture/unsorted/dump-noaddr.c, -O3 -fomit-frame-pointer -funroll-loops -DMASK=1 -x c --param ggc-min-heapsize=1 -da -fdump-tree-all -fdump-noaddr (internal compiler error)
FAIL: gcc.c-torture/unsorted/dump-noaddr.c, -O3 -fomit-frame-pointer -funroll-loops -DMASK=2 -x c -da -fdump-tree-all -fdump-noaddr (internal compiler error)
FAIL: gcc.c-torture/unsorted/dump-noaddr.c, -O3 -fomit-frame-pointer -funroll-all-loops -finline-functions -DMASK=1 -x c --param ggc-min-heapsize=1 -da -fdump-tree-all -fdump-noaddr (internal compiler error)
FAIL: gcc.c-torture/unsorted/dump-noaddr.c, -O3 -fomit-frame-pointer -funroll-all-loops -finline-functions -DMASK=2 -x c -da -fdump-tree-all -fdump-noaddr (internal compiler error)
FAIL: gcc.c-torture/unsorted/dump-noaddr.c, -O3 -g -DMASK=1 -x c --param ggc-min-heapsize=1 -da -fdump-tree-all -fdump-noaddr (internal compiler error)
FAIL: gcc.c-torture/unsorted/dump-noaddr.c, -O3 -g -DMASK=2 -x c -da -fdump-tree-all -fdump-noaddr (internal compiler error)
FAIL: gcc.c-torture/unsorted/dump-noaddr.c, -Os -DMASK=1 -x c --param ggc-min-heapsize=1 -da -fdump-tree-all -fdump-noaddr (internal compiler error)
FAIL: gcc.c-torture/unsorted/dump-noaddr.c, -Os -DMASK=2 -x c -da -fdump-tree-all -fdump-noaddr (internal compiler error)
FAIL: gcc.dg/dfp/convert-dfp.c (test for excess errors)
FAIL: gcc.dg/dfp/convert-int-saturate.c (test for excess errors)
FAIL: gcc.dg/dfp/decfloat-constants.c (test for excess errors)
WARNING: gcc.dg/torture/fp-int-convert-float128-timode.c -O0 compilation failed to produce executable
WARNING: gcc.dg/torture/fp-int-convert-float128-timode.c -O1 compilation failed to produce executable
WARNING: gcc.dg/torture/fp-int-convert-float128-timode.c -O2 compilation failed to produce executable
WARNING: gcc.dg/torture/fp-int-convert-float128-timode.c -O3 -fomit-frame-pointer compilation failed to produce executable
WARNING: gcc.dg/torture/fp-int-convert-float128-timode.c -O3 -g compilation failed to produce executable
WARNING: gcc.dg/torture/fp-int-convert-float128-timode.c -Os compilation failed to produce executable
WARNING: gcc.dg/torture/fp-int-convert-float128.c -O0 compilation failed to produce executable
WARNING: gcc.dg/torture/fp-int-convert-float128.c -O1 compilation failed to produce executable
WARNING: gcc.dg/torture/fp-int-convert-float128.c -O2 compilation failed to produce executable
WARNING: gcc.dg/torture/fp-int-convert-float128.c -O3 -fomit-frame-pointer compilation failed to produce executable
WARNING: gcc.dg/torture/fp-int-convert-float128.c -O3 -g compilation failed to produce executable
WARNING: gcc.dg/torture/fp-int-convert-float128.c -Os compilation failed to produce executable
FAIL: gcc.dg/tree-ssa/20031015-1.c (internal compiler error)
FAIL: gcc.dg/tree-ssa/20031015-1.c (test for excess errors)
FAIL: gcc.dg/tree-ssa/20031015-1.c scan-tree-dump-times DEF 2
FAIL: gcc.dg/tree-ssa/20040517-1.c (internal compiler error)
FAIL: gcc.dg/tree-ssa/20040517-1.c (test for excess errors)
FAIL: gcc.dg/tree-ssa/20040517-1.c scan-tree-dump-times VDEF 2
FAIL: gcc.dg/tree-ssa/20040911-1.c (internal compiler error)
FAIL: gcc.dg/tree-ssa/20040911-1.c (test for excess errors)
FAIL: gcc.dg/tree-ssa/alias-12.c (internal compiler error)
FAIL: gcc.dg/tree-ssa/alias-12.c (test for excess errors)
FAIL: gcc.dg/tree-ssa/alias-12.c scan-tree-dump VDEF
FAIL: gcc.dg/tree-ssa/inline_asm-1.c (internal compiler error)
FAIL: gcc.dg/tree-ssa/inline_asm-1.c (test for excess errors)
ERROR: gcc.dg/tree-ssa/inline_asm-1.c: error executing dg-final: no files matched glob pattern "inline_asm-1.c.[0-9][0-9][0-9]t.optimized"
UNRESOLVED: gcc.dg/tree-ssa/inline_asm-1.c: error executing dg-final: no files matched glob pattern "inline_asm-1.c.[0-9][0-9][0-9]t.optimized"
FAIL: gcc.dg/tree-ssa/inline_asm-2.c (internal compiler error)
FAIL: gcc.dg/tree-ssa/inline_asm-2.c (test for excess errors)
FAIL: gcc.dg/tree-ssa/inline_asm-2.c scan-tree-dump-times VDEF 2
FAIL: gcc.dg/tree-ssa/loadpre1.c scan-tree-dump-times Eliminated: 1 1
FAIL: gcc.dg/tree-ssa/pr23382.c (internal compiler error)
FAIL: gcc.dg/tree-ssa/pr23382.c (test for excess errors)
FAIL: gcc.dg/tree-ssa/pr23382.c scan-tree-dump-times VDEF <HEAP 1
ERROR: gcc.dg/tree-ssa/pr23382.c: error executing dg-final: no files matched glob pattern "pr23382.c.[0-9][0-9][0-9]t.alias2"
UNRESOLVED: gcc.dg/tree-ssa/pr23382.c: error executing dg-final: no files matched glob pattern "pr23382.c.[0-9][0-9][0-9]t.alias2"
FAIL: gcc.dg/tree-ssa/pr26421.c (internal compiler error)
FAIL: gcc.dg/tree-ssa/pr26421.c (test for excess errors)
FAIL: gcc.dg/tree-ssa/pr26421.c scan-tree-dump-times VDEF 2
FAIL: gcc.dg/tree-ssa/pta-fp.c (internal compiler error)
FAIL: gcc.dg/tree-ssa/pta-fp.c (test for excess errors)
XPASS: gcc.dg/tree-ssa/update-threading.c scan-tree-dump-times Invalid sum 0
FAIL: gcc.target/i386/ssefp-2.c scan-assembler maxsd
=== gcc Summary for unix ===
# of expected passes 43430
# of unexpected failures 45
# of unexpected successes 1
# of expected failures 125
# of unresolved testcases 4
# of untested testcases 28
# of unsupported tests 413
=== gcc Summary ===
# of expected passes 87017
# of unexpected failures 94
# of unexpected successes 2
# of expected failures 239
# of unresolved testcases 8
# of untested testcases 56
# of unsupported tests 720
/export/build/gnu/gcc/build-x86_64-linux/gcc/xgcc version 4.3.0 20070319 (experimental) [trunk revision 123067]
=== gfortran tests ===
Running target unix/-m32
=== gfortran Summary for unix/-m32 ===
# of expected passes 16698
# of expected failures 7
# of unsupported tests 16
Running target unix
=== gfortran Summary for unix ===
# of expected passes 16696
# of expected failures 7
# of unsupported tests 18
=== gfortran Summary ===
# of expected passes 33394
# of expected failures 14
# of unsupported tests 34
/export/build/gnu/gcc/build-x86_64-linux/gcc/testsuite/gfortran/../../gfortran version 4.3.0 20070319 (experimental) [trunk revision 123067]
=== g++ tests ===
Running target unix/-m32
XPASS: g++.dg/tree-ssa/ivopts-1.C scan-tree-dump-not offset: -4B
XPASS: g++.dg/tree-ssa/ivopts-1.C scan-tree-dump-not &x\\[5\\]
=== g++ Summary for unix/-m32 ===
# of expected passes 14403
# of unexpected successes 2
# of expected failures 80
# of unsupported tests 80
Running target unix
XPASS: g++.dg/tree-ssa/ivopts-1.C scan-tree-dump-not offset: -4B
XPASS: g++.dg/tree-ssa/ivopts-1.C scan-tree-dump-not &x\\[5\\]
=== g++ Summary for unix ===
# of expected passes 14318
# of unexpected successes 2
# of expected failures 80
# of unsupported tests 109
=== g++ Summary ===
# of expected passes 28721
# of unexpected successes 4
# of expected failures 160
# of unsupported tests 189
/export/build/gnu/gcc/build-x86_64-linux/gcc/testsuite/g++/../../g++ version 4.3.0 20070319 (experimental) [trunk revision 123067]
=== objc tests ===
Running target unix/-m32
=== objc Summary for unix/-m32 ===
# of expected passes 1796
# of expected failures 7
# of unsupported tests 24
Running target unix
=== objc Summary for unix ===
# of expected passes 1796
# of expected failures 7
# of unsupported tests 24
=== objc Summary ===
# of expected passes 3592
# of expected failures 14
# of unsupported tests 48
/export/build/gnu/gcc/build-x86_64-linux/gcc/xgcc version 4.3.0 20070319 (experimental) [trunk revision 123067]
=== libffi tests ===
Running target unix/-m32
FAIL: libffi.call/return_fl2.c -O0 -W -Wall execution test
FAIL: libffi.call/return_fl2.c -O2 execution test
FAIL: libffi.call/return_fl2.c -O3 execution test
FAIL: libffi.call/return_fl2.c -Os execution test
=== libffi Summary for unix/-m32 ===
# of expected passes 1092
# of unexpected failures 4
# of unsupported tests 8
Running target unix
=== libffi Summary for unix ===
# of expected passes 1096
# of unsupported tests 8
=== libffi Summary ===
# of expected passes 2188
# of unexpected failures 4
# of unsupported tests 16
=== libgomp tests ===
Running target unix/-m32
FAIL: libgomp.c/ordered-2.c (test for excess errors)
WARNING: libgomp.c/ordered-2.c compilation failed to produce executable
=== libgomp Summary for unix/-m32 ===
# of expected passes 1564
# of unexpected failures 1
Running target unix
=== libgomp Summary for unix ===
# of expected passes 1566
=== libgomp Summary ===
# of expected passes 3130
# of unexpected failures 1
=== libjava tests ===
Running target unix/-m32
FAIL: events output
=== libjava Summary for unix/-m32 ===
# of expected passes 2499
# of unexpected failures 1
Running target unix
=== libjava Summary for unix ===
# of expected passes 2500
=== libjava Summary ===
# of expected passes 4999
# of unexpected failures 1
=== libmudflap tests ===
Running target unix/-m32
FAIL: libmudflap.c++/pass41-frag.cxx execution test
FAIL: libmudflap.c++/pass41-frag.cxx (-static) execution test
FAIL: libmudflap.c++/pass41-frag.cxx ( -O) execution test
FAIL: libmudflap.c++/pass41-frag.cxx (-O2) execution test
FAIL: libmudflap.c++/pass41-frag.cxx (-O3) execution test
FAIL: libmudflap.cth/pass37-frag.c (-static -DSTATIC) execution test
FAIL: libmudflap.cth/pass37-frag.c (-static -DSTATIC) output pattern test
FAIL: libmudflap.cth/pass37-frag.c (-static -DSTATIC) (rerun 1) execution test
FAIL: libmudflap.cth/pass37-frag.c (-static -DSTATIC) (rerun 1) output pattern test
FAIL: libmudflap.cth/pass37-frag.c (-static -DSTATIC) (rerun 2) execution test
FAIL: libmudflap.cth/pass37-frag.c (-static -DSTATIC) (rerun 2) output pattern test
FAIL: libmudflap.cth/pass37-frag.c (-static -DSTATIC) (rerun 3) execution test
FAIL: libmudflap.cth/pass37-frag.c (-static -DSTATIC) (rerun 3) output pattern test
FAIL: libmudflap.cth/pass37-frag.c (-static -DSTATIC) (rerun 4) execution test
FAIL: libmudflap.cth/pass37-frag.c (-static -DSTATIC) (rerun 4) output pattern test
FAIL: libmudflap.cth/pass37-frag.c (-static -DSTATIC) (rerun 5) execution test
FAIL: libmudflap.cth/pass37-frag.c (-static -DSTATIC) (rerun 5) output pattern test
FAIL: libmudflap.cth/pass37-frag.c (-static -DSTATIC) (rerun 6) execution test
FAIL: libmudflap.cth/pass37-frag.c (-static -DSTATIC) (rerun 6) output pattern test
FAIL: libmudflap.cth/pass37-frag.c (-static -DSTATIC) (rerun 7) execution test
FAIL: libmudflap.cth/pass37-frag.c (-static -DSTATIC) (rerun 7) output pattern test
FAIL: libmudflap.cth/pass37-frag.c (-static -DSTATIC) (rerun 8) execution test
FAIL: libmudflap.cth/pass37-frag.c (-static -DSTATIC) (rerun 8) output pattern test
FAIL: libmudflap.cth/pass37-frag.c (-static -DSTATIC) (rerun 9) execution test
FAIL: libmudflap.cth/pass37-frag.c (-static -DSTATIC) (rerun 9) output pattern test
FAIL: libmudflap.cth/pass37-frag.c (-static -DSTATIC) (rerun 10) execution test
FAIL: libmudflap.cth/pass37-frag.c (-static -DSTATIC) (rerun 10) output pattern test
FAIL: libmudflap.cth/pass37-frag.c (-static -DSTATIC) (rerun 11) execution test
FAIL: libmudflap.cth/pass37-frag.c (-static -DSTATIC) (rerun 11) output pattern test
FAIL: libmudflap.cth/pass37-frag.c (-static -DSTATIC) (rerun 12) execution test
FAIL: libmudflap.cth/pass37-frag.c (-static -DSTATIC) (rerun 12) output pattern test
FAIL: libmudflap.cth/pass37-frag.c (-static -DSTATIC) (rerun 13) execution test
FAIL: libmudflap.cth/pass37-frag.c (-static -DSTATIC) (rerun 13) output pattern test
FAIL: libmudflap.cth/pass37-frag.c (-static -DSTATIC) (rerun 14) execution test
FAIL: libmudflap.cth/pass37-frag.c (-static -DSTATIC) (rerun 14) output pattern test
FAIL: libmudflap.cth/pass37-frag.c (-static -DSTATIC) (rerun 15) execution test
FAIL: libmudflap.cth/pass37-frag.c (-static -DSTATIC) (rerun 15) output pattern test
FAIL: libmudflap.cth/pass37-frag.c (-static -DSTATIC) (rerun 16) execution test
FAIL: libmudflap.cth/pass37-frag.c (-static -DSTATIC) (rerun 16) output pattern test
FAIL: libmudflap.cth/pass37-frag.c (-static -DSTATIC) (rerun 17) execution test
FAIL: libmudflap.cth/pass37-frag.c (-static -DSTATIC) (rerun 17) output pattern test
FAIL: libmudflap.cth/pass37-frag.c (-static -DSTATIC) (rerun 18) execution test
FAIL: libmudflap.cth/pass37-frag.c (-static -DSTATIC) (rerun 18) output pattern test
FAIL: libmudflap.cth/pass37-frag.c (-static -DSTATIC) (rerun 19) execution test
FAIL: libmudflap.cth/pass37-frag.c (-static -DSTATIC) (rerun 19) output pattern test
FAIL: libmudflap.cth/pass39-frag.c (-static -DSTATIC) execution test
FAIL: libmudflap.cth/pass39-frag.c (-static -DSTATIC) output pattern test
FAIL: libmudflap.cth/pass39-frag.c (-static -DSTATIC) (rerun 1) execution test
FAIL: libmudflap.cth/pass39-frag.c (-static -DSTATIC) (rerun 1) output pattern test
FAIL: libmudflap.cth/pass39-frag.c (-static -DSTATIC) (rerun 2) execution test
FAIL: libmudflap.cth/pass39-frag.c (-static -DSTATIC) (rerun 2) output pattern test
FAIL: libmudflap.cth/pass39-frag.c (-static -DSTATIC) (rerun 3) execution test
FAIL: libmudflap.cth/pass39-frag.c (-static -DSTATIC) (rerun 3) output pattern test
FAIL: libmudflap.cth/pass39-frag.c (-static -DSTATIC) (rerun 4) execution test
FAIL: libmudflap.cth/pass39-frag.c (-static -DSTATIC) (rerun 4) output pattern test
FAIL: libmudflap.cth/pass39-frag.c (-static -DSTATIC) (rerun 5) execution test
FAIL: libmudflap.cth/pass39-frag.c (-static -DSTATIC) (rerun 5) output pattern test
FAIL: libmudflap.cth/pass39-frag.c (-static -DSTATIC) (rerun 6) execution test
FAIL: libmudflap.cth/pass39-frag.c (-static -DSTATIC) (rerun 6) output pattern test
FAIL: libmudflap.cth/pass39-frag.c (-static -DSTATIC) (rerun 7) execution test
FAIL: libmudflap.cth/pass39-frag.c (-static -DSTATIC) (rerun 7) output pattern test
FAIL: libmudflap.cth/pass39-frag.c (-static -DSTATIC) (rerun 8) execution test
FAIL: libmudflap.cth/pass39-frag.c (-static -DSTATIC) (rerun 8) output pattern test
FAIL: libmudflap.cth/pass39-frag.c (-static -DSTATIC) (rerun 9) execution test
FAIL: libmudflap.cth/pass39-frag.c (-static -DSTATIC) (rerun 9) output pattern test
FAIL: libmudflap.cth/pass39-frag.c (-static -DSTATIC) (rerun 10) execution test
FAIL: libmudflap.cth/pass39-frag.c (-static -DSTATIC) (rerun 10) output pattern test
FAIL: libmudflap.cth/pass39-frag.c (-static -DSTATIC) (rerun 11) execution test
FAIL: libmudflap.cth/pass39-frag.c (-static -DSTATIC) (rerun 11) output pattern test
FAIL: libmudflap.cth/pass39-frag.c (-static -DSTATIC) (rerun 12) execution test
FAIL: libmudflap.cth/pass39-frag.c (-static -DSTATIC) (rerun 12) output pattern test
FAIL: libmudflap.cth/pass39-frag.c (-static -DSTATIC) (rerun 13) execution test
FAIL: libmudflap.cth/pass39-frag.c (-static -DSTATIC) (rerun 13) output pattern test
FAIL: libmudflap.cth/pass39-frag.c (-static -DSTATIC) (rerun 14) execution test
FAIL: libmudflap.cth/pass39-frag.c (-static -DSTATIC) (rerun 14) output pattern test
FAIL: libmudflap.cth/pass39-frag.c (-static -DSTATIC) (rerun 15) execution test
FAIL: libmudflap.cth/pass39-frag.c (-static -DSTATIC) (rerun 15) output pattern test
FAIL: libmudflap.cth/pass39-frag.c (-static -DSTATIC) (rerun 16) execution test
FAIL: libmudflap.cth/pass39-frag.c (-static -DSTATIC) (rerun 16) output pattern test
FAIL: libmudflap.cth/pass39-frag.c (-static -DSTATIC) (rerun 17) execution test
FAIL: libmudflap.cth/pass39-frag.c (-static -DSTATIC) (rerun 17) output pattern test
FAIL: libmudflap.cth/pass39-frag.c (-static -DSTATIC) (rerun 18) execution test
FAIL: libmudflap.cth/pass39-frag.c (-static -DSTATIC) (rerun 18) output pattern test
FAIL: libmudflap.cth/pass39-frag.c (-static -DSTATIC) (rerun 19) execution test
FAIL: libmudflap.cth/pass39-frag.c (-static -DSTATIC) (rerun 19) output pattern test
FAIL: libmudflap.cth/pass40-frag.c (-static -DSTATIC) execution test
FAIL: libmudflap.cth/pass40-frag.c (-static -DSTATIC) output pattern test
FAIL: libmudflap.cth/pass59-frag.c (-static -DSTATIC) execution test
FAIL: libmudflap.cth/pass59-frag.c (-static -DSTATIC) output pattern test
=== libmudflap Summary for unix/-m32 ===
# of expected passes 1737
# of unexpected failures 89
Running target unix
FAIL: libmudflap.c++/pass41-frag.cxx execution test
FAIL: libmudflap.c++/pass41-frag.cxx (-static) execution test
FAIL: libmudflap.c++/pass41-frag.cxx ( -O) execution test
FAIL: libmudflap.c++/pass41-frag.cxx (-O2) execution test
FAIL: libmudflap.c++/pass41-frag.cxx (-O3) execution test
=== libmudflap Summary for unix ===
# of expected passes 1821
# of unexpected failures 5
=== libmudflap Summary ===
# of expected passes 3558
# of unexpected failures 94
=== libstdc++ tests ===
Running target unix/-m32
XPASS: 26_numerics/headers/cmath/c99_classification_macros_c.cc (test for excess errors)
=== libstdc++ Summary for unix/-m32 ===
# of expected passes 4840
# of unexpected successes 1
# of expected failures 28
Running target unix
XPASS: 26_numerics/headers/cmath/c99_classification_macros_c.cc (test for excess errors)
XPASS: 27_io/fpos/14320-1.cc execution test
=== libstdc++ Summary for unix ===
# of expected passes 4840
# of unexpected successes 2
# of expected failures 27
=== libstdc++ Summary ===
# of expected passes 9680
# of unexpected successes 3
# of expected failures 55
Compiler version: 4.3.0 20070319 (experimental) [trunk revision 123067]
Platform: x86_64-unknown-linux-gnu
configure flags: --enable-clocale=gnu --with-system-zlib --enable-decimal-float=bid --with-demangler-in-ld --enable-shared --enable-threads=posix --enable-haifa --enable-checking=assert --prefix=/usr/gcc-4.3 --with-local-prefix=/usr/local
More information about the Gcc-testresults
mailing list