Results for 4.3.0 20070315 (experimental) testsuite on hppa-unknown-linux-gnu
John David Anglin
dave@mx3210.hia.nrc.ca
Fri Mar 16 23:02:00 GMT 2007
LAST_UPDATED: Thu Mar 15 22:40:51 UTC 2007 (revision 122961)
=== acats tests ===
FAIL: c37215h
FAIL: c41307d
FAIL: c85006c
FAIL: c85006e
FAIL: c940013
FAIL: cd10002
FAIL: cxaa018
FAIL: cxh1001
=== acats Summary ===
# of expected passes 2307
# of unexpected failures 8
Native configuration is hppa-unknown-linux-gnu
=== g++ tests ===
Running target unix
WARNING: program timed out.
FAIL: g++.dg/eh/cleanup1.C (test for excess errors)
WARNING: program timed out.
FAIL: g++.dg/opt/longbranch1.C (test for excess errors)
XPASS: g++.dg/tree-ssa/ivopts-1.C scan-tree-dump-not offset: -4B
XPASS: g++.dg/tree-ssa/ivopts-1.C scan-tree-dump-not &x\\[5\\]
FAIL: g++.dg/warn/Warray-bounds.C (internal compiler error)
FAIL: g++.dg/warn/Warray-bounds.C (test for excess errors)
=== g++ Summary ===
# of expected passes 14127
# of unexpected failures 4
# of unexpected successes 2
# of expected failures 80
# of unsupported tests 136
/home/dave/gnu/gcc-4.3/objdir/gcc/testsuite/g++/../../g++ version 4.3.0 20070315 (experimental)
=== gcc tests ===
Running target unix
WARNING: program timed out.
FAIL: gcc.c-torture/compile/20001226-1.c -O1 (test for excess errors)
WARNING: program timed out.
FAIL: gcc.c-torture/compile/20001226-1.c -O2 (test for excess errors)
WARNING: program timed out.
FAIL: gcc.c-torture/compile/20001226-1.c -O3 -fomit-frame-pointer (test for excess errors)
WARNING: program timed out.
FAIL: gcc.c-torture/compile/20001226-1.c -O3 -g (test for excess errors)
WARNING: program timed out.
FAIL: gcc.c-torture/compile/20001226-1.c -Os (test for excess errors)
FAIL: gcc.c-torture/execute/mayalias-2.c compilation, -O3 -g (internal compiler error)
UNRESOLVED: gcc.c-torture/execute/mayalias-2.c execution, -O3 -g
FAIL: gcc.c-torture/execute/mayalias-3.c compilation, -O3 -g (internal compiler error)
UNRESOLVED: gcc.c-torture/execute/mayalias-3.c execution, -O3 -g
FAIL: gcc.dg/Warray-bounds.c (internal compiler error)
FAIL: gcc.dg/Warray-bounds.c (test for excess errors)
FAIL: gcc.dg/pr18792.c (internal compiler error)
FAIL: gcc.dg/pr18792.c (test for excess errors)
FAIL: gcc.dg/pr23625.c (internal compiler error)
FAIL: gcc.dg/pr23625.c (test for excess errors)
FAIL: gcc.dg/pr29330.c (internal compiler error)
FAIL: gcc.dg/pr29330.c (test for excess errors)
FAIL: gcc.dg/pr29581-1.c (internal compiler error)
FAIL: gcc.dg/pr29581-1.c (test for excess errors)
UNRESOLVED: gcc.dg/pr29581-1.c compilation failed to produce executable
FAIL: gcc.dg/pr29581-2.c (internal compiler error)
FAIL: gcc.dg/pr29581-2.c (test for excess errors)
UNRESOLVED: gcc.dg/pr29581-2.c compilation failed to produce executable
FAIL: gcc.dg/pr29581-3.c (internal compiler error)
FAIL: gcc.dg/pr29581-3.c (test for excess errors)
UNRESOLVED: gcc.dg/pr29581-3.c compilation failed to produce executable
FAIL: gcc.dg/pr29581-4.c (internal compiler error)
FAIL: gcc.dg/pr29581-4.c (test for excess errors)
UNRESOLVED: gcc.dg/pr29581-4.c compilation failed to produce executable
FAIL: gcc.dg/ssp-1.c (test for excess errors)
UNRESOLVED: gcc.dg/ssp-1.c compilation failed to produce executable
FAIL: gcc.dg/ssp-2.c (test for excess errors)
UNRESOLVED: gcc.dg/ssp-2.c compilation failed to produce executable
FAIL: gcc.dg/noncompile/pr16876.c -O0 (test for errors, line 10)
FAIL: gcc.dg/noncompile/pr16876.c -O1 (test for errors, line 10)
FAIL: gcc.dg/noncompile/pr16876.c -O2 (test for errors, line 10)
FAIL: gcc.dg/noncompile/pr16876.c -O3 -fomit-frame-pointer (test for errors, line 10)
FAIL: gcc.dg/noncompile/pr16876.c -O3 -g (test for errors, line 10)
FAIL: gcc.dg/noncompile/pr16876.c -Os (test for errors, line 10)
FAIL: gcc.dg/torture/builtin-pow-mpfr-1.c -O0 scan-tree-dump pow
FAIL: gcc.dg/torture/builtin-pow-mpfr-1.c -O1 scan-tree-dump pow
FAIL: gcc.dg/torture/builtin-pow-mpfr-1.c -O2 scan-tree-dump pow
FAIL: gcc.dg/torture/builtin-pow-mpfr-1.c -O3 -fomit-frame-pointer scan-tree-dump pow
FAIL: gcc.dg/torture/builtin-pow-mpfr-1.c -O3 -g scan-tree-dump pow
FAIL: gcc.dg/torture/builtin-pow-mpfr-1.c -Os scan-tree-dump pow
FAIL: gcc.dg/tree-ssa/20041110-1.c (internal compiler error)
FAIL: gcc.dg/tree-ssa/20041110-1.c (test for excess errors)
FAIL: gcc.dg/tree-ssa/loadpre1.c scan-tree-dump-times Eliminated: 1 1
XPASS: gcc.dg/tree-ssa/loop-1.c scan-assembler-times foo 5
FAIL: gcc.dg/tree-ssa/ltrans-1.c (internal compiler error)
FAIL: gcc.dg/tree-ssa/ltrans-1.c (test for excess errors)
FAIL: gcc.dg/tree-ssa/ltrans-1.c scan-tree-dump-times converted loop nest to perfect loop nest 1
FAIL: gcc.dg/tree-ssa/ltrans-1.c scan-tree-dump-times transformed loop 1
FAIL: gcc.dg/tree-ssa/ltrans-3.c (internal compiler error)
FAIL: gcc.dg/tree-ssa/ltrans-3.c (test for excess errors)
FAIL: gcc.dg/tree-ssa/ltrans-3.c scan-tree-dump-times transformed loop 1
FAIL: gcc.dg/tree-ssa/ltrans-4.c (internal compiler error)
FAIL: gcc.dg/tree-ssa/ltrans-4.c (test for excess errors)
FAIL: gcc.dg/tree-ssa/ltrans-4.c scan-tree-dump-times transformed loop 1
FAIL: gcc.dg/tree-ssa/ltrans-5.c (internal compiler error)
FAIL: gcc.dg/tree-ssa/ltrans-5.c (test for excess errors)
FAIL: gcc.dg/tree-ssa/ltrans-5.c scan-tree-dump-times transformed loop 1
FAIL: gcc.dg/tree-ssa/ltrans-8.c (internal compiler error)
FAIL: gcc.dg/tree-ssa/ltrans-8.c (test for excess errors)
FAIL: gcc.dg/tree-ssa/ltrans-8.c scan-tree-dump-times transformed loop 1
FAIL: gcc.dg/tree-ssa/pr20256.c (internal compiler error)
FAIL: gcc.dg/tree-ssa/pr20256.c (test for excess errors)
FAIL: gcc.dg/tree-ssa/pr26435.c (internal compiler error)
FAIL: gcc.dg/tree-ssa/pr26435.c (test for excess errors)
XPASS: gcc.dg/tree-ssa/update-threading.c scan-tree-dump-times Invalid sum 0
=== gcc Summary ===
# of expected passes 41841
# of unexpected failures 60
# of unexpected successes 2
# of expected failures 77
# of unresolved testcases 8
# of untested testcases 28
# of unsupported tests 409
/home/dave/gnu/gcc-4.3/objdir/gcc/xgcc version 4.3.0 20070315 (experimental)
=== gfortran tests ===
Running target unix
FAIL: gfortran.dg/loop_nest_1.f90 -O (internal compiler error)
FAIL: gfortran.dg/loop_nest_1.f90 -O (test for excess errors)
FAIL: gfortran.dg/pr29581.f90 -O0 (internal compiler error)
FAIL: gfortran.dg/pr29581.f90 -O0 (test for excess errors)
UNRESOLVED: gfortran.dg/pr29581.f90 -O0 compilation failed to produce executable
FAIL: gfortran.dg/pr29581.f90 -O1 (internal compiler error)
FAIL: gfortran.dg/pr29581.f90 -O1 (test for excess errors)
UNRESOLVED: gfortran.dg/pr29581.f90 -O1 compilation failed to produce executable
FAIL: gfortran.dg/pr29581.f90 -O2 (internal compiler error)
FAIL: gfortran.dg/pr29581.f90 -O2 (test for excess errors)
UNRESOLVED: gfortran.dg/pr29581.f90 -O2 compilation failed to produce executable
FAIL: gfortran.dg/pr29581.f90 -O3 -fomit-frame-pointer (internal compiler error)
FAIL: gfortran.dg/pr29581.f90 -O3 -fomit-frame-pointer (test for excess errors)
UNRESOLVED: gfortran.dg/pr29581.f90 -O3 -fomit-frame-pointer compilation failed to produce executable
FAIL: gfortran.dg/pr29581.f90 -O3 -fomit-frame-pointer -funroll-loops (internal compiler error)
FAIL: gfortran.dg/pr29581.f90 -O3 -fomit-frame-pointer -funroll-loops (test for excess errors)
UNRESOLVED: gfortran.dg/pr29581.f90 -O3 -fomit-frame-pointer -funroll-loops compilation failed to produce executable
FAIL: gfortran.dg/pr29581.f90 -O3 -fomit-frame-pointer -funroll-all-loops -finline-functions (internal compiler error)
FAIL: gfortran.dg/pr29581.f90 -O3 -fomit-frame-pointer -funroll-all-loops -finline-functions (test for excess errors)
UNRESOLVED: gfortran.dg/pr29581.f90 -O3 -fomit-frame-pointer -funroll-all-loops -finline-functions compilation failed to produce executable
FAIL: gfortran.dg/pr29581.f90 -O3 -g (internal compiler error)
FAIL: gfortran.dg/pr29581.f90 -O3 -g (test for excess errors)
UNRESOLVED: gfortran.dg/pr29581.f90 -O3 -g compilation failed to produce executable
FAIL: gfortran.dg/pr29581.f90 -Os (internal compiler error)
FAIL: gfortran.dg/pr29581.f90 -Os (test for excess errors)
UNRESOLVED: gfortran.dg/pr29581.f90 -Os compilation failed to produce executable
=== gfortran Summary ===
# of expected passes 16382
# of unexpected failures 18
# of expected failures 6
# of unresolved testcases 8
# of unsupported tests 106
/home/dave/gnu/gcc-4.3/objdir/gcc/testsuite/gfortran/../../gfortran version 4.3.0 20070315 (experimental)
=== gnat tests ===
Running target unix
FAIL: gnat.dg/address_conversion.adb execution test
=== gnat Summary ===
# of expected passes 121
# of unexpected failures 1
=== objc tests ===
Running target unix
=== objc Summary ===
# of expected passes 1796
# of expected failures 7
# of unsupported tests 24
/home/dave/gnu/gcc-4.3/objdir/gcc/xgcc version 4.3.0 20070315 (experimental)
=== libffi tests ===
Running target unix
=== libffi Summary ===
# of expected passes 1096
# of unsupported tests 8
=== libgomp tests ===
Running target unix
=== libgomp Summary ===
# of expected passes 1550
# of unsupported tests 9
=== libjava tests ===
Running target unix
=== libjava Summary ===
# of expected passes 2500
=== libmudflap tests ===
Running target unix
FAIL: libmudflap.c++/pass41-frag.cxx execution test
FAIL: libmudflap.c++/pass41-frag.cxx (-static) execution test
FAIL: libmudflap.c++/pass41-frag.cxx ( -O) execution test
FAIL: libmudflap.c++/pass41-frag.cxx (-O2) execution test
FAIL: libmudflap.c++/pass41-frag.cxx (-O3) execution test
WARNING: program timed out.
FAIL: libmudflap.cth/pass40-frag.c execution test
FAIL: libmudflap.cth/pass40-frag.c output pattern test
WARNING: program timed out.
FAIL: libmudflap.cth/pass40-frag.c (-static -DSTATIC) execution test
FAIL: libmudflap.cth/pass40-frag.c (-static -DSTATIC) output pattern test
WARNING: program timed out.
FAIL: libmudflap.cth/pass40-frag.c (-O2) execution test
FAIL: libmudflap.cth/pass40-frag.c (-O2) output pattern test
WARNING: program timed out.
FAIL: libmudflap.cth/pass40-frag.c (-O3) execution test
FAIL: libmudflap.cth/pass40-frag.c (-O3) output pattern test
=== libmudflap Summary ===
# of expected passes 1813
# of unexpected failures 13
=== libstdc++ tests ===
Running target unix
XPASS: 26_numerics/headers/cmath/c99_classification_macros_c.cc (test for excess errors)
WARNING: program timed out.
FAIL: thread/pthread7-rope.cc execution test
=== libstdc++ Summary ===
# of expected passes 4067
# of unexpected failures 1
# of unexpected successes 1
# of expected failures 28
# of unsupported tests 316
Compiler version: 4.3.0 20070315 (experimental)
Platform: hppa-unknown-linux-gnu
configure flags: --with-gnu-as --with-gnu-ld --enable-shared --prefix=/home/dave/opt/gnu/gcc/gcc-4.3.0 --with-local-prefix=/home/dave/opt/gnu --enable-threads=posix --enable-__cxa_atexit --build=hppa-linux --enable-clocale=gnu --enable-java-gc=boehm --enable-java-awt=xlib --enable-languages=c,c++,objc,fortran,java,ada
More information about the Gcc-testresults
mailing list