Results for 4.3.0 20070316 (experimental) testsuite on i686-pc-linux-gnu
Weidong Cui
mason.cui@gmail.com
Fri Mar 16 12:38:00 GMT 2007
LAST_UPDATED: Fri Mar 16 03:38:14 UTC 2007 (revision 122975)
Native configuration is i686-pc-linux-gnu
=== gcc tests ===
Running target unix
FAIL: gcc.c-torture/execute/mayalias-2.c compilation, -O3 -g (internal compiler error)
UNRESOLVED: gcc.c-torture/execute/mayalias-2.c execution, -O3 -g
FAIL: gcc.c-torture/execute/mayalias-3.c compilation, -O3 -g (internal compiler error)
UNRESOLVED: gcc.c-torture/execute/mayalias-3.c execution, -O3 -g
FAIL: gcc.dg/pr18792.c (internal compiler error)
FAIL: gcc.dg/pr18792.c (test for excess errors)
FAIL: gcc.dg/pr23625.c (internal compiler error)
FAIL: gcc.dg/pr23625.c (test for excess errors)
FAIL: gcc.dg/pr29330.c (internal compiler error)
FAIL: gcc.dg/pr29330.c (test for excess errors)
FAIL: gcc.dg/pr29581-1.c (internal compiler error)
FAIL: gcc.dg/pr29581-1.c (test for excess errors)
UNRESOLVED: gcc.dg/pr29581-1.c compilation failed to produce executable
FAIL: gcc.dg/pr29581-2.c (internal compiler error)
FAIL: gcc.dg/pr29581-2.c (test for excess errors)
UNRESOLVED: gcc.dg/pr29581-2.c compilation failed to produce executable
FAIL: gcc.dg/pr29581-3.c (internal compiler error)
FAIL: gcc.dg/pr29581-3.c (test for excess errors)
UNRESOLVED: gcc.dg/pr29581-3.c compilation failed to produce executable
FAIL: gcc.dg/pr29581-4.c (internal compiler error)
FAIL: gcc.dg/pr29581-4.c (test for excess errors)
UNRESOLVED: gcc.dg/pr29581-4.c compilation failed to produce executable
FAIL: gcc.dg/ssp-1.c (test for excess errors)
UNRESOLVED: gcc.dg/ssp-1.c compilation failed to produce executable
FAIL: gcc.dg/ssp-2.c (test for excess errors)
UNRESOLVED: gcc.dg/ssp-2.c compilation failed to produce executable
FAIL: gcc.dg/torture/builtin-pow-mpfr-1.c -O0 scan-tree-dump pow
FAIL: gcc.dg/torture/builtin-pow-mpfr-1.c -O1 scan-tree-dump pow
FAIL: gcc.dg/torture/builtin-pow-mpfr-1.c -O2 scan-tree-dump pow
FAIL: gcc.dg/torture/builtin-pow-mpfr-1.c -O3 -fomit-frame-pointer scan-tree-dump pow
FAIL: gcc.dg/torture/builtin-pow-mpfr-1.c -O3 -g scan-tree-dump pow
FAIL: gcc.dg/torture/builtin-pow-mpfr-1.c -Os scan-tree-dump pow
FAIL: gcc.dg/tree-ssa/20041110-1.c (internal compiler error)
FAIL: gcc.dg/tree-ssa/20041110-1.c (test for excess errors)
FAIL: gcc.dg/tree-ssa/loadpre1.c scan-tree-dump-times Eliminated: 1 1
FAIL: gcc.dg/tree-ssa/ltrans-1.c (internal compiler error)
FAIL: gcc.dg/tree-ssa/ltrans-1.c (test for excess errors)
FAIL: gcc.dg/tree-ssa/ltrans-1.c scan-tree-dump-times converted loop nest to perfect loop nest 1
FAIL: gcc.dg/tree-ssa/ltrans-1.c scan-tree-dump-times transformed loop 1
FAIL: gcc.dg/tree-ssa/ltrans-3.c (internal compiler error)
FAIL: gcc.dg/tree-ssa/ltrans-3.c (test for excess errors)
FAIL: gcc.dg/tree-ssa/ltrans-3.c scan-tree-dump-times transformed loop 1
FAIL: gcc.dg/tree-ssa/ltrans-4.c (internal compiler error)
FAIL: gcc.dg/tree-ssa/ltrans-4.c (test for excess errors)
FAIL: gcc.dg/tree-ssa/ltrans-4.c scan-tree-dump-times transformed loop 1
FAIL: gcc.dg/tree-ssa/ltrans-5.c (internal compiler error)
FAIL: gcc.dg/tree-ssa/ltrans-5.c (test for excess errors)
FAIL: gcc.dg/tree-ssa/ltrans-5.c scan-tree-dump-times transformed loop 1
FAIL: gcc.dg/tree-ssa/ltrans-8.c (internal compiler error)
FAIL: gcc.dg/tree-ssa/ltrans-8.c (test for excess errors)
FAIL: gcc.dg/tree-ssa/ltrans-8.c scan-tree-dump-times transformed loop 1
FAIL: gcc.dg/tree-ssa/pr20256.c (internal compiler error)
FAIL: gcc.dg/tree-ssa/pr20256.c (test for excess errors)
FAIL: gcc.dg/tree-ssa/pr26435.c (internal compiler error)
FAIL: gcc.dg/tree-ssa/pr26435.c (test for excess errors)
XPASS: gcc.dg/tree-ssa/update-threading.c scan-tree-dump-times Invalid sum 0
FAIL: gcc.target/i386/sse4a-extract.c (test for excess errors)
UNRESOLVED: gcc.target/i386/sse4a-extract.c compilation failed to produce executable
FAIL: gcc.target/i386/sse4a-insert.c (test for excess errors)
UNRESOLVED: gcc.target/i386/sse4a-insert.c compilation failed to produce executable
FAIL: gcc.target/i386/sse4a-montsd.c (test for excess errors)
UNRESOLVED: gcc.target/i386/sse4a-montsd.c compilation failed to produce executable
FAIL: gcc.target/i386/sse4a-montss.c (test for excess errors)
UNRESOLVED: gcc.target/i386/sse4a-montss.c compilation failed to produce executable
FAIL: gcc.target/i386/ssefp-2.c scan-assembler maxsd
=== gcc Summary ===
# of expected passes 43602
# of unexpected failures 52
# of unexpected successes 1
# of expected failures 115
# of unresolved testcases 12
# of untested testcases 28
# of unsupported tests 303
/home/cuiwd/gcc4/b2/gcc/xgcc version 4.3.0 20070316 (experimental)
=== gfortran tests ===
Running target unix
FAIL: gfortran.dg/loop_nest_1.f90 -O (internal compiler error)
FAIL: gfortran.dg/loop_nest_1.f90 -O (test for excess errors)
FAIL: gfortran.dg/pr29581.f90 -O0 (internal compiler error)
FAIL: gfortran.dg/pr29581.f90 -O0 (test for excess errors)
UNRESOLVED: gfortran.dg/pr29581.f90 -O0 compilation failed to produce executable
FAIL: gfortran.dg/pr29581.f90 -O1 (internal compiler error)
FAIL: gfortran.dg/pr29581.f90 -O1 (test for excess errors)
UNRESOLVED: gfortran.dg/pr29581.f90 -O1 compilation failed to produce executable
FAIL: gfortran.dg/pr29581.f90 -O2 (internal compiler error)
FAIL: gfortran.dg/pr29581.f90 -O2 (test for excess errors)
UNRESOLVED: gfortran.dg/pr29581.f90 -O2 compilation failed to produce executable
FAIL: gfortran.dg/pr29581.f90 -O3 -fomit-frame-pointer (internal compiler error)
FAIL: gfortran.dg/pr29581.f90 -O3 -fomit-frame-pointer (test for excess errors)
UNRESOLVED: gfortran.dg/pr29581.f90 -O3 -fomit-frame-pointer compilation failed to produce executable
FAIL: gfortran.dg/pr29581.f90 -O3 -fomit-frame-pointer -funroll-loops (internal compiler error)
FAIL: gfortran.dg/pr29581.f90 -O3 -fomit-frame-pointer -funroll-loops (test for excess errors)
UNRESOLVED: gfortran.dg/pr29581.f90 -O3 -fomit-frame-pointer -funroll-loops compilation failed to produce executable
FAIL: gfortran.dg/pr29581.f90 -O3 -fomit-frame-pointer -funroll-all-loops -finline-functions (internal compiler error)
FAIL: gfortran.dg/pr29581.f90 -O3 -fomit-frame-pointer -funroll-all-loops -finline-functions (test for excess errors)
UNRESOLVED: gfortran.dg/pr29581.f90 -O3 -fomit-frame-pointer -funroll-all-loops -finline-functions compilation failed to produce executable
FAIL: gfortran.dg/pr29581.f90 -O3 -g (internal compiler error)
FAIL: gfortran.dg/pr29581.f90 -O3 -g (test for excess errors)
UNRESOLVED: gfortran.dg/pr29581.f90 -O3 -g compilation failed to produce executable
FAIL: gfortran.dg/pr29581.f90 -Os (internal compiler error)
FAIL: gfortran.dg/pr29581.f90 -Os (test for excess errors)
UNRESOLVED: gfortran.dg/pr29581.f90 -Os compilation failed to produce executable
=== gfortran Summary ===
# of expected passes 16623
# of unexpected failures 18
# of expected failures 7
# of unresolved testcases 8
# of unsupported tests 16
/home/cuiwd/gcc4/b2/gcc/testsuite/gfortran/../../gfortran version 4.3.0 20070316 (experimental)
=== g++ tests ===
Running target unix
XPASS: g++.dg/tree-ssa/ivopts-1.C scan-tree-dump-not offset: -4B
XPASS: g++.dg/tree-ssa/ivopts-1.C scan-tree-dump-not &x\\[5\\]
=== g++ Summary ===
# of expected passes 14304
# of unexpected successes 2
# of expected failures 80
# of unsupported tests 80
/home/cuiwd/gcc4/b2/gcc/testsuite/g++/../../g++ version 4.3.0 20070316 (experimental)
=== objc tests ===
Running target unix
=== objc Summary ===
# of expected passes 1796
# of expected failures 7
# of unsupported tests 24
/home/cuiwd/gcc4/b2/gcc/xgcc version 4.3.0 20070316 (experimental)
=== libffi tests ===
Running target unix
FAIL: libffi.call/return_fl2.c -O0 -W -Wall execution test
FAIL: libffi.call/return_fl2.c -O2 execution test
FAIL: libffi.call/return_fl2.c -O3 execution test
FAIL: libffi.call/return_fl2.c -Os execution test
=== libffi Summary ===
# of expected passes 1092
# of unexpected failures 4
# of unsupported tests 8
=== libgomp tests ===
Running target unix
=== libgomp Summary ===
# of expected passes 1566
=== libjava tests ===
Running target unix
=== libjava Summary ===
# of expected passes 2500
=== libmudflap tests ===
Running target unix
FAIL: libmudflap.c++/pass41-frag.cxx execution test
FAIL: libmudflap.c++/pass41-frag.cxx (-static) execution test
FAIL: libmudflap.c++/pass41-frag.cxx ( -O) execution test
FAIL: libmudflap.c++/pass41-frag.cxx (-O2) execution test
FAIL: libmudflap.c++/pass41-frag.cxx (-O3) execution test
=== libmudflap Summary ===
# of expected passes 1821
# of unexpected failures 5
=== libstdc++ tests ===
Running target unix
FAIL: 22_locale/messages/members/char/1.cc execution test
FAIL: 22_locale/messages/members/char/2.cc execution test
FAIL: 22_locale/messages/members/char/wrapped_env.cc execution test
FAIL: 22_locale/messages/members/char/wrapped_locale.cc execution test
FAIL: 22_locale/messages_byname/named_equivalence.cc execution test
FAIL: 22_locale/time_get/get_date/wchar_t/4.cc execution test
XPASS: 26_numerics/headers/cmath/c99_classification_macros_c.cc (test for excess errors)
=== libstdc++ Summary ===
# of expected passes 4694
# of unexpected failures 6
# of unexpected successes 1
# of expected failures 28
Compiler version: 4.3.0 20070316 (experimental)
Platform: i686-pc-linux-gnu
configure flags: --prefix=/home/cuiwd/gcc4/ins --with-gnu-as --with-as=/mnt/beier/home/cuiwd/binutils-217/bin/as --with-gnu-ld --with-ld=/mnt/beier/home/cuiwd/binutils-217/bin/ld --with-mpfr=/mnt/beier/home/cuiwd/mpfr221 --with-gmp=/mnt/beier/usr/local --enable-clocale=gnu --enable-threads=posix --enable-_cxa_atexit
More information about the Gcc-testresults
mailing list