Results for 4.3.0 20070310 (experimental) testsuite on sh4-unknown-linux-gnu
Kaz Kojima
kkojima@rr.iij4u.or.jp
Sat Mar 10 21:49:00 GMT 2007
Remote host: linux 2.6.12 sh4
GNU C Library version 2.3.5
LAST_UPDATED: Sat Mar 10 07:05:03 UTC 2007 (revision 122792)
Target is sh4-unknown-linux-gnu
Host is i686-pc-linux-gnu
=== g++ tests ===
Running target unix
WARNING: Assuming target board is the local machine (which is probably wrong).
FAIL: g++.dg/warn/Wlogical-op-1.C (test for warnings, line 31)
FAIL: g++.dg/warn/Wlogical-op-1.C (test for warnings, line 33)
FAIL: g++.dg/warn/Wlogical-op-1.C (test for warnings, line 77)
FAIL: g++.dg/warn/Wlogical-op-1.C (test for warnings, line 79)
FAIL: g++.dg/warn/Wlogical-op-1.C (test for excess errors)
=== g++ Summary ===
# of expected passes 14179
# of unexpected failures 5
# of expected failures 80
# of unsupported tests 129
/exp/ldroot/dodes/xsh-gcc-orig/gcc/testsuite/g++/../../g++ version 4.3.0 20070310 (experimental)
Host is i686-pc-linux-gnu
=== gcc tests ===
Running target unix
WARNING: Assuming target board is the local machine (which is probably wrong).
FAIL: gcc.c-torture/execute/builtin-prefetch-6.c execution, -O0
FAIL: gcc.c-torture/execute/builtin-prefetch-6.c execution, -O1
FAIL: gcc.c-torture/execute/builtin-prefetch-6.c execution, -O2
FAIL: gcc.c-torture/execute/builtin-prefetch-6.c execution, -O3 -fomit-frame-pointer
FAIL: gcc.c-torture/execute/builtin-prefetch-6.c execution, -O3 -fomit-frame-pointer -funroll-loops
FAIL: gcc.c-torture/execute/builtin-prefetch-6.c execution, -O3 -fomit-frame-pointer -funroll-all-loops -finline-functions
FAIL: gcc.c-torture/execute/builtin-prefetch-6.c execution, -O3 -g
FAIL: gcc.c-torture/execute/builtin-prefetch-6.c execution, -Os
FAIL: gcc.c-torture/execute/mayalias-2.c compilation, -O3 -g (internal compiler error)
UNRESOLVED: gcc.c-torture/execute/mayalias-2.c execution, -O3 -g
FAIL: gcc.c-torture/execute/mayalias-3.c compilation, -O3 -g (internal compiler error)
UNRESOLVED: gcc.c-torture/execute/mayalias-3.c execution, -O3 -g
FAIL: gcc.dg/Wlogical-op-1.c (test for warnings, line 17)
FAIL: gcc.dg/Wlogical-op-1.c (test for warnings, line 20)
FAIL: gcc.dg/Wlogical-op-1.c (test for warnings, line 23)
FAIL: gcc.dg/Wlogical-op-1.c (test for warnings, line 26)
FAIL: gcc.dg/Wlogical-op-1.c (test for warnings, line 29)
FAIL: gcc.dg/Wlogical-op-1.c (test for warnings, line 36)
FAIL: gcc.dg/Wlogical-op-1.c (test for warnings, line 39)
FAIL: gcc.dg/Wlogical-op-1.c (test for warnings, line 42)
FAIL: gcc.dg/Wlogical-op-1.c (test for warnings, line 45)
FAIL: gcc.dg/Wlogical-op-1.c (test for warnings, line 64)
FAIL: gcc.dg/Wlogical-op-1.c (test for warnings, line 67)
FAIL: gcc.dg/Wlogical-op-1.c (test for warnings, line 70)
FAIL: gcc.dg/Wlogical-op-1.c (test for warnings, line 73)
FAIL: gcc.dg/Wlogical-op-1.c (test for warnings, line 76)
FAIL: gcc.dg/Wlogical-op-1.c (test for warnings, line 83)
FAIL: gcc.dg/Wlogical-op-1.c (test for warnings, line 86)
FAIL: gcc.dg/Wlogical-op-1.c (test for warnings, line 89)
FAIL: gcc.dg/Wlogical-op-1.c (test for warnings, line 92)
FAIL: gcc.dg/Wlogical-op-1.c (test for excess errors)
FAIL: gcc.dg/memcpy-1.c scan-tree-dump-times nasty_local 0
FAIL: gcc.dg/sh-relax.c execution test
FAIL: gcc.dg/tree-ssa/loadpre1.c scan-tree-dump-times Eliminated: 1 1
XPASS: gcc.dg/tree-ssa/update-threading.c scan-tree-dump-times Invalid sum 0
=== gcc Summary ===
# of expected passes 41926
# of unexpected failures 32
# of unexpected successes 1
# of expected failures 79
# of unresolved testcases 2
# of untested testcases 28
# of unsupported tests 382
/exp/ldroot/dodes/xsh-gcc-orig/gcc/xgcc version 4.3.0 20070310 (experimental)
Host is i686-pc-linux-gnu
=== gfortran tests ===
Running target unix
WARNING: Assuming target board is the local machine (which is probably wrong).
FAIL: gfortran.dg/common_5.f -O (test for warnings, line 6)
FAIL: gfortran.dg/csqrt_2.f -O0 execution test
FAIL: gfortran.dg/csqrt_2.f -O1 execution test
FAIL: gfortran.dg/csqrt_2.f -O2 execution test
FAIL: gfortran.dg/csqrt_2.f -O3 -fomit-frame-pointer execution test
FAIL: gfortran.dg/csqrt_2.f -O3 -fomit-frame-pointer -funroll-loops execution test
FAIL: gfortran.dg/csqrt_2.f -O3 -fomit-frame-pointer -funroll-all-loops -finline-functions execution test
FAIL: gfortran.dg/csqrt_2.f -O3 -g execution test
FAIL: gfortran.dg/csqrt_2.f -Os execution test
FAIL: gfortran.dg/nearest_1.f90 -O0 execution test
FAIL: gfortran.dg/nearest_1.f90 -O1 execution test
FAIL: gfortran.dg/nearest_1.f90 -O2 execution test
FAIL: gfortran.dg/nearest_1.f90 -O3 -fomit-frame-pointer execution test
FAIL: gfortran.dg/nearest_1.f90 -O3 -fomit-frame-pointer -funroll-loops execution test
FAIL: gfortran.dg/nearest_1.f90 -O3 -fomit-frame-pointer -funroll-all-loops -finline-functions execution test
FAIL: gfortran.dg/nearest_1.f90 -O3 -g execution test
FAIL: gfortran.dg/nearest_1.f90 -Os execution test
FAIL: gfortran.dg/value_4.f90 -O0 execution test
FAIL: gfortran.dg/value_4.f90 -O1 execution test
FAIL: gfortran.dg/value_4.f90 -O2 execution test
FAIL: gfortran.dg/value_4.f90 -O3 -fomit-frame-pointer execution test
FAIL: gfortran.dg/value_4.f90 -O3 -fomit-frame-pointer -funroll-loops execution test
FAIL: gfortran.dg/value_4.f90 -O3 -fomit-frame-pointer -funroll-all-loops -finline-functions execution test
FAIL: gfortran.dg/value_4.f90 -O3 -g execution test
FAIL: gfortran.dg/value_4.f90 -Os execution test
FAIL: gfortran.fortran-torture/execute/forall_3.f90 execution, -O3 -fomit-frame-pointer
FAIL: gfortran.fortran-torture/execute/forall_3.f90 execution, -O3 -fomit-frame-pointer -funroll-loops
FAIL: gfortran.fortran-torture/execute/forall_3.f90 execution, -O3 -fomit-frame-pointer -funroll-all-loops -finline-functions
=== gfortran Summary ===
# of expected passes 16387
# of unexpected failures 28
# of expected failures 6
# of unsupported tests 100
/exp/ldroot/dodes/xsh-gcc-orig/gcc/testsuite/gfortran/../../gfortran version 4.3.0 20070310 (experimental)
Host is i686-pc-linux-gnu
=== objc tests ===
Running target unix
WARNING: Assuming target board is the local machine (which is probably wrong).
=== objc Summary ===
# of expected passes 1796
# of expected failures 7
# of unsupported tests 24
/exp/ldroot/dodes/xsh-gcc-orig/gcc/xgcc version 4.3.0 20070310 (experimental)
Host is sh4-unknown-linux-gnu
=== libffi tests ===
Running target unix
WARNING: Assuming target board is the local machine (which is probably wrong).
=== libffi Summary ===
# of expected passes 1096
# of unsupported tests 8
Host is sh4-unknown-linux-gnu
=== libgomp tests ===
Running target unix
WARNING: Assuming target board is the local machine (which is probably wrong).
=== libgomp Summary ===
# of expected passes 1552
# of unsupported tests 7
Host is sh4-unknown-linux-gnu
=== libjava tests ===
Running target unix
WARNING: Assuming target board is the local machine (which is probably wrong).
FAIL: PR26858 -O3 execution - source compiled test
FAIL: StackTrace2 -O3 execution - source compiled test
FAIL: StackTrace2 -O3 -findirect-dispatch execution - source compiled test
FAIL: Throw_3 -O3 execution - source compiled test
FAIL: Throw_3 -O3 -findirect-dispatch execution - source compiled test
=== libjava Summary ===
# of expected passes 2323
# of unexpected failures 5
# of untested testcases 9
Host is sh4-unknown-linux-gnu
=== libmudflap tests ===
Running target unix
WARNING: Assuming target board is the local machine (which is probably wrong).
FAIL: libmudflap.c++/pass41-frag.cxx execution test
FAIL: libmudflap.c++/pass41-frag.cxx (-static) execution test
FAIL: libmudflap.c++/pass41-frag.cxx ( -O) execution test
FAIL: libmudflap.c++/pass41-frag.cxx (-O2) execution test
FAIL: libmudflap.c++/pass41-frag.cxx (-O3) execution test
=== libmudflap Summary ===
# of expected passes 1821
# of unexpected failures 5
Host is sh4-unknown-linux-gnu
=== libstdc++ tests ===
Running target unix
WARNING: Assuming target board is the local machine (which is probably wrong).
FAIL: 25_algorithms/partial_sort_copy/1.cc execution test
XPASS: 26_numerics/headers/cmath/c99_classification_macros_c.cc (test for excess errors)
FAIL: ext/pb_ds/regression/priority_queue_rand.cc (test for excess errors)
WARNING: ext/pb_ds/regression/priority_queue_rand.cc compilation failed to produce executable
=== libstdc++ Summary ===
# of expected passes 4655
# of unexpected failures 2
# of unexpected successes 1
# of expected failures 28
# of unsupported tests 2
Compiler version: 4.3.0 20070310 (experimental)
Platform: sh4-unknown-linux-gnu
configure flags: --host=i686-pc-linux-gnu --target=sh4-unknown-linux-gnu --enable-shared --enable-threads=posix --enable-clocale=gnu --enable-libgcj --with-ld=/usr/local/bin/sh4-unknown-linux-gnu-ld --with-as=/usr/local/bin/sh4-unknown-linux-gnu-as --with-sysroot=/exp/ldroot --enable-languages=c,c++,fortran,java,objc
More information about the Gcc-testresults
mailing list