Results for 4.3.0 20070628 (experimental) testsuite on cris-axis-elf
Rask Ingemann Lambertsen
rask@sygehus.dk
Fri Jun 29 19:48:00 GMT 2007
LAST_UPDATED:
Target is cris-axis-elf
Host is x86_64-unknown-linux-gnu
=== gcc tests ===
Running target cris-sim
FAIL: gcc.c-torture/execute/mayalias-2.c compilation, -O3 -g (internal compiler error)
UNRESOLVED: gcc.c-torture/execute/mayalias-2.c execution, -O3 -g
FAIL: gcc.c-torture/execute/mayalias-3.c compilation, -O3 -g (internal compiler error)
UNRESOLVED: gcc.c-torture/execute/mayalias-3.c execution, -O3 -g
XPASS: gcc.dg/cpp/cmdlne-dI-M.c scan-file (^|\\\\n)cmdlne-dI-M.*:[^\\\\n]*cmdlne-dI-M.c
XPASS: gcc.dg/cpp/cmdlne-dM-M.c scan-file (^|\\\\n)cmdlne-dM-M[^\\\\n]*:[^\\\\n]*cmdlne-dM-M.c
FAIL: gcc.dg/builtins-20.c (test for excess errors)
FAIL: gcc.dg/builtins-59.c scan-tree-dump __builtin_cexpi
FAIL: gcc.dg/builtins-59.c scan-tree-dump-not sincos
FAIL: gcc.dg/builtins-61.c scan-tree-dump cexpi
FAIL: gcc.dg/builtins-61.c scan-tree-dump sin
FAIL: gcc.dg/builtins-61.c scan-tree-dump cos
FAIL: gcc.dg/builtins-61.c scan-tree-dump return 0.0
FAIL: gcc.dg/builtins-62.c scan-tree-dump-times cexpi 3
FAIL: gcc.dg/float-range-3.c (test for excess errors)
FAIL: gcc.dg/float-range-4.c (test for excess errors)
FAIL: gcc.dg/float-range-5.c (test for excess errors)
FAIL: gcc.dg/large-size-array-2.c (internal compiler error)
FAIL: gcc.dg/large-size-array-2.c (test for excess errors)
FAIL: gcc.dg/pr30643.c scan-assembler-not undefined
FAIL: gcc.dg/pr30957-1.c scan-rtl-dump Expanding Accumulator
FAIL: gcc.dg/setjmp-1.c spurious clobbered warning (test for bogus messages, line 16)
FAIL: gcc.dg/trampoline-1.c execution test
FAIL: gcc.dg/var-expand1.c scan-rtl-dump Expanding Accumulator
FAIL: gcc.dg/torture/builtin-pow-mpfr-1.c -O0 scan-tree-dump pow
FAIL: gcc.dg/torture/builtin-pow-mpfr-1.c -O1 scan-tree-dump pow
FAIL: gcc.dg/torture/builtin-pow-mpfr-1.c -O2 scan-tree-dump pow
FAIL: gcc.dg/torture/builtin-pow-mpfr-1.c -O3 -fomit-frame-pointer scan-tree-dump pow
FAIL: gcc.dg/torture/builtin-pow-mpfr-1.c -O3 -g scan-tree-dump pow
FAIL: gcc.dg/torture/builtin-pow-mpfr-1.c -Os scan-tree-dump pow
XPASS: gcc.dg/tree-ssa/update-threading.c scan-tree-dump-times Invalid sum 0
=== gcc Summary ===
# of expected passes 42767
# of unexpected failures 26
# of unexpected successes 3
# of expected failures 86
# of unresolved testcases 2
# of untested testcases 35
# of unsupported tests 471
/home/rask/build/gcc-cris-axis-elf/gcc/xgcc version 4.3.0 20070628 (experimental)
Host is x86_64-unknown-linux-gnu
=== g++ tests ===
Running target cris-sim
FAIL: g++.dg/abi/bitfield12.C (test for warnings, line 3)
FAIL: g++.dg/abi/vbase10.C (test for warnings, line 13)
=== g++ Summary ===
# of expected passes 15573
# of unexpected failures 2
# of expected failures 85
# of unsupported tests 190
/home/rask/build/gcc-cris-axis-elf/gcc/testsuite/g++/../../g++ version 4.3.0 20070628 (experimental)
Host is x86_64-unknown-linux-gnu
=== objc tests ===
Running target cris-sim
=== objc Summary ===
# of expected passes 1812
# of expected failures 7
# of unsupported tests 24
/home/rask/build/gcc-cris-axis-elf/gcc/xgcc version 4.3.0 20070628 (experimental)
Compiler version: 4.3.0 20070628 (experimental)
Platform: cris-axis-elf
configure flags: --target cris-axis-elf --with-newlib --enable-sim --disable-gdb --disable-nls
More information about the Gcc-testresults
mailing list