Results for 4.1.3 20070619 (prerelease) testsuite on sparc-sun-solaris2.10
ro@techfak.uni-bielefeld.de
ro@techfak.uni-bielefeld.de
Fri Jun 22 16:03:00 GMT 2007
LAST_UPDATED: Tue Jun 19 09:38:31 UTC 2007 (revision 125843M)
=== acats tests ===
=== acats Summary ===
# of expected passes 2317
# of unexpected failures 0
Native configuration is sparc-sun-solaris2.10
=== g++ tests ===
Running target unix
WARNING: g++.dg/other/ucnid-1.C compilation failed to produce executable
XPASS: g++.dg/tree-ssa/pr14814.C scan-tree-dump-times &this 0
=== g++ Summary for unix ===
# of expected passes 12325
# of unexpected successes 1
# of expected failures 68
# of unsupported tests 136
Running target unix/-m64
WARNING: g++.dg/other/ucnid-1.C compilation failed to produce executable
XPASS: g++.dg/tree-ssa/pr14814.C scan-tree-dump-times &this 0
=== g++ Summary for unix/-m64 ===
# of expected passes 12293
# of unexpected successes 1
# of expected failures 68
# of unsupported tests 138
=== g++ Summary ===
# of expected passes 24618
# of unexpected successes 2
# of expected failures 136
# of unsupported tests 274
/vol/gccsrc/obj/gcc-4.1.3-20070619/10-gcc-bgc/gcc/testsuite/g++/../../g++ version 4.1.3 20070619 (prerelease)
=== gcc tests ===
Running target unix
FAIL: gcc.c-torture/execute/20061101-1.c execution, -O2
WARNING: gcc.dg/ucnid-2.c compilation failed to produce executable
WARNING: gcc.dg/ucnid-3.c compilation failed to produce executable
WARNING: gcc.dg/ucnid-4.c compilation failed to produce executable
XPASS: gcc.dg/vect/pr20122.c scan-tree-dump-times vectorized 1 loops 2
XPASS: gcc.dg/vect/vect-105.c scan-tree-dump-times vectorized 1 loops 1
XPASS: gcc.dg/vect/vect-75.c scan-tree-dump-times vectorized 1 loops 1
=== gcc Summary for unix ===
# of expected passes 38316
# of unexpected failures 1
# of unexpected successes 3
# of expected failures 111
# of untested testcases 28
# of unsupported tests 386
Running target unix/-m64
WARNING: gcc.dg/ucnid-2.c compilation failed to produce executable
WARNING: gcc.dg/ucnid-3.c compilation failed to produce executable
WARNING: gcc.dg/ucnid-4.c compilation failed to produce executable
XPASS: gcc.dg/vect/pr20122.c scan-tree-dump-times vectorized 1 loops 2
XPASS: gcc.dg/vect/vect-105.c scan-tree-dump-times vectorized 1 loops 1
XPASS: gcc.dg/vect/vect-75.c scan-tree-dump-times vectorized 1 loops 1
=== gcc Summary for unix/-m64 ===
# of expected passes 38311
# of unexpected successes 3
# of expected failures 111
# of untested testcases 28
# of unsupported tests 388
=== gcc Summary ===
# of expected passes 76627
# of unexpected failures 1
# of unexpected successes 6
# of expected failures 222
# of untested testcases 56
# of unsupported tests 774
/vol/gccsrc/obj/gcc-4.1.3-20070619/10-gcc-bgc/gcc/xgcc version 4.1.3 20070619 (prerelease)
=== gfortran tests ===
Running target unix
=== gfortran Summary for unix ===
# of expected passes 13633
# of expected failures 6
# of unsupported tests 47
Running target unix/-m64
XPASS: gfortran.dg/vect/vect-5.f90 scan-tree-dump-times vectorized 2 loops 1
=== gfortran Summary for unix/-m64 ===
# of expected passes 13663
# of unexpected successes 1
# of expected failures 6
# of unsupported tests 31
=== gfortran Summary ===
# of expected passes 27296
# of unexpected successes 1
# of expected failures 12
# of unsupported tests 78
/vol/gccsrc/obj/gcc-4.1.3-20070619/10-gcc-bgc/gcc/testsuite/gfortran/../../gfortran version 4.1.3 20070619 (prerelease)
=== objc tests ===
Running target unix
=== objc Summary for unix ===
# of expected passes 1722
# of unsupported tests 22
Running target unix/-m64
=== objc Summary for unix/-m64 ===
# of expected passes 1722
# of unsupported tests 22
=== objc Summary ===
# of expected passes 3444
# of unsupported tests 44
/vol/gccsrc/obj/gcc-4.1.3-20070619/10-gcc-bgc/gcc/xgcc version 4.1.3 20070619 (prerelease)
=== libffi tests ===
Running target unix
=== libffi Summary for unix ===
# of expected passes 228
# of unsupported tests 2
Running target unix/-m64
=== libffi Summary for unix/-m64 ===
# of expected passes 228
# of unsupported tests 2
=== libffi Summary ===
# of expected passes 456
# of unsupported tests 4
=== libjava tests ===
Running target unix
FAIL: Array_3 execution - gij test
FAIL: Array_3 execution - gij test
FAIL: Class_1 execution - source compiled test
FAIL: Class_1 execution - bytecode->native test
FAIL: Class_1 -O3 execution - source compiled test
FAIL: Class_1 -O3 execution - bytecode->native test
FAIL: ExtraClassLoader output - source compiled test
FAIL: ExtraClassLoader output - gij test
FAIL: ExtraClassLoader output - bytecode->native test
FAIL: ExtraClassLoader -O3 output - source compiled test
FAIL: ExtraClassLoader output - gij test
FAIL: ExtraClassLoader -O3 output - bytecode->native test
FAIL: InvokeInterface execution - bytecode->native test
FAIL: InvokeInterface -O3 execution - bytecode->native test
FAIL: PR12416 execution - bytecode->native test
FAIL: PR12416 -O3 execution - bytecode->native test
FAIL: PR260 execution - bytecode->native test
FAIL: PR260 -O3 execution - bytecode->native test
FAIL: SyncTest execution - bytecode->native test
FAIL: SyncTest -O3 execution - bytecode->native test
FAIL: invokethrow execution - bytecode->native test
FAIL: invokethrow -O3 execution - bytecode->native test
FAIL: pr179 execution - bytecode->native test
FAIL: pr179 -O3 execution - bytecode->native test
FAIL: pr8415 execution - bytecode->native test
FAIL: pr8415 -O3 execution - bytecode->native test
FAIL: stringconst2 output - source compiled test
FAIL: stringconst2 output - bytecode->native test
FAIL: stringconst2 -O3 output - source compiled test
FAIL: stringconst2 -O3 output - bytecode->native test
FAIL: pr21115 run
=== libjava Summary for unix ===
# of expected passes 4009
# of unexpected failures 31
# of expected failures 10
# of untested testcases 29
Running target unix/-m64
FAIL: Array_3 execution - gij test
FAIL: Array_3 execution - gij test
FAIL: Class_1 execution - source compiled test
FAIL: Class_1 execution - bytecode->native test
FAIL: Class_1 -O3 execution - source compiled test
FAIL: Class_1 -O3 execution - bytecode->native test
FAIL: ExtraClassLoader output - source compiled test
FAIL: ExtraClassLoader output - gij test
FAIL: ExtraClassLoader output - bytecode->native test
FAIL: ExtraClassLoader -O3 output - source compiled test
FAIL: ExtraClassLoader output - gij test
FAIL: ExtraClassLoader -O3 output - bytecode->native test
FAIL: InvokeInterface execution - bytecode->native test
FAIL: InvokeInterface -O3 execution - bytecode->native test
FAIL: PR12416 execution - bytecode->native test
FAIL: PR12416 -O3 execution - bytecode->native test
FAIL: PR260 execution - bytecode->native test
FAIL: PR260 -O3 execution - bytecode->native test
FAIL: SyncTest execution - bytecode->native test
FAIL: SyncTest -O3 execution - bytecode->native test
FAIL: invokethrow execution - bytecode->native test
FAIL: invokethrow -O3 execution - bytecode->native test
FAIL: pr179 execution - bytecode->native test
FAIL: pr179 -O3 execution - bytecode->native test
FAIL: pr8415 execution - bytecode->native test
FAIL: pr8415 -O3 execution - bytecode->native test
FAIL: stringconst2 output - source compiled test
FAIL: stringconst2 output - bytecode->native test
FAIL: stringconst2 -O3 output - source compiled test
FAIL: stringconst2 -O3 output - bytecode->native test
FAIL: pr21115 run
=== libjava Summary for unix/-m64 ===
# of expected passes 4009
# of unexpected failures 31
# of expected failures 10
# of untested testcases 29
=== libjava Summary ===
# of expected passes 8018
# of unexpected failures 62
# of expected failures 20
# of untested testcases 58
=== libstdc++ tests ===
Running target unix
XPASS: 27_io/basic_istream/extractors_arithmetic/char/12.cc execution test
XPASS: 27_io/basic_istream/extractors_arithmetic/wchar_t/12.cc execution test
=== libstdc++ Summary for unix ===
# of expected passes 1879
# of unexpected successes 2
# of expected failures 6
# of unsupported tests 47
Running target unix/-m64
FAIL: 22_locale/num_put/put/wchar_t/14220.cc execution test
XPASS: 27_io/basic_istream/extractors_arithmetic/char/12.cc execution test
XPASS: 27_io/basic_istream/extractors_arithmetic/wchar_t/12.cc execution test
XPASS: 27_io/fpos/14320-1.cc execution test
=== libstdc++ Summary for unix/-m64 ===
# of expected passes 1878
# of unexpected failures 1
# of unexpected successes 3
# of expected failures 5
# of unsupported tests 47
=== libstdc++ Summary ===
# of expected passes 3757
# of unexpected failures 1
# of unexpected successes 5
# of expected failures 11
# of unsupported tests 94
Compiler version: 4.1.3 20070619 (prerelease)
Platform: sparc-sun-solaris2.10
configure flags: --prefix=/vol/gcc --with-local-prefix=/vol/gcc --disable-nls --with-gmp=/vol/gcc --with-mpfr=/vol/gcc --enable-languages=c,ada,c++,fortran,java,objc
BOOT_CFLAGS=-g -O2
More information about the Gcc-testresults
mailing list