Results for 4.2.1 20070611 (prerelease) testsuite on sparc-sun-solaris2.10
ro@techfak.uni-bielefeld.de
ro@techfak.uni-bielefeld.de
Fri Jun 22 16:03:00 GMT 2007
LAST_UPDATED: Mon Jun 11 16:25:56 UTC 2007 (revision 125623M)
=== acats tests ===
FAIL: c380004
=== acats Summary ===
# of expected passes 2314
# of unexpected failures 1
Native configuration is sparc-sun-solaris2.10
=== g++ tests ===
Running target unix
WARNING: g++.dg/other/ucnid-1.C compilation failed to produce executable
XPASS: g++.old-deja/g++.other/init18.C execution test
XPASS: g++.old-deja/g++.other/init19.C execution test
=== g++ Summary for unix ===
# of expected passes 13230
# of unexpected successes 2
# of expected failures 68
# of unsupported tests 158
Running target unix/-m64
WARNING: g++.dg/other/ucnid-1.C compilation failed to produce executable
XPASS: g++.old-deja/g++.other/init18.C execution test
XPASS: g++.old-deja/g++.other/init19.C execution test
=== g++ Summary for unix/-m64 ===
# of expected passes 13198
# of unexpected successes 2
# of expected failures 68
# of unsupported tests 160
=== g++ Summary ===
# of expected passes 26428
# of unexpected successes 4
# of expected failures 136
# of unsupported tests 318
/vol/gccsrc/obj/gcc-4.2.1-20070611/10-gcc-bgc/gcc/testsuite/g++/../../g++ version 4.2.1 20070611 (prerelease)
=== gcc tests ===
Running target unix
UNRESOLVED: gcc.c-torture/execute/mayalias-2.c execution, -O3 -g
WARNING: gcc.dg/ucnid-2.c compilation failed to produce executable
WARNING: gcc.dg/ucnid-3.c compilation failed to produce executable
WARNING: gcc.dg/ucnid-4.c compilation failed to produce executable
XPASS: gcc.dg/vect/pr20122.c scan-tree-dump-times vectorized 1 loops 2
XPASS: gcc.dg/vect/vect-105.c scan-tree-dump-times vectorized 1 loops 1
XPASS: gcc.dg/vect/vect-75.c scan-tree-dump-times vectorized 1 loops 1
=== gcc Summary for unix ===
# of expected passes 41083
# of unexpected successes 3
# of expected failures 128
# of unresolved testcases 1
# of untested testcases 28
# of unsupported tests 448
Running target unix/-m64
UNRESOLVED: gcc.c-torture/execute/mayalias-2.c execution, -O3 -g
WARNING: gcc.dg/ucnid-2.c compilation failed to produce executable
WARNING: gcc.dg/ucnid-3.c compilation failed to produce executable
WARNING: gcc.dg/ucnid-4.c compilation failed to produce executable
XPASS: gcc.dg/vect/pr20122.c scan-tree-dump-times vectorized 1 loops 2
XPASS: gcc.dg/vect/vect-105.c scan-tree-dump-times vectorized 1 loops 1
XPASS: gcc.dg/vect/vect-75.c scan-tree-dump-times vectorized 1 loops 1
=== gcc Summary for unix/-m64 ===
# of expected passes 41076
# of unexpected successes 3
# of expected failures 128
# of unresolved testcases 1
# of untested testcases 28
# of unsupported tests 450
=== gcc Summary ===
# of expected passes 82159
# of unexpected successes 6
# of expected failures 256
# of unresolved testcases 2
# of untested testcases 56
# of unsupported tests 898
/vol/gccsrc/obj/gcc-4.2.1-20070611/10-gcc-bgc/gcc/xgcc version 4.2.1 20070611 (prerelease)
=== gfortran tests ===
Running target unix
WARNING: program timed out.
FAIL: gfortran.dg/eor_handling_5.f90 (test for excess errors)
WARNING: gfortran.dg/eor_handling_5.f90 compilation failed to produce executable
FAIL: gfortran.dg/stat_1.f90 execution test
FAIL: gfortran.dg/stat_1.f90 execution test
FAIL: gfortran.dg/stat_1.f90 execution test
FAIL: gfortran.dg/stat_1.f90 execution test
FAIL: gfortran.dg/stat_1.f90 execution test
FAIL: gfortran.dg/stat_1.f90 execution test
FAIL: gfortran.dg/stat_1.f90 execution test
FAIL: gfortran.dg/stat_1.f90 execution test
FAIL: gfortran.dg/stat_2.f90 execution test
FAIL: gfortran.dg/stat_2.f90 execution test
FAIL: gfortran.dg/stat_2.f90 execution test
FAIL: gfortran.dg/stat_2.f90 execution test
FAIL: gfortran.dg/stat_2.f90 execution test
FAIL: gfortran.dg/stat_2.f90 execution test
FAIL: gfortran.dg/stat_2.f90 execution test
FAIL: gfortran.dg/stat_2.f90 execution test
=== gfortran Summary for unix ===
# of expected passes 16096
# of unexpected failures 17
# of expected failures 8
# of unsupported tests 48
Running target unix/-m64
FAIL: gfortran.dg/stat_1.f90 execution test
FAIL: gfortran.dg/stat_1.f90 execution test
FAIL: gfortran.dg/stat_1.f90 execution test
FAIL: gfortran.dg/stat_1.f90 execution test
FAIL: gfortran.dg/stat_1.f90 execution test
FAIL: gfortran.dg/stat_1.f90 execution test
FAIL: gfortran.dg/stat_1.f90 execution test
FAIL: gfortran.dg/stat_1.f90 execution test
FAIL: gfortran.dg/stat_2.f90 execution test
FAIL: gfortran.dg/stat_2.f90 execution test
FAIL: gfortran.dg/stat_2.f90 execution test
FAIL: gfortran.dg/stat_2.f90 execution test
FAIL: gfortran.dg/stat_2.f90 execution test
FAIL: gfortran.dg/stat_2.f90 execution test
FAIL: gfortran.dg/stat_2.f90 execution test
FAIL: gfortran.dg/stat_2.f90 execution test
=== gfortran Summary for unix/-m64 ===
# of expected passes 16129
# of unexpected failures 16
# of expected failures 8
# of unsupported tests 32
=== gfortran Summary ===
# of expected passes 32225
# of unexpected failures 33
# of expected failures 16
# of unsupported tests 80
/vol/gccsrc/obj/gcc-4.2.1-20070611/10-gcc-bgc/gcc/testsuite/gfortran/../../gfortran version 4.2.1 20070611 (prerelease)
=== gnat tests ===
Running target unix
=== gnat Summary for unix ===
# of expected passes 42
Running target unix/-m64
FAIL: gnat.dg/address_conversion.adb (test for excess errors)
WARNING: gnat.dg/address_conversion.adb compilation failed to produce executable
FAIL: gnat.dg/derived_aggregate.adb (test for excess errors)
WARNING: gnat.dg/derived_aggregate.adb compilation failed to produce executable
FAIL: gnat.dg/frame_overflow.adb (test for errors, line 12)
FAIL: gnat.dg/frame_overflow.adb (test for errors, line 21)
FAIL: gnat.dg/in_out_parameter.adb (test for excess errors)
WARNING: gnat.dg/in_out_parameter.adb compilation failed to produce executable
FAIL: gnat.dg/outer_agg_bitfield_constructor.adb (test for excess errors)
WARNING: gnat.dg/outer_agg_bitfield_constructor.adb compilation failed to produce executable
FAIL: gnat.dg/pointer_conversion.adb (test for excess errors)
WARNING: gnat.dg/pointer_conversion.adb compilation failed to produce executable
FAIL: gnat.dg/scalar_mode_agg_compare.adb (test for excess errors)
WARNING: gnat.dg/scalar_mode_agg_compare.adb compilation failed to produce executable
FAIL: gnat.dg/self_aggregate_with_array.adb (test for excess errors)
WARNING: gnat.dg/self_aggregate_with_array.adb compilation failed to produce executable
FAIL: gnat.dg/self_aggregate_with_call.adb (test for excess errors)
WARNING: gnat.dg/self_aggregate_with_call.adb compilation failed to produce executable
FAIL: gnat.dg/self_aggregate_with_pointer.adb (test for excess errors)
WARNING: gnat.dg/self_aggregate_with_pointer.adb compilation failed to produce executable
FAIL: gnat.dg/self_aggregate_with_zeros.adb (test for excess errors)
WARNING: gnat.dg/self_aggregate_with_zeros.adb compilation failed to produce executable
FAIL: gnat.dg/string_slice.adb (test for excess errors)
WARNING: gnat.dg/string_slice.adb compilation failed to produce executable
FAIL: gnat.dg/tail_call.adb (test for excess errors)
WARNING: gnat.dg/tail_call.adb compilation failed to produce executable
=== gnat Summary for unix/-m64 ===
# of expected passes 16
# of unexpected failures 14
=== gnat Summary ===
# of expected passes 58
# of unexpected failures 14
=== objc tests ===
Running target unix
=== objc Summary for unix ===
# of expected passes 1806
# of expected failures 7
# of unsupported tests 24
Running target unix/-m64
=== objc Summary for unix/-m64 ===
# of expected passes 1806
# of expected failures 7
# of unsupported tests 24
=== objc Summary ===
# of expected passes 3612
# of expected failures 14
# of unsupported tests 48
/vol/gccsrc/obj/gcc-4.2.1-20070611/10-gcc-bgc/gcc/xgcc version 4.2.1 20070611 (prerelease)
=== libffi tests ===
Running target unix
=== libffi Summary for unix ===
# of expected passes 1084
# of unsupported tests 8
Running target unix/-m64
=== libffi Summary for unix/-m64 ===
# of expected passes 1084
# of unsupported tests 8
=== libffi Summary ===
# of expected passes 2168
# of unsupported tests 16
=== libgomp tests ===
Running target unix
FAIL: libgomp.c++/ctor-5.C (test for excess errors)
WARNING: libgomp.c++/ctor-5.C compilation failed to produce executable
FAIL: libgomp.c++/ctor-5.C (test for excess errors)
WARNING: libgomp.c++/ctor-5.C compilation failed to produce executable
FAIL: libgomp.c++/ctor-5.C (test for excess errors)
WARNING: libgomp.c++/ctor-5.C compilation failed to produce executable
FAIL: libgomp.c++/ctor-5.C (test for excess errors)
WARNING: libgomp.c++/ctor-5.C compilation failed to produce executable
FAIL: libgomp.c++/ctor-5.C (test for excess errors)
WARNING: libgomp.c++/ctor-5.C compilation failed to produce executable
FAIL: libgomp.c++/ctor-5.C (test for excess errors)
WARNING: libgomp.c++/ctor-5.C compilation failed to produce executable
FAIL: libgomp.c++/ctor-5.C (test for excess errors)
WARNING: libgomp.c++/ctor-5.C compilation failed to produce executable
FAIL: libgomp.c++/ctor-5.C (test for excess errors)
WARNING: libgomp.c++/ctor-5.C compilation failed to produce executable
FAIL: libgomp.c++/ctor-8.C (test for excess errors)
WARNING: libgomp.c++/ctor-8.C compilation failed to produce executable
FAIL: libgomp.c++/ctor-8.C (test for excess errors)
WARNING: libgomp.c++/ctor-8.C compilation failed to produce executable
FAIL: libgomp.c++/ctor-8.C (test for excess errors)
WARNING: libgomp.c++/ctor-8.C compilation failed to produce executable
FAIL: libgomp.c++/ctor-8.C (test for excess errors)
WARNING: libgomp.c++/ctor-8.C compilation failed to produce executable
FAIL: libgomp.c++/ctor-8.C (test for excess errors)
WARNING: libgomp.c++/ctor-8.C compilation failed to produce executable
FAIL: libgomp.c++/ctor-8.C (test for excess errors)
WARNING: libgomp.c++/ctor-8.C compilation failed to produce executable
FAIL: libgomp.c++/ctor-8.C (test for excess errors)
WARNING: libgomp.c++/ctor-8.C compilation failed to produce executable
FAIL: libgomp.c++/ctor-8.C (test for excess errors)
WARNING: libgomp.c++/ctor-8.C compilation failed to produce executable
FAIL: libgomp.c++/ctor-9.C (test for excess errors)
WARNING: libgomp.c++/ctor-9.C compilation failed to produce executable
FAIL: libgomp.c++/ctor-9.C (test for excess errors)
WARNING: libgomp.c++/ctor-9.C compilation failed to produce executable
FAIL: libgomp.c++/ctor-9.C (test for excess errors)
WARNING: libgomp.c++/ctor-9.C compilation failed to produce executable
FAIL: libgomp.c++/ctor-9.C (test for excess errors)
WARNING: libgomp.c++/ctor-9.C compilation failed to produce executable
FAIL: libgomp.c++/ctor-9.C (test for excess errors)
WARNING: libgomp.c++/ctor-9.C compilation failed to produce executable
FAIL: libgomp.c++/ctor-9.C (test for excess errors)
WARNING: libgomp.c++/ctor-9.C compilation failed to produce executable
FAIL: libgomp.c++/ctor-9.C (test for excess errors)
WARNING: libgomp.c++/ctor-9.C compilation failed to produce executable
FAIL: libgomp.c++/ctor-9.C (test for excess errors)
WARNING: libgomp.c++/ctor-9.C compilation failed to produce executable
FAIL: libgomp.fortran/appendix-a/a.22.7.f90 (test for excess errors)
WARNING: libgomp.fortran/appendix-a/a.22.7.f90 compilation failed to produce executable
FAIL: libgomp.fortran/appendix-a/a.22.7.f90 (test for excess errors)
WARNING: libgomp.fortran/appendix-a/a.22.7.f90 compilation failed to produce executable
FAIL: libgomp.fortran/appendix-a/a.22.7.f90 (test for excess errors)
WARNING: libgomp.fortran/appendix-a/a.22.7.f90 compilation failed to produce executable
FAIL: libgomp.fortran/appendix-a/a.22.7.f90 (test for excess errors)
WARNING: libgomp.fortran/appendix-a/a.22.7.f90 compilation failed to produce executable
FAIL: libgomp.fortran/appendix-a/a.22.7.f90 (test for excess errors)
WARNING: libgomp.fortran/appendix-a/a.22.7.f90 compilation failed to produce executable
FAIL: libgomp.fortran/appendix-a/a.22.7.f90 (test for excess errors)
WARNING: libgomp.fortran/appendix-a/a.22.7.f90 compilation failed to produce executable
FAIL: libgomp.fortran/appendix-a/a.22.7.f90 (test for excess errors)
WARNING: libgomp.fortran/appendix-a/a.22.7.f90 compilation failed to produce executable
FAIL: libgomp.fortran/appendix-a/a.22.7.f90 (test for excess errors)
WARNING: libgomp.fortran/appendix-a/a.22.7.f90 compilation failed to produce executable
FAIL: libgomp.fortran/omp_parse3.f90 (test for excess errors)
WARNING: libgomp.fortran/omp_parse3.f90 compilation failed to produce executable
FAIL: libgomp.fortran/omp_parse3.f90 (test for excess errors)
WARNING: libgomp.fortran/omp_parse3.f90 compilation failed to produce executable
FAIL: libgomp.fortran/omp_parse3.f90 (test for excess errors)
WARNING: libgomp.fortran/omp_parse3.f90 compilation failed to produce executable
FAIL: libgomp.fortran/omp_parse3.f90 (test for excess errors)
WARNING: libgomp.fortran/omp_parse3.f90 compilation failed to produce executable
FAIL: libgomp.fortran/omp_parse3.f90 (test for excess errors)
WARNING: libgomp.fortran/omp_parse3.f90 compilation failed to produce executable
FAIL: libgomp.fortran/omp_parse3.f90 (test for excess errors)
WARNING: libgomp.fortran/omp_parse3.f90 compilation failed to produce executable
FAIL: libgomp.fortran/omp_parse3.f90 (test for excess errors)
WARNING: libgomp.fortran/omp_parse3.f90 compilation failed to produce executable
FAIL: libgomp.fortran/omp_parse3.f90 (test for excess errors)
WARNING: libgomp.fortran/omp_parse3.f90 compilation failed to produce executable
FAIL: libgomp.fortran/threadprivate2.f90 (test for excess errors)
WARNING: libgomp.fortran/threadprivate2.f90 compilation failed to produce executable
FAIL: libgomp.fortran/threadprivate2.f90 (test for excess errors)
WARNING: libgomp.fortran/threadprivate2.f90 compilation failed to produce executable
FAIL: libgomp.fortran/threadprivate2.f90 (test for excess errors)
WARNING: libgomp.fortran/threadprivate2.f90 compilation failed to produce executable
FAIL: libgomp.fortran/threadprivate2.f90 (test for excess errors)
WARNING: libgomp.fortran/threadprivate2.f90 compilation failed to produce executable
FAIL: libgomp.fortran/threadprivate2.f90 (test for excess errors)
WARNING: libgomp.fortran/threadprivate2.f90 compilation failed to produce executable
FAIL: libgomp.fortran/threadprivate2.f90 (test for excess errors)
WARNING: libgomp.fortran/threadprivate2.f90 compilation failed to produce executable
FAIL: libgomp.fortran/threadprivate2.f90 (test for excess errors)
WARNING: libgomp.fortran/threadprivate2.f90 compilation failed to produce executable
FAIL: libgomp.fortran/threadprivate2.f90 (test for excess errors)
WARNING: libgomp.fortran/threadprivate2.f90 compilation failed to produce executable
FAIL: libgomp.fortran/threadprivate3.f90 (test for excess errors)
WARNING: libgomp.fortran/threadprivate3.f90 compilation failed to produce executable
FAIL: libgomp.fortran/threadprivate3.f90 (test for excess errors)
WARNING: libgomp.fortran/threadprivate3.f90 compilation failed to produce executable
FAIL: libgomp.fortran/threadprivate3.f90 (test for excess errors)
WARNING: libgomp.fortran/threadprivate3.f90 compilation failed to produce executable
FAIL: libgomp.fortran/threadprivate3.f90 (test for excess errors)
WARNING: libgomp.fortran/threadprivate3.f90 compilation failed to produce executable
FAIL: libgomp.fortran/threadprivate3.f90 (test for excess errors)
WARNING: libgomp.fortran/threadprivate3.f90 compilation failed to produce executable
FAIL: libgomp.fortran/threadprivate3.f90 (test for excess errors)
WARNING: libgomp.fortran/threadprivate3.f90 compilation failed to produce executable
FAIL: libgomp.fortran/threadprivate3.f90 (test for excess errors)
WARNING: libgomp.fortran/threadprivate3.f90 compilation failed to produce executable
FAIL: libgomp.fortran/threadprivate3.f90 (test for excess errors)
WARNING: libgomp.fortran/threadprivate3.f90 compilation failed to produce executable
=== libgomp Summary for unix ===
# of expected passes 1440
# of unexpected failures 56
# of unsupported tests 7
Running target unix/-m64
FAIL: libgomp.c++/ctor-5.C (test for excess errors)
WARNING: libgomp.c++/ctor-5.C compilation failed to produce executable
FAIL: libgomp.c++/ctor-5.C (test for excess errors)
WARNING: libgomp.c++/ctor-5.C compilation failed to produce executable
FAIL: libgomp.c++/ctor-5.C (test for excess errors)
WARNING: libgomp.c++/ctor-5.C compilation failed to produce executable
FAIL: libgomp.c++/ctor-5.C (test for excess errors)
WARNING: libgomp.c++/ctor-5.C compilation failed to produce executable
FAIL: libgomp.c++/ctor-5.C (test for excess errors)
WARNING: libgomp.c++/ctor-5.C compilation failed to produce executable
FAIL: libgomp.c++/ctor-5.C (test for excess errors)
WARNING: libgomp.c++/ctor-5.C compilation failed to produce executable
FAIL: libgomp.c++/ctor-5.C (test for excess errors)
WARNING: libgomp.c++/ctor-5.C compilation failed to produce executable
FAIL: libgomp.c++/ctor-5.C (test for excess errors)
WARNING: libgomp.c++/ctor-5.C compilation failed to produce executable
FAIL: libgomp.c++/ctor-8.C (test for excess errors)
WARNING: libgomp.c++/ctor-8.C compilation failed to produce executable
FAIL: libgomp.c++/ctor-8.C (test for excess errors)
WARNING: libgomp.c++/ctor-8.C compilation failed to produce executable
FAIL: libgomp.c++/ctor-8.C (test for excess errors)
WARNING: libgomp.c++/ctor-8.C compilation failed to produce executable
FAIL: libgomp.c++/ctor-8.C (test for excess errors)
WARNING: libgomp.c++/ctor-8.C compilation failed to produce executable
FAIL: libgomp.c++/ctor-8.C (test for excess errors)
WARNING: libgomp.c++/ctor-8.C compilation failed to produce executable
FAIL: libgomp.c++/ctor-8.C (test for excess errors)
WARNING: libgomp.c++/ctor-8.C compilation failed to produce executable
FAIL: libgomp.c++/ctor-8.C (test for excess errors)
WARNING: libgomp.c++/ctor-8.C compilation failed to produce executable
FAIL: libgomp.c++/ctor-8.C (test for excess errors)
WARNING: libgomp.c++/ctor-8.C compilation failed to produce executable
FAIL: libgomp.c++/ctor-9.C (test for excess errors)
WARNING: libgomp.c++/ctor-9.C compilation failed to produce executable
FAIL: libgomp.c++/ctor-9.C (test for excess errors)
WARNING: libgomp.c++/ctor-9.C compilation failed to produce executable
FAIL: libgomp.c++/ctor-9.C (test for excess errors)
WARNING: libgomp.c++/ctor-9.C compilation failed to produce executable
FAIL: libgomp.c++/ctor-9.C (test for excess errors)
WARNING: libgomp.c++/ctor-9.C compilation failed to produce executable
FAIL: libgomp.c++/ctor-9.C (test for excess errors)
WARNING: libgomp.c++/ctor-9.C compilation failed to produce executable
FAIL: libgomp.c++/ctor-9.C (test for excess errors)
WARNING: libgomp.c++/ctor-9.C compilation failed to produce executable
FAIL: libgomp.c++/ctor-9.C (test for excess errors)
WARNING: libgomp.c++/ctor-9.C compilation failed to produce executable
FAIL: libgomp.c++/ctor-9.C (test for excess errors)
WARNING: libgomp.c++/ctor-9.C compilation failed to produce executable
FAIL: libgomp.fortran/appendix-a/a.22.7.f90 (test for excess errors)
WARNING: libgomp.fortran/appendix-a/a.22.7.f90 compilation failed to produce executable
FAIL: libgomp.fortran/appendix-a/a.22.7.f90 (test for excess errors)
WARNING: libgomp.fortran/appendix-a/a.22.7.f90 compilation failed to produce executable
FAIL: libgomp.fortran/appendix-a/a.22.7.f90 (test for excess errors)
WARNING: libgomp.fortran/appendix-a/a.22.7.f90 compilation failed to produce executable
FAIL: libgomp.fortran/appendix-a/a.22.7.f90 (test for excess errors)
WARNING: libgomp.fortran/appendix-a/a.22.7.f90 compilation failed to produce executable
FAIL: libgomp.fortran/appendix-a/a.22.7.f90 (test for excess errors)
WARNING: libgomp.fortran/appendix-a/a.22.7.f90 compilation failed to produce executable
FAIL: libgomp.fortran/appendix-a/a.22.7.f90 (test for excess errors)
WARNING: libgomp.fortran/appendix-a/a.22.7.f90 compilation failed to produce executable
FAIL: libgomp.fortran/appendix-a/a.22.7.f90 (test for excess errors)
WARNING: libgomp.fortran/appendix-a/a.22.7.f90 compilation failed to produce executable
FAIL: libgomp.fortran/appendix-a/a.22.7.f90 (test for excess errors)
WARNING: libgomp.fortran/appendix-a/a.22.7.f90 compilation failed to produce executable
FAIL: libgomp.fortran/omp_parse3.f90 (test for excess errors)
WARNING: libgomp.fortran/omp_parse3.f90 compilation failed to produce executable
FAIL: libgomp.fortran/omp_parse3.f90 (test for excess errors)
WARNING: libgomp.fortran/omp_parse3.f90 compilation failed to produce executable
FAIL: libgomp.fortran/omp_parse3.f90 (test for excess errors)
WARNING: libgomp.fortran/omp_parse3.f90 compilation failed to produce executable
FAIL: libgomp.fortran/omp_parse3.f90 (test for excess errors)
WARNING: libgomp.fortran/omp_parse3.f90 compilation failed to produce executable
FAIL: libgomp.fortran/omp_parse3.f90 (test for excess errors)
WARNING: libgomp.fortran/omp_parse3.f90 compilation failed to produce executable
FAIL: libgomp.fortran/omp_parse3.f90 (test for excess errors)
WARNING: libgomp.fortran/omp_parse3.f90 compilation failed to produce executable
FAIL: libgomp.fortran/omp_parse3.f90 (test for excess errors)
WARNING: libgomp.fortran/omp_parse3.f90 compilation failed to produce executable
FAIL: libgomp.fortran/omp_parse3.f90 (test for excess errors)
WARNING: libgomp.fortran/omp_parse3.f90 compilation failed to produce executable
FAIL: libgomp.fortran/threadprivate2.f90 (test for excess errors)
WARNING: libgomp.fortran/threadprivate2.f90 compilation failed to produce executable
FAIL: libgomp.fortran/threadprivate2.f90 (test for excess errors)
WARNING: libgomp.fortran/threadprivate2.f90 compilation failed to produce executable
FAIL: libgomp.fortran/threadprivate2.f90 (test for excess errors)
WARNING: libgomp.fortran/threadprivate2.f90 compilation failed to produce executable
FAIL: libgomp.fortran/threadprivate2.f90 (test for excess errors)
WARNING: libgomp.fortran/threadprivate2.f90 compilation failed to produce executable
FAIL: libgomp.fortran/threadprivate2.f90 (test for excess errors)
WARNING: libgomp.fortran/threadprivate2.f90 compilation failed to produce executable
FAIL: libgomp.fortran/threadprivate2.f90 (test for excess errors)
WARNING: libgomp.fortran/threadprivate2.f90 compilation failed to produce executable
FAIL: libgomp.fortran/threadprivate2.f90 (test for excess errors)
WARNING: libgomp.fortran/threadprivate2.f90 compilation failed to produce executable
FAIL: libgomp.fortran/threadprivate2.f90 (test for excess errors)
WARNING: libgomp.fortran/threadprivate2.f90 compilation failed to produce executable
FAIL: libgomp.fortran/threadprivate3.f90 (test for excess errors)
WARNING: libgomp.fortran/threadprivate3.f90 compilation failed to produce executable
FAIL: libgomp.fortran/threadprivate3.f90 (test for excess errors)
WARNING: libgomp.fortran/threadprivate3.f90 compilation failed to produce executable
FAIL: libgomp.fortran/threadprivate3.f90 (test for excess errors)
WARNING: libgomp.fortran/threadprivate3.f90 compilation failed to produce executable
FAIL: libgomp.fortran/threadprivate3.f90 (test for excess errors)
WARNING: libgomp.fortran/threadprivate3.f90 compilation failed to produce executable
FAIL: libgomp.fortran/threadprivate3.f90 (test for excess errors)
WARNING: libgomp.fortran/threadprivate3.f90 compilation failed to produce executable
FAIL: libgomp.fortran/threadprivate3.f90 (test for excess errors)
WARNING: libgomp.fortran/threadprivate3.f90 compilation failed to produce executable
FAIL: libgomp.fortran/threadprivate3.f90 (test for excess errors)
WARNING: libgomp.fortran/threadprivate3.f90 compilation failed to produce executable
FAIL: libgomp.fortran/threadprivate3.f90 (test for excess errors)
WARNING: libgomp.fortran/threadprivate3.f90 compilation failed to produce executable
=== libgomp Summary for unix/-m64 ===
# of expected passes 1440
# of unexpected failures 56
# of unsupported tests 7
=== libgomp Summary ===
# of expected passes 2880
# of unexpected failures 112
# of unsupported tests 14
=== libjava tests ===
Running target unix
FAIL: Array_3 execution - gij test
FAIL: Array_3 execution - gij test
FAIL: Array_3 execution - gij test
FAIL: Array_3 execution - gij test
FAIL: Throw_2 execution - source compiled test
FAIL: Throw_2 execution - gij test
FAIL: Throw_2 execution - bytecode->native test
FAIL: Throw_2 execution - gij test
FAIL: Throw_2 -findirect-dispatch execution - bytecode->native test
FAIL: Throw_2 -O3 execution - source compiled test
FAIL: Throw_2 execution - gij test
FAIL: Throw_2 -O3 execution - bytecode->native test
FAIL: Throw_2 execution - gij test
FAIL: Throw_2 -O3 -findirect-dispatch execution - bytecode->native test
=== libjava Summary for unix ===
# of expected passes 6978
# of unexpected failures 14
# of expected failures 12
# of untested testcases 22
Running target unix/-m64
FAIL: events output
FAIL: Array_3 execution - gij test
FAIL: Array_3 execution - gij test
FAIL: Array_3 execution - gij test
FAIL: Array_3 execution - gij test
FAIL: PR18699 execution - bytecode->native test
FAIL: SyncTest execution - gij test
FAIL: Throw_2 execution - source compiled test
FAIL: Throw_2 execution - bytecode->native test
FAIL: Throw_2 -O3 execution - source compiled test
FAIL: Throw_2 -O3 execution - bytecode->native test
=== libjava Summary for unix/-m64 ===
# of expected passes 6985
# of unexpected failures 11
# of expected failures 12
# of untested testcases 18
=== libjava Summary ===
# of expected passes 13963
# of unexpected failures 25
# of expected failures 24
# of untested testcases 40
=== libstdc++ tests ===
Running target unix
=== libstdc++ Summary for unix ===
# of expected passes 2278
# of expected failures 10
# of unsupported tests 99
Running target unix/-m64
XPASS: 27_io/fpos/14320-1.cc execution test
=== libstdc++ Summary for unix/-m64 ===
# of expected passes 2278
# of unexpected successes 1
# of expected failures 9
# of unsupported tests 99
=== libstdc++ Summary ===
# of expected passes 4556
# of unexpected successes 1
# of expected failures 19
# of unsupported tests 198
Compiler version: 4.2.1 20070611 (prerelease)
Platform: sparc-sun-solaris2.10
configure flags: --prefix=/vol/gcc --with-local-prefix=/vol/gcc --disable-nls --with-gmp=/vol/gcc --with-mpfr=/vol/gcc --enable-languages=c,ada,c++,fortran,java,objc
BOOT_CFLAGS=-g -O2
More information about the Gcc-testresults
mailing list