Results for 4.1.3 20070510 (prerelease) testsuite on alpha-dec-osf5.1b
ro@techfak.uni-bielefeld.de
ro@techfak.uni-bielefeld.de
Tue Jun 12 17:47:00 GMT 2007
LAST_UPDATED: Thu May 10 08:49:36 UTC 2007 (revision 124594)
Native configuration is alpha-dec-osf5.1b
=== libffi tests ===
Running target unix
FAIL: libffi.special/unwindtest.cc execution test
=== libffi Summary ===
# of expected passes 226
# of unexpected failures 1
# of unsupported tests 2
=== libjava tests ===
Running target unix
FAIL: PR19295 compilation from source
FAIL: PR19295 compilation from bytecode
FAIL: PR19295 -O3 compilation from source
FAIL: PR19295 -O3 compilation from bytecode
FAIL: PR19674 compilation from source
FAIL: PR19674 compilation from bytecode
FAIL: PR19674 -O3 compilation from source
FAIL: PR19674 -O3 compilation from bytecode
FAIL: PR295 compilation from source
FAIL: PR295 compilation from bytecode
FAIL: PR295 -O3 compilation from source
FAIL: PR295 -O3 compilation from bytecode
FAIL: Statics compilation from source
FAIL: Statics compilation from bytecode
FAIL: Statics -O3 compilation from source
FAIL: Statics -O3 compilation from bytecode
FAIL: noclass execution - gij test
FAIL: pr11951 run
FAIL: pr23739 execution - gij test
FAIL: throwit execution - gij test
FAIL: PR16923 run
FAIL: ArrayStore execution - gij test
FAIL: ArrayStore execution - gij test
FAIL: Array_3 execution - gij test
FAIL: Array_3 execution - gij test
FAIL: Class_1 compilation from source
FAIL: Class_1 execution - gij test
FAIL: Class_1 compilation from bytecode
FAIL: Class_1 -O3 compilation from source
FAIL: Class_1 execution - gij test
FAIL: Class_1 -O3 compilation from bytecode
FAIL: ExtraClassLoader output - source compiled test
FAIL: ExtraClassLoader output - gij test
FAIL: ExtraClassLoader output - bytecode->native test
FAIL: ExtraClassLoader -O3 output - source compiled test
FAIL: ExtraClassLoader output - gij test
FAIL: ExtraClassLoader -O3 output - bytecode->native test
FAIL: FileHandleGcTest execution - gij test
FAIL: FileHandleGcTest execution - gij test
FAIL: InvokeInterface execution - gij test
FAIL: InvokeInterface execution - gij test
FAIL: PR12350 execution - gij test
FAIL: PR12350 execution - gij test
FAIL: PR12416 compilation from source
FAIL: PR12416 execution - gij test
FAIL: PR12416 compilation from bytecode
FAIL: PR12416 -O3 compilation from source
FAIL: PR12416 execution - gij test
FAIL: PR12416 -O3 compilation from bytecode
FAIL: PR218 execution - gij test
FAIL: PR218 execution - gij test
FAIL: PR260 execution - gij test
FAIL: PR260 execution - gij test
FAIL: PR7482 compilation from source
FAIL: PR7482 compilation from bytecode
FAIL: PR7482 -O3 compilation from source
FAIL: PR7482 -O3 compilation from bytecode
FAIL: Process_5 execution - gij test
FAIL: Process_5 execution - gij test
FAIL: Process_6 execution - gij test
FAIL: Process_6 execution - gij test
FAIL: StringBuffer_1 execution - gij test
FAIL: StringBuffer_1 execution - gij test
FAIL: StringBuffer_overflow execution - gij test
FAIL: StringBuffer_overflow execution - gij test
FAIL: String_overflow execution - gij test
FAIL: String_overflow execution - gij test
FAIL: SyncTest execution - gij test
FAIL: SyncTest execution - gij test
FAIL: Thread_Alive execution - gij test
FAIL: Thread_Alive execution - gij test
FAIL: Thread_Interrupt execution - gij test
FAIL: Thread_Interrupt execution - gij test
FAIL: Thread_Wait_2 execution - gij test
FAIL: Thread_Wait_2 execution - gij test
FAIL: Thread_Wait_Interrupt execution - gij test
FAIL: Thread_Wait_Interrupt execution - gij test
FAIL: Throw_2 execution - source compiled test
FAIL: Throw_2 execution - gij test
FAIL: Throw_2 execution - bytecode->native test
FAIL: Throw_2 -O3 execution - source compiled test
FAIL: Throw_2 execution - gij test
FAIL: Throw_2 -O3 execution - bytecode->native test
FAIL: initexc execution - gij test
FAIL: initexc execution - gij test
FAIL: instinit2 execution - gij test
FAIL: instinit2 execution - gij test
FAIL: invokethrow execution - source compiled test
FAIL: invokethrow execution - gij test
FAIL: invokethrow execution - bytecode->native test
FAIL: invokethrow -O3 execution - source compiled test
FAIL: invokethrow execution - gij test
FAIL: invokethrow -O3 execution - bytecode->native test
FAIL: md5test output - source compiled test
FAIL: md5test execution - gij test
FAIL: md5test output - bytecode->native test
FAIL: md5test -O3 output - source compiled test
FAIL: md5test execution - gij test
FAIL: md5test -O3 output - bytecode->native test
FAIL: pr179 compilation from source
FAIL: pr179 execution - gij test
FAIL: pr179 compilation from bytecode
FAIL: pr179 -O3 compilation from source
FAIL: pr179 execution - gij test
FAIL: pr179 -O3 compilation from bytecode
FAIL: pr21785 execution - gij test
FAIL: pr21785 execution - gij test
FAIL: pr8415 execution - gij test
FAIL: pr8415 execution - gij test
FAIL: shatest execution - source compiled test
FAIL: shatest execution - gij test
FAIL: shatest execution - bytecode->native test
FAIL: shatest -O3 execution - source compiled test
FAIL: shatest execution - gij test
FAIL: shatest -O3 execution - bytecode->native test
FAIL: stringconst2 execution - gij test
FAIL: stringconst2 execution - gij test
FAIL: verify compilation from source
FAIL: verify compilation from bytecode
FAIL: verify -O3 compilation from source
FAIL: verify -O3 compilation from bytecode
=== libjava Summary ===
# of expected passes 3824
# of unexpected failures 121
# of expected failures 10
# of untested testcases 123
=== libstdc++ tests ===
Running target unix
=== libstdc++ Summary ===
# of expected passes 1720
# of expected failures 10
# of unsupported tests 89
=== acats tests ===
FAIL: c250002
FAIL: c456001
FAIL: c45624a
FAIL: c45624b
FAIL: c4a013a
FAIL: c52010a
FAIL: c52102a
FAIL: c52102b
FAIL: c52102c
FAIL: c52102d
FAIL: c52104c
FAIL: c74209a
FAIL: ca11021
FAIL: cc70a01
FAIL: cc70a02
FAIL: cxa4001
FAIL: cxa5a03
FAIL: cxg2002
FAIL: cxg2017
FAIL: cxg2020
=== acats Summary ===
# of expected passes 2297
# of unexpected failures 20
=== g++ tests ===
Running target unix
FAIL: tmpdir-g++.dg-struct-layout-1/t024 cp_compat_x_tst.o-cp_compat_y_tst.o execute
FAIL: tmpdir-g++.dg-struct-layout-1/t026 cp_compat_x_tst.o-cp_compat_y_tst.o execute
FAIL: tmpdir-g++.dg-struct-layout-1/t027 cp_compat_x_tst.o-cp_compat_y_tst.o execute
FAIL: tmpdir-g++.dg-struct-layout-1/t028 cp_compat_x_tst.o-cp_compat_y_tst.o execute
FAIL: tmpdir-g++.dg-struct-layout-1/t029 cp_compat_x_tst.o-cp_compat_y_tst.o execute
FAIL: tmpdir-g++.dg-struct-layout-1/t030 cp_compat_x_tst.o-cp_compat_y_tst.o execute
FAIL: g++.dg/abi/local1.C execution test
FAIL: g++.dg/abi/rtti3.C scan-assembler .weak[ \\t]_?_ZTSPP1A
FAIL: g++.dg/other/pragma-ep-1.C (test for excess errors)
FAIL: g++.dg/other/ucnid-1.C (test for excess errors)
WARNING: g++.dg/other/ucnid-1.C compilation failed to produce executable
XPASS: g++.dg/tree-ssa/pr14814.C scan-tree-dump-times &this 0
FAIL: g++.dg/tree-ssa/pr23164.C (internal compiler error)
FAIL: g++.dg/tree-ssa/pr23164.C (test for excess errors)
FAIL: g++.dg/warn/miss-format-1.C scanf attribute warning (test for warnings, line 24)
FAIL: g++.dg/warn/miss-format-1.C (test for excess errors)
FAIL: g++.dg/warn/weak1.C (test for excess errors)
WARNING: g++.dg/warn/weak1.C compilation failed to produce executable
FAIL: g++.old-deja/g++.eh/badalloc1.C execution test
=== g++ Summary ===
# of expected passes 12239
# of unexpected failures 16
# of unexpected successes 1
# of expected failures 67
# of unsupported tests 154
/amnt/sequoia/export/vol/gcc/obj/alpha/gcc-4.1.3-20070510/5.1b-gcc/gcc/testsuite/g++/../../g++ version 4.1.3 20070510 (prerelease)
=== gcc tests ===
Running target unix
WARNING: program timed out.
FAIL: gcc.c-torture/compile/20001226-1.c (test for excess errors)
WARNING: program timed out.
FAIL: gcc.c-torture/compile/20001226-1.c (test for excess errors)
WARNING: program timed out.
FAIL: gcc.c-torture/compile/20001226-1.c (test for excess errors)
FAIL: gcc.c-torture/compile/20050622-1.c (test for excess errors)
FAIL: gcc.c-torture/compile/20050622-1.c (test for excess errors)
FAIL: gcc.c-torture/compile/20050622-1.c (test for excess errors)
FAIL: gcc.c-torture/compile/20050622-1.c (test for excess errors)
FAIL: gcc.c-torture/compile/20050622-1.c (test for excess errors)
FAIL: gcc.c-torture/compile/20050622-1.c (test for excess errors)
FAIL: gcc.c-torture/compile/20061005-1.c (internal compiler error)
FAIL: gcc.c-torture/compile/20061005-1.c (test for excess errors)
FAIL: gcc.c-torture/compile/20061005-1.c (internal compiler error)
FAIL: gcc.c-torture/compile/20061005-1.c (test for excess errors)
FAIL: gcc.c-torture/compile/20061005-1.c (internal compiler error)
FAIL: gcc.c-torture/compile/20061005-1.c (test for excess errors)
FAIL: gcc.c-torture/compile/20061005-1.c (internal compiler error)
FAIL: gcc.c-torture/compile/20061005-1.c (test for excess errors)
FAIL: gcc.c-torture/compile/20061005-1.c (internal compiler error)
FAIL: gcc.c-torture/compile/20061005-1.c (test for excess errors)
FAIL: gcc.c-torture/compile/20061005-1.c (internal compiler error)
FAIL: gcc.c-torture/compile/20061005-1.c (test for excess errors)
FAIL: gcc.c-torture/compile/labels-3.c (test for excess errors)
FAIL: gcc.c-torture/compile/labels-3.c (test for excess errors)
FAIL: gcc.c-torture/compile/labels-3.c (test for excess errors)
FAIL: gcc.c-torture/compile/labels-3.c (test for excess errors)
FAIL: gcc.c-torture/compile/labels-3.c (test for excess errors)
FAIL: gcc.c-torture/compile/labels-3.c (test for excess errors)
FAIL: gcc.c-torture/execute/20050121-1.c compilation, -O0 (internal compiler error)
UNRESOLVED: gcc.c-torture/execute/20050121-1.c execution, -O0
FAIL: gcc.c-torture/execute/pr23324.c compilation, -O0
UNRESOLVED: gcc.c-torture/execute/pr23324.c execution, -O0
FAIL: gcc.dg/compat/scalar-return-4 c_compat_y_tst.o compile, (internal compiler error)
UNRESOLVED: gcc.dg/compat/scalar-return-4 c_compat_x_tst.o-c_compat_y_tst.o link
UNRESOLVED: gcc.dg/compat/scalar-return-4 c_compat_x_tst.o-c_compat_y_tst.o execute
FAIL: tmpdir-gcc.dg-struct-layout-1/t001 c_compat_x_tst.o-c_compat_y_tst.o execute
FAIL: tmpdir-gcc.dg-struct-layout-1/t002 c_compat_x_tst.o-c_compat_y_tst.o execute
FAIL: tmpdir-gcc.dg-struct-layout-1/t003 c_compat_x_tst.o-c_compat_y_tst.o execute
FAIL: tmpdir-gcc.dg-struct-layout-1/t004 c_compat_x_tst.o-c_compat_y_tst.o execute
FAIL: tmpdir-gcc.dg-struct-layout-1/t005 c_compat_x_tst.o-c_compat_y_tst.o execute
FAIL: tmpdir-gcc.dg-struct-layout-1/t006 c_compat_x_tst.o-c_compat_y_tst.o execute
FAIL: tmpdir-gcc.dg-struct-layout-1/t007 c_compat_x_tst.o-c_compat_y_tst.o execute
FAIL: tmpdir-gcc.dg-struct-layout-1/t008 c_compat_x_tst.o-c_compat_y_tst.o execute
FAIL: tmpdir-gcc.dg-struct-layout-1/t009 c_compat_x_tst.o-c_compat_y_tst.o execute
FAIL: tmpdir-gcc.dg-struct-layout-1/t010 c_compat_x_tst.o-c_compat_y_tst.o execute
FAIL: tmpdir-gcc.dg-struct-layout-1/t011 c_compat_x_tst.o-c_compat_y_tst.o execute
FAIL: tmpdir-gcc.dg-struct-layout-1/t012 c_compat_x_tst.o-c_compat_y_tst.o execute
FAIL: tmpdir-gcc.dg-struct-layout-1/t013 c_compat_x_tst.o-c_compat_y_tst.o execute
FAIL: tmpdir-gcc.dg-struct-layout-1/t014 c_compat_x_tst.o-c_compat_y_tst.o execute
FAIL: tmpdir-gcc.dg-struct-layout-1/t015 c_compat_x_tst.o-c_compat_y_tst.o execute
FAIL: tmpdir-gcc.dg-struct-layout-1/t017 c_compat_x_tst.o-c_compat_y_tst.o execute
FAIL: tmpdir-gcc.dg-struct-layout-1/t018 c_compat_x_tst.o-c_compat_y_tst.o execute
FAIL: tmpdir-gcc.dg-struct-layout-1/t024 c_compat_x_tst.o-c_compat_y_tst.o execute
FAIL: tmpdir-gcc.dg-struct-layout-1/t025 c_compat_x_tst.o-c_compat_y_tst.o execute
FAIL: tmpdir-gcc.dg-struct-layout-1/t026 c_compat_x_tst.o-c_compat_y_tst.o execute
FAIL: tmpdir-gcc.dg-struct-layout-1/t027 c_compat_x_tst.o-c_compat_y_tst.o execute
FAIL: tmpdir-gcc.dg-struct-layout-1/t028 c_compat_x_tst.o-c_compat_y_tst.o execute
FAIL: gcc.dg/array-quals-1.c scan-assembler-not \\\\.data(?!\\\\.rel\\\\.ro)
FAIL: gcc.dg/attr-weakref-1.c (test for excess errors)
WARNING: gcc.dg/attr-weakref-1.c compilation failed to produce executable
FAIL: gcc.dg/intmax_t-1.c (test for excess errors)
FAIL: gcc.dg/pr17957.c (test for excess errors)
FAIL: gcc.dg/pthread-init-1.c (test for excess errors)
FAIL: gcc.dg/pthread-init-2.c (test for excess errors)
FAIL: gcc.dg/ucnid-2.c (test for excess errors)
WARNING: gcc.dg/ucnid-2.c compilation failed to produce executable
FAIL: gcc.dg/ucnid-3.c (test for excess errors)
WARNING: gcc.dg/ucnid-3.c compilation failed to produce executable
FAIL: gcc.dg/ucnid-4.c (test for excess errors)
WARNING: gcc.dg/ucnid-4.c compilation failed to produce executable
FAIL: largefile.c (test for excess errors)
FAIL: largefile.c (test for excess errors)
FAIL: largefile.c (test for excess errors)
FAIL: largefile.c (test for excess errors)
FAIL: largefile.c (test for excess errors)
FAIL: largefile.c (test for excess errors)
FAIL: largefile.c (test for excess errors)
XPASS: gcc.dg/vect/vect-reduc-1char.c scan-tree-dump-times vectorized 3 loops 1
XPASS: gcc.dg/vect/vect-reduc-1short.c scan-tree-dump-times vectorized 3 loops 1
=== gcc Summary ===
# of expected passes 37888
# of unexpected failures 68
# of unexpected successes 2
# of expected failures 96
# of unresolved testcases 4
# of untested testcases 35
# of unsupported tests 491
/amnt/sequoia/export/vol/gcc/obj/alpha/gcc-4.1.3-20070510/5.1b-gcc/gcc/xgcc version 4.1.3 20070510 (prerelease)
=== gfortran tests ===
Running target unix
FAIL: gfortran.dg/large_real_kind_2.F90 execution test
FAIL: gfortran.dg/large_real_kind_2.F90 execution test
FAIL: gfortran.dg/large_real_kind_2.F90 execution test
FAIL: gfortran.dg/large_real_kind_2.F90 execution test
FAIL: gfortran.dg/large_real_kind_2.F90 execution test
FAIL: gfortran.dg/large_real_kind_2.F90 execution test
FAIL: gfortran.dg/large_real_kind_2.F90 execution test
FAIL: gfortran.dg/large_real_kind_2.F90 execution test
XPASS: gfortran.dg/vect/vect-5.f90 scan-tree-dump-times vectorized 2 loops 1
XPASS: gfortran.dg/vect/vect-5.f90 scan-tree-dump-times Alignment of access forced using peeling 1
XPASS: gfortran.dg/vect/vect-5.f90 scan-tree-dump-times Vectorizing an unaligned access 2
FAIL: gfortran.fortran-torture/execute/intrinsic_nearest.f90 execution, -O2
FAIL: gfortran.fortran-torture/execute/intrinsic_nearest.f90 execution, -O3 -fomit-frame-pointer
FAIL: gfortran.fortran-torture/execute/intrinsic_nearest.f90 execution, -O3 -fomit-frame-pointer -funroll-loops
FAIL: gfortran.fortran-torture/execute/intrinsic_nearest.f90 execution, -O3 -fomit-frame-pointer -funroll-all-loops -finline-functions
FAIL: gfortran.fortran-torture/execute/intrinsic_nearest.f90 execution, -O3 -g
FAIL: gfortran.fortran-torture/execute/intrinsic_nearest.f90 execution, -Os
=== gfortran Summary ===
# of expected passes 13633
# of unexpected failures 14
# of unexpected successes 3
# of expected failures 4
# of unsupported tests 31
/amnt/sequoia/export/vol/gcc/obj/alpha/gcc-4.1.3-20070510/5.1b-gcc/gcc/testsuite/gfortran/../../gfortran version 4.1.3 20070510 (prerelease)
=== objc tests ===
Running target unix
=== objc Summary ===
# of expected passes 1718
# of unsupported tests 24
/amnt/sequoia/export/vol/gcc/obj/alpha/gcc-4.1.3-20070510/5.1b-gcc/gcc/xgcc version 4.1.3 20070510 (prerelease)
Compiler version: 4.1.3 20070510 (prerelease)
Platform: alpha-dec-osf5.1b
configure flags: --prefix=/vol/gcc --with-local-prefix=/vol/gcc --disable-nls --host alpha-dec-osf5.1b --build alpha-dec-osf5.1b --target alpha-dec-osf5.1b --with-gmp=/vol/gcc --with-mpfr=/vol/gcc --enable-languages=c,ada,c++,fortran,java,objc
BOOT_CFLAGS=-g -O2
More information about the Gcc-testresults
mailing list