Results for 4.3.0 20070602 (experimental) [trunk revision 125281] testsuite on x86_64-unknown-linux-gnu
H.J. Lu
hjl@gnu-27.sc.intel.com
Mon Jun 4 20:55:00 GMT 2007
LAST_UPDATED: Mon Jun 4 19:29:18 UTC 2007 (revision 125281)
Native configuration is x86_64-unknown-linux-gnu
=== gcc tests ===
Running target unix/-m32
FAIL: gcc.c-torture/execute/mayalias-2.c compilation, -O3 -g (internal compiler error)
UNRESOLVED: gcc.c-torture/execute/mayalias-2.c execution, -O3 -g
FAIL: gcc.c-torture/execute/mayalias-3.c compilation, -O3 -g (internal compiler error)
UNRESOLVED: gcc.c-torture/execute/mayalias-3.c execution, -O3 -g
FAIL: gcc.dg/tree-ssa/reassoc-11.c (test for excess errors)
ERROR: gcc.dg/tree-ssa/reassoc-11.c: error executing dg-final: no files matched glob pattern "reassoc-11.c.[0-9][0-9][0-9]t.reassoc1"
UNRESOLVED: gcc.dg/tree-ssa/reassoc-11.c: error executing dg-final: no files matched glob pattern "reassoc-11.c.[0-9][0-9][0-9]t.reassoc1"
FAIL: gcc.dg/tree-ssa/reassoc-12.c (test for excess errors)
ERROR: gcc.dg/tree-ssa/reassoc-12.c: error executing dg-final: no files matched glob pattern "reassoc-12.c.[0-9][0-9][0-9]t.reassoc1"
UNRESOLVED: gcc.dg/tree-ssa/reassoc-12.c: error executing dg-final: no files matched glob pattern "reassoc-12.c.[0-9][0-9][0-9]t.reassoc1"
FAIL: gcc.dg/tree-ssa/reassoc-6.c (test for excess errors)
ERROR: gcc.dg/tree-ssa/reassoc-6.c: error executing dg-final: no files matched glob pattern "reassoc-6.c.[0-9][0-9][0-9]t.reassoc1"
UNRESOLVED: gcc.dg/tree-ssa/reassoc-6.c: error executing dg-final: no files matched glob pattern "reassoc-6.c.[0-9][0-9][0-9]t.reassoc1"
FAIL: gcc.dg/tree-ssa/reassoc-7.c (test for excess errors)
ERROR: gcc.dg/tree-ssa/reassoc-7.c: error executing dg-final: no files matched glob pattern "reassoc-7.c.[0-9][0-9][0-9]t.reassoc1"
UNRESOLVED: gcc.dg/tree-ssa/reassoc-7.c: error executing dg-final: no files matched glob pattern "reassoc-7.c.[0-9][0-9][0-9]t.reassoc1"
FAIL: gcc.dg/tree-ssa/reassoc-8.c (test for excess errors)
ERROR: gcc.dg/tree-ssa/reassoc-8.c: error executing dg-final: no files matched glob pattern "reassoc-8.c.[0-9][0-9][0-9]t.reassoc1"
UNRESOLVED: gcc.dg/tree-ssa/reassoc-8.c: error executing dg-final: no files matched glob pattern "reassoc-8.c.[0-9][0-9][0-9]t.reassoc1"
FAIL: gcc.dg/tree-ssa/reassoc-9.c (test for excess errors)
ERROR: gcc.dg/tree-ssa/reassoc-9.c: error executing dg-final: no files matched glob pattern "reassoc-9.c.[0-9][0-9][0-9]t.reassoc1"
UNRESOLVED: gcc.dg/tree-ssa/reassoc-9.c: error executing dg-final: no files matched glob pattern "reassoc-9.c.[0-9][0-9][0-9]t.reassoc1"
XPASS: gcc.dg/tree-ssa/update-threading.c scan-tree-dump-times Invalid sum 0
XPASS: gcc.dg/vect/vect-iv-4.c scan-tree-dump-times vectorized 1 loops 1
FAIL: gcc.target/i386/pr21291.c (test for excess errors)
FAIL: gcc.target/i386/sse-13.c (test for excess errors)
=== gcc Summary for unix/-m32 ===
# of expected passes 45801
# of unexpected failures 10
# of unexpected successes 2
# of expected failures 135
# of unresolved testcases 8
# of untested testcases 35
# of unsupported tests 316
Running target unix
FAIL: gcc.c-torture/execute/mayalias-2.c compilation, -O3 -g (internal compiler error)
UNRESOLVED: gcc.c-torture/execute/mayalias-2.c execution, -O3 -g
FAIL: gcc.c-torture/execute/mayalias-3.c compilation, -O3 -g (internal compiler error)
UNRESOLVED: gcc.c-torture/execute/mayalias-3.c execution, -O3 -g
FAIL: gcc.dg/matrix/matrix-6.c (test for excess errors)
FAIL: gcc.dg/matrix/transpose-1.c execution, -fprofile-use -fipa-matrix-reorg -fdump-ipa-matrix-reorg -O3 -fwhole-program -combine
FAIL: gcc.dg/tree-ssa/reassoc-11.c (test for excess errors)
ERROR: gcc.dg/tree-ssa/reassoc-11.c: error executing dg-final: no files matched glob pattern "reassoc-11.c.[0-9][0-9][0-9]t.reassoc1"
UNRESOLVED: gcc.dg/tree-ssa/reassoc-11.c: error executing dg-final: no files matched glob pattern "reassoc-11.c.[0-9][0-9][0-9]t.reassoc1"
FAIL: gcc.dg/tree-ssa/reassoc-12.c (test for excess errors)
ERROR: gcc.dg/tree-ssa/reassoc-12.c: error executing dg-final: no files matched glob pattern "reassoc-12.c.[0-9][0-9][0-9]t.reassoc1"
UNRESOLVED: gcc.dg/tree-ssa/reassoc-12.c: error executing dg-final: no files matched glob pattern "reassoc-12.c.[0-9][0-9][0-9]t.reassoc1"
FAIL: gcc.dg/tree-ssa/reassoc-6.c (test for excess errors)
ERROR: gcc.dg/tree-ssa/reassoc-6.c: error executing dg-final: no files matched glob pattern "reassoc-6.c.[0-9][0-9][0-9]t.reassoc1"
UNRESOLVED: gcc.dg/tree-ssa/reassoc-6.c: error executing dg-final: no files matched glob pattern "reassoc-6.c.[0-9][0-9][0-9]t.reassoc1"
FAIL: gcc.dg/tree-ssa/reassoc-7.c (test for excess errors)
ERROR: gcc.dg/tree-ssa/reassoc-7.c: error executing dg-final: no files matched glob pattern "reassoc-7.c.[0-9][0-9][0-9]t.reassoc1"
UNRESOLVED: gcc.dg/tree-ssa/reassoc-7.c: error executing dg-final: no files matched glob pattern "reassoc-7.c.[0-9][0-9][0-9]t.reassoc1"
FAIL: gcc.dg/tree-ssa/reassoc-8.c (test for excess errors)
ERROR: gcc.dg/tree-ssa/reassoc-8.c: error executing dg-final: no files matched glob pattern "reassoc-8.c.[0-9][0-9][0-9]t.reassoc1"
UNRESOLVED: gcc.dg/tree-ssa/reassoc-8.c: error executing dg-final: no files matched glob pattern "reassoc-8.c.[0-9][0-9][0-9]t.reassoc1"
FAIL: gcc.dg/tree-ssa/reassoc-9.c (test for excess errors)
ERROR: gcc.dg/tree-ssa/reassoc-9.c: error executing dg-final: no files matched glob pattern "reassoc-9.c.[0-9][0-9][0-9]t.reassoc1"
UNRESOLVED: gcc.dg/tree-ssa/reassoc-9.c: error executing dg-final: no files matched glob pattern "reassoc-9.c.[0-9][0-9][0-9]t.reassoc1"
XPASS: gcc.dg/tree-ssa/update-threading.c scan-tree-dump-times Invalid sum 0
XPASS: gcc.dg/vect/vect-iv-4.c scan-tree-dump-times vectorized 1 loops 1
FAIL: gcc.target/i386/sse-13.c (test for excess errors)
=== gcc Summary for unix ===
# of expected passes 45659
# of unexpected failures 11
# of unexpected successes 2
# of expected failures 134
# of unresolved testcases 8
# of untested testcases 35
# of unsupported tests 424
=== gcc Summary ===
# of expected passes 91460
# of unexpected failures 21
# of unexpected successes 4
# of expected failures 269
# of unresolved testcases 16
# of untested testcases 70
# of unsupported tests 740
/export/build/gnu/gcc-last/build-x86_64-linux/gcc/xgcc version 4.3.0 20070602 (experimental) [trunk revision 125281]
=== gfortran tests ===
Running target unix/-m32
FAIL: gfortran.dg/allocate_stat_1.f90 -O0 execution test
FAIL: gfortran.dg/allocate_stat_1.f90 -O1 execution test
FAIL: gfortran.dg/allocate_stat_1.f90 -O2 execution test
FAIL: gfortran.dg/allocate_stat_1.f90 -O3 -fomit-frame-pointer execution test
FAIL: gfortran.dg/allocate_stat_1.f90 -O3 -fomit-frame-pointer -funroll-loops execution test
FAIL: gfortran.dg/allocate_stat_1.f90 -O3 -fomit-frame-pointer -funroll-all-loops -finline-functions execution test
FAIL: gfortran.dg/allocate_stat_1.f90 -O3 -g execution test
FAIL: gfortran.dg/allocate_stat_1.f90 -Os execution test
=== gfortran Summary for unix/-m32 ===
# of expected passes 18244
# of unexpected failures 8
# of expected failures 8
# of unsupported tests 16
Running target unix
=== gfortran Summary for unix ===
# of expected passes 18250
# of expected failures 8
# of unsupported tests 18
=== gfortran Summary ===
# of expected passes 36494
# of unexpected failures 8
# of expected failures 16
# of unsupported tests 34
/export/build/gnu/gcc-last/build-x86_64-linux/gcc/testsuite/gfortran/../../gfortran version 4.3.0 20070602 (experimental) [trunk revision 125281]
=== g++ tests ===
Running target unix/-m32
XPASS: g++.dg/tree-ssa/ivopts-1.C scan-tree-dump-not offset: -4B
XPASS: g++.dg/tree-ssa/ivopts-1.C scan-tree-dump-not &x\\[5\\]
=== g++ Summary for unix/-m32 ===
# of expected passes 16151
# of unexpected successes 2
# of expected failures 86
# of unsupported tests 81
Running target unix
XPASS: g++.dg/tree-ssa/ivopts-1.C scan-tree-dump-not offset: -4B
XPASS: g++.dg/tree-ssa/ivopts-1.C scan-tree-dump-not &x\\[5\\]
=== g++ Summary for unix ===
# of expected passes 16068
# of unexpected successes 2
# of expected failures 86
# of unsupported tests 109
=== g++ Summary ===
# of expected passes 32219
# of unexpected successes 4
# of expected failures 172
# of unsupported tests 190
/export/build/gnu/gcc-last/build-x86_64-linux/gcc/testsuite/g++/../../g++ version 4.3.0 20070602 (experimental) [trunk revision 125281]
=== libgomp tests ===
Running target unix/-m32
=== libgomp Summary for unix/-m32 ===
# of expected passes 1566
Running target unix
=== libgomp Summary for unix ===
# of expected passes 1566
=== libgomp Summary ===
# of expected passes 3132
=== libmudflap tests ===
Running target unix/-m32
FAIL: libmudflap.c++/pass41-frag.cxx execution test
FAIL: libmudflap.c++/pass41-frag.cxx (-static) execution test
FAIL: libmudflap.c++/pass41-frag.cxx ( -O) execution test
FAIL: libmudflap.c++/pass41-frag.cxx (-O2) execution test
FAIL: libmudflap.c++/pass41-frag.cxx (-O3) execution test
FAIL: libmudflap.cth/pass37-frag.c (-static -DSTATIC) execution test
FAIL: libmudflap.cth/pass37-frag.c (-static -DSTATIC) output pattern test
FAIL: libmudflap.cth/pass37-frag.c (-static -DSTATIC) (rerun 1) execution test
FAIL: libmudflap.cth/pass37-frag.c (-static -DSTATIC) (rerun 1) output pattern test
FAIL: libmudflap.cth/pass37-frag.c (-static -DSTATIC) (rerun 2) execution test
FAIL: libmudflap.cth/pass37-frag.c (-static -DSTATIC) (rerun 2) output pattern test
FAIL: libmudflap.cth/pass37-frag.c (-static -DSTATIC) (rerun 3) execution test
FAIL: libmudflap.cth/pass37-frag.c (-static -DSTATIC) (rerun 3) output pattern test
FAIL: libmudflap.cth/pass37-frag.c (-static -DSTATIC) (rerun 4) execution test
FAIL: libmudflap.cth/pass37-frag.c (-static -DSTATIC) (rerun 4) output pattern test
FAIL: libmudflap.cth/pass37-frag.c (-static -DSTATIC) (rerun 5) execution test
FAIL: libmudflap.cth/pass37-frag.c (-static -DSTATIC) (rerun 5) output pattern test
FAIL: libmudflap.cth/pass37-frag.c (-static -DSTATIC) (rerun 6) execution test
FAIL: libmudflap.cth/pass37-frag.c (-static -DSTATIC) (rerun 6) output pattern test
FAIL: libmudflap.cth/pass37-frag.c (-static -DSTATIC) (rerun 7) execution test
FAIL: libmudflap.cth/pass37-frag.c (-static -DSTATIC) (rerun 7) output pattern test
FAIL: libmudflap.cth/pass37-frag.c (-static -DSTATIC) (rerun 8) execution test
FAIL: libmudflap.cth/pass37-frag.c (-static -DSTATIC) (rerun 8) output pattern test
FAIL: libmudflap.cth/pass37-frag.c (-static -DSTATIC) (rerun 9) execution test
FAIL: libmudflap.cth/pass37-frag.c (-static -DSTATIC) (rerun 9) output pattern test
FAIL: libmudflap.cth/pass37-frag.c (-static -DSTATIC) (rerun 10) execution test
FAIL: libmudflap.cth/pass37-frag.c (-static -DSTATIC) (rerun 10) output pattern test
FAIL: libmudflap.cth/pass37-frag.c (-static -DSTATIC) (rerun 11) execution test
FAIL: libmudflap.cth/pass37-frag.c (-static -DSTATIC) (rerun 11) output pattern test
FAIL: libmudflap.cth/pass37-frag.c (-static -DSTATIC) (rerun 12) execution test
FAIL: libmudflap.cth/pass37-frag.c (-static -DSTATIC) (rerun 12) output pattern test
FAIL: libmudflap.cth/pass37-frag.c (-static -DSTATIC) (rerun 13) execution test
FAIL: libmudflap.cth/pass37-frag.c (-static -DSTATIC) (rerun 13) output pattern test
FAIL: libmudflap.cth/pass37-frag.c (-static -DSTATIC) (rerun 14) execution test
FAIL: libmudflap.cth/pass37-frag.c (-static -DSTATIC) (rerun 14) output pattern test
FAIL: libmudflap.cth/pass37-frag.c (-static -DSTATIC) (rerun 15) execution test
FAIL: libmudflap.cth/pass37-frag.c (-static -DSTATIC) (rerun 15) output pattern test
FAIL: libmudflap.cth/pass37-frag.c (-static -DSTATIC) (rerun 16) execution test
FAIL: libmudflap.cth/pass37-frag.c (-static -DSTATIC) (rerun 16) output pattern test
FAIL: libmudflap.cth/pass37-frag.c (-static -DSTATIC) (rerun 17) execution test
FAIL: libmudflap.cth/pass37-frag.c (-static -DSTATIC) (rerun 17) output pattern test
FAIL: libmudflap.cth/pass37-frag.c (-static -DSTATIC) (rerun 18) execution test
FAIL: libmudflap.cth/pass37-frag.c (-static -DSTATIC) (rerun 18) output pattern test
FAIL: libmudflap.cth/pass37-frag.c (-static -DSTATIC) (rerun 19) execution test
FAIL: libmudflap.cth/pass37-frag.c (-static -DSTATIC) (rerun 19) output pattern test
FAIL: libmudflap.cth/pass39-frag.c (-static -DSTATIC) execution test
FAIL: libmudflap.cth/pass39-frag.c (-static -DSTATIC) output pattern test
FAIL: libmudflap.cth/pass39-frag.c (-static -DSTATIC) (rerun 1) execution test
FAIL: libmudflap.cth/pass39-frag.c (-static -DSTATIC) (rerun 1) output pattern test
FAIL: libmudflap.cth/pass39-frag.c (-static -DSTATIC) (rerun 2) execution test
FAIL: libmudflap.cth/pass39-frag.c (-static -DSTATIC) (rerun 2) output pattern test
FAIL: libmudflap.cth/pass39-frag.c (-static -DSTATIC) (rerun 3) execution test
FAIL: libmudflap.cth/pass39-frag.c (-static -DSTATIC) (rerun 3) output pattern test
FAIL: libmudflap.cth/pass39-frag.c (-static -DSTATIC) (rerun 4) execution test
FAIL: libmudflap.cth/pass39-frag.c (-static -DSTATIC) (rerun 4) output pattern test
FAIL: libmudflap.cth/pass39-frag.c (-static -DSTATIC) (rerun 5) execution test
FAIL: libmudflap.cth/pass39-frag.c (-static -DSTATIC) (rerun 5) output pattern test
FAIL: libmudflap.cth/pass39-frag.c (-static -DSTATIC) (rerun 6) execution test
FAIL: libmudflap.cth/pass39-frag.c (-static -DSTATIC) (rerun 6) output pattern test
FAIL: libmudflap.cth/pass39-frag.c (-static -DSTATIC) (rerun 7) execution test
FAIL: libmudflap.cth/pass39-frag.c (-static -DSTATIC) (rerun 7) output pattern test
FAIL: libmudflap.cth/pass39-frag.c (-static -DSTATIC) (rerun 8) execution test
FAIL: libmudflap.cth/pass39-frag.c (-static -DSTATIC) (rerun 8) output pattern test
FAIL: libmudflap.cth/pass39-frag.c (-static -DSTATIC) (rerun 9) execution test
FAIL: libmudflap.cth/pass39-frag.c (-static -DSTATIC) (rerun 9) output pattern test
FAIL: libmudflap.cth/pass39-frag.c (-static -DSTATIC) (rerun 10) execution test
FAIL: libmudflap.cth/pass39-frag.c (-static -DSTATIC) (rerun 10) output pattern test
FAIL: libmudflap.cth/pass39-frag.c (-static -DSTATIC) (rerun 11) execution test
FAIL: libmudflap.cth/pass39-frag.c (-static -DSTATIC) (rerun 11) output pattern test
FAIL: libmudflap.cth/pass39-frag.c (-static -DSTATIC) (rerun 12) execution test
FAIL: libmudflap.cth/pass39-frag.c (-static -DSTATIC) (rerun 12) output pattern test
FAIL: libmudflap.cth/pass39-frag.c (-static -DSTATIC) (rerun 13) execution test
FAIL: libmudflap.cth/pass39-frag.c (-static -DSTATIC) (rerun 13) output pattern test
FAIL: libmudflap.cth/pass39-frag.c (-static -DSTATIC) (rerun 14) execution test
FAIL: libmudflap.cth/pass39-frag.c (-static -DSTATIC) (rerun 14) output pattern test
FAIL: libmudflap.cth/pass39-frag.c (-static -DSTATIC) (rerun 15) execution test
FAIL: libmudflap.cth/pass39-frag.c (-static -DSTATIC) (rerun 15) output pattern test
FAIL: libmudflap.cth/pass39-frag.c (-static -DSTATIC) (rerun 16) execution test
FAIL: libmudflap.cth/pass39-frag.c (-static -DSTATIC) (rerun 16) output pattern test
FAIL: libmudflap.cth/pass39-frag.c (-static -DSTATIC) (rerun 17) execution test
FAIL: libmudflap.cth/pass39-frag.c (-static -DSTATIC) (rerun 17) output pattern test
FAIL: libmudflap.cth/pass39-frag.c (-static -DSTATIC) (rerun 18) execution test
FAIL: libmudflap.cth/pass39-frag.c (-static -DSTATIC) (rerun 18) output pattern test
FAIL: libmudflap.cth/pass39-frag.c (-static -DSTATIC) (rerun 19) execution test
FAIL: libmudflap.cth/pass39-frag.c (-static -DSTATIC) (rerun 19) output pattern test
FAIL: libmudflap.cth/pass40-frag.c (-static -DSTATIC) execution test
FAIL: libmudflap.cth/pass40-frag.c (-static -DSTATIC) output pattern test
FAIL: libmudflap.cth/pass59-frag.c (-static -DSTATIC) execution test
FAIL: libmudflap.cth/pass59-frag.c (-static -DSTATIC) output pattern test
=== libmudflap Summary for unix/-m32 ===
# of expected passes 1737
# of unexpected failures 89
Running target unix
FAIL: libmudflap.c++/pass41-frag.cxx execution test
FAIL: libmudflap.c++/pass41-frag.cxx (-static) execution test
FAIL: libmudflap.c++/pass41-frag.cxx ( -O) execution test
FAIL: libmudflap.c++/pass41-frag.cxx (-O2) execution test
FAIL: libmudflap.c++/pass41-frag.cxx (-O3) execution test
=== libmudflap Summary for unix ===
# of expected passes 1821
# of unexpected failures 5
=== libmudflap Summary ===
# of expected passes 3558
# of unexpected failures 94
=== libstdc++ tests ===
Running target unix/-m32
XPASS: 26_numerics/headers/cmath/c99_classification_macros_c.cc (test for excess errors)
=== libstdc++ Summary for unix/-m32 ===
# of expected passes 5056
# of unexpected successes 1
# of expected failures 42
Running target unix
XPASS: 26_numerics/headers/cmath/c99_classification_macros_c.cc (test for excess errors)
XPASS: 27_io/fpos/14320-1.cc execution test
=== libstdc++ Summary for unix ===
# of expected passes 5056
# of unexpected successes 2
# of expected failures 41
=== libstdc++ Summary ===
# of expected passes 10112
# of unexpected successes 3
# of expected failures 83
Compiler version: 4.3.0 20070602 (experimental) [trunk revision 125281]
Platform: x86_64-unknown-linux-gnu
configure flags: --enable-clocale=gnu --with-system-zlib --with-demangler-in-ld --enable-languages=c,c++,fortran --enable-shared --enable-threads=posix --enable-haifa --enable-checking=assert --prefix=/usr/gcc-last --with-local-prefix=/usr/local
More information about the Gcc-testresults
mailing list