Results for 4.3.0 20070716 (experimental) testsuite on i686-pc-linux-gnu
Rob1weld@aol.com
Rob1weld@aol.com
Tue Jul 17 12:59:00 GMT 2007
LAST_UPDATED: Tue Jul 17 02:38:40 UTC 2007 (revision 126698M)
=== acats tests ===
FAIL: cd92001
FAIL: cxh1001
=== acats Summary ===
# of expected passes 2313
# of unexpected failures 2
Native configuration is i686-pc-linux-gnu
=== g++ tests ===
Running target unix
FAIL: g++.dg/opt/pr24665.C (internal compiler error)
FAIL: g++.dg/opt/pr24665.C (test for excess errors)
XPASS: g++.dg/tree-ssa/copyprop-1.C scan-tree-dump-not .* = [^>;]*;
XPASS: g++.dg/tree-ssa/ivopts-1.C scan-tree-dump-not offset: -4B
XPASS: g++.dg/tree-ssa/ivopts-1.C scan-tree-dump-not &x\\[5\\]
FAIL: g++.old-deja/g++.jason/synth7.C execution test
=== g++ Summary ===
# of expected passes 16277
# of unexpected failures 3
# of unexpected successes 3
# of expected failures 86
# of unsupported tests 83
/opt/gcc-4_3-build/gcc/testsuite/g++/../../g++ version 4.3.0 20070716
(experimental)
=== gcc tests ===
Running target unix
FAIL: gcc.c-torture/execute/20050316-2.c execution, -O0
FAIL: gcc.c-torture/execute/20050316-2.c execution, -O1
FAIL: gcc.c-torture/execute/20050316-2.c execution, -O2
FAIL: gcc.c-torture/execute/mayalias-2.c compilation, -O3 -g (internal
compiler error)
UNRESOLVED: gcc.c-torture/execute/mayalias-2.c execution, -O3 -g
FAIL: gcc.c-torture/execute/mayalias-3.c compilation, -O3 -g (internal
compiler error)
UNRESOLVED: gcc.c-torture/execute/mayalias-3.c execution, -O3 -g
FAIL: gcc.dg/compat/vector-2 c_compat_x_tst.o-c_compat_y_tst.o execute
FAIL: gcc.dg/builtin-apply4.c execution test
FAIL: gcc.dg/builtins-61.c scan-tree-dump return 0.0
XPASS: gcc.dg/torture/builtin-math-4.c -O0 (test for excess errors)
XPASS: gcc.dg/torture/builtin-math-4.c -O1 (test for excess errors)
XPASS: gcc.dg/torture/builtin-math-4.c -O2 (test for excess errors)
XPASS: gcc.dg/torture/builtin-math-4.c -O3 -fomit-frame-pointer (test for
excess errors)
XPASS: gcc.dg/torture/builtin-math-4.c -O3 -fomit-frame-pointer
-funroll-loops (test for excess errors)
XPASS: gcc.dg/torture/builtin-math-4.c -O3 -fomit-frame-pointer
-funroll-all-loops -finline-functions (test for excess errors)
XPASS: gcc.dg/torture/builtin-math-4.c -O3 -g (test for excess errors)
XPASS: gcc.dg/torture/builtin-math-4.c -Os (test for excess errors)
FAIL: gcc.dg/tree-ssa/gen-vect-11.c scan-tree-dump-times vectorized 1 loops 1
FAIL: gcc.dg/tree-ssa/gen-vect-11a.c scan-tree-dump-times vectorized 1 loops
1
XPASS: gcc.dg/tree-ssa/update-threading.c scan-tree-dump-times Invalid sum 0
=== gcc Summary ===
# of expected passes 46404
# of unexpected failures 10
# of unexpected successes 9
# of expected failures 133
# of unresolved testcases 2
# of untested testcases 35
# of unsupported tests 298
/opt/gcc-4_3-build/gcc/xgcc version 4.3.0 20070716 (experimental)
=== gfortran tests ===
Running target unix
FAIL: gfortran.dg/open_errors.f90 -O0 execution test
FAIL: gfortran.dg/open_errors.f90 -O1 execution test
FAIL: gfortran.dg/open_errors.f90 -O2 execution test
FAIL: gfortran.dg/open_errors.f90 -O3 -fomit-frame-pointer execution test
FAIL: gfortran.dg/open_errors.f90 -O3 -fomit-frame-pointer -funroll-loops
execution test
FAIL: gfortran.dg/open_errors.f90 -O3 -fomit-frame-pointer
-funroll-all-loops -finline-functions execution test
FAIL: gfortran.dg/open_errors.f90 -O3 -g execution test
FAIL: gfortran.dg/open_errors.f90 -Os execution test
FAIL: gfortran.fortran-torture/compile/pr32417.f90, "-O" (internal
compiler error)
=== gfortran Summary ===
# of expected passes 19496
# of unexpected failures 9
# of expected failures 9
# of unsupported tests 16
/opt/gcc-4_3-build/gcc/testsuite/gfortran/../../gfortran version 4.3.0
20070716 (experimental)
=== gnat tests ===
Running target unix
=== gnat Summary ===
# of expected passes 237
=== obj-c++ tests ===
Running target unix
FAIL: obj-c++.dg/bitfield-1.mm (internal compiler error)
FAIL: obj-c++.dg/bitfield-1.mm (test for excess errors)
UNRESOLVED: obj-c++.dg/bitfield-1.mm compilation failed to produce executable
FAIL: obj-c++.dg/comp-types-10.mm (internal compiler error)
FAIL: obj-c++.dg/comp-types-10.mm (test for excess errors)
FAIL: obj-c++.dg/cxx-class-1.mm (test for excess errors)
FAIL: obj-c++.dg/cxx-ivars-2.mm execution test
FAIL: obj-c++.dg/encode-2.mm scan-assembler {Vec<float>=ffi}
FAIL: obj-c++.dg/encode-2.mm scan-assembler {Vec<double>=ddi}
FAIL: obj-c++.dg/encode-3.mm execution test
FAIL: obj-c++.dg/encode-8.mm execution test
FAIL: obj-c++.dg/gnu-runtime-2.mm (test for excess errors)
FAIL: obj-c++.dg/isa-field-1.mm (test for excess errors)
FAIL: obj-c++.dg/lookup-2.mm (test for excess errors)
UNRESOLVED: obj-c++.dg/lookup-2.mm compilation failed to produce executable
FAIL: obj-c++.dg/try-catch-2.mm (test for excess errors)
UNRESOLVED: obj-c++.dg/try-catch-2.mm compilation failed to produce
executable
FAIL: obj-c++.dg/try-catch-9.mm (internal compiler error)
FAIL: obj-c++.dg/try-catch-9.mm (test for excess errors)
UNRESOLVED: obj-c++.dg/try-catch-9.mm compilation failed to produce
executable
=== obj-c++ Summary ===
# of expected passes 421
# of unexpected failures 16
# of unresolved testcases 4
# of unsupported tests 13
/opt/gcc-4_3-build/gcc/testsuite/obj-c++/../../g++ version 4.3.0 20070716
(experimental)
=== objc tests ===
Running target unix
=== objc Summary ===
# of expected passes 1812
# of expected failures 7
# of unsupported tests 24
/opt/gcc-4_3-build/gcc/xgcc version 4.3.0 20070716 (experimental)
=== libffi tests ===
Running target unix
FAIL: libffi.call/return_sc.c -O0 -W -Wall execution test
FAIL: libffi.call/return_sc.c -O2 execution test
FAIL: libffi.call/return_sc.c -O3 execution test
=== libffi Summary ===
# of expected passes 1093
# of unexpected failures 3
# of unsupported tests 8
=== libgomp tests ===
Running target unix
=== libgomp Summary ===
# of expected passes 1607
=== libjava tests ===
Running target unix
FAIL:
/root/downloads/gcc-4_3-trunk/libjava/testsuite/libjava.jar/TestClosureGC.jar execution - gij test
FAIL: /root/downloads/gcc-4_3-trunk/libjava/testsuite/libjava.jar/simple.jar
execution - gij test
FAIL: PR15133 execution - gij test
FAIL: PR18116 execution - gij test
FAIL: PR28178 execution - gij test
FAIL: bytebuffer execution - gij test
FAIL: calls execution - gij test
FAIL: cxxtest execution - gij test
FAIL: directbuffer execution - gij test
FAIL: field execution - gij test
FAIL: final_method execution - gij test
FAIL: findclass execution - gij test
FAIL: findclass2 execution - gij test
FAIL: iface execution - gij test
FAIL: init execution - gij test
FAIL: invoke execution - gij test
FAIL: jniutf execution - gij test
FAIL: martin execution - gij test
FAIL: noclass execution - gij test
FAIL: overload execution - gij test
FAIL: pr11951 execution - gij test
FAIL: pr18278 execution - gij test
FAIL: pr23739 execution - gij test
FAIL: register execution - gij test
FAIL: register2 execution - gij test
FAIL: simple_int execution - gij test
FAIL: throwit execution - gij test
FAIL: virtual execution - gij test
FAIL: PR16923 run
FAIL: pr29812 execution - gij test
FAIL: getargssize run
FAIL: getlocalvartable run
FAIL: getstacktrace run
FAIL: ExtraClassLoader execution - source compiled test
FAIL: ExtraClassLoader -findirect-dispatch execution - source compiled test
FAIL: ExtraClassLoader -O3 execution - source compiled test
FAIL: ExtraClassLoader -O3 -findirect-dispatch execution - source compiled
test
FAIL: ProxyTest execution - source compiled test
FAIL: ProxyTest -findirect-dispatch execution - source compiled test
FAIL: ProxyTest -O3 execution - source compiled test
FAIL: ProxyTest -O3 -findirect-dispatch execution - source compiled test
FAIL: Serialization output - source compiled test
FAIL: Serialization -findirect-dispatch output - source compiled test
FAIL: Serialization -O3 output - source compiled test
FAIL: Serialization -O3 -findirect-dispatch output - source compiled test
FAIL: TestProxy execution - source compiled test
FAIL: TestProxy -findirect-dispatch execution - source compiled test
FAIL: TestProxy -O3 execution - source compiled test
FAIL: TestProxy -O3 -findirect-dispatch execution - source compiled test
FAIL: md5test output - source compiled test
FAIL: md5test -findirect-dispatch output - source compiled test
FAIL: md5test -O3 output - source compiled test
FAIL: md5test -O3 -findirect-dispatch output - source compiled test
FAIL: pr21785 output - source compiled test
FAIL: pr21785 -findirect-dispatch output - source compiled test
FAIL: pr21785 -O3 output - source compiled test
FAIL: pr21785 -O3 -findirect-dispatch output - source compiled test
FAIL: pr26990 output - source compiled test
FAIL: pr26990 -findirect-dispatch output - source compiled test
FAIL: pr26990 -O3 output - source compiled test
FAIL: pr26990 -O3 -findirect-dispatch output - source compiled test
FAIL: shatest output - source compiled test
FAIL: shatest -findirect-dispatch output - source compiled test
FAIL: shatest -O3 output - source compiled test
FAIL: shatest -O3 -findirect-dispatch output - source compiled test
FAIL: /opt/gcc-4_3-build/i686-pc-linux-gnu/libjava/testsuite/TestEarlyGC.exe
execution -
/opt/gcc-4_3-build/i686-pc-linux-gnu/libjava/testsuite/TestEarlyGC.exe
FAIL: /opt/gcc-4_3-build/i686-pc-linux-gnu/libjava/testsuite/TestLeak.exe
execution - /opt/gcc-4_3-build/i686-pc-linux-gnu/libjava/testsuite/TestLeak.exe
FAIL:
/opt/gcc-4_3-build/i686-pc-linux-gnu/libjava/testsuite/TestMultiple.exe execution -
/opt/gcc-4_3-build/i686-pc-linux-gnu/libjava/testsuite/TestMultiple.exe
FAIL: /opt/gcc-4_3-build/i686-pc-linux-gnu/libjava/testsuite/TestParent.exe
execution - /opt/gcc-4_3-build/i686-pc-lin
ux-gnu/libjava/testsuite/TestParent.exe
=== libjava Summary ===
# of expected passes 2424
# of unexpected failures 69
# of untested testcases 49
=== libmudflap tests ===
Running target unix
FAIL: libmudflap.c++/pass41-frag.cxx execution test
FAIL: libmudflap.c++/pass41-frag.cxx (-static) execution test
FAIL: libmudflap.c++/pass41-frag.cxx ( -O) execution test
FAIL: libmudflap.c++/pass41-frag.cxx (-O2) execution test
FAIL: libmudflap.c++/pass41-frag.cxx (-O3) execution test
=== libmudflap Summary ===
# of expected passes 1985
# of unexpected failures 5
=== libstdc++ tests ===
Running target unix
FAIL: abi_check
XPASS: 26_numerics/headers/cmath/c99_classification_macros_c.cc (test for
excess errors)
=== libstdc++ Summary ===
# of expected passes 4473
# of unexpected failures 1
# of unexpected successes 1
# of expected failures 54
# of unsupported tests 316
Compiler version: 4.3.0 20070716 (experimental)
Platform: i686-pc-linux-gnu
configure flags: --verbose
--enable-languages=c,ada,c++,fortran,java,objc,obj-c++ --prefix=/usr/test --enable-objc-gc --disable-multilib
--with-gxx-include-dir=/usr/test/include/c++/4.3 --enable-libstdcxx-debug --enable-static
--enable-shared --enable-initfini-array --enable-__cxa_atexit
--enable-threads=posix --enable-version-specific-runtime-libs --enable-libssp
--enable-libmudflap --enable-libgomp --disable-werror --enable-nls --with-included-gettext
--enable-decimal-float --enable-debug --enable-java-gc=boehm --with-x
--x-includes=/usr/X11R6/include --x-libraries=/usr/X11R6/lib
--enable-java-awt=gtk,xlib,qt,x --enable-gtk-cairo --enable-qt-peer --enable-xmlj --enable-gconf-peer
--enable-libgcj-debug --enable-plugin
--with-escher=/root/downloads/escher-0.2.3 --enable-local-sockets --enable-tool-wrappers
--enable-portable-native-sync --enable-examples --with-dwarf2 --with-stabs --enable-hash-synchronization
--enable-gc-debug --enable-interpreter --with-system-zlib --enable-libada
--with-tls --with-tune=athlon-xp --with-cpu=athlon-xp --with-arch=athlon-xp
--enable-stage1-checking=assert,df,fold,gc,misc,rtl,rtlflag,runtime,tree
More information about the Gcc-testresults
mailing list