Results for 4.1.3 20070705 (prerelease) gcc testsuite on powerpc-unknown-eabisim
mstein
mstein@phenix.rootshell.be
Sat Jul 7 05:03:00 GMT 2007
Ubuntu 5 on pentium3-smp
cross tool versions:
GNU assembler (GNU Binutils) 2.17.50.20070617
GNU gdb 6.6.50.20070617-cvs
GNU ld (GNU Binutils) 2.17.50.20070617
GNU Make 3.80
expect version 5.42.1
host gcc version: gcc (GCC) 4.3.0 20070705 (experimental)
LAST_UPDATED: Thu Jul 5 22:07:28 UTC 2007 (revision 126390)
Target is powerpc-unknown-eabisim
Host is i686-pc-linux-gnu
=== gcc tests ===
Running target powerpc-sim
FAIL: gcc.c-torture/execute/builtins/20010124-1.c execution, -O0
FAIL: gcc.c-torture/execute/builtins/20010124-1.c execution, -O1
FAIL: gcc.c-torture/execute/builtins/20010124-1.c execution, -O2
FAIL: gcc.c-torture/execute/builtins/20010124-1.c execution, -O3 -fomit-frame-pointer
FAIL: gcc.c-torture/execute/builtins/20010124-1.c execution, -O3 -g
FAIL: gcc.c-torture/execute/builtins/20010124-1.c execution, -Os
FAIL: gcc.c-torture/execute/builtins/memcpy-chk.c execution, -O1
FAIL: gcc.c-torture/execute/builtins/memcpy-chk.c execution, -O2
FAIL: gcc.c-torture/execute/builtins/memcpy-chk.c execution, -O3 -fomit-frame-pointer
FAIL: gcc.c-torture/execute/builtins/memcpy-chk.c execution, -O3 -fomit-frame-pointer -funroll-loops
FAIL: gcc.c-torture/execute/builtins/memcpy-chk.c execution, -O3 -fomit-frame-pointer -funroll-all-loops -finline-functions
FAIL: gcc.c-torture/execute/builtins/memcpy-chk.c execution, -O3 -g
FAIL: gcc.c-torture/execute/builtins/memcpy-chk.c execution, -Os
FAIL: gcc.c-torture/execute/builtins/memmove-chk.c execution, -O1
FAIL: gcc.c-torture/execute/builtins/memmove-chk.c execution, -O2
FAIL: gcc.c-torture/execute/builtins/memmove-chk.c execution, -O3 -fomit-frame-pointer
FAIL: gcc.c-torture/execute/builtins/memmove-chk.c execution, -O3 -fomit-frame-pointer -funroll-loops
FAIL: gcc.c-torture/execute/builtins/memmove-chk.c execution, -O3 -fomit-frame-pointer -funroll-all-loops -finline-functions
FAIL: gcc.c-torture/execute/builtins/memmove-chk.c execution, -O3 -g
FAIL: gcc.c-torture/execute/builtins/memmove-chk.c execution, -Os
FAIL: gcc.c-torture/execute/builtins/memmove.c execution, -O0
FAIL: gcc.c-torture/execute/builtins/memmove.c execution, -O1
FAIL: gcc.c-torture/execute/builtins/memmove.c execution, -O2
FAIL: gcc.c-torture/execute/builtins/memmove.c execution, -O3 -fomit-frame-pointer
FAIL: gcc.c-torture/execute/builtins/memmove.c execution, -O3 -g
FAIL: gcc.c-torture/execute/builtins/memmove.c execution, -Os
FAIL: gcc.c-torture/execute/builtins/memops-asm.c execution, -O0
FAIL: gcc.c-torture/execute/builtins/memops-asm.c execution, -O1
FAIL: gcc.c-torture/execute/builtins/memops-asm.c execution, -O2
FAIL: gcc.c-torture/execute/builtins/memops-asm.c execution, -O3 -fomit-frame-pointer
FAIL: gcc.c-torture/execute/builtins/memops-asm.c execution, -O3 -g
FAIL: gcc.c-torture/execute/builtins/memops-asm.c execution, -Os
FAIL: gcc.c-torture/execute/builtins/mempcpy-2.c execution, -O0
FAIL: gcc.c-torture/execute/builtins/mempcpy-2.c execution, -O1
FAIL: gcc.c-torture/execute/builtins/mempcpy-2.c execution, -O2
FAIL: gcc.c-torture/execute/builtins/mempcpy-2.c execution, -O3 -fomit-frame-pointer
FAIL: gcc.c-torture/execute/builtins/mempcpy-2.c execution, -O3 -g
FAIL: gcc.c-torture/execute/builtins/mempcpy-2.c execution, -Os
FAIL: gcc.c-torture/execute/builtins/mempcpy-chk.c execution, -O1
FAIL: gcc.c-torture/execute/builtins/mempcpy-chk.c execution, -O2
FAIL: gcc.c-torture/execute/builtins/mempcpy-chk.c execution, -O3 -fomit-frame-pointer
FAIL: gcc.c-torture/execute/builtins/mempcpy-chk.c execution, -O3 -fomit-frame-pointer -funroll-loops
FAIL: gcc.c-torture/execute/builtins/mempcpy-chk.c execution, -O3 -fomit-frame-pointer -funroll-all-loops -finline-functions
FAIL: gcc.c-torture/execute/builtins/mempcpy-chk.c execution, -O3 -g
FAIL: gcc.c-torture/execute/builtins/mempcpy-chk.c execution, -Os
FAIL: gcc.c-torture/execute/builtins/mempcpy.c execution, -O0
FAIL: gcc.c-torture/execute/builtins/mempcpy.c execution, -O1
FAIL: gcc.c-torture/execute/builtins/mempcpy.c execution, -O2
FAIL: gcc.c-torture/execute/builtins/mempcpy.c execution, -O3 -fomit-frame-pointer
FAIL: gcc.c-torture/execute/builtins/mempcpy.c execution, -O3 -g
FAIL: gcc.c-torture/execute/builtins/mempcpy.c execution, -Os
WARNING: program timed out.
FAIL: gcc.c-torture/execute/builtins/memset-chk.c execution, -O1
FAIL: gcc.c-torture/execute/builtins/memset-chk.c execution, -O2
WARNING: program timed out.
FAIL: gcc.c-torture/execute/builtins/memset-chk.c execution, -O3 -fomit-frame-pointer
FAIL: gcc.c-torture/execute/builtins/memset-chk.c execution, -O3 -fomit-frame-pointer -funroll-loops
FAIL: gcc.c-torture/execute/builtins/memset-chk.c execution, -O3 -fomit-frame-pointer -funroll-all-loops -finline-functions
WARNING: program timed out.
FAIL: gcc.c-torture/execute/builtins/memset-chk.c execution, -O3 -g
FAIL: gcc.c-torture/execute/builtins/memset-chk.c execution, -Os
FAIL: gcc.c-torture/execute/builtins/pr22237.c execution, -O1
FAIL: gcc.c-torture/execute/builtins/pr22237.c execution, -O2
FAIL: gcc.c-torture/execute/builtins/pr22237.c execution, -O3 -fomit-frame-pointer
FAIL: gcc.c-torture/execute/builtins/pr22237.c execution, -O3 -fomit-frame-pointer -funroll-loops
FAIL: gcc.c-torture/execute/builtins/pr22237.c execution, -O3 -fomit-frame-pointer -funroll-all-loops -finline-functions
FAIL: gcc.c-torture/execute/builtins/pr22237.c execution, -O3 -g
FAIL: gcc.c-torture/execute/builtins/pr22237.c execution, -Os
WARNING: program timed out.
FAIL: gcc.c-torture/execute/builtins/pr23484-chk.c execution, -O1
WARNING: program timed out.
FAIL: gcc.c-torture/execute/builtins/pr23484-chk.c execution, -O2
WARNING: program timed out.
FAIL: gcc.c-torture/execute/builtins/pr23484-chk.c execution, -O3 -fomit-frame-pointer
WARNING: program timed out.
FAIL: gcc.c-torture/execute/builtins/pr23484-chk.c execution, -O3 -g
FAIL: gcc.c-torture/execute/builtins/pr23484-chk.c execution, -Os
FAIL: gcc.c-torture/execute/builtins/snprintf-chk.c execution, -O1
FAIL: gcc.c-torture/execute/builtins/snprintf-chk.c execution, -O2
FAIL: gcc.c-torture/execute/builtins/snprintf-chk.c execution, -O3 -fomit-frame-pointer
FAIL: gcc.c-torture/execute/builtins/snprintf-chk.c execution, -O3 -fomit-frame-pointer -funroll-loops
FAIL: gcc.c-torture/execute/builtins/snprintf-chk.c execution, -O3 -fomit-frame-pointer -funroll-all-loops -finline-functions
FAIL: gcc.c-torture/execute/builtins/snprintf-chk.c execution, -O3 -g
FAIL: gcc.c-torture/execute/builtins/snprintf-chk.c execution, -Os
FAIL: gcc.c-torture/execute/builtins/sprintf-chk.c execution, -O1
FAIL: gcc.c-torture/execute/builtins/sprintf-chk.c execution, -O2
FAIL: gcc.c-torture/execute/builtins/sprintf-chk.c execution, -O3 -fomit-frame-pointer
FAIL: gcc.c-torture/execute/builtins/sprintf-chk.c execution, -O3 -fomit-frame-pointer -funroll-loops
FAIL: gcc.c-torture/execute/builtins/sprintf-chk.c execution, -O3 -fomit-frame-pointer -funroll-all-loops -finline-functions
FAIL: gcc.c-torture/execute/builtins/sprintf-chk.c execution, -O3 -g
FAIL: gcc.c-torture/execute/builtins/sprintf-chk.c execution, -Os
FAIL: gcc.c-torture/execute/builtins/sprintf.c execution, -O0
FAIL: gcc.c-torture/execute/builtins/sprintf.c execution, -O1
FAIL: gcc.c-torture/execute/builtins/sprintf.c execution, -O2
FAIL: gcc.c-torture/execute/builtins/sprintf.c execution, -O3 -fomit-frame-pointer
FAIL: gcc.c-torture/execute/builtins/sprintf.c execution, -O3 -g
FAIL: gcc.c-torture/execute/builtins/sprintf.c execution, -Os
FAIL: gcc.c-torture/execute/builtins/stpcpy-chk.c execution, -O1
FAIL: gcc.c-torture/execute/builtins/stpcpy-chk.c execution, -O2
FAIL: gcc.c-torture/execute/builtins/stpcpy-chk.c execution, -O3 -fomit-frame-pointer
FAIL: gcc.c-torture/execute/builtins/stpcpy-chk.c execution, -O3 -fomit-frame-pointer -funroll-loops
FAIL: gcc.c-torture/execute/builtins/stpcpy-chk.c execution, -O3 -fomit-frame-pointer -funroll-all-loops -finline-functions
FAIL: gcc.c-torture/execute/builtins/stpcpy-chk.c execution, -O3 -g
FAIL: gcc.c-torture/execute/builtins/stpcpy-chk.c execution, -Os
WARNING: program timed out.
FAIL: gcc.c-torture/execute/builtins/strcat-chk.c execution, -O1
WARNING: program timed out.
FAIL: gcc.c-torture/execute/builtins/strcat-chk.c execution, -O2
WARNING: program timed out.
FAIL: gcc.c-torture/execute/builtins/strcat-chk.c execution, -O3 -fomit-frame-pointer
FAIL: gcc.c-torture/execute/builtins/strcat-chk.c execution, -O3 -fomit-frame-pointer -funroll-loops
FAIL: gcc.c-torture/execute/builtins/strcat-chk.c execution, -O3 -fomit-frame-pointer -funroll-all-loops -finline-functions
WARNING: program timed out.
FAIL: gcc.c-torture/execute/builtins/strcat-chk.c execution, -O3 -g
FAIL: gcc.c-torture/execute/builtins/strcat-chk.c execution, -Os
FAIL: gcc.c-torture/execute/builtins/strcat.c execution, -O0
FAIL: gcc.c-torture/execute/builtins/strcat.c execution, -O1
FAIL: gcc.c-torture/execute/builtins/strcat.c execution, -O2
FAIL: gcc.c-torture/execute/builtins/strcat.c execution, -O3 -fomit-frame-pointer
FAIL: gcc.c-torture/execute/builtins/strcat.c execution, -O3 -fomit-frame-pointer -funroll-loops
FAIL: gcc.c-torture/execute/builtins/strcat.c execution, -O3 -fomit-frame-pointer -funroll-all-loops -finline-functions
FAIL: gcc.c-torture/execute/builtins/strcat.c execution, -O3 -g
FAIL: gcc.c-torture/execute/builtins/strcat.c execution, -Os
FAIL: gcc.c-torture/execute/builtins/strcpy-chk.c execution, -O1
FAIL: gcc.c-torture/execute/builtins/strcpy-chk.c execution, -O2
FAIL: gcc.c-torture/execute/builtins/strcpy-chk.c execution, -O3 -fomit-frame-pointer
FAIL: gcc.c-torture/execute/builtins/strcpy-chk.c execution, -O3 -fomit-frame-pointer -funroll-loops
FAIL: gcc.c-torture/execute/builtins/strcpy-chk.c execution, -O3 -fomit-frame-pointer -funroll-all-loops -finline-functions
FAIL: gcc.c-torture/execute/builtins/strcpy-chk.c execution, -O3 -g
FAIL: gcc.c-torture/execute/builtins/strcpy-chk.c execution, -Os
FAIL: gcc.c-torture/execute/builtins/strcpy.c execution, -O0
FAIL: gcc.c-torture/execute/builtins/strcpy.c execution, -O1
FAIL: gcc.c-torture/execute/builtins/strcpy.c execution, -O2
FAIL: gcc.c-torture/execute/builtins/strcpy.c execution, -O3 -fomit-frame-pointer
FAIL: gcc.c-torture/execute/builtins/strcpy.c execution, -O3 -g
FAIL: gcc.c-torture/execute/builtins/strcpy.c execution, -Os
FAIL: gcc.c-torture/execute/builtins/strncat-chk.c execution, -O1
FAIL: gcc.c-torture/execute/builtins/strncat-chk.c execution, -Os
FAIL: gcc.c-torture/execute/builtins/strncat.c execution, -O0
FAIL: gcc.c-torture/execute/builtins/strncat.c execution, -O1
FAIL: gcc.c-torture/execute/builtins/strncat.c execution, -O2
FAIL: gcc.c-torture/execute/builtins/strncat.c execution, -O3 -fomit-frame-pointer
FAIL: gcc.c-torture/execute/builtins/strncat.c execution, -O3 -fomit-frame-pointer -funroll-loops
FAIL: gcc.c-torture/execute/builtins/strncat.c execution, -O3 -fomit-frame-pointer -funroll-all-loops -finline-functions
FAIL: gcc.c-torture/execute/builtins/strncat.c execution, -O3 -g
FAIL: gcc.c-torture/execute/builtins/strncat.c execution, -Os
FAIL: gcc.c-torture/execute/builtins/strncpy-chk.c execution, -O1
WARNING: program timed out.
FAIL: gcc.c-torture/execute/builtins/strncpy-chk.c execution, -O2
FAIL: gcc.c-torture/execute/builtins/strncpy-chk.c execution, -O3 -fomit-frame-pointer
FAIL: gcc.c-torture/execute/builtins/strncpy-chk.c execution, -O3 -fomit-frame-pointer -funroll-loops
FAIL: gcc.c-torture/execute/builtins/strncpy-chk.c execution, -O3 -fomit-frame-pointer -funroll-all-loops -finline-functions
FAIL: gcc.c-torture/execute/builtins/strncpy-chk.c execution, -O3 -g
WARNING: program timed out.
FAIL: gcc.c-torture/execute/builtins/strncpy-chk.c execution, -Os
FAIL: gcc.c-torture/execute/builtins/strncpy.c execution, -O0
FAIL: gcc.c-torture/execute/builtins/strncpy.c execution, -O1
FAIL: gcc.c-torture/execute/builtins/strncpy.c execution, -O2
FAIL: gcc.c-torture/execute/builtins/strncpy.c execution, -O3 -fomit-frame-pointer
FAIL: gcc.c-torture/execute/builtins/strncpy.c execution, -O3 -g
FAIL: gcc.c-torture/execute/builtins/strncpy.c execution, -Os
FAIL: gcc.c-torture/execute/builtins/strpcpy-2.c execution, -O0
FAIL: gcc.c-torture/execute/builtins/strpcpy-2.c execution, -O1
FAIL: gcc.c-torture/execute/builtins/strpcpy-2.c execution, -O2
FAIL: gcc.c-torture/execute/builtins/strpcpy-2.c execution, -O3 -fomit-frame-pointer
FAIL: gcc.c-torture/execute/builtins/strpcpy-2.c execution, -O3 -g
FAIL: gcc.c-torture/execute/builtins/strpcpy-2.c execution, -Os
FAIL: gcc.c-torture/execute/builtins/strpcpy.c execution, -O0
FAIL: gcc.c-torture/execute/builtins/strpcpy.c execution, -O1
FAIL: gcc.c-torture/execute/builtins/strpcpy.c execution, -O2
FAIL: gcc.c-torture/execute/builtins/strpcpy.c execution, -O3 -fomit-frame-pointer
FAIL: gcc.c-torture/execute/builtins/strpcpy.c execution, -O3 -g
FAIL: gcc.c-torture/execute/builtins/strpcpy.c execution, -Os
FAIL: gcc.c-torture/execute/builtins/vsnprintf-chk.c execution, -O1
FAIL: gcc.c-torture/execute/builtins/vsnprintf-chk.c execution, -O2
FAIL: gcc.c-torture/execute/builtins/vsnprintf-chk.c execution, -O3 -fomit-frame-pointer
FAIL: gcc.c-torture/execute/builtins/vsnprintf-chk.c execution, -O3 -fomit-frame-pointer -funroll-loops
FAIL: gcc.c-torture/execute/builtins/vsnprintf-chk.c execution, -O3 -fomit-frame-pointer -funroll-all-loops -finline-functions
FAIL: gcc.c-torture/execute/builtins/vsnprintf-chk.c execution, -O3 -g
FAIL: gcc.c-torture/execute/builtins/vsnprintf-chk.c execution, -Os
FAIL: gcc.c-torture/execute/builtins/vsprintf-chk.c execution, -O1
FAIL: gcc.c-torture/execute/builtins/vsprintf-chk.c execution, -O2
FAIL: gcc.c-torture/execute/builtins/vsprintf-chk.c execution, -O3 -fomit-frame-pointer
FAIL: gcc.c-torture/execute/builtins/vsprintf-chk.c execution, -O3 -fomit-frame-pointer -funroll-loops
FAIL: gcc.c-torture/execute/builtins/vsprintf-chk.c execution, -O3 -fomit-frame-pointer -funroll-all-loops -finline-functions
FAIL: gcc.c-torture/execute/builtins/vsprintf-chk.c execution, -O3 -g
FAIL: gcc.c-torture/execute/builtins/vsprintf-chk.c execution, -Os
WARNING: program timed out.
FAIL: gcc.c-torture/execute/20000412-4.c execution, -O3 -fomit-frame-pointer -funroll-loops
FAIL: gcc.c-torture/execute/20000412-4.c execution, -O3 -fomit-frame-pointer -funroll-all-loops -finline-functions
FAIL: gcc.c-torture/execute/20000422-1.c execution, -O1
FAIL: gcc.c-torture/execute/20000422-1.c execution, -O2
FAIL: gcc.c-torture/execute/20000422-1.c execution, -O3 -fomit-frame-pointer
FAIL: gcc.c-torture/execute/20000422-1.c execution, -O3 -fomit-frame-pointer -funroll-loops
FAIL: gcc.c-torture/execute/20000422-1.c execution, -O3 -fomit-frame-pointer -funroll-all-loops -finline-functions
FAIL: gcc.c-torture/execute/20000422-1.c execution, -O3 -g
FAIL: gcc.c-torture/execute/20000422-1.c execution, -Os
WARNING: program timed out.
FAIL: gcc.c-torture/execute/20000605-1.c execution, -O2
FAIL: gcc.c-torture/execute/20000605-1.c execution, -O3 -fomit-frame-pointer
FAIL: gcc.c-torture/execute/20000605-1.c execution, -O3 -fomit-frame-pointer -funroll-loops
FAIL: gcc.c-torture/execute/20000605-1.c execution, -O3 -fomit-frame-pointer -funroll-all-loops -finline-functions
WARNING: program timed out.
FAIL: gcc.c-torture/execute/20000605-1.c execution, -O3 -g
WARNING: program timed out.
FAIL: gcc.c-torture/execute/20000605-1.c execution, -Os
FAIL: gcc.c-torture/execute/20010221-1.c execution, -O1
FAIL: gcc.c-torture/execute/20010221-1.c execution, -O2
FAIL: gcc.c-torture/execute/20010221-1.c execution, -O3 -fomit-frame-pointer
FAIL: gcc.c-torture/execute/20010221-1.c execution, -O3 -fomit-frame-pointer -funroll-loops
FAIL: gcc.c-torture/execute/20010221-1.c execution, -O3 -fomit-frame-pointer -funroll-all-loops -finline-functions
FAIL: gcc.c-torture/execute/20010221-1.c execution, -O3 -g
FAIL: gcc.c-torture/execute/20010221-1.c execution, -Os
FAIL: gcc.c-torture/execute/20010224-1.c execution, -Os
FAIL: gcc.c-torture/execute/20010910-1.c execution, -O1
FAIL: gcc.c-torture/execute/20010910-1.c execution, -O2
FAIL: gcc.c-torture/execute/20010910-1.c execution, -Os
FAIL: gcc.c-torture/execute/20011121-1.c execution, -O0
FAIL: gcc.c-torture/execute/20011121-1.c execution, -O1
FAIL: gcc.c-torture/execute/20011121-1.c execution, -O2
FAIL: gcc.c-torture/execute/20011121-1.c execution, -O3 -fomit-frame-pointer
FAIL: gcc.c-torture/execute/20011121-1.c execution, -O3 -g
FAIL: gcc.c-torture/execute/20011121-1.c execution, -Os
WARNING: program timed out.
FAIL: gcc.c-torture/execute/20011126-2.c execution, -O1
WARNING: program timed out.
FAIL: gcc.c-torture/execute/20011126-2.c execution, -O2
FAIL: gcc.c-torture/execute/20011126-2.c execution, -O3 -fomit-frame-pointer
WARNING: program timed out.
FAIL: gcc.c-torture/execute/20011126-2.c execution, -O3 -g
WARNING: program timed out.
FAIL: gcc.c-torture/execute/20011126-2.c execution, -Os
FAIL: gcc.c-torture/execute/20020412-1.c execution, -O3 -fomit-frame-pointer
FAIL: gcc.c-torture/execute/20020412-1.c execution, -O3 -fomit-frame-pointer -funroll-loops
FAIL: gcc.c-torture/execute/20020412-1.c execution, -O3 -fomit-frame-pointer -funroll-all-loops -finline-functions
FAIL: gcc.c-torture/execute/20020412-1.c execution, -O3 -g
FAIL: gcc.c-torture/execute/20021120-1.c execution, -O1
FAIL: gcc.c-torture/execute/20021120-1.c execution, -O2
FAIL: gcc.c-torture/execute/20021120-1.c execution, -O3 -fomit-frame-pointer
FAIL: gcc.c-torture/execute/20021120-1.c execution, -O3 -fomit-frame-pointer -funroll-loops
FAIL: gcc.c-torture/execute/20021120-1.c execution, -O3 -fomit-frame-pointer -funroll-all-loops -finline-functions
FAIL: gcc.c-torture/execute/20021120-1.c execution, -O3 -g
FAIL: gcc.c-torture/execute/20021120-1.c execution, -Os
FAIL: gcc.c-torture/execute/20030105-1.c execution, -O1
FAIL: gcc.c-torture/execute/20030105-1.c execution, -O2
FAIL: gcc.c-torture/execute/20030105-1.c execution, -Os
FAIL: gcc.c-torture/execute/20030914-1.c execution, -O1
FAIL: gcc.c-torture/execute/20030914-1.c execution, -O2
FAIL: gcc.c-torture/execute/20030914-1.c execution, -Os
FAIL: gcc.c-torture/execute/20030914-2.c execution, -O0
FAIL: gcc.c-torture/execute/20030914-2.c execution, -O1
FAIL: gcc.c-torture/execute/20030914-2.c execution, -O2
FAIL: gcc.c-torture/execute/20030916-1.c execution, -O1
FAIL: gcc.c-torture/execute/20030916-1.c execution, -O2
FAIL: gcc.c-torture/execute/20030916-1.c execution, -O3 -fomit-frame-pointer
FAIL: gcc.c-torture/execute/20030916-1.c execution, -O3 -fomit-frame-pointer -funroll-loops
FAIL: gcc.c-torture/execute/20030916-1.c execution, -O3 -fomit-frame-pointer -funroll-all-loops -finline-functions
FAIL: gcc.c-torture/execute/20030916-1.c execution, -O3 -g
FAIL: gcc.c-torture/execute/20030916-1.c execution, -Os
FAIL: gcc.c-torture/execute/20030928-1.c execution, -O1
FAIL: gcc.c-torture/execute/20030928-1.c execution, -O2
FAIL: gcc.c-torture/execute/20030928-1.c execution, -Os
FAIL: gcc.c-torture/execute/20041011-1.c execution, -O2
FAIL: gcc.c-torture/execute/20041011-1.c execution, -O3 -fomit-frame-pointer
FAIL: gcc.c-torture/execute/20041011-1.c execution, -O3 -fomit-frame-pointer -funroll-loops
FAIL: gcc.c-torture/execute/20041011-1.c execution, -O3 -fomit-frame-pointer -funroll-all-loops -finline-functions
FAIL: gcc.c-torture/execute/20041011-1.c execution, -O3 -g
FAIL: gcc.c-torture/execute/20041126-1.c execution, -O1
FAIL: gcc.c-torture/execute/20041126-1.c execution, -O2
FAIL: gcc.c-torture/execute/20041126-1.c execution, -Os
FAIL: gcc.c-torture/execute/20041213-2.c execution, -Os
FAIL: gcc.c-torture/execute/20050218-1.c execution, -O0
FAIL: gcc.c-torture/execute/20050218-1.c execution, -O1
FAIL: gcc.c-torture/execute/20050218-1.c execution, -O2
FAIL: gcc.c-torture/execute/20050218-1.c execution, -O3 -fomit-frame-pointer
FAIL: gcc.c-torture/execute/20050218-1.c execution, -O3 -fomit-frame-pointer -funroll-loops
FAIL: gcc.c-torture/execute/20050218-1.c execution, -O3 -fomit-frame-pointer -funroll-all-loops -finline-functions
FAIL: gcc.c-torture/execute/20050218-1.c execution, -O3 -g
FAIL: gcc.c-torture/execute/20050218-1.c execution, -Os
FAIL: gcc.c-torture/execute/20050502-2.c execution, -O0
FAIL: gcc.c-torture/execute/20050502-2.c execution, -O1
FAIL: gcc.c-torture/execute/20050502-2.c execution, -O2
FAIL: gcc.c-torture/execute/20050502-2.c execution, -O3 -fomit-frame-pointer
FAIL: gcc.c-torture/execute/20050502-2.c execution, -O3 -fomit-frame-pointer -funroll-loops
FAIL: gcc.c-torture/execute/20050502-2.c execution, -O3 -fomit-frame-pointer -funroll-all-loops -finline-functions
FAIL: gcc.c-torture/execute/20050502-2.c execution, -O3 -g
FAIL: gcc.c-torture/execute/20050502-2.c execution, -Os
FAIL: gcc.c-torture/execute/20050613-1.c execution, -Os
FAIL: gcc.c-torture/execute/20050826-1.c execution, -O0
FAIL: gcc.c-torture/execute/20050826-1.c execution, -O1
FAIL: gcc.c-torture/execute/20050826-1.c execution, -O2
FAIL: gcc.c-torture/execute/20050826-1.c execution, -O3 -fomit-frame-pointer
FAIL: gcc.c-torture/execute/20050826-1.c execution, -O3 -fomit-frame-pointer -funroll-loops
FAIL: gcc.c-torture/execute/20050826-1.c execution, -O3 -fomit-frame-pointer -funroll-all-loops -finline-functions
FAIL: gcc.c-torture/execute/20050826-1.c execution, -O3 -g
FAIL: gcc.c-torture/execute/20050826-1.c execution, -Os
FAIL: gcc.c-torture/execute/920501-8.c execution, -O0
FAIL: gcc.c-torture/execute/920501-8.c execution, -O1
FAIL: gcc.c-torture/execute/920501-8.c execution, -O2
FAIL: gcc.c-torture/execute/920501-8.c execution, -O3 -fomit-frame-pointer
FAIL: gcc.c-torture/execute/920501-8.c execution, -O3 -g
FAIL: gcc.c-torture/execute/920501-8.c execution, -Os
FAIL: gcc.c-torture/execute/920625-1.c execution, -O1
FAIL: gcc.c-torture/execute/920625-1.c execution, -O2
FAIL: gcc.c-torture/execute/920625-1.c execution, -O3 -fomit-frame-pointer
FAIL: gcc.c-torture/execute/920625-1.c execution, -O3 -fomit-frame-pointer -funroll-loops
FAIL: gcc.c-torture/execute/920625-1.c execution, -O3 -fomit-frame-pointer -funroll-all-loops -finline-functions
FAIL: gcc.c-torture/execute/920625-1.c execution, -O3 -g
FAIL: gcc.c-torture/execute/920625-1.c execution, -Os
FAIL: gcc.c-torture/execute/920929-1.c execution, -O3 -fomit-frame-pointer -funroll-loops
FAIL: gcc.c-torture/execute/920929-1.c execution, -O3 -fomit-frame-pointer -funroll-all-loops -finline-functions
FAIL: gcc.c-torture/execute/930513-1.c execution, -O0
FAIL: gcc.c-torture/execute/930513-1.c execution, -O1
FAIL: gcc.c-torture/execute/930513-1.c execution, -O2
FAIL: gcc.c-torture/execute/930513-1.c execution, -O3 -fomit-frame-pointer
FAIL: gcc.c-torture/execute/930513-1.c execution, -O3 -g
FAIL: gcc.c-torture/execute/930513-1.c execution, -Os
FAIL: gcc.c-torture/execute/931004-10.c execution, -O1
FAIL: gcc.c-torture/execute/931004-10.c execution, -O2
FAIL: gcc.c-torture/execute/931004-10.c execution, -O3 -fomit-frame-pointer
FAIL: gcc.c-torture/execute/931004-10.c execution, -O3 -fomit-frame-pointer -funroll-loops
FAIL: gcc.c-torture/execute/931004-10.c execution, -O3 -fomit-frame-pointer -funroll-all-loops -finline-functions
FAIL: gcc.c-torture/execute/931004-10.c execution, -O3 -g
FAIL: gcc.c-torture/execute/931004-10.c execution, -Os
FAIL: gcc.c-torture/execute/931004-12.c execution, -O1
FAIL: gcc.c-torture/execute/931004-12.c execution, -O2
FAIL: gcc.c-torture/execute/931004-12.c execution, -O3 -fomit-frame-pointer
FAIL: gcc.c-torture/execute/931004-12.c execution, -O3 -fomit-frame-pointer -funroll-loops
FAIL: gcc.c-torture/execute/931004-12.c execution, -O3 -fomit-frame-pointer -funroll-all-loops -finline-functions
FAIL: gcc.c-torture/execute/931004-12.c execution, -O3 -g
FAIL: gcc.c-torture/execute/931004-12.c execution, -Os
FAIL: gcc.c-torture/execute/931004-14.c execution, -O1
FAIL: gcc.c-torture/execute/931004-14.c execution, -O2
FAIL: gcc.c-torture/execute/931004-14.c execution, -O3 -fomit-frame-pointer
FAIL: gcc.c-torture/execute/931004-14.c execution, -O3 -fomit-frame-pointer -funroll-loops
FAIL: gcc.c-torture/execute/931004-14.c execution, -O3 -fomit-frame-pointer -funroll-all-loops -finline-functions
FAIL: gcc.c-torture/execute/931004-14.c execution, -O3 -g
FAIL: gcc.c-torture/execute/931004-14.c execution, -Os
FAIL: gcc.c-torture/execute/931004-2.c execution, -O1
FAIL: gcc.c-torture/execute/931004-2.c execution, -O2
FAIL: gcc.c-torture/execute/931004-2.c execution, -O3 -fomit-frame-pointer
FAIL: gcc.c-torture/execute/931004-2.c execution, -O3 -g
FAIL: gcc.c-torture/execute/931004-2.c execution, -Os
FAIL: gcc.c-torture/execute/931004-4.c execution, -O1
FAIL: gcc.c-torture/execute/931004-4.c execution, -O2
FAIL: gcc.c-torture/execute/931004-4.c execution, -O3 -fomit-frame-pointer
FAIL: gcc.c-torture/execute/931004-4.c execution, -O3 -g
FAIL: gcc.c-torture/execute/931004-4.c execution, -Os
FAIL: gcc.c-torture/execute/931004-6.c execution, -O1
FAIL: gcc.c-torture/execute/931004-6.c execution, -O2
FAIL: gcc.c-torture/execute/931004-6.c execution, -O3 -fomit-frame-pointer
FAIL: gcc.c-torture/execute/931004-6.c execution, -O3 -fomit-frame-pointer -funroll-loops
FAIL: gcc.c-torture/execute/931004-6.c execution, -O3 -fomit-frame-pointer -funroll-all-loops -finline-functions
FAIL: gcc.c-torture/execute/931004-6.c execution, -O3 -g
FAIL: gcc.c-torture/execute/931004-6.c execution, -Os
FAIL: gcc.c-torture/execute/931004-8.c execution, -O1
FAIL: gcc.c-torture/execute/931004-8.c execution, -O2
FAIL: gcc.c-torture/execute/931004-8.c execution, -O3 -fomit-frame-pointer
FAIL: gcc.c-torture/execute/931004-8.c execution, -O3 -g
FAIL: gcc.c-torture/execute/931004-8.c execution, -Os
FAIL: gcc.c-torture/execute/931110-1.c execution, -O1
FAIL: gcc.c-torture/execute/931110-1.c execution, -O2
FAIL: gcc.c-torture/execute/931110-1.c execution, -Os
FAIL: gcc.c-torture/execute/960419-2.c execution, -O1
FAIL: gcc.c-torture/execute/960419-2.c execution, -O2
FAIL: gcc.c-torture/execute/961213-1.c execution, -O1
FAIL: gcc.c-torture/execute/961213-1.c execution, -O2
FAIL: gcc.c-torture/execute/961213-1.c execution, -Os
FAIL: gcc.c-torture/execute/980506-3.c execution, -O0
FAIL: gcc.c-torture/execute/980506-3.c execution, -O1
FAIL: gcc.c-torture/execute/980506-3.c execution, -O2
FAIL: gcc.c-torture/execute/980506-3.c execution, -O3 -fomit-frame-pointer
FAIL: gcc.c-torture/execute/980506-3.c execution, -O3 -g
FAIL: gcc.c-torture/execute/980506-3.c execution, -Os
FAIL: gcc.c-torture/execute/990127-1.c execution, -O3 -fomit-frame-pointer -funroll-loops
FAIL: gcc.c-torture/execute/990127-1.c execution, -O3 -fomit-frame-pointer -funroll-all-loops -finline-functions
FAIL: gcc.c-torture/execute/990513-1.c execution, -O0
FAIL: gcc.c-torture/execute/990513-1.c execution, -O3 -fomit-frame-pointer
FAIL: gcc.c-torture/execute/990513-1.c execution, -O3 -fomit-frame-pointer -funroll-loops
FAIL: gcc.c-torture/execute/990513-1.c execution, -O3 -fomit-frame-pointer -funroll-all-loops -finline-functions
FAIL: gcc.c-torture/execute/990513-1.c execution, -O3 -g
FAIL: gcc.c-torture/execute/990527-1.c execution, -Os
FAIL: gcc.c-torture/execute/991016-1.c execution, -O1
FAIL: gcc.c-torture/execute/991016-1.c execution, -O2
FAIL: gcc.c-torture/execute/991016-1.c execution, -Os
FAIL: gcc.c-torture/execute/991023-1.c execution, -O1
FAIL: gcc.c-torture/execute/991023-1.c execution, -O2
FAIL: gcc.c-torture/execute/991023-1.c execution, -Os
FAIL: gcc.c-torture/execute/991201-1.c execution, -O1
FAIL: gcc.c-torture/execute/991201-1.c execution, -O2
FAIL: gcc.c-torture/execute/991201-1.c execution, -Os
FAIL: gcc.c-torture/execute/ashrdi-1.c execution, -O3 -fomit-frame-pointer
FAIL: gcc.c-torture/execute/ashrdi-1.c execution, -O3 -fomit-frame-pointer -funroll-loops
FAIL: gcc.c-torture/execute/ashrdi-1.c execution, -O3 -fomit-frame-pointer -funroll-all-loops -finline-functions
FAIL: gcc.c-torture/execute/ashrdi-1.c execution, -O3 -g
FAIL: gcc.c-torture/execute/built-in-setjmp.c execution, -O3 -fomit-frame-pointer -funroll-loops
FAIL: gcc.c-torture/execute/built-in-setjmp.c execution, -O3 -fomit-frame-pointer -funroll-all-loops -finline-functions
FAIL: gcc.c-torture/execute/builtin-prefetch-6.c execution, -O1
FAIL: gcc.c-torture/execute/builtin-prefetch-6.c execution, -O2
FAIL: gcc.c-torture/execute/builtin-prefetch-6.c execution, -O3 -fomit-frame-pointer
FAIL: gcc.c-torture/execute/builtin-prefetch-6.c execution, -O3 -fomit-frame-pointer -funroll-loops
FAIL: gcc.c-torture/execute/builtin-prefetch-6.c execution, -O3 -fomit-frame-pointer -funroll-all-loops -finline-functions
FAIL: gcc.c-torture/execute/builtin-prefetch-6.c execution, -O3 -g
FAIL: gcc.c-torture/execute/builtin-prefetch-6.c execution, -Os
FAIL: gcc.c-torture/execute/cmpdi-1.c execution, -O3 -fomit-frame-pointer
FAIL: gcc.c-torture/execute/cmpdi-1.c execution, -O3 -fomit-frame-pointer -funroll-loops
FAIL: gcc.c-torture/execute/cmpdi-1.c execution, -O3 -fomit-frame-pointer -funroll-all-loops -finline-functions
FAIL: gcc.c-torture/execute/cmpdi-1.c execution, -O3 -g
FAIL: gcc.c-torture/execute/cmpdi-1.c execution, -Os
FAIL: gcc.c-torture/execute/dbra-1.c execution, -O1
FAIL: gcc.c-torture/execute/dbra-1.c execution, -O2
FAIL: gcc.c-torture/execute/dbra-1.c execution, -Os
FAIL: gcc.c-torture/execute/ffs-2.c execution, -O1
FAIL: gcc.c-torture/execute/ffs-2.c execution, -O2
FAIL: gcc.c-torture/execute/ffs-2.c execution, -Os
FAIL: gcc.c-torture/execute/loop-11.c execution, -O2
FAIL: gcc.c-torture/execute/loop-11.c execution, -O3 -fomit-frame-pointer
FAIL: gcc.c-torture/execute/loop-11.c execution, -O3 -fomit-frame-pointer -funroll-loops
FAIL: gcc.c-torture/execute/loop-11.c execution, -O3 -fomit-frame-pointer -funroll-all-loops -finline-functions
FAIL: gcc.c-torture/execute/loop-11.c execution, -O3 -g
FAIL: gcc.c-torture/execute/loop-11.c execution, -Os
FAIL: gcc.c-torture/execute/loop-15.c execution, -O1
FAIL: gcc.c-torture/execute/loop-15.c execution, -O2
FAIL: gcc.c-torture/execute/loop-15.c execution, -O3 -fomit-frame-pointer
FAIL: gcc.c-torture/execute/loop-15.c execution, -O3 -fomit-frame-pointer -funroll-loops
FAIL: gcc.c-torture/execute/loop-15.c execution, -O3 -fomit-frame-pointer -funroll-all-loops -finline-functions
FAIL: gcc.c-torture/execute/loop-15.c execution, -O3 -g
FAIL: gcc.c-torture/execute/loop-15.c execution, -Os
FAIL: gcc.c-torture/execute/loop-3b.c execution, -Os
FAIL: gcc.c-torture/execute/loop-3c.c execution, -O1
FAIL: gcc.c-torture/execute/loop-3c.c execution, -O2
FAIL: gcc.c-torture/execute/loop-3c.c execution, -Os
FAIL: gcc.c-torture/execute/loop-4.c execution, -O1
FAIL: gcc.c-torture/execute/loop-4.c execution, -O2
FAIL: gcc.c-torture/execute/loop-4.c execution, -Os
FAIL: gcc.c-torture/execute/loop-5.c execution, -O1
FAIL: gcc.c-torture/execute/loop-5.c execution, -O2
FAIL: gcc.c-torture/execute/loop-5.c execution, -Os
FAIL: gcc.c-torture/execute/loop-ivopts-1.c execution, -O1
FAIL: gcc.c-torture/execute/loop-ivopts-1.c execution, -O2
FAIL: gcc.c-torture/execute/loop-ivopts-1.c execution, -O3 -fomit-frame-pointer
FAIL: gcc.c-torture/execute/loop-ivopts-1.c execution, -O3 -g
FAIL: gcc.c-torture/execute/loop-ivopts-1.c execution, -Os
FAIL: gcc.c-torture/execute/loop-ivopts-2.c execution, -O1
FAIL: gcc.c-torture/execute/loop-ivopts-2.c execution, -O2
FAIL: gcc.c-torture/execute/loop-ivopts-2.c execution, -O3 -fomit-frame-pointer
FAIL: gcc.c-torture/execute/loop-ivopts-2.c execution, -O3 -fomit-frame-pointer -funroll-loops
FAIL: gcc.c-torture/execute/loop-ivopts-2.c execution, -O3 -fomit-frame-pointer -funroll-all-loops -finline-functions
FAIL: gcc.c-torture/execute/loop-ivopts-2.c execution, -O3 -g
FAIL: gcc.c-torture/execute/memcpy-2.c execution, -O0
FAIL: gcc.c-torture/execute/memcpy-2.c execution, -O1
FAIL: gcc.c-torture/execute/memcpy-2.c execution, -O2
FAIL: gcc.c-torture/execute/memcpy-2.c execution, -O3 -fomit-frame-pointer
FAIL: gcc.c-torture/execute/memcpy-2.c execution, -O3 -fomit-frame-pointer -funroll-loops
FAIL: gcc.c-torture/execute/memcpy-2.c execution, -O3 -fomit-frame-pointer -funroll-all-loops -finline-functions
FAIL: gcc.c-torture/execute/memcpy-2.c execution, -O3 -g
FAIL: gcc.c-torture/execute/memcpy-2.c execution, -Os
FAIL: gcc.c-torture/execute/memcpy-bi.c execution, -O0
FAIL: gcc.c-torture/execute/memcpy-bi.c execution, -O1
FAIL: gcc.c-torture/execute/memcpy-bi.c execution, -O2
FAIL: gcc.c-torture/execute/memcpy-bi.c execution, -O3 -fomit-frame-pointer
FAIL: gcc.c-torture/execute/memcpy-bi.c execution, -O3 -fomit-frame-pointer -funroll-loops
FAIL: gcc.c-torture/execute/memcpy-bi.c execution, -O3 -fomit-frame-pointer -funroll-all-loops -finline-functions
FAIL: gcc.c-torture/execute/memcpy-bi.c execution, -O3 -g
FAIL: gcc.c-torture/execute/memcpy-bi.c execution, -Os
FAIL: gcc.c-torture/execute/memset-1.c execution, -O0
FAIL: gcc.c-torture/execute/memset-1.c execution, -O1
FAIL: gcc.c-torture/execute/memset-1.c execution, -O2
FAIL: gcc.c-torture/execute/memset-1.c execution, -O3 -fomit-frame-pointer
FAIL: gcc.c-torture/execute/memset-1.c execution, -O3 -fomit-frame-pointer -funroll-loops
FAIL: gcc.c-torture/execute/memset-1.c execution, -O3 -fomit-frame-pointer -funroll-all-loops -finline-functions
FAIL: gcc.c-torture/execute/memset-1.c execution, -O3 -g
FAIL: gcc.c-torture/execute/memset-1.c execution, -Os
FAIL: gcc.c-torture/execute/memset-2.c execution, -O0
FAIL: gcc.c-torture/execute/memset-2.c execution, -O1
FAIL: gcc.c-torture/execute/memset-2.c execution, -O2
FAIL: gcc.c-torture/execute/memset-2.c execution, -O3 -fomit-frame-pointer
FAIL: gcc.c-torture/execute/memset-2.c execution, -O3 -fomit-frame-pointer -funroll-loops
FAIL: gcc.c-torture/execute/memset-2.c execution, -O3 -fomit-frame-pointer -funroll-all-loops -finline-functions
FAIL: gcc.c-torture/execute/memset-2.c execution, -O3 -g
FAIL: gcc.c-torture/execute/memset-2.c execution, -Os
FAIL: gcc.c-torture/execute/memset-3.c execution, -O0
FAIL: gcc.c-torture/execute/memset-3.c execution, -O1
FAIL: gcc.c-torture/execute/memset-3.c execution, -O2
FAIL: gcc.c-torture/execute/memset-3.c execution, -O3 -fomit-frame-pointer
FAIL: gcc.c-torture/execute/memset-3.c execution, -O3 -fomit-frame-pointer -funroll-loops
FAIL: gcc.c-torture/execute/memset-3.c execution, -O3 -fomit-frame-pointer -funroll-all-loops -finline-functions
FAIL: gcc.c-torture/execute/memset-3.c execution, -O3 -g
FAIL: gcc.c-torture/execute/memset-3.c execution, -Os
FAIL: gcc.c-torture/execute/multi-ix.c execution, -O1
FAIL: gcc.c-torture/execute/multi-ix.c execution, -O2
FAIL: gcc.c-torture/execute/multi-ix.c execution, -O3 -fomit-frame-pointer
FAIL: gcc.c-torture/execute/multi-ix.c execution, -O3 -fomit-frame-pointer -funroll-loops
FAIL: gcc.c-torture/execute/multi-ix.c execution, -O3 -fomit-frame-pointer -funroll-all-loops -finline-functions
FAIL: gcc.c-torture/execute/multi-ix.c execution, -O3 -g
FAIL: gcc.c-torture/execute/multi-ix.c execution, -Os
FAIL: gcc.c-torture/execute/pending-4.c execution, -O1
FAIL: gcc.c-torture/execute/pending-4.c execution, -O2
FAIL: gcc.c-torture/execute/pending-4.c execution, -Os
FAIL: gcc.c-torture/execute/pr19687.c execution, -O1
FAIL: gcc.c-torture/execute/pr19687.c execution, -O2
FAIL: gcc.c-torture/execute/pr19687.c execution, -Os
FAIL: gcc.c-torture/execute/pr20621-1.c execution, -O0
FAIL: gcc.c-torture/execute/pr20621-1.c execution, -O1
FAIL: gcc.c-torture/execute/pr20621-1.c execution, -O2
FAIL: gcc.c-torture/execute/pr20621-1.c execution, -O3 -fomit-frame-pointer
FAIL: gcc.c-torture/execute/pr20621-1.c execution, -O3 -g
FAIL: gcc.c-torture/execute/pr20621-1.c execution, -Os
FAIL: gcc.c-torture/execute/pr23135.c execution, -O1
FAIL: gcc.c-torture/execute/pr23135.c execution, -O2
FAIL: gcc.c-torture/execute/pr23135.c execution, -Os
FAIL: gcc.c-torture/execute/pr27285.c execution, -O1
FAIL: gcc.c-torture/execute/simd-5.c execution, -O0
FAIL: gcc.c-torture/execute/simd-5.c execution, -O1
FAIL: gcc.c-torture/execute/simd-5.c execution, -O2
FAIL: gcc.c-torture/execute/simd-5.c execution, -O3 -fomit-frame-pointer
FAIL: gcc.c-torture/execute/simd-5.c execution, -O3 -g
FAIL: gcc.c-torture/execute/simd-5.c execution, -Os
FAIL: gcc.c-torture/execute/stdarg-3.c execution, -O1
FAIL: gcc.c-torture/execute/stdarg-3.c execution, -O2
FAIL: gcc.c-torture/execute/stdarg-3.c execution, -O3 -fomit-frame-pointer
FAIL: gcc.c-torture/execute/stdarg-3.c execution, -O3 -fomit-frame-pointer -funroll-loops
FAIL: gcc.c-torture/execute/stdarg-3.c execution, -O3 -fomit-frame-pointer -funroll-all-loops -finline-functions
FAIL: gcc.c-torture/execute/stdarg-3.c execution, -O3 -g
FAIL: gcc.c-torture/execute/stdarg-3.c execution, -Os
FAIL: gcc.c-torture/execute/strcpy-1.c execution, -O1
FAIL: gcc.c-torture/execute/strcpy-1.c execution, -O2
FAIL: gcc.c-torture/execute/strcpy-1.c execution, -O3 -fomit-frame-pointer
FAIL: gcc.c-torture/execute/strcpy-1.c execution, -O3 -fomit-frame-pointer -funroll-loops
FAIL: gcc.c-torture/execute/strcpy-1.c execution, -O3 -fomit-frame-pointer -funroll-all-loops -finline-functions
FAIL: gcc.c-torture/execute/strcpy-1.c execution, -O3 -g
FAIL: gcc.c-torture/execute/strcpy-1.c execution, -Os
FAIL: gcc.c-torture/execute/strct-stdarg-1.c execution, -O1
FAIL: gcc.c-torture/execute/strct-stdarg-1.c execution, -O2
FAIL: gcc.c-torture/execute/strct-stdarg-1.c execution, -O3 -fomit-frame-pointer
FAIL: gcc.c-torture/execute/strct-stdarg-1.c execution, -O3 -fomit-frame-pointer -funroll-loops
FAIL: gcc.c-torture/execute/strct-stdarg-1.c execution, -O3 -fomit-frame-pointer -funroll-all-loops -finline-functions
FAIL: gcc.c-torture/execute/strct-stdarg-1.c execution, -O3 -g
FAIL: gcc.c-torture/execute/strct-stdarg-1.c execution, -Os
FAIL: gcc.c-torture/execute/string-opt-5.c execution, -O0
FAIL: gcc.c-torture/execute/string-opt-5.c execution, -O1
FAIL: gcc.c-torture/execute/string-opt-5.c execution, -O2
FAIL: gcc.c-torture/execute/string-opt-5.c execution, -O3 -fomit-frame-pointer
FAIL: gcc.c-torture/execute/string-opt-5.c execution, -O3 -g
FAIL: gcc.c-torture/execute/string-opt-5.c execution, -Os
FAIL: gcc.c-torture/execute/strncmp-1.c execution, -O0
FAIL: gcc.c-torture/execute/strncmp-1.c execution, -O1
FAIL: gcc.c-torture/execute/strncmp-1.c execution, -O2
FAIL: gcc.c-torture/execute/strncmp-1.c execution, -O3 -fomit-frame-pointer
FAIL: gcc.c-torture/execute/strncmp-1.c execution, -O3 -fomit-frame-pointer -funroll-loops
FAIL: gcc.c-torture/execute/strncmp-1.c execution, -O3 -fomit-frame-pointer -funroll-all-loops -finline-functions
FAIL: gcc.c-torture/execute/strncmp-1.c execution, -O3 -g
FAIL: gcc.c-torture/execute/strncmp-1.c execution, -Os
FAIL: gcc.c-torture/execute/struct-ret-1.c execution, -O0
FAIL: gcc.c-torture/execute/struct-ret-1.c execution, -O1
FAIL: gcc.c-torture/execute/struct-ret-1.c execution, -O2
FAIL: gcc.c-torture/execute/struct-ret-1.c execution, -O3 -fomit-frame-pointer
FAIL: gcc.c-torture/execute/struct-ret-1.c execution, -O3 -g
FAIL: gcc.c-torture/execute/struct-ret-1.c execution, -Os
FAIL: gcc.c-torture/execute/va-arg-11.c execution, -O1
FAIL: gcc.c-torture/execute/va-arg-11.c execution, -O2
FAIL: gcc.c-torture/execute/va-arg-11.c execution, -Os
FAIL: gcc.c-torture/execute/va-arg-15.c execution, -O1
FAIL: gcc.c-torture/execute/va-arg-15.c execution, -O2
FAIL: gcc.c-torture/execute/va-arg-15.c execution, -O3 -fomit-frame-pointer
FAIL: gcc.c-torture/execute/va-arg-15.c execution, -O3 -fomit-frame-pointer -funroll-loops
FAIL: gcc.c-torture/execute/va-arg-15.c execution, -O3 -fomit-frame-pointer -funroll-all-loops -finline-functions
FAIL: gcc.c-torture/execute/va-arg-15.c execution, -O3 -g
FAIL: gcc.c-torture/execute/va-arg-15.c execution, -Os
FAIL: gcc.c-torture/execute/va-arg-22.c execution, -O3 -fomit-frame-pointer
FAIL: gcc.c-torture/execute/va-arg-22.c execution, -O3 -fomit-frame-pointer -funroll-loops
FAIL: gcc.c-torture/execute/va-arg-22.c execution, -O3 -fomit-frame-pointer -funroll-all-loops -finline-functions
FAIL: gcc.c-torture/execute/va-arg-22.c execution, -O3 -g
FAIL: gcc.c-torture/execute/ieee/copysign1.c execution, -O0
FAIL: gcc.c-torture/execute/ieee/copysign1.c execution, -O1
FAIL: gcc.c-torture/execute/ieee/copysign1.c execution, -O2
FAIL: gcc.c-torture/execute/ieee/copysign1.c execution, -O3 -fomit-frame-pointer
FAIL: gcc.c-torture/execute/ieee/copysign1.c execution, -O3 -fomit-frame-pointer -funroll-loops
FAIL: gcc.c-torture/execute/ieee/copysign1.c execution, -O3 -fomit-frame-pointer -funroll-all-loops -finline-functions
FAIL: gcc.c-torture/execute/ieee/copysign1.c execution, -O3 -g
FAIL: gcc.c-torture/execute/ieee/copysign1.c execution, -Os
FAIL: gcc.c-torture/execute/ieee/copysign2.c execution, -O0
FAIL: gcc.c-torture/execute/ieee/copysign2.c execution, -O1
FAIL: gcc.c-torture/execute/ieee/copysign2.c execution, -O2
FAIL: gcc.c-torture/execute/ieee/copysign2.c execution, -O3 -fomit-frame-pointer
FAIL: gcc.c-torture/execute/ieee/copysign2.c execution, -O3 -fomit-frame-pointer -funroll-loops
FAIL: gcc.c-torture/execute/ieee/copysign2.c execution, -O3 -fomit-frame-pointer -funroll-all-loops -finline-functions
FAIL: gcc.c-torture/execute/ieee/copysign2.c execution, -O3 -g
FAIL: gcc.c-torture/execute/ieee/copysign2.c execution, -Os
FAIL: gcc.c-torture/execute/ieee/inf-1.c execution, -O0
FAIL: gcc.c-torture/execute/ieee/mzero2.c execution, -O0
FAIL: gcc.c-torture/execute/ieee/mzero2.c execution, -O3 -fomit-frame-pointer
FAIL: gcc.c-torture/execute/ieee/mzero2.c execution, -O3 -g
FAIL: gcc.c-torture/execute/ieee/mzero3.c execution, -O0
FAIL: gcc.c-torture/execute/ieee/mzero3.c execution, -O3 -fomit-frame-pointer
FAIL: gcc.c-torture/execute/ieee/mzero3.c execution, -O3 -g
FAIL: gcc.c-torture/execute/ieee/mzero4.c execution, -O0
FAIL: gcc.c-torture/execute/ieee/mzero4.c execution, -O3 -fomit-frame-pointer
FAIL: gcc.c-torture/execute/ieee/mzero4.c execution, -O3 -g
FAIL: gcc.dg/compat/struct-by-value-12 c_compat_x_tst.o-c_compat_y_tst.o execute
FAIL: gcc.dg/compat/struct-by-value-13 c_compat_x_tst.o-c_compat_y_tst.o execute
FAIL: gcc.dg/compat/struct-by-value-14 c_compat_x_tst.o-c_compat_y_tst.o execute
FAIL: gcc.dg/compat/struct-by-value-15 c_compat_x_tst.o-c_compat_y_tst.o execute
FAIL: gcc.dg/compat/struct-by-value-16 c_compat_x_tst.o-c_compat_y_tst.o execute
FAIL: gcc.dg/compat/struct-by-value-17 c_compat_x_tst.o-c_compat_y_tst.o execute
FAIL: gcc.dg/compat/struct-by-value-18 c_compat_x_tst.o-c_compat_y_tst.o execute
FAIL: gcc.dg/compat/struct-by-value-1 c_compat_x_tst.o-c_compat_y_tst.o execute
FAIL: gcc.dg/compat/struct-by-value-2 c_compat_x_tst.o-c_compat_y_tst.o execute
FAIL: gcc.dg/compat/struct-by-value-4 c_compat_x_tst.o-c_compat_y_tst.o execute
FAIL: gcc.dg/compat/struct-by-value-5b c_compat_x_tst.o-c_compat_y_tst.o execute
FAIL: gcc.dg/compat/struct-by-value-6a c_compat_x_tst.o-c_compat_y_tst.o execute
FAIL: gcc.dg/compat/struct-by-value-6b c_compat_x_tst.o-c_compat_y_tst.o execute
FAIL: gcc.dg/compat/struct-by-value-7a c_compat_x_tst.o-c_compat_y_tst.o execute
FAIL: gcc.dg/compat/struct-by-value-7b c_compat_x_tst.o-c_compat_y_tst.o execute
FAIL: gcc.dg/compat/struct-by-value-8 c_compat_x_tst.o-c_compat_y_tst.o execute
FAIL: gcc.dg/compat/struct-by-value-9 c_compat_x_tst.o-c_compat_y_tst.o execute
FAIL: gcc.dg/compat/struct-return-2 c_compat_x_tst.o-c_compat_y_tst.o execute
FAIL: gcc.dg/compat/vector-2 c_compat_x_tst.o-c_compat_y_tst.o execute
FAIL: tmpdir-gcc.dg-struct-layout-1/t001 c_compat_x_tst.o-c_compat_y_tst.o execute
FAIL: tmpdir-gcc.dg-struct-layout-1/t002 c_compat_x_tst.o-c_compat_y_tst.o execute
FAIL: tmpdir-gcc.dg-struct-layout-1/t003 c_compat_x_tst.o-c_compat_y_tst.o execute
FAIL: tmpdir-gcc.dg-struct-layout-1/t004 c_compat_x_tst.o-c_compat_y_tst.o execute
FAIL: tmpdir-gcc.dg-struct-layout-1/t005 c_compat_x_tst.o-c_compat_y_tst.o execute
FAIL: tmpdir-gcc.dg-struct-layout-1/t006 c_compat_x_tst.o-c_compat_y_tst.o execute
FAIL: tmpdir-gcc.dg-struct-layout-1/t007 c_compat_x_tst.o-c_compat_y_tst.o execute
FAIL: tmpdir-gcc.dg-struct-layout-1/t008 c_compat_x_tst.o-c_compat_y_tst.o execute
FAIL: tmpdir-gcc.dg-struct-layout-1/t009 c_compat_x_tst.o-c_compat_y_tst.o execute
FAIL: tmpdir-gcc.dg-struct-layout-1/t010 c_compat_x_tst.o-c_compat_y_tst.o execute
FAIL: tmpdir-gcc.dg-struct-layout-1/t011 c_compat_x_tst.o-c_compat_y_tst.o execute
FAIL: tmpdir-gcc.dg-struct-layout-1/t012 c_compat_x_tst.o-c_compat_y_tst.o execute
FAIL: tmpdir-gcc.dg-struct-layout-1/t013 c_compat_x_tst.o-c_compat_y_tst.o execute
FAIL: tmpdir-gcc.dg-struct-layout-1/t014 c_compat_x_tst.o-c_compat_y_tst.o execute
FAIL: tmpdir-gcc.dg-struct-layout-1/t015 c_compat_x_tst.o-c_compat_y_tst.o execute
FAIL: tmpdir-gcc.dg-struct-layout-1/t016 c_compat_x_tst.o-c_compat_y_tst.o execute
FAIL: tmpdir-gcc.dg-struct-layout-1/t017 c_compat_x_tst.o-c_compat_y_tst.o execute
FAIL: tmpdir-gcc.dg-struct-layout-1/t018 c_compat_x_tst.o-c_compat_y_tst.o execute
FAIL: tmpdir-gcc.dg-struct-layout-1/t019 c_compat_x_tst.o-c_compat_y_tst.o execute
FAIL: tmpdir-gcc.dg-struct-layout-1/t020 c_compat_x_tst.o-c_compat_y_tst.o execute
FAIL: tmpdir-gcc.dg-struct-layout-1/t021 c_compat_x_tst.o-c_compat_y_tst.o execute
FAIL: tmpdir-gcc.dg-struct-layout-1/t022 c_compat_x_tst.o-c_compat_y_tst.o execute
FAIL: tmpdir-gcc.dg-struct-layout-1/t023 c_compat_x_tst.o-c_compat_y_tst.o execute
FAIL: tmpdir-gcc.dg-struct-layout-1/t024 c_compat_x_tst.o-c_compat_y_tst.o execute
FAIL: tmpdir-gcc.dg-struct-layout-1/t025 c_compat_x_tst.o-c_compat_y_tst.o execute
FAIL: tmpdir-gcc.dg-struct-layout-1/t026 c_compat_x_tst.o-c_compat_y_tst.o execute
FAIL: tmpdir-gcc.dg-struct-layout-1/t027 c_compat_x_tst.o-c_compat_y_tst.o execute
FAIL: tmpdir-gcc.dg-struct-layout-1/t028 c_compat_x_tst.o-c_compat_y_tst.o execute
FAIL: gcc.dg/cpp/assert4.c (test for excess errors)
FAIL: gcc.dg/20020103-1.c scan-assembler-not LC[0-9]
FAIL: gcc.dg/20020426-2.c execution test
FAIL: gcc.dg/20040219-1.c execution test
FAIL: gcc.dg/builtin-object-size-1.c execution test
FAIL: gcc.dg/builtin-object-size-3.c execution test
FAIL: gcc.dg/c99-init-1.c execution test
FAIL: gcc.dg/cleanup-5.c execution test
FAIL: gcc.dg/doloop-2.c execution test
FAIL: gcc.dg/duff-1.c execution test
FAIL: gcc.dg/duff-3.c execution test
FAIL: gcc.dg/gnu99-init-1.c execution test
FAIL: gcc.dg/ia64-sync-1.c execution test
FAIL: gcc.dg/max-1.c execution test
FAIL: gcc.dg/nrv1.c execution test
FAIL: gcc.dg/pr18241-1.c execution test
FAIL: gcc.dg/pr18241-2.c execution test
FAIL: gcc.dg/pr26719.c execution test
FAIL: gcc.dg/pr29581-1.c execution test
FAIL: gcc.dg/pr29581-2.c execution test
FAIL: gcc.dg/pr29581-3.c execution test
FAIL: gcc.dg/pr29581-4.c execution test
FAIL: gcc.dg/pr30286.c execution test
FAIL: gcc.dg/struct-by-value-1.c execution test
FAIL: gcc.dg/sync-2.c execution test
FAIL: gcc.dg/tree-ssa/gen-vect-11.c execution test
FAIL: gcc.dg/tree-ssa/gen-vect-11c.c execution test
FAIL: gcc.dg/tree-ssa/gen-vect-32.c execution test
FAIL: gcc.dg/tree-ssa/scev-2.c execution test
FAIL: gcc.dg/tree-ssa/tailrecursion-5.c execution test
FAIL: gcc.target/powerpc/20020118-1.c execution test
FAIL: gcc.target/powerpc/20030218-1.c (test for errors, line 21)
FAIL: gcc.target/powerpc/altivec-1.c execution test
FAIL: gcc.target/powerpc/altivec-12.c execution test
FAIL: gcc.target/powerpc/altivec-3.c execution test
FAIL: gcc.target/powerpc/altivec-consts.c execution test
FAIL: gcc.target/powerpc/altivec-varargs-1.c execution test
FAIL: gcc.target/powerpc/altivec-vec-merge.c execution test
FAIL: gcc.target/powerpc/darwin-longlong.c execution test
FAIL: gcc.target/powerpc/pr18096-1.c stack frame too large (test for warnings, line 11)
FAIL: gcc.target/powerpc/pr18096-1.c (test for excess errors)
FAIL: gcc.target/powerpc/spe1.c (test for excess errors)
=== gcc Summary ===
# of expected passes 38491
# of unexpected failures 667
# of expected failures 99
# of untested testcases 28
# of unsupported tests 368
/n/b01/mstein/sim-gcc05/powerpc-eabisim/build/gcc/xgcc version 4.1.3 20070705 (prerelease)
Compiler version: 4.1.3 20070705 (prerelease) gcc
Platform: powerpc-unknown-eabisim
configure flags: --target=powerpc-eabisim --prefix=/n/07/mstein/cross-local/powerpc-eabisim --disable-nls --disable-build-warnings --with-ld=/n/07/mstein/cross-local/powerpc-eabisim/bin/powerpc-eabisim-ld --with-as=/n/07/mstein/cross-local/powerpc-eabisim/bin/powerpc-eabisim-as --disable-libssp --enable-languages=c
More information about the Gcc-testresults
mailing list