Results for 4.2.0 20070117 (prerelease) testsuite on i686-apple-darwin8
Jean-François Mertens
jfm@core.ucl.ac.be
Thu Jan 18 20:48:00 GMT 2007
# gcc-4 -v
Using built-in specs.
Target: i686-apple-darwin8
Configured with: ../gcc-4.2-20070117/configure --prefix=/sw --prefix=/
sw/lib/gcc4.2 --mandir=/sw/share/man --infodir=/sw/share/info --
enable-languages=c,c++,fortran,objc,java,obj-c++,treelang --with-
arch=nocona --with-tune=generic --host=i686-apple-darwin8 --with-as=/
sw/lib/odcctools/bin/as --with-ld=/sw/lib/odcctools/bin/ld --with-nm=/
sw/lib/odcctools/bin/nm --with-gmp=/sw --with-libiconv-prefix=/sw --
with-system-zlib --x-includes=/usr/X11R6/include --x-libraries=/usr/
X11R6/lib
Thread model: posix
gcc version 4.2.0 20070117 (prerelease)
All fixinclude tests pass
=== gcc tests ===
FAIL: gcc.c-torture/compile/pr27528.c -O0 (test for excess errors)
FAIL: gcc.c-torture/compile/pr27528.c -O1 (test for excess errors)
FAIL: gcc.c-torture/compile/pr27528.c -O2 (test for excess errors)
FAIL: gcc.c-torture/compile/pr27528.c -O3 -fomit-frame-pointer
(test for excess errors)
FAIL: gcc.c-torture/compile/pr27528.c -O3 -g (test for excess errors)
FAIL: gcc.c-torture/compile/pr27528.c -Os (test for excess errors)
FAIL: gcc.dg/builtin-apply4.c execution test
FAIL: gcc.dg/setjmp-3.c (test for excess errors)
FAIL: gcc.dg/setjmp-4.c (test for excess errors)
FAIL: gcc.dg/sibcall-6.c execution test
FAIL: gcc.dg/tree-ssa/gen-vect-11b.c scan-tree-dump-times vectorized
0 loops 1
FAIL: gcc.dg/tree-ssa/gen-vect-11c.c scan-tree-dump-times vectorized
0 loops 1
FAIL: gcc.dg/tree-ssa/loadpre1.c scan-tree-dump-times Eliminated: 1 1
FAIL: gcc.dg/tree-ssa/loadpre14.c scan-tree-dump-times Eliminated: 1 1
FAIL: gcc.dg/tree-ssa/loadpre15.c scan-tree-dump-times Eliminated: 1 1
FAIL: gcc.dg/tree-ssa/loop-3.c scan-tree-dump-times step: 1
FAIL: gcc.target/i386/980211-1.c (test for excess errors)
FAIL: gcc.target/i386/local2.c scan-assembler-not sub[^\\n]*sp
FAIL: gcc.target/i386/pr21291.c (test for excess errors)
FAIL: gcc.target/i386/pr27827.c scan-assembler fmul[ \t]*%st
FAIL: gcc.target/i386/ssefn-1.c scan-assembler-not movsd
FAIL: gcc.target/i386/ssefn-1.c scan-assembler-not mulsd
FAIL: gcc.target/i386/vectorize1.c (internal compiler error)
FAIL: gcc.target/i386/vectorize1.c (test for excess errors)
skipping test framework tests, CHECK_TEST_FRAMEWORK is not defined
=== gcc Summary ===
# of expected passes 41425
# of unexpected failures 24
# of expected failures 111
# of untested testcases 28
# of unsupported tests 392
=== g++ tests ===
FAIL: tmpdir-g++.dg-struct-layout-1/t026 cp_compat_x_tst.o-
cp_compat_y_tst.o execute
FAIL: g++.dg/ext/visibility/class1.C scan-assembler InitEv@PLT
FAIL: g++.dg/other/unused1.C scan-assembler (string|ascii?)z?\t"class2
("|\\\\000)
FAIL: g++.dg/other/unused1.C scan-assembler (string|ascii?)z?
\t"printer("|\\\\000)
XPASS: g++.dg/tree-ssa/ivopts-1.C scan-tree-dump-not offset: -4B
XPASS: g++.dg/tree-ssa/ivopts-1.C scan-tree-dump-not &x\[5\]
FAIL: g++.dg/warn/weak1.C (test for excess errors)
WARNING: g++.dg/warn/weak1.C compilation failed to produce executable
FAIL: g++.dg/special/conpr-3.C execution test
=== g++ Summary ===
# of expected passes 13183
# of unexpected failures 6
# of unexpected successes 2
# of expected failures 67
# of unsupported tests 108
=== gfortran tests ===
FAIL: gfortran.dg/char_transpose_1.f90 -O0 execution test
FAIL: gfortran.dg/char_transpose_1.f90 -O1 execution test
FAIL: gfortran.dg/char_transpose_1.f90 -O2 execution test
FAIL: gfortran.dg/char_transpose_1.f90 -O3 -fomit-frame-pointer
execution test
FAIL: gfortran.dg/char_transpose_1.f90 -O3 -fomit-frame-pointer -
funroll-loops execution test
FAIL: gfortran.dg/char_transpose_1.f90 -O3 -fomit-frame-pointer -
funroll-all-loops -finline-functions execution test
FAIL: gfortran.dg/char_transpose_1.f90 -O3 -g execution test
FAIL: gfortran.dg/char_transpose_1.f90 -Os execution test
FAIL: gfortran.dg/matmul_3.f90 -O0 execution test
FAIL: gfortran.dg/matmul_3.f90 -O1 execution test
FAIL: gfortran.dg/matmul_3.f90 -O2 execution test
FAIL: gfortran.dg/matmul_3.f90 -O3 -fomit-frame-pointer execution test
FAIL: gfortran.dg/matmul_3.f90 -O3 -fomit-frame-pointer -funroll-
loops execution test
FAIL: gfortran.dg/matmul_3.f90 -O3 -fomit-frame-pointer -funroll-all-
loops -finline-functions execution test
FAIL: gfortran.dg/matmul_3.f90 -O3 -g execution test
FAIL: gfortran.dg/matmul_3.f90 -Os execution test
FAIL: gfortran.dg/matmul_4.f90 -O0 execution test
FAIL: gfortran.dg/matmul_4.f90 -O1 execution test
FAIL: gfortran.dg/matmul_4.f90 -O2 execution test
FAIL: gfortran.dg/matmul_4.f90 -O3 -fomit-frame-pointer execution test
FAIL: gfortran.dg/matmul_4.f90 -O3 -fomit-frame-pointer -funroll-
loops execution test
FAIL: gfortran.dg/matmul_4.f90 -O3 -fomit-frame-pointer -funroll-all-
loops -finline-functions execution test
FAIL: gfortran.dg/matmul_4.f90 -O3 -g execution test
FAIL: gfortran.dg/matmul_4.f90 -Os execution test
FAIL: gfortran.dg/ret_array_1.f90 -O0 execution test
FAIL: gfortran.dg/ret_array_1.f90 -O1 execution test
FAIL: gfortran.dg/ret_array_1.f90 -O2 execution test
FAIL: gfortran.dg/ret_array_1.f90 -O3 -fomit-frame-pointer
execution test
FAIL: gfortran.dg/ret_array_1.f90 -O3 -fomit-frame-pointer -funroll-
loops execution test
FAIL: gfortran.dg/ret_array_1.f90 -O3 -fomit-frame-pointer -funroll-
all-loops -finline-functions execution test
FAIL: gfortran.dg/ret_array_1.f90 -O3 -g execution test
FAIL: gfortran.dg/ret_array_1.f90 -Os execution test
FAIL: gfortran.dg/temporary_1.f90 -O0 execution test
FAIL: gfortran.dg/temporary_1.f90 -O1 execution test
FAIL: gfortran.dg/temporary_1.f90 -O2 execution test
FAIL: gfortran.dg/temporary_1.f90 -O3 -fomit-frame-pointer
execution test
FAIL: gfortran.dg/temporary_1.f90 -O3 -fomit-frame-pointer -funroll-
loops execution test
FAIL: gfortran.dg/temporary_1.f90 -O3 -fomit-frame-pointer -funroll-
all-loops -finline-functions execution test
FAIL: gfortran.dg/temporary_1.f90 -O3 -g execution test
FAIL: gfortran.dg/temporary_1.f90 -Os execution test
=== gfortran Summary ===
# of expected passes 15300
# of unexpected failures 40
# of expected failures 7
# of unsupported tests 38
=== objc tests ===
FAIL: objc.dg/stret-2.m scan-assembler objc_msgSend_stret
FAIL: objc.dg/stret-2.m scan-assembler-not objc_msgSend[^_S]
FAIL: objc.dg/stret-2.m scan-assembler-not objc_msgSendSuper[^_]
FAIL: objc.dg/stubify-1.m (test for excess errors)
ERROR: objc.dg/stubify-1.m: error executing dg-final: couldn't open
"stubify-1.s": no such file or directory
FAIL: objc.dg/stubify-2.m (test for excess errors)
ERROR: objc.dg/stubify-2.m: error executing dg-final: no files
matched glob pattern "stubify-2.m.[0-9][0-9][0-9]r.jump"
FAIL: objc.dg/symtab-1.m scan-assembler L_OBJC_SYMBOLS.*:\n\t.long\t0
\n\t.long\t0\n\t.short\t2\n\t.short\t0\n\t.long
\tL_OBJC_CLASS_Derived.*\n\t.long\tL_OBJC_CLASS_Base.*\n
=== objc Summary ===
# of expected passes 2974
# of unexpected failures 6
# of expected failures 7
# of unresolved testcases 2
# of unsupported tests 2
=== obj-c++ tests ===
FAIL: obj-c++.dg/stubify-1.mm (test for excess errors)
ERROR: obj-c++.dg/stubify-1.mm: error executing dg-final: couldn't
open "stubify-1.s": no such file or directory
FAIL: obj-c++.dg/stubify-2.mm (test for excess errors)
ERROR: obj-c++.dg/stubify-2.mm: error executing dg-final: couldn't
open "stubify-2.mm.08.jump": no such file or directory
=== obj-c++ Summary ===
# of expected passes 461
# of unexpected failures 2
# of unresolved testcases 2
=== treelang Summary ===
# of expected passes 52
=== libstdc++ tests ===
XPASS: 21_strings/basic_string/element_access/char/21674.cc execution
test
XPASS: 21_strings/basic_string/element_access/wchar_t/21674.cc
execution test
XPASS: 26_numerics/cmath/c99_classification_macros_c.cc (test for
excess errors)
FAIL: 26_numerics/complex/13450.cc execution test
FAIL: 26_numerics/complex/complex_value.cc execution test
FAIL: 27_io/ios_base/storage/11584.cc execution test
FAIL: ext/mt_allocator/deallocate_local_thread-5.cc execution test
FAIL: ext/mt_allocator/deallocate_local_thread-7.cc execution test
FAIL: ext/pb_ds/example/priority_queue_dijkstra.cc execution test
=== libstdc++ Summary ===
# of expected passes 3815
# of unexpected failures 6
# of unexpected successes 3
# of expected failures 13
# of unsupported tests 318
=== libffi Summary ===
# of expected passes 1084
# of unsupported tests 8
=== libjava tests ===
FAIL: Array_1 -O3 compilation from bytecode
FAIL: Class_1 -O3 compilation from bytecode
FAIL: ExtraClassLoader -O3 compilation from bytecode
FAIL: FileHandleGcTest execution - source compiled test
FAIL: FileHandleGcTest execution - gij test
FAIL: FileHandleGcTest execution - bytecode->native test
FAIL: FileHandleGcTest execution - gij test
FAIL: FileHandleGcTest -findirect-dispatch execution - bytecode-
>native test
FAIL: FileHandleGcTest -O3 execution - source compiled test
FAIL: FileHandleGcTest execution - gij test
FAIL: FileHandleGcTest -O3 execution - bytecode->native test
FAIL: FileHandleGcTest execution - gij test
FAIL: FileHandleGcTest -O3 -findirect-dispatch execution - bytecode-
>native test
FAIL: InvokeInterface -O3 compilation from bytecode
FAIL: PR12350 -O3 compilation from bytecode
FAIL: PR12416 -O3 compilation from bytecode
WARNING: program timed out.
FAIL: PR162 -O3 execution - bytecode->native test
FAIL: PR18699 execution - source compiled test
FAIL: PR18699 execution - gij test
FAIL: PR18699 execution - bytecode->native test
FAIL: PR18699 execution - gij test
FAIL: PR18699 -findirect-dispatch execution - bytecode->native test
FAIL: PR18699 -O3 execution - source compiled test
FAIL: PR18699 execution - gij test
FAIL: PR18699 -O3 execution - bytecode->native test
FAIL: PR18699 execution - gij test
FAIL: PR18699 -O3 -findirect-dispatch execution - bytecode->native test
FAIL: PR25535 -O3 compilation from bytecode
FAIL: PR260 -O3 compilation from bytecode
FAIL: StackTrace2 output - gij test
FAIL: StackTrace2 output - gij test
FAIL: StackTrace2 output - gij test
FAIL: StackTrace2 output - gij test
FAIL: SyncTest execution - gij test
FAIL: SyncTest -O3 compilation from bytecode
FAIL: TestProxy -O3 compilation from bytecode
FAIL: Throw_2 execution - source compiled test
FAIL: Throw_2 execution - gij test
FAIL: Throw_2 execution - bytecode->native test
FAIL: Throw_2 execution - gij test
FAIL: Throw_2 -findirect-dispatch execution - bytecode->native test
FAIL: Throw_2 -O3 execution - source compiled test
FAIL: Throw_2 execution - gij test
FAIL: Throw_2 -O3 execution - bytecode->native test
FAIL: Throw_2 execution - gij test
FAIL: Throw_2 -O3 -findirect-dispatch execution - bytecode->native test
FAIL: initexc execution - gij test
FAIL: initexc execution - gij test
FAIL: initexc execution - gij test
FAIL: initexc execution - gij test
FAIL: invokethrow -O3 compilation from bytecode
FAIL: md5test -O3 execution - source compiled test
FAIL: pr17536 -O3 compilation from bytecode
FAIL: pr179 -O3 compilation from bytecode
FAIL: pr24321 -O3 compilation from bytecode
FAIL: pr8415 -O3 compilation from bytecode
FAIL: stacktrace output - gij test
FAIL: stacktrace output - gij test
FAIL: stacktrace output - gij test
FAIL: stacktrace output - gij test
FAIL: stringconst2 -O3 compilation from bytecode
FAIL: /sw/.bld/gcc42-4.1.9999-20070117/darwin_objdir/i686-apple-
darwin8/libjava/testsuite/TestEarlyGC.exe execution - /sw/.bld/
gcc42-4.1.9999-20070117/darwin_objdir/i686-apple-darwin8/libjava/
testsuite/TestEarlyGC.exe
FAIL: /sw/.bld/gcc42-4.1.9999-20070117/darwin_objdir/i686-apple-
darwin8/libjava/testsuite/TestLeak.exe execution - /sw/.bld/
gcc42-4.1.9999-20070117/darwin_objdir/i686-apple-darwin8/libjava/
testsuite/TestLeak.exe
=== libjava Summary ===
# of expected passes 6872
# of unexpected failures 63
# of expected failures 12
# of untested testcases 79
=== boehm ? ===
FAIL: gctest
===================
1 of 1 tests failed
===================
=== libgomp Summary ===
# of expected passes 1328
# of unsupported tests 111
More information about the Gcc-testresults
mailing list