Results for 4.2.0 20070110 (prerelease) testsuite on powerpc-apple-darwin8

Jean-François Mertens jfm@core.ucl.ac.be
Wed Jan 17 16:29:00 GMT 2007


# gcc-4 -v
Using built-in specs.
Target: powerpc-apple-darwin8
Configured with: ../gcc-4.2-20070110/configure --prefix=/sw --prefix=/ 
sw/lib/gcc4.2 --mandir=/sw/share/man --infodir=/sw/share/info -- 
enable-languages=c,c++,fortran,objc,java,obj-c++,treelang -- 
host=powerpc-apple-darwin8 --with-as=/sw/lib/odcctools/bin/as --with- 
ld=/sw/lib/odcctools/bin/ld --with-nm=/sw/lib/odcctools/bin/nm --with- 
gmp=/sw --with-libiconv-prefix=/sw --with-system-zlib --x-includes=/ 
usr/X11R6/include --x-libraries=/usr/X11R6/lib
Thread model: posix
gcc version 4.2.0 20070110 (prerelease)

All fixinclude tests pass

		=== gcc tests ===

XPASS: gcc.dg/20020103-1.c scan-assembler-not LC[0-9]
FAIL: gcc.dg/setjmp-3.c (test for excess errors)
FAIL: gcc.dg/setjmp-4.c (test for excess errors)
FAIL: gcc.dg/tree-ssa/loadpre1.c scan-tree-dump-times Eliminated: 1 1
FAIL: gcc.dg/tree-ssa/loadpre14.c scan-tree-dump-times Eliminated: 1 1
FAIL: gcc.dg/tree-ssa/loadpre15.c scan-tree-dump-times Eliminated: 1 1
FAIL: gcc.dg/vect/section-anchors-pr27770.c (test for excess errors)
FAIL: gcc.dg/vect/section-anchors-vect-69.c (test for excess errors)
FAIL: gcc.dg/vect/section-anchors-vect-69.c scan-tree-dump-times  
Alignment of access forced using peeling 4
FAIL: gcc.target/powerpc/stabs-attrib-vect-darwin.c scan- 
assembler .stabs.*vi:\\(0,16\\)=@V
skipping test framework tests, CHECK_TEST_FRAMEWORK is not defined

		=== gcc Summary ===

# of expected passes		42222
# of unexpected failures	9
# of unexpected successes	1
# of expected failures		116
# of untested testcases		28
# of unsupported tests		447

		=== g++ tests ===

FAIL: g++.dg/ext/alignof2.C execution test
FAIL: g++.dg/other/unused1.C scan-assembler (string|ascii?)z?\t"class2 
("|\\\\000)
FAIL: g++.dg/other/unused1.C scan-assembler (string|ascii?)z? 
\t"printer("|\\\\000)
FAIL: g++.dg/warn/weak1.C (test for excess errors)
WARNING: g++.dg/warn/weak1.C compilation failed to produce executable
FAIL: g++.dg/special/conpr-3.C execution test

		=== g++ Summary ===

# of expected passes		13149
# of unexpected failures	5
# of expected failures		67
# of unsupported tests		129

		=== gfortran tests ===

FAIL: gfortran.dg/large_real_kind_2.F90  -O0  execution test
FAIL: gfortran.dg/large_real_kind_2.F90  -O1  execution test
FAIL: gfortran.dg/large_real_kind_2.F90  -O2  execution test
FAIL: gfortran.dg/large_real_kind_2.F90  -O3 -fomit-frame-pointer   
execution test
FAIL: gfortran.dg/large_real_kind_2.F90  -O3 -fomit-frame-pointer - 
funroll-loops  execution test
FAIL: gfortran.dg/large_real_kind_2.F90  -O3 -fomit-frame-pointer - 
funroll-all-loops -finline-functions  execution test
FAIL: gfortran.dg/large_real_kind_2.F90  -O3 -g  execution test
FAIL: gfortran.dg/large_real_kind_2.F90  -Os  execution test
FAIL: gfortran.dg/large_real_kind_form_io_2.f90  -O0  execution test
FAIL: gfortran.dg/large_real_kind_form_io_2.f90  -O1  execution test
FAIL: gfortran.dg/large_real_kind_form_io_2.f90  -O2  execution test
FAIL: gfortran.dg/large_real_kind_form_io_2.f90  -O3 -fomit-frame- 
pointer  execution test
FAIL: gfortran.dg/large_real_kind_form_io_2.f90  -O3 -fomit-frame- 
pointer -funroll-loops  execution test
FAIL: gfortran.dg/large_real_kind_form_io_2.f90  -O3 -fomit-frame- 
pointer -funroll-all-loops -finline-functions  execution test
FAIL: gfortran.dg/large_real_kind_form_io_2.f90  -O3 -g  execution test
FAIL: gfortran.dg/large_real_kind_form_io_2.f90  -Os  execution test

		=== gfortran Summary ===

# of expected passes		15246
# of unexpected failures	16
# of expected failures		7
# of unsupported tests		57

		=== objc Summary ===

# of expected passes		2979
# of expected failures		17
# of unsupported tests		1

		=== obj-c++ tests ===

ERROR: obj-c++.dg/stubify-2.mm: error executing dg-final: couldn't  
open "stubify-2.mm.08.jump": no such file or directory

		=== obj-c++ Summary ===

# of expected passes		468
# of unresolved testcases	1

		=== treelang Summary ===

# of expected passes		52

		=== libstdc++ tests ===

XPASS: 21_strings/basic_string/element_access/char/21674.cc execution  
test
XPASS: 21_strings/basic_string/element_access/wchar_t/21674.cc  
execution test
XPASS: 26_numerics/cmath/c99_classification_macros_c.cc (test for  
excess errors)
FAIL: 27_io/ios_base/storage/11584.cc execution test
FAIL: ext/mt_allocator/deallocate_local_thread-5.cc execution test
FAIL: ext/mt_allocator/deallocate_local_thread-7.cc execution test
FAIL: ext/pb_ds/example/priority_queue_dijkstra.cc execution test

		=== libstdc++ Summary ===

# of expected passes		3813
# of unexpected failures	4
# of unexpected successes	3
# of expected failures		13
# of unsupported tests		318

		=== libffi Summary ===

# of expected passes		1068
# of expected failures		8
# of unsupported tests		8

		=== libjava tests ===

FAIL: Thread_Sleep_2 output - source compiled test
FAIL: Thread_Sleep_2 output - gij test
FAIL: Thread_Sleep_2 output - bytecode->native test
FAIL: Thread_Sleep_2 output - gij test
FAIL: Thread_Sleep_2 -findirect-dispatch output - bytecode->native test
FAIL: Thread_Sleep_2 -O3 output - source compiled test
FAIL: Thread_Sleep_2 output - gij test
FAIL: Thread_Sleep_2 -O3 output - bytecode->native test
FAIL: Thread_Sleep_2 output - gij test
FAIL: Thread_Sleep_2 -O3 -findirect-dispatch output - bytecode- 
 >native test

		=== libjava Summary ===

# of expected passes		6996
# of unexpected failures	10
# of expected failures		12
# of untested testcases		8

	=== boehm ? ===

/sw/bld/gcc42-4.1.9999-20070110/darwin_objdir/./gcc/xgcc -B/sw/bld/ 
gcc42-4.1.9999-20070110/darwin_objdir/./gcc/ -B/sw/lib/gcc4.2/powerpc- 
apple-darwin8/bin/ -B/sw/lib/gcc4.2/powerpc-apple-darwin8/lib/ - 
isystem /sw/lib/gcc4.2/powerpc-apple-darwin8/include -isystem /sw/lib/ 
gcc4.2/powerpc-apple-darwin8/sys-include -DHAVE_CONFIG_H -I. - 
I../../../gcc-4.2-20070110/boehm-gc -I./include -I./include  -I/ 
Volumes/EXT_HFS/bld/gcc42-4.1.9999-20070110/gcc-4.2-20070110/boehm-gc/ 
include  -fexceptions -Iinclude -I././targ-include -I.//libc/include - 
O2 -g -O2  -c -o tests/test.o ../../../gcc-4.2-20070110/boehm-gc/ 
tests/test.c
/bin/sh ./libtool --mode=link /sw/bld/gcc42-4.1.9999-20070110/ 
darwin_objdir/./gcc/xgcc -B/sw/bld/gcc42-4.1.9999-20070110/ 
darwin_objdir/./gcc/ -B/sw/lib/gcc4.2/powerpc-apple-darwin8/bin/ -B/ 
sw/lib/gcc4.2/powerpc-apple-darwin8/lib/ -isystem /sw/lib/gcc4.2/ 
powerpc-apple-darwin8/include -isystem /sw/lib/gcc4.2/powerpc-apple- 
darwin8/sys-include -fexceptions -Iinclude -I././targ-include -I.// 
libc/include -O2 -g -O2   -o gctest -shared-libgcc tests/test.o ./ 
libgcjgc.la
libtool: link: unable to infer tagged configuration
libtool: link: specify a tag with `--tag'
make[3]: *** [gctest] Error 1

		=== libgomp Summary ===

# of expected passes		1328
# of unsupported tests		111



More information about the Gcc-testresults mailing list