Results for 4.2.0 20070115 (prerelease) testsuite on i686-pc-cygwin

Rob1weld@aol.com Rob1weld@aol.com
Wed Jan 17 00:01:00 GMT 2007


This is the result of compiling for Windows XP (Cygwin) with as many  
features enabled as
possible. Please see here for details: 
_http://gcc.gnu.org/bugzilla/show_bug.cgi?id=30342_ (http://gcc.gnu.org/bugzilla/show_bug.cgi?id=30342) 
 
Previous results are here: 
_http://gcc.gnu.org/ml/gcc-testresults/2007-01/msg00052.html_ (http://gcc.gnu.org/ml/gcc-testresults/2007-01/msg00052.html) 
 

Please see the end of this report for additional notes.
 

LAST_UPDATED: Mon Jan 15 17:23:34 UTC 2007 (/branches/gcc-4_2-branch  
revision 120789) 
 
Native configuration is i686-pc-cygwin
 
  === libffi tests ===
 
Running target unix
FAIL: libffi.call/return_fl2.c execution  test
FAIL: libffi.call/return_fl2.c execution test
FAIL:  libffi.call/return_fl2.c execution test
FAIL: libffi.call/return_fl2.c  execution test
 
  === libffi Summary ===
 
# of expected passes  1096
# of unexpected  failures 4
 

=== libgomp tests ===
 
Running target unix
FAIL: libgomp.c++/nested-1.C execution test
FAIL:  libgomp.fortran/omp_parse2.f90 execution test
FAIL:  libgomp.fortran/omp_parse2.f90 execution test
FAIL:  libgomp.fortran/omp_parse2.f90 execution test
FAIL:  libgomp.fortran/omp_parse2.f90 execution test
FAIL:  libgomp.fortran/omp_parse2.f90 execution test
 
  === libgomp Summary ===
 
# of expected passes  1322
# of unexpected  failures 6
# of unsupported tests  111
 

=== libjava tests ===
 
Running target unix
FAIL: PR9577 header generation
FAIL: longfield  header generation
FAIL: shortfieldbase header generation
 
  === libjava Summary ===
 
# of expected passes  458
# of unexpected  failures 3
 

=== libmudflap tests ===
 
Running target unix
FAIL: libmudflap.c/fail11-frag.c output pattern  test
FAIL: libmudflap.c/fail12-frag.c output pattern test
FAIL:  libmudflap.c/fail16-frag.c output pattern test
FAIL:  libmudflap.c/fail17-frag.c output pattern test
FAIL:  libmudflap.c/fail19-frag.c output pattern test
FAIL:  libmudflap.c/fail21-frag.c output pattern test
FAIL:  libmudflap.c/fail22-frag.c output pattern test
FAIL:  libmudflap.c/fail25-frag.c output pattern test
FAIL:  libmudflap.c/fail26-frag.c output pattern test
FAIL:  libmudflap.c/fail27-frag.c output pattern test
FAIL:  libmudflap.c/fail28-frag.c output pattern test
FAIL:  libmudflap.c/fail29-frag.c output pattern test
FAIL:  libmudflap.c/fail30-frag.c output pattern test
FAIL:  libmudflap.c/fail35-frag.c output pattern test
FAIL:  libmudflap.c/fail36-frag.c output pattern test
FAIL:  libmudflap.c/fail39-frag.c output pattern test
FAIL:  libmudflap.c/fail40-frag.c output pattern test
FAIL:  libmudflap.c/fail6-frag.c output pattern test
FAIL: libmudflap.c/fail7-frag.c  output pattern test
FAIL: libmudflap.c/fail8-frag.c output pattern  test
FAIL: libmudflap.c/fail9-frag.c output pattern test
FAIL:  libmudflap.c/heap-scalestress.c execution test
FAIL:  libmudflap.c/heap-scalestress.c output pattern test
FAIL:  libmudflap.c/hook-allocstuff.c execution test
FAIL:  libmudflap.c/hook-allocstuff.c output pattern test
FAIL:  libmudflap.c/pass-stratcliff.c (test for excess errors)
WARNING:  libmudflap.c/pass-stratcliff.c compilation failed to produce 
executable
FAIL:  libmudflap.c/pass11-frag.c execution test
FAIL: libmudflap.c/pass11-frag.c  execution test
FAIL: libmudflap.c/pass12-frag.c execution test
FAIL:  libmudflap.c/pass12-frag.c execution test
FAIL: libmudflap.c/pass16-frag.c  execution test
FAIL: libmudflap.c/pass16-frag.c execution test
FAIL:  libmudflap.c/pass19-frag.c execution test
FAIL: libmudflap.c/pass19-frag.c  execution test
FAIL: libmudflap.c/pass20-frag.c execution test
FAIL:  libmudflap.c/pass20-frag.c execution test
FAIL: libmudflap.c/pass21-frag.c  execution test
FAIL: libmudflap.c/pass21-frag.c execution test
FAIL:  libmudflap.c/pass22-frag.c (test for excess errors)
FAIL:  libmudflap.c/pass22-frag.c execution test
FAIL: libmudflap.c/pass22-frag.c  (test for excess errors)
FAIL: libmudflap.c/pass22-frag.c execution  test
FAIL: libmudflap.c/pass23-frag.c (test for excess errors)
FAIL:  libmudflap.c/pass23-frag.c execution test
FAIL: libmudflap.c/pass23-frag.c  (test for excess errors)
FAIL: libmudflap.c/pass23-frag.c execution  test
FAIL: libmudflap.c/pass24-frag.c (test for excess errors)
FAIL:  libmudflap.c/pass24-frag.c execution test
FAIL: libmudflap.c/pass24-frag.c  (test for excess errors)
FAIL: libmudflap.c/pass24-frag.c execution  test
FAIL: libmudflap.c/pass25-frag.c execution test
FAIL:  libmudflap.c/pass25-frag.c execution test
FAIL: libmudflap.c/pass29-frag.c  execution test
FAIL: libmudflap.c/pass29-frag.c execution test
FAIL:  libmudflap.c/pass35-frag.c execution test
FAIL: libmudflap.c/pass35-frag.c  execution test
FAIL: libmudflap.c/pass36-frag.c output pattern test
FAIL:  libmudflap.c/pass36-frag.c output pattern test
FAIL:  libmudflap.c/pass42-frag.c execution test
FAIL: libmudflap.c/pass42-frag.c  output pattern test
FAIL: libmudflap.c/pass42-frag.c execution test
FAIL:  libmudflap.c/pass42-frag.c output pattern test
FAIL:  libmudflap.c/pass45-frag.c execution test
FAIL: libmudflap.c/pass45-frag.c  output pattern test
FAIL: libmudflap.c/pass45-frag.c execution test
FAIL:  libmudflap.c/pass45-frag.c output pattern test
FAIL:  libmudflap.c/pass47-frag.c (test for excess errors)
FAIL:  libmudflap.c/pass47-frag.c execution test
FAIL: libmudflap.c/pass47-frag.c  (test for excess errors)
FAIL: libmudflap.c/pass47-frag.c execution  test
FAIL: libmudflap.c/pass50-frag.c execution test
FAIL:  libmudflap.c/pass50-frag.c execution test
FAIL: libmudflap.c/pass51-frag.c  execution test
FAIL: libmudflap.c/pass51-frag.c execution test
FAIL:  libmudflap.c/pass52-frag.c execution test
FAIL: libmudflap.c/pass52-frag.c  execution test
FAIL: libmudflap.c/pass56-frag.c execution test
FAIL:  libmudflap.c/pass56-frag.c execution test
FAIL: libmudflap.c/pass6-frag.c  execution test
FAIL: libmudflap.c/pass6-frag.c execution test
FAIL:  libmudflap.c/pass7-frag.c execution test
FAIL: libmudflap.c/pass7-frag.c  execution test
FAIL: libmudflap.c/pass8-frag.c execution test
FAIL:  libmudflap.c/pass8-frag.c execution test
FAIL: libmudflap.c/pass9-frag.c  execution test
FAIL: libmudflap.c/pass9-frag.c execution test
FAIL:  libmudflap.c/fail27-frag.c (-static) output pattern test
FAIL:  libmudflap.c/heap-scalestress.c (-static) execution test
FAIL:  libmudflap.c/heap-scalestress.c (-static) output pattern test
FAIL:  libmudflap.c/pass-stratcliff.c (-static) (test for excess errors)
WARNING:  libmudflap.c/pass-stratcliff.c (-static) compilation failed to 
produce  executable
FAIL: libmudflap.c/pass22-frag.c (-static) (test for excess  errors)
FAIL: libmudflap.c/pass22-frag.c (-static) (test for excess  errors)
FAIL: libmudflap.c/pass23-frag.c (-static) (test for excess  errors)
FAIL: libmudflap.c/pass23-frag.c (-static) (test for excess  errors)
FAIL: libmudflap.c/pass24-frag.c (-static) (test for excess  errors)
FAIL: libmudflap.c/pass24-frag.c (-static) (test for excess  errors)
FAIL: libmudflap.c/pass35-frag.c (-static) execution test
FAIL:  libmudflap.c/pass35-frag.c (-static) execution test
FAIL:  libmudflap.c/pass42-frag.c (-static) execution test
FAIL:  libmudflap.c/pass42-frag.c (-static) output pattern test
FAIL:  libmudflap.c/pass42-frag.c (-static) execution test
FAIL:  libmudflap.c/pass42-frag.c (-static) output pattern test
FAIL:  libmudflap.c/pass47-frag.c (-static) (test for excess errors)
FAIL:  libmudflap.c/pass47-frag.c (-static) execution test
FAIL:  libmudflap.c/pass47-frag.c (-static) (test for excess errors)
FAIL:  libmudflap.c/pass47-frag.c (-static) execution test
FAIL:  libmudflap.c/pass52-frag.c (-static) execution test
FAIL:  libmudflap.c/pass52-frag.c (-static) execution test
FAIL:  libmudflap.c/fail11-frag.c (-O2) output pattern test
FAIL:  libmudflap.c/fail12-frag.c (-O2) output pattern test
FAIL:  libmudflap.c/fail16-frag.c (-O2) output pattern test
FAIL:  libmudflap.c/fail17-frag.c (-O2) output pattern test
FAIL:  libmudflap.c/fail19-frag.c (-O2) output pattern test
FAIL:  libmudflap.c/fail21-frag.c (-O2) output pattern test
FAIL:  libmudflap.c/fail22-frag.c (-O2) output pattern test
FAIL:  libmudflap.c/fail25-frag.c (-O2) output pattern test
FAIL:  libmudflap.c/fail26-frag.c (-O2) output pattern test
FAIL:  libmudflap.c/fail27-frag.c (-O2) output pattern test
FAIL:  libmudflap.c/fail28-frag.c (-O2) output pattern test
FAIL:  libmudflap.c/fail29-frag.c (-O2) output pattern test
FAIL:  libmudflap.c/fail30-frag.c (-O2) output pattern test
FAIL:  libmudflap.c/fail35-frag.c (-O2) output pattern test
FAIL:  libmudflap.c/fail36-frag.c (-O2) output pattern test
FAIL:  libmudflap.c/fail39-frag.c (-O2) output pattern test
FAIL:  libmudflap.c/fail40-frag.c (-O2) output pattern test
FAIL:  libmudflap.c/fail6-frag.c (-O2) output pattern test
FAIL:  libmudflap.c/fail7-frag.c (-O2) output pattern test
FAIL:  libmudflap.c/fail8-frag.c (-O2) output pattern test
FAIL:  libmudflap.c/fail9-frag.c (-O2) output pattern test
FAIL:  libmudflap.c/heap-scalestress.c (-O2) execution test
FAIL:  libmudflap.c/heap-scalestress.c (-O2) output pattern test
FAIL:  libmudflap.c/hook-allocstuff.c (-O2) execution test
FAIL:  libmudflap.c/hook-allocstuff.c (-O2) output pattern test
FAIL:  libmudflap.c/pass-stratcliff.c (-O2) (test for excess errors)
WARNING:  libmudflap.c/pass-stratcliff.c (-O2) compilation failed to produce  
executable
FAIL: libmudflap.c/pass11-frag.c (-O2) execution test
FAIL:  libmudflap.c/pass11-frag.c (-O2) execution test
FAIL:  libmudflap.c/pass12-frag.c (-O2) execution test
FAIL:  libmudflap.c/pass12-frag.c (-O2) execution test
FAIL:  libmudflap.c/pass16-frag.c (-O2) execution test
FAIL:  libmudflap.c/pass16-frag.c (-O2) execution test
FAIL:  libmudflap.c/pass19-frag.c (-O2) execution test
FAIL:  libmudflap.c/pass19-frag.c (-O2) execution test
FAIL:  libmudflap.c/pass20-frag.c (-O2) execution test
FAIL:  libmudflap.c/pass20-frag.c (-O2) execution test
FAIL:  libmudflap.c/pass21-frag.c (-O2) execution test
FAIL:  libmudflap.c/pass21-frag.c (-O2) execution test
FAIL:  libmudflap.c/pass22-frag.c (-O2) (test for excess errors)
FAIL:  libmudflap.c/pass22-frag.c (-O2) execution test
FAIL:  libmudflap.c/pass22-frag.c (-O2) (test for excess errors)
FAIL:  libmudflap.c/pass22-frag.c (-O2) execution test
FAIL:  libmudflap.c/pass23-frag.c (-O2) (test for excess errors)
FAIL:  libmudflap.c/pass23-frag.c (-O2) execution test
FAIL:  libmudflap.c/pass23-frag.c (-O2) (test for excess errors)
FAIL:  libmudflap.c/pass23-frag.c (-O2) execution test
FAIL:  libmudflap.c/pass24-frag.c (-O2) (test for excess errors)
FAIL:  libmudflap.c/pass24-frag.c (-O2) execution test
FAIL:  libmudflap.c/pass24-frag.c (-O2) (test for excess errors)
FAIL:  libmudflap.c/pass24-frag.c (-O2) execution test
FAIL:  libmudflap.c/pass25-frag.c (-O2) execution test
FAIL:  libmudflap.c/pass25-frag.c (-O2) execution test
FAIL:  libmudflap.c/pass29-frag.c (-O2) execution test
FAIL:  libmudflap.c/pass29-frag.c (-O2) execution test
FAIL:  libmudflap.c/pass36-frag.c (-O2) output pattern test
FAIL:  libmudflap.c/pass36-frag.c (-O2) output pattern test
FAIL:  libmudflap.c/pass42-frag.c (-O2) execution test
FAIL:  libmudflap.c/pass42-frag.c (-O2) output pattern test
FAIL:  libmudflap.c/pass42-frag.c (-O2) execution test
FAIL:  libmudflap.c/pass42-frag.c (-O2) output pattern test
FAIL:  libmudflap.c/pass45-frag.c (-O2) execution test
FAIL:  libmudflap.c/pass45-frag.c (-O2) output pattern test
FAIL:  libmudflap.c/pass45-frag.c (-O2) execution test
FAIL:  libmudflap.c/pass45-frag.c (-O2) output pattern test
FAIL:  libmudflap.c/pass47-frag.c (-O2) (test for excess errors)
FAIL:  libmudflap.c/pass47-frag.c (-O2) execution test
FAIL:  libmudflap.c/pass47-frag.c (-O2) (test for excess errors)
FAIL:  libmudflap.c/pass47-frag.c (-O2) execution test
FAIL:  libmudflap.c/pass50-frag.c (-O2) execution test
FAIL:  libmudflap.c/pass50-frag.c (-O2) execution test
FAIL:  libmudflap.c/pass51-frag.c (-O2) execution test
FAIL:  libmudflap.c/pass51-frag.c (-O2) execution test
FAIL:  libmudflap.c/pass52-frag.c (-O2) execution test
FAIL:  libmudflap.c/pass52-frag.c (-O2) execution test
FAIL:  libmudflap.c/pass56-frag.c (-O2) execution test
FAIL:  libmudflap.c/pass56-frag.c (-O2) execution test
FAIL:  libmudflap.c/pass6-frag.c (-O2) execution test
FAIL:  libmudflap.c/pass6-frag.c (-O2) execution test
FAIL:  libmudflap.c/pass7-frag.c (-O2) execution test
FAIL:  libmudflap.c/pass7-frag.c (-O2) execution test
FAIL:  libmudflap.c/pass8-frag.c (-O2) execution test
FAIL:  libmudflap.c/pass8-frag.c (-O2) execution test
FAIL:  libmudflap.c/pass9-frag.c (-O2) execution test
FAIL:  libmudflap.c/pass9-frag.c (-O2) execution test
FAIL:  libmudflap.c/fail11-frag.c (-O3) output pattern test
FAIL:  libmudflap.c/fail12-frag.c (-O3) output pattern test
FAIL:  libmudflap.c/fail16-frag.c (-O3) output pattern test
FAIL:  libmudflap.c/fail17-frag.c (-O3) output pattern test
FAIL:  libmudflap.c/fail19-frag.c (-O3) output pattern test
FAIL:  libmudflap.c/fail21-frag.c (-O3) output pattern test
FAIL:  libmudflap.c/fail22-frag.c (-O3) output pattern test
FAIL:  libmudflap.c/fail25-frag.c (-O3) output pattern test
FAIL:  libmudflap.c/fail26-frag.c (-O3) output pattern test
FAIL:  libmudflap.c/fail27-frag.c (-O3) output pattern test
FAIL:  libmudflap.c/fail28-frag.c (-O3) output pattern test
FAIL:  libmudflap.c/fail29-frag.c (-O3) output pattern test
FAIL:  libmudflap.c/fail30-frag.c (-O3) output pattern test
FAIL:  libmudflap.c/fail35-frag.c (-O3) output pattern test
FAIL:  libmudflap.c/fail36-frag.c (-O3) output pattern test
FAIL:  libmudflap.c/fail39-frag.c (-O3) output pattern test
FAIL:  libmudflap.c/fail40-frag.c (-O3) output pattern test
FAIL:  libmudflap.c/fail6-frag.c (-O3) output pattern test
FAIL:  libmudflap.c/fail7-frag.c (-O3) output pattern test
FAIL:  libmudflap.c/fail8-frag.c (-O3) output pattern test
FAIL:  libmudflap.c/fail9-frag.c (-O3) output pattern test
FAIL:  libmudflap.c/heap-scalestress.c (-O3) execution test
FAIL:  libmudflap.c/heap-scalestress.c (-O3) output pattern test
FAIL:  libmudflap.c/hook-allocstuff.c (-O3) execution test
FAIL:  libmudflap.c/hook-allocstuff.c (-O3) output pattern test
FAIL:  libmudflap.c/pass-stratcliff.c (-O3) (test for excess errors)
WARNING:  libmudflap.c/pass-stratcliff.c (-O3) compilation failed to produce  
executable
FAIL: libmudflap.c/pass11-frag.c (-O3) execution test
FAIL:  libmudflap.c/pass11-frag.c (-O3) execution test
FAIL:  libmudflap.c/pass12-frag.c (-O3) execution test
FAIL:  libmudflap.c/pass12-frag.c (-O3) execution test
FAIL:  libmudflap.c/pass16-frag.c (-O3) execution test
FAIL:  libmudflap.c/pass16-frag.c (-O3) execution test
FAIL:  libmudflap.c/pass19-frag.c (-O3) execution test
FAIL:  libmudflap.c/pass19-frag.c (-O3) execution test
FAIL:  libmudflap.c/pass20-frag.c (-O3) execution test
FAIL:  libmudflap.c/pass20-frag.c (-O3) execution test
FAIL:  libmudflap.c/pass21-frag.c (-O3) execution test
FAIL:  libmudflap.c/pass21-frag.c (-O3) execution test
FAIL:  libmudflap.c/pass22-frag.c (-O3) (test for excess errors)
FAIL:  libmudflap.c/pass22-frag.c (-O3) execution test
FAIL:  libmudflap.c/pass22-frag.c (-O3) (test for excess errors)
FAIL:  libmudflap.c/pass22-frag.c (-O3) execution test
FAIL:  libmudflap.c/pass23-frag.c (-O3) (test for excess errors)
FAIL:  libmudflap.c/pass23-frag.c (-O3) execution test
FAIL:  libmudflap.c/pass23-frag.c (-O3) (test for excess errors)
FAIL:  libmudflap.c/pass23-frag.c (-O3) execution test
FAIL:  libmudflap.c/pass24-frag.c (-O3) (test for excess errors)
FAIL:  libmudflap.c/pass24-frag.c (-O3) execution test
FAIL:  libmudflap.c/pass24-frag.c (-O3) (test for excess errors)
FAIL:  libmudflap.c/pass24-frag.c (-O3) execution test
FAIL:  libmudflap.c/pass25-frag.c (-O3) execution test
FAIL:  libmudflap.c/pass25-frag.c (-O3) execution test
FAIL:  libmudflap.c/pass29-frag.c (-O3) execution test
FAIL:  libmudflap.c/pass29-frag.c (-O3) execution test
FAIL:  libmudflap.c/pass36-frag.c (-O3) output pattern test
FAIL:  libmudflap.c/pass36-frag.c (-O3) output pattern test
FAIL:  libmudflap.c/pass42-frag.c (-O3) execution test
FAIL:  libmudflap.c/pass42-frag.c (-O3) output pattern test
FAIL:  libmudflap.c/pass42-frag.c (-O3) execution test
FAIL:  libmudflap.c/pass42-frag.c (-O3) output pattern test
FAIL:  libmudflap.c/pass45-frag.c (-O3) execution test
FAIL:  libmudflap.c/pass45-frag.c (-O3) output pattern test
FAIL:  libmudflap.c/pass45-frag.c (-O3) execution test
FAIL:  libmudflap.c/pass45-frag.c (-O3) output pattern test
FAIL:  libmudflap.c/pass47-frag.c (-O3) (test for excess errors)
FAIL:  libmudflap.c/pass47-frag.c (-O3) execution test
FAIL:  libmudflap.c/pass47-frag.c (-O3) (test for excess errors)
FAIL:  libmudflap.c/pass47-frag.c (-O3) execution test
FAIL:  libmudflap.c/pass50-frag.c (-O3) execution test
FAIL:  libmudflap.c/pass50-frag.c (-O3) execution test
FAIL:  libmudflap.c/pass51-frag.c (-O3) execution test
FAIL:  libmudflap.c/pass51-frag.c (-O3) execution test
FAIL:  libmudflap.c/pass52-frag.c (-O3) execution test
FAIL:  libmudflap.c/pass52-frag.c (-O3) execution test
FAIL:  libmudflap.c/pass56-frag.c (-O3) execution test
FAIL:  libmudflap.c/pass56-frag.c (-O3) execution test
FAIL:  libmudflap.c/pass6-frag.c (-O3) execution test
FAIL:  libmudflap.c/pass6-frag.c (-O3) execution test
FAIL:  libmudflap.c/pass7-frag.c (-O3) execution test
FAIL:  libmudflap.c/pass7-frag.c (-O3) execution test
FAIL:  libmudflap.c/pass8-frag.c (-O3) execution test
FAIL:  libmudflap.c/pass8-frag.c (-O3) execution test
FAIL:  libmudflap.c/pass9-frag.c (-O3) execution test
FAIL:  libmudflap.c/pass9-frag.c (-O3) execution test
FAIL:  libmudflap.c++/pass28-frag.cxx execution test
FAIL:  libmudflap.c++/pass55-frag.cxx execution test
FAIL:  libmudflap.c++/pass28-frag.cxx ( -O) execution test
FAIL:  libmudflap.c++/pass41-frag.cxx ( -O) execution test
FAIL:  libmudflap.c++/pass55-frag.cxx ( -O) execution test
FAIL:  libmudflap.c++/pass28-frag.cxx (-O2) execution test
FAIL:  libmudflap.c++/pass41-frag.cxx (-O2) execution test
FAIL:  libmudflap.c++/pass55-frag.cxx (-O2) execution test
FAIL:  libmudflap.c++/pass28-frag.cxx (-O3) execution test
FAIL:  libmudflap.c++/pass41-frag.cxx (-O3) execution test
FAIL:  libmudflap.c++/pass55-frag.cxx (-O3) execution test
FAIL:  libmudflap.cth/pass37-frag.c (test for excess errors)
FAIL:  libmudflap.cth/pass37-frag.c execution test
FAIL:  libmudflap.cth/pass37-frag.c output pattern test
FAIL:  libmudflap.cth/pass37-frag.c (rerun 1) execution test
FAIL:  libmudflap.cth/pass37-frag.c (rerun 1) output pattern test
FAIL:  libmudflap.cth/pass37-frag.c (rerun 2) execution test
FAIL:  libmudflap.cth/pass37-frag.c (rerun 2) output pattern test
FAIL:  libmudflap.cth/pass37-frag.c (rerun 3) execution test
FAIL:  libmudflap.cth/pass37-frag.c (rerun 3) output pattern test
FAIL:  libmudflap.cth/pass37-frag.c (rerun 4) execution test
FAIL:  libmudflap.cth/pass37-frag.c (rerun 4) output pattern test
FAIL:  libmudflap.cth/pass37-frag.c (rerun 5) execution test
FAIL:  libmudflap.cth/pass37-frag.c (rerun 5) output pattern test
FAIL:  libmudflap.cth/pass37-frag.c (rerun 6) execution test
FAIL:  libmudflap.cth/pass37-frag.c (rerun 6) output pattern test
FAIL:  libmudflap.cth/pass37-frag.c (rerun 7) execution test
FAIL:  libmudflap.cth/pass37-frag.c (rerun 7) output pattern test
FAIL:  libmudflap.cth/pass37-frag.c (rerun 8) execution test
FAIL:  libmudflap.cth/pass37-frag.c (rerun 8) output pattern test
FAIL:  libmudflap.cth/pass37-frag.c (rerun 9) execution test
FAIL:  libmudflap.cth/pass37-frag.c (rerun 9) output pattern test
FAIL:  libmudflap.cth/pass37-frag.c (rerun 10) execution test
FAIL:  libmudflap.cth/pass37-frag.c (rerun 10) output pattern test
FAIL:  libmudflap.cth/pass37-frag.c (rerun 11) execution test
FAIL:  libmudflap.cth/pass37-frag.c (rerun 11) output pattern test
FAIL:  libmudflap.cth/pass37-frag.c (rerun 12) execution test
FAIL:  libmudflap.cth/pass37-frag.c (rerun 12) output pattern test
FAIL:  libmudflap.cth/pass37-frag.c (rerun 13) execution test
FAIL:  libmudflap.cth/pass37-frag.c (rerun 13) output pattern test
FAIL:  libmudflap.cth/pass37-frag.c (rerun 14) execution test
FAIL:  libmudflap.cth/pass37-frag.c (rerun 14) output pattern test
FAIL:  libmudflap.cth/pass37-frag.c (rerun 15) execution test
FAIL:  libmudflap.cth/pass37-frag.c (rerun 15) output pattern test
FAIL:  libmudflap.cth/pass37-frag.c (rerun 16) execution test
FAIL:  libmudflap.cth/pass37-frag.c (rerun 16) output pattern test
FAIL:  libmudflap.cth/pass37-frag.c (rerun 17) execution test
FAIL:  libmudflap.cth/pass37-frag.c (rerun 17) output pattern test
FAIL:  libmudflap.cth/pass37-frag.c (rerun 18) execution test
FAIL:  libmudflap.cth/pass37-frag.c (rerun 18) output pattern test
FAIL:  libmudflap.cth/pass37-frag.c (rerun 19) execution test
FAIL:  libmudflap.cth/pass37-frag.c (rerun 19) output pattern test
FAIL:  libmudflap.cth/pass39-frag.c (test for excess errors)
FAIL:  libmudflap.cth/pass39-frag.c execution test
FAIL:  libmudflap.cth/pass39-frag.c output pattern test
FAIL:  libmudflap.cth/pass39-frag.c (rerun 1) execution test
FAIL:  libmudflap.cth/pass39-frag.c (rerun 1) output pattern test
FAIL:  libmudflap.cth/pass39-frag.c (rerun 2) execution test
FAIL:  libmudflap.cth/pass39-frag.c (rerun 2) output pattern test
FAIL:  libmudflap.cth/pass39-frag.c (rerun 3) execution test
FAIL:  libmudflap.cth/pass39-frag.c (rerun 3) output pattern test
FAIL:  libmudflap.cth/pass39-frag.c (rerun 4) execution test
FAIL:  libmudflap.cth/pass39-frag.c (rerun 4) output pattern test
FAIL:  libmudflap.cth/pass39-frag.c (rerun 5) execution test
FAIL:  libmudflap.cth/pass39-frag.c (rerun 5) output pattern test
FAIL:  libmudflap.cth/pass39-frag.c (rerun 6) execution test
FAIL:  libmudflap.cth/pass39-frag.c (rerun 6) output pattern test
FAIL:  libmudflap.cth/pass39-frag.c (rerun 7) execution test
FAIL:  libmudflap.cth/pass39-frag.c (rerun 7) output pattern test
FAIL:  libmudflap.cth/pass39-frag.c (rerun 8) execution test
FAIL:  libmudflap.cth/pass39-frag.c (rerun 8) output pattern test
FAIL:  libmudflap.cth/pass39-frag.c (rerun 9) execution test
FAIL:  libmudflap.cth/pass39-frag.c (rerun 9) output pattern test
FAIL:  libmudflap.cth/pass39-frag.c (rerun 10) execution test
FAIL:  libmudflap.cth/pass39-frag.c (rerun 10) output pattern test
FAIL:  libmudflap.cth/pass39-frag.c (rerun 11) execution test
FAIL:  libmudflap.cth/pass39-frag.c (rerun 11) output pattern test
FAIL:  libmudflap.cth/pass39-frag.c (rerun 12) execution test
FAIL:  libmudflap.cth/pass39-frag.c (rerun 12) output pattern test
FAIL:  libmudflap.cth/pass39-frag.c (rerun 13) execution test
FAIL:  libmudflap.cth/pass39-frag.c (rerun 13) output pattern test
FAIL:  libmudflap.cth/pass39-frag.c (rerun 14) execution test
FAIL:  libmudflap.cth/pass39-frag.c (rerun 14) output pattern test
FAIL:  libmudflap.cth/pass39-frag.c (rerun 15) execution test
FAIL:  libmudflap.cth/pass39-frag.c (rerun 15) output pattern test
FAIL:  libmudflap.cth/pass39-frag.c (rerun 16) execution test
FAIL:  libmudflap.cth/pass39-frag.c (rerun 16) output pattern test
FAIL:  libmudflap.cth/pass39-frag.c (rerun 17) execution test
FAIL:  libmudflap.cth/pass39-frag.c (rerun 17) output pattern test
FAIL:  libmudflap.cth/pass39-frag.c (rerun 18) execution test
FAIL:  libmudflap.cth/pass39-frag.c (rerun 18) output pattern test
FAIL:  libmudflap.cth/pass39-frag.c (rerun 19) execution test
FAIL:  libmudflap.cth/pass39-frag.c (rerun 19) output pattern test
FAIL:  libmudflap.cth/pass40-frag.c (test for excess errors)
FAIL:  libmudflap.cth/pass40-frag.c execution test
FAIL:  libmudflap.cth/pass40-frag.c output pattern test
FAIL:  libmudflap.cth/pass40-frag.c (-static -DSTATIC) execution test
FAIL:  libmudflap.cth/pass40-frag.c (-static -DSTATIC) output pattern test
FAIL:  libmudflap.cth/pass37-frag.c (-O2) (test for excess errors)
FAIL:  libmudflap.cth/pass37-frag.c (-O2) execution test
FAIL:  libmudflap.cth/pass37-frag.c (-O2) output pattern test
FAIL:  libmudflap.cth/pass37-frag.c (-O2) (rerun 1) execution test
FAIL:  libmudflap.cth/pass37-frag.c (-O2) (rerun 1) output pattern test
FAIL:  libmudflap.cth/pass37-frag.c (-O2) (rerun 2) execution test
FAIL:  libmudflap.cth/pass37-frag.c (-O2) (rerun 2) output pattern test
FAIL:  libmudflap.cth/pass37-frag.c (-O2) (rerun 3) execution test
FAIL:  libmudflap.cth/pass37-frag.c (-O2) (rerun 3) output pattern test
FAIL:  libmudflap.cth/pass37-frag.c (-O2) (rerun 4) execution test
FAIL:  libmudflap.cth/pass37-frag.c (-O2) (rerun 4) output pattern test
FAIL:  libmudflap.cth/pass37-frag.c (-O2) (rerun 5) execution test
FAIL:  libmudflap.cth/pass37-frag.c (-O2) (rerun 5) output pattern test
FAIL:  libmudflap.cth/pass37-frag.c (-O2) (rerun 6) execution test
FAIL:  libmudflap.cth/pass37-frag.c (-O2) (rerun 6) output pattern test
FAIL:  libmudflap.cth/pass37-frag.c (-O2) (rerun 7) execution test
FAIL:  libmudflap.cth/pass37-frag.c (-O2) (rerun 7) output pattern test
FAIL:  libmudflap.cth/pass37-frag.c (-O2) (rerun 8) execution test
FAIL:  libmudflap.cth/pass37-frag.c (-O2) (rerun 8) output pattern test
FAIL:  libmudflap.cth/pass37-frag.c (-O2) (rerun 9) execution test
FAIL:  libmudflap.cth/pass37-frag.c (-O2) (rerun 9) output pattern test
FAIL:  libmudflap.cth/pass37-frag.c (-O2) (rerun 10) execution test
FAIL:  libmudflap.cth/pass37-frag.c (-O2) (rerun 10) output pattern test
FAIL:  libmudflap.cth/pass37-frag.c (-O2) (rerun 11) execution test
FAIL:  libmudflap.cth/pass37-frag.c (-O2) (rerun 11) output pattern test
FAIL:  libmudflap.cth/pass37-frag.c (-O2) (rerun 12) execution test
FAIL:  libmudflap.cth/pass37-frag.c (-O2) (rerun 12) output pattern test
FAIL:  libmudflap.cth/pass37-frag.c (-O2) (rerun 13) execution test
FAIL:  libmudflap.cth/pass37-frag.c (-O2) (rerun 13) output pattern test
FAIL:  libmudflap.cth/pass37-frag.c (-O2) (rerun 14) execution test
FAIL:  libmudflap.cth/pass37-frag.c (-O2) (rerun 14) output pattern test
FAIL:  libmudflap.cth/pass37-frag.c (-O2) (rerun 15) execution test
FAIL:  libmudflap.cth/pass37-frag.c (-O2) (rerun 15) output pattern test
FAIL:  libmudflap.cth/pass37-frag.c (-O2) (rerun 16) execution test
FAIL:  libmudflap.cth/pass37-frag.c (-O2) (rerun 16) output pattern test
FAIL:  libmudflap.cth/pass37-frag.c (-O2) (rerun 17) execution test
FAIL:  libmudflap.cth/pass37-frag.c (-O2) (rerun 17) output pattern test
FAIL:  libmudflap.cth/pass37-frag.c (-O2) (rerun 18) execution test
FAIL:  libmudflap.cth/pass37-frag.c (-O2) (rerun 18) output pattern test
FAIL:  libmudflap.cth/pass37-frag.c (-O2) (rerun 19) execution test
FAIL:  libmudflap.cth/pass37-frag.c (-O2) (rerun 19) output pattern test
FAIL:  libmudflap.cth/pass39-frag.c (-O2) (test for excess errors)
FAIL:  libmudflap.cth/pass39-frag.c (-O2) execution test
FAIL:  libmudflap.cth/pass39-frag.c (-O2) output pattern test
FAIL:  libmudflap.cth/pass39-frag.c (-O2) (rerun 1) execution test
FAIL:  libmudflap.cth/pass39-frag.c (-O2) (rerun 1) output pattern test
FAIL:  libmudflap.cth/pass39-frag.c (-O2) (rerun 2) execution test
FAIL:  libmudflap.cth/pass39-frag.c (-O2) (rerun 2) output pattern test
FAIL:  libmudflap.cth/pass39-frag.c (-O2) (rerun 3) execution test
FAIL:  libmudflap.cth/pass39-frag.c (-O2) (rerun 3) output pattern test
FAIL:  libmudflap.cth/pass39-frag.c (-O2) (rerun 4) execution test
FAIL:  libmudflap.cth/pass39-frag.c (-O2) (rerun 4) output pattern test
FAIL:  libmudflap.cth/pass39-frag.c (-O2) (rerun 5) execution test
FAIL:  libmudflap.cth/pass39-frag.c (-O2) (rerun 5) output pattern test
FAIL:  libmudflap.cth/pass39-frag.c (-O2) (rerun 6) execution test
FAIL:  libmudflap.cth/pass39-frag.c (-O2) (rerun 6) output pattern test
FAIL:  libmudflap.cth/pass39-frag.c (-O2) (rerun 7) execution test
FAIL:  libmudflap.cth/pass39-frag.c (-O2) (rerun 7) output pattern test
FAIL:  libmudflap.cth/pass39-frag.c (-O2) (rerun 8) execution test
FAIL:  libmudflap.cth/pass39-frag.c (-O2) (rerun 8) output pattern test
FAIL:  libmudflap.cth/pass39-frag.c (-O2) (rerun 9) execution test
FAIL:  libmudflap.cth/pass39-frag.c (-O2) (rerun 9) output pattern test
FAIL:  libmudflap.cth/pass39-frag.c (-O2) (rerun 10) execution test
FAIL:  libmudflap.cth/pass39-frag.c (-O2) (rerun 10) output pattern test
FAIL:  libmudflap.cth/pass39-frag.c (-O2) (rerun 11) execution test
FAIL:  libmudflap.cth/pass39-frag.c (-O2) (rerun 11) output pattern test
FAIL:  libmudflap.cth/pass39-frag.c (-O2) (rerun 12) execution test
FAIL:  libmudflap.cth/pass39-frag.c (-O2) (rerun 12) output pattern test
FAIL:  libmudflap.cth/pass39-frag.c (-O2) (rerun 13) execution test
FAIL:  libmudflap.cth/pass39-frag.c (-O2) (rerun 13) output pattern test
FAIL:  libmudflap.cth/pass39-frag.c (-O2) (rerun 14) execution test
FAIL:  libmudflap.cth/pass39-frag.c (-O2) (rerun 14) output pattern test
FAIL:  libmudflap.cth/pass39-frag.c (-O2) (rerun 15) execution test
FAIL:  libmudflap.cth/pass39-frag.c (-O2) (rerun 15) output pattern test
FAIL:  libmudflap.cth/pass39-frag.c (-O2) (rerun 16) execution test
FAIL:  libmudflap.cth/pass39-frag.c (-O2) (rerun 16) output pattern test
FAIL:  libmudflap.cth/pass39-frag.c (-O2) (rerun 17) execution test
FAIL:  libmudflap.cth/pass39-frag.c (-O2) (rerun 17) output pattern test
FAIL:  libmudflap.cth/pass39-frag.c (-O2) (rerun 18) execution test
FAIL:  libmudflap.cth/pass39-frag.c (-O2) (rerun 18) output pattern test
FAIL:  libmudflap.cth/pass39-frag.c (-O2) (rerun 19) execution test
FAIL:  libmudflap.cth/pass39-frag.c (-O2) (rerun 19) output pattern test
FAIL:  libmudflap.cth/pass40-frag.c (-O2) (test for excess errors)
FAIL:  libmudflap.cth/pass40-frag.c (-O2) execution test
FAIL:  libmudflap.cth/pass40-frag.c (-O2) output pattern test
FAIL:  libmudflap.cth/pass37-frag.c (-O3) (test for excess errors)
FAIL:  libmudflap.cth/pass37-frag.c (-O3) execution test
FAIL:  libmudflap.cth/pass37-frag.c (-O3) output pattern test
FAIL:  libmudflap.cth/pass37-frag.c (-O3) (rerun 1) execution test
FAIL:  libmudflap.cth/pass37-frag.c (-O3) (rerun 1) output pattern test
FAIL:  libmudflap.cth/pass37-frag.c (-O3) (rerun 2) execution test
FAIL:  libmudflap.cth/pass37-frag.c (-O3) (rerun 2) output pattern test
FAIL:  libmudflap.cth/pass37-frag.c (-O3) (rerun 3) execution test
FAIL:  libmudflap.cth/pass37-frag.c (-O3) (rerun 3) output pattern test
FAIL:  libmudflap.cth/pass37-frag.c (-O3) (rerun 4) execution test
FAIL:  libmudflap.cth/pass37-frag.c (-O3) (rerun 4) output pattern test
FAIL:  libmudflap.cth/pass37-frag.c (-O3) (rerun 5) execution test
FAIL:  libmudflap.cth/pass37-frag.c (-O3) (rerun 5) output pattern test
FAIL:  libmudflap.cth/pass37-frag.c (-O3) (rerun 6) execution test
FAIL:  libmudflap.cth/pass37-frag.c (-O3) (rerun 6) output pattern test
FAIL:  libmudflap.cth/pass37-frag.c (-O3) (rerun 7) execution test
FAIL:  libmudflap.cth/pass37-frag.c (-O3) (rerun 7) output pattern test
FAIL:  libmudflap.cth/pass37-frag.c (-O3) (rerun 8) execution test
FAIL:  libmudflap.cth/pass37-frag.c (-O3) (rerun 8) output pattern test
FAIL:  libmudflap.cth/pass37-frag.c (-O3) (rerun 9) execution test
FAIL:  libmudflap.cth/pass37-frag.c (-O3) (rerun 9) output pattern test
FAIL:  libmudflap.cth/pass37-frag.c (-O3) (rerun 10) execution test
FAIL:  libmudflap.cth/pass37-frag.c (-O3) (rerun 10) output pattern test
FAIL:  libmudflap.cth/pass37-frag.c (-O3) (rerun 11) execution test
FAIL:  libmudflap.cth/pass37-frag.c (-O3) (rerun 11) output pattern test
FAIL:  libmudflap.cth/pass37-frag.c (-O3) (rerun 12) execution test
FAIL:  libmudflap.cth/pass37-frag.c (-O3) (rerun 12) output pattern test
FAIL:  libmudflap.cth/pass37-frag.c (-O3) (rerun 13) execution test
FAIL:  libmudflap.cth/pass37-frag.c (-O3) (rerun 13) output pattern test
FAIL:  libmudflap.cth/pass37-frag.c (-O3) (rerun 14) execution test
FAIL:  libmudflap.cth/pass37-frag.c (-O3) (rerun 14) output pattern test
FAIL:  libmudflap.cth/pass37-frag.c (-O3) (rerun 15) execution test
FAIL:  libmudflap.cth/pass37-frag.c (-O3) (rerun 15) output pattern test
FAIL:  libmudflap.cth/pass37-frag.c (-O3) (rerun 16) execution test
FAIL:  libmudflap.cth/pass37-frag.c (-O3) (rerun 16) output pattern test
FAIL:  libmudflap.cth/pass37-frag.c (-O3) (rerun 17) execution test
FAIL:  libmudflap.cth/pass37-frag.c (-O3) (rerun 17) output pattern test
FAIL:  libmudflap.cth/pass37-frag.c (-O3) (rerun 18) execution test
FAIL:  libmudflap.cth/pass37-frag.c (-O3) (rerun 18) output pattern test
FAIL:  libmudflap.cth/pass37-frag.c (-O3) (rerun 19) execution test
FAIL:  libmudflap.cth/pass37-frag.c (-O3) (rerun 19) output pattern test
FAIL:  libmudflap.cth/pass39-frag.c (-O3) (test for excess errors)
FAIL:  libmudflap.cth/pass39-frag.c (-O3) execution test
FAIL:  libmudflap.cth/pass39-frag.c (-O3) output pattern test
FAIL:  libmudflap.cth/pass39-frag.c (-O3) (rerun 1) execution test
FAIL:  libmudflap.cth/pass39-frag.c (-O3) (rerun 1) output pattern test
FAIL:  libmudflap.cth/pass39-frag.c (-O3) (rerun 2) execution test
FAIL:  libmudflap.cth/pass39-frag.c (-O3) (rerun 2) output pattern test
FAIL:  libmudflap.cth/pass39-frag.c (-O3) (rerun 3) execution test
FAIL:  libmudflap.cth/pass39-frag.c (-O3) (rerun 3) output pattern test
FAIL:  libmudflap.cth/pass39-frag.c (-O3) (rerun 4) execution test
FAIL:  libmudflap.cth/pass39-frag.c (-O3) (rerun 4) output pattern test
FAIL:  libmudflap.cth/pass39-frag.c (-O3) (rerun 5) execution test
FAIL:  libmudflap.cth/pass39-frag.c (-O3) (rerun 5) output pattern test
FAIL:  libmudflap.cth/pass39-frag.c (-O3) (rerun 6) execution test
FAIL:  libmudflap.cth/pass39-frag.c (-O3) (rerun 6) output pattern test
FAIL:  libmudflap.cth/pass39-frag.c (-O3) (rerun 7) execution test
FAIL:  libmudflap.cth/pass39-frag.c (-O3) (rerun 7) output pattern test
FAIL:  libmudflap.cth/pass39-frag.c (-O3) (rerun 8) execution test
FAIL:  libmudflap.cth/pass39-frag.c (-O3) (rerun 8) output pattern test
FAIL:  libmudflap.cth/pass39-frag.c (-O3) (rerun 9) execution test
FAIL:  libmudflap.cth/pass39-frag.c (-O3) (rerun 9) output pattern test
FAIL:  libmudflap.cth/pass39-frag.c (-O3) (rerun 10) execution test
FAIL:  libmudflap.cth/pass39-frag.c (-O3) (rerun 10) output pattern test
FAIL:  libmudflap.cth/pass39-frag.c (-O3) (rerun 11) execution test
FAIL:  libmudflap.cth/pass39-frag.c (-O3) (rerun 11) output pattern test
FAIL:  libmudflap.cth/pass39-frag.c (-O3) (rerun 12) execution test
FAIL:  libmudflap.cth/pass39-frag.c (-O3) (rerun 12) output pattern test
FAIL:  libmudflap.cth/pass39-frag.c (-O3) (rerun 13) execution test
FAIL:  libmudflap.cth/pass39-frag.c (-O3) (rerun 13) output pattern test
FAIL:  libmudflap.cth/pass39-frag.c (-O3) (rerun 14) execution test
FAIL:  libmudflap.cth/pass39-frag.c (-O3) (rerun 14) output pattern test
FAIL:  libmudflap.cth/pass39-frag.c (-O3) (rerun 15) execution test
FAIL:  libmudflap.cth/pass39-frag.c (-O3) (rerun 15) output pattern test
FAIL:  libmudflap.cth/pass39-frag.c (-O3) (rerun 16) execution test
FAIL:  libmudflap.cth/pass39-frag.c (-O3) (rerun 16) output pattern test
FAIL:  libmudflap.cth/pass39-frag.c (-O3) (rerun 17) execution test
FAIL:  libmudflap.cth/pass39-frag.c (-O3) (rerun 17) output pattern test
FAIL:  libmudflap.cth/pass39-frag.c (-O3) (rerun 18) execution test
FAIL:  libmudflap.cth/pass39-frag.c (-O3) (rerun 18) output pattern test
FAIL:  libmudflap.cth/pass39-frag.c (-O3) (rerun 19) execution test
FAIL:  libmudflap.cth/pass39-frag.c (-O3) (rerun 19) output pattern test
FAIL:  libmudflap.cth/pass40-frag.c (-O3) (test for excess errors)
FAIL:  libmudflap.cth/pass40-frag.c (-O3) execution test
FAIL:  libmudflap.cth/pass40-frag.c (-O3) output pattern test
 
  === libmudflap Summary ===
 
# of expected passes  1266
# of unexpected  failures 544
 

=== libstdc++ tests ===
 
Running target unix
FAIL:  23_containers/deque/explicit_instantiation/3.cc (test for excess  
errors)
FAIL: 23_containers/deque/explicit_instantiation/3.cc (test for  excess 
errors)
FAIL: 23_containers/list/explicit_instantiation/3.cc (test for  excess errors)
FAIL: 23_containers/list/explicit_instantiation/3.cc (test for  excess errors)
FAIL: 23_containers/map/explicit_instantiation/3.cc (test for  excess errors)
FAIL: 23_containers/map/explicit_instantiation/3.cc (test for  excess errors)
FAIL: 23_containers/multimap/explicit_instantiation/3.cc (test  for excess 
errors)
FAIL: 23_containers/multimap/explicit_instantiation/3.cc  (test for excess 
errors)
FAIL:  23_containers/multiset/explicit_instantiation/3.cc (test for excess  
errors)
FAIL: 23_containers/multiset/explicit_instantiation/3.cc (test for  excess 
errors)
FAIL: 23_containers/set/explicit_instantiation/3.cc (test for  excess errors)
FAIL: 23_containers/set/explicit_instantiation/3.cc (test for  excess errors)
FAIL: 23_containers/vector/explicit_instantiation/3.cc (test  for excess 
errors)
FAIL: 23_containers/vector/explicit_instantiation/3.cc  (test for excess 
errors)
FAIL:  26_numerics/cmath/c99_classification_macros_c.cc (test for excess  
errors)
FAIL: 27_io/basic_filebuf/seekoff/char/1-io.cc execution  test
FAIL: 27_io/basic_filebuf/seekoff/char/1-io.cc execution test
FAIL:  27_io/basic_filebuf/seekoff/char/2-io.cc execution test
FAIL:  27_io/basic_filebuf/seekoff/char/2-io.cc execution test
FAIL:  27_io/basic_filebuf/seekpos/char/1-io.cc execution test
FAIL:  27_io/basic_filebuf/seekpos/char/1-io.cc execution test
FAIL:  27_io/basic_filebuf/seekpos/char/2-io.cc execution test
FAIL:  27_io/basic_filebuf/seekpos/char/2-io.cc execution test
FAIL:  27_io/basic_filebuf/sgetn/char/1-in.cc execution test
FAIL:  27_io/basic_filebuf/sgetn/char/1-in.cc execution test
FAIL:  27_io/basic_filebuf/sgetn/char/1-in.cc execution test
FAIL:  27_io/basic_filebuf/sgetn/char/1-io.cc execution test
FAIL:  27_io/basic_filebuf/sgetn/char/1-io.cc execution test
FAIL:  27_io/basic_filebuf/sgetn/char/1-io.cc execution test
FAIL:  27_io/basic_filebuf/sgetn/char/2-in.cc execution test
FAIL:  27_io/basic_filebuf/sgetn/char/2-in.cc execution test
FAIL:  27_io/basic_filebuf/sgetn/char/2-in.cc execution test
FAIL:  27_io/basic_filebuf/sgetn/char/2-io.cc execution test
FAIL:  27_io/basic_filebuf/sgetn/char/2-io.cc execution test
FAIL:  27_io/basic_filebuf/sgetn/char/2-io.cc execution test
FAIL:  27_io/basic_istream/extractors_arithmetic/char/12.cc execution test
FAIL:  27_io/basic_istream/extractors_arithmetic/char/12.cc execution test
FAIL:  27_io/basic_istream/extractors_arithmetic/char/12.cc execution test
FAIL:  27_io/basic_istream/readsome/char/6746-2.cc execution test
FAIL:  27_io/basic_istream/readsome/char/6746-2.cc execution test
FAIL:  27_io/basic_istream/readsome/char/6746-2.cc execution test
ERROR: tcl error  sourcing  
/cygdrive/C/makecygwin/gcc-4_2-branch/libstdc++-v3/testsuite/libstdc++-dg/conformance.exp.
ERROR:  couldn't execute "/cygdrive/c/gcc-4_2-branch-build/gcc/xgcc  
-B/cygdrive/c/gcc-4_2-branch-build/gcc": no such file or directory
 
  === libstdc++ Summary ===
 
# of expected passes  4475
# of unexpected  failures 41
# of expected failures  10
# of unsupported  tests  439
 

=== acats tests  ===
FAIL: c23003b
FAIL: c23003g
FAIL: c23003i
FAIL: c35507m
FAIL: cd2a23e
FAIL: cdd2a02
FAIL: cxg2002
FAIL: cxg2003
FAIL: cxg2004
FAIL: cxg2006
FAIL: cxg2007
FAIL: cxg2010
FAIL: cxg2011
FAIL: cxg2012
FAIL: cxg2013
FAIL: cxg2015
FAIL: cxg2016
FAIL: cxg2017
FAIL: cxg2018
FAIL: cxg2019
FAIL: cxg2020
FAIL: cxg2021
 
  === acats Summary ===
# of expected  passes  1937
# of unexpected failures 22
# of unsupported  tests  356
 

=== g++ tests ===
 
Running target unix
FAIL: tmpdir-g++.dg-struct-layout-1/t024  cp_compat_x_tst.o-cp_compat_y_tst.o 
execute 
FAIL:  tmpdir-g++.dg-struct-layout-1/t026 cp_compat_x_tst.o-cp_compat_y_tst.o 
execute  
FAIL: g++.dg/abi/local1.C execution test
FAIL: g++.dg/abi/rtti1.C  scan-assembler-dem-not _\\ntypeinfo_ 
(file://\\ntypeinfo)  for A[: _\\t\\n_ (file://\\t\\n) ]
FAIL: g++.dg/abi/rtti3.C scan-assembler  .weak[ _\\t]_?_ZTSPP1A_ 
(file://\\t]_?_ZTSPP1A) 
FAIL:  g++.dg/abi/thunk4.C scan-assembler .weak[ 
_\\t]_?_ZThn._N7Derived3FooEv_ (file://\\t]_?_ZThn._N7Derived3FooEv) 
FAIL:  g++.dg/ext/attribute-test-3.C execution test
FAIL:  g++.dg/ext/attribute-test-4.C execution test
FAIL: g++.dg/ext/dllimport7.C  C++ specific error (test for errors, line 24)
FAIL: g++.dg/opt/complex3.C  (internal compiler error)
FAIL: g++.dg/opt/complex3.C (test for excess  errors)
FAIL: g++.dg/opt/vt1.C scan-assembler-not  
section[^\\n\\r]*_ZTV1S[^\\n\\r]*"[^w"_\\n\\r_ (file://\\n\\r) ]*"
FAIL: g++.dg/other/unused1.C  scan-assembler 
(string|ascii?)z?\\t"class2("|\\\\\\\\000)
FAIL:  g++.dg/other/unused1.C scan-assembler  
(string|ascii?)z?\\t"printer("|\\\\\\\\000)
XPASS: g++.dg/tree-ssa/ivopts-1.C  scan-tree-dump-not &x\\[5\\]
FAIL: g++.dg/pch/empty.C (test for excess  errors)
FAIL: g++.dg/pch/empty.C (test for excess errors)
FAIL:  g++.dg/pch/empty.C (test for excess errors)
FAIL: g++.dg/pch/externc-1.C  (test for excess errors)
FAIL: g++.dg/pch/externc-1.C (test for excess  errors)
FAIL: g++.dg/pch/externc-1.C (test for excess errors)
FAIL:  g++.dg/pch/local-1.C (test for excess errors)
FAIL: g++.dg/pch/local-1.C  (test for excess errors)
FAIL: g++.dg/pch/local-1.C (test for excess  errors)
FAIL: g++.dg/pch/pch.C (test for excess errors)
FAIL:  g++.dg/pch/pch.C (test for excess errors)
FAIL: g++.dg/pch/pch.C (test for  excess errors)
FAIL: g++.dg/pch/static-1.C (test for excess errors)
FAIL:  g++.dg/pch/static-1.C (test for excess errors)
FAIL: g++.dg/pch/static-1.C  (test for excess errors)
FAIL: g++.dg/pch/system-1.C (test for excess  errors)
FAIL: g++.dg/pch/system-1.C (test for excess errors)
FAIL:  g++.dg/pch/system-1.C (test for excess errors)
FAIL: g++.dg/pch/system-2.C  (test for excess errors)
FAIL: g++.dg/pch/system-2.C (test for excess  errors)
FAIL: g++.dg/pch/system-2.C (test for excess errors)
FAIL:  g++.dg/pch/template-1.C (test for excess errors)
FAIL:  g++.dg/pch/template-1.C (test for excess errors)
FAIL:  g++.dg/pch/template-1.C (test for excess errors)
FAIL: g++.dg/pch/uninst.C  (test for excess errors)
FAIL: g++.dg/pch/uninst.C (test for excess  errors)
FAIL: g++.dg/pch/uninst.C (test for excess errors)
FAIL:  g++.dg/pch/wchar-1.C (test for excess errors)
FAIL: g++.dg/pch/wchar-1.C  (test for excess errors)
FAIL: g++.dg/pch/wchar-1.C (test for excess  errors)
FAIL: g++.old-deja/g++.eh/badalloc1.C execution test
XPASS:  g++.old-deja/g++.ext/attrib5.C execution test
FAIL:  g++.old-deja/g++.other/init18.C execution test
FAIL:  g++.old-deja/g++.other/init19.C execution test
FAIL:  g++.old-deja/g++.other/init5.C execution test
 
  === g++ Summary ===
 
# of expected passes  13355
# of unexpected  failures 48
# of unexpected successes 2
# of expected  failures  68
# of untested testcases  30
# of  unsupported  tests  166
/cygdrive/c/gcc-4_2-branch-build/stage3-gcc/testsuite/g++/../../g++   version 
4.2.0 20070115 (prerelease)
 

=== gcc tests ===
 
Running target unix
FAIL: gcc.c-torture/compile/20000804-1.c (test for  excess errors)
FAIL: gcc.c-torture/compile/20001226-1.c (test for excess  errors)
FAIL: gcc.c-torture/execute/20050316-2.c execution,  -O0  
FAIL: gcc.c-torture/execute/20050316-2.c execution,  -O1 
FAIL:  gcc.c-torture/execute/20050316-2.c execution,  -O2 
FAIL:  gcc.dg/compat/vector-2 c_compat_x_tst.o-c_compat_y_tst.o execute 
FAIL:  gcc.dg/cpp/_Pragma3.c (test for excess errors)
FAIL: gcc.dg/20021014-1.c  (test for excess errors)
WARNING: gcc.dg/20021014-1.c compilation failed to  produce executable
FAIL: gcc.dg/builtin-apply4.c execution test
FAIL:  gcc.dg/pr25993.c (test for excess errors)
FAIL: gcc.dg/setjmp-3.c (test for  excess errors)
WARNING: gcc.dg/setjmp-3.c compilation failed to produce  executable
FAIL: gcc.dg/setjmp-4.c (test for excess errors)
WARNING:  gcc.dg/setjmp-4.c compilation failed to produce executable
FAIL:  gcc.dg/pch/common-1.c (test for excess errors)
FAIL: gcc.dg/pch/common-1.c  (test for excess errors)
FAIL: gcc.dg/pch/common-1.c (test for excess  errors)
FAIL: gcc.dg/pch/common-1.c (test for excess errors)
FAIL:  gcc.dg/pch/common-1.c (test for excess errors)
FAIL: gcc.dg/pch/common-1.c  (test for excess errors)
FAIL: gcc.dg/pch/common-1.c (test for excess  errors)
FAIL: gcc.dg/pch/cpp-1.c (test for excess errors)
FAIL:  gcc.dg/pch/cpp-1.c (test for excess errors)
FAIL: gcc.dg/pch/cpp-1.c (test  for excess errors)
FAIL: gcc.dg/pch/cpp-1.c (test for excess errors)
FAIL:  gcc.dg/pch/cpp-1.c (test for excess errors)
FAIL: gcc.dg/pch/cpp-1.c (test  for excess errors)
FAIL: gcc.dg/pch/cpp-1.c (test for excess errors)
FAIL:  gcc.dg/pch/cpp-2.c (test for excess errors)
FAIL: gcc.dg/pch/cpp-2.c (test  for excess errors)
FAIL: gcc.dg/pch/cpp-2.c (test for excess errors)
FAIL:  gcc.dg/pch/cpp-2.c (test for excess errors)
FAIL: gcc.dg/pch/cpp-2.c (test  for excess errors)
FAIL: gcc.dg/pch/cpp-2.c (test for excess errors)
FAIL:  gcc.dg/pch/cpp-2.c (test for excess errors)
FAIL: gcc.dg/pch/decl-1.c (test  for excess errors)
FAIL: gcc.dg/pch/decl-1.c (test for excess  errors)
FAIL: gcc.dg/pch/decl-1.c (test for excess errors)
FAIL:  gcc.dg/pch/decl-1.c (test for excess errors)
FAIL: gcc.dg/pch/decl-1.c (test  for excess errors)
FAIL: gcc.dg/pch/decl-1.c (test for excess  errors)
FAIL: gcc.dg/pch/decl-1.c (test for excess errors)
FAIL:  gcc.dg/pch/decl-2.c (test for excess errors)
FAIL: gcc.dg/pch/decl-2.c (test  for excess errors)
FAIL: gcc.dg/pch/decl-2.c (test for excess  errors)
FAIL: gcc.dg/pch/decl-2.c (test for excess errors)
FAIL:  gcc.dg/pch/decl-2.c (test for excess errors)
FAIL: gcc.dg/pch/decl-2.c (test  for excess errors)
FAIL: gcc.dg/pch/decl-2.c (test for excess  errors)
FAIL: gcc.dg/pch/decl-3.c (test for excess errors)
FAIL:  gcc.dg/pch/decl-3.c (test for excess errors)
FAIL: gcc.dg/pch/decl-3.c (test  for excess errors)
FAIL: gcc.dg/pch/decl-3.c (test for excess  errors)
FAIL: gcc.dg/pch/decl-3.c (test for excess errors)
FAIL:  gcc.dg/pch/decl-3.c (test for excess errors)
FAIL: gcc.dg/pch/decl-3.c (test  for excess errors)
FAIL: gcc.dg/pch/decl-4.c (test for excess  errors)
FAIL: gcc.dg/pch/decl-4.c (test for excess errors)
FAIL:  gcc.dg/pch/decl-4.c (test for excess errors)
FAIL: gcc.dg/pch/decl-4.c (test  for excess errors)
FAIL: gcc.dg/pch/decl-4.c (test for excess  errors)
FAIL: gcc.dg/pch/decl-4.c (test for excess errors)
FAIL:  gcc.dg/pch/decl-4.c (test for excess errors)
FAIL: gcc.dg/pch/decl-5.c (test  for excess errors)
FAIL: gcc.dg/pch/decl-5.c (test for excess  errors)
FAIL: gcc.dg/pch/decl-5.c (test for excess errors)
FAIL:  gcc.dg/pch/decl-5.c (test for excess errors)
FAIL: gcc.dg/pch/decl-5.c (test  for excess errors)
FAIL: gcc.dg/pch/decl-5.c (test for excess  errors)
FAIL: gcc.dg/pch/decl-5.c (test for excess errors)
FAIL:  gcc.dg/pch/empty.c (test for excess errors)
FAIL: gcc.dg/pch/empty.c (test  for excess errors)
FAIL: gcc.dg/pch/empty.c (test for excess errors)
FAIL:  gcc.dg/pch/empty.c (test for excess errors)
FAIL: gcc.dg/pch/empty.c (test  for excess errors)
FAIL: gcc.dg/pch/empty.c (test for excess errors)
FAIL:  gcc.dg/pch/empty.c (test for excess errors)
FAIL: gcc.dg/pch/except-1.c (test  for excess errors)
FAIL: gcc.dg/pch/except-1.c (test for excess  errors)
FAIL: gcc.dg/pch/except-1.c (test for excess errors)
FAIL:  gcc.dg/pch/except-1.c (test for excess errors)
FAIL: gcc.dg/pch/except-1.c  (test for excess errors)
FAIL: gcc.dg/pch/except-1.c (test for excess  errors)
FAIL: gcc.dg/pch/except-1.c (test for excess errors)
FAIL:  gcc.dg/pch/global-1.c (test for excess errors)
FAIL: gcc.dg/pch/global-1.c  (test for excess errors)
FAIL: gcc.dg/pch/global-1.c (test for excess  errors)
FAIL: gcc.dg/pch/global-1.c (test for excess errors)
FAIL:  gcc.dg/pch/global-1.c (test for excess errors)
FAIL: gcc.dg/pch/global-1.c  (test for excess errors)
FAIL: gcc.dg/pch/global-1.c (test for excess  errors)
FAIL: gcc.dg/pch/import-1.c (test for excess errors)
FAIL:  gcc.dg/pch/import-1.c (test for excess errors)
FAIL: gcc.dg/pch/import-1.c  (test for excess errors)
FAIL: gcc.dg/pch/import-1.c (test for excess  errors)
FAIL: gcc.dg/pch/import-1.c (test for excess errors)
FAIL:  gcc.dg/pch/import-1.c (test for excess errors)
FAIL: gcc.dg/pch/import-1.c  (test for excess errors)
FAIL: gcc.dg/pch/import-2.c (test for excess  errors)
FAIL: gcc.dg/pch/import-2.c (test for excess errors)
FAIL:  gcc.dg/pch/import-2.c (test for excess errors)
FAIL: gcc.dg/pch/import-2.c  (test for excess errors)
FAIL: gcc.dg/pch/import-2.c (test for excess  errors)
FAIL: gcc.dg/pch/import-2.c (test for excess errors)
FAIL:  gcc.dg/pch/import-2.c (test for excess errors)
FAIL: gcc.dg/pch/inline-1.c  (test for excess errors)
FAIL: gcc.dg/pch/inline-1.c (test for excess  errors)
FAIL: gcc.dg/pch/inline-1.c (test for excess errors)
FAIL:  gcc.dg/pch/inline-1.c (test for excess errors)
FAIL: gcc.dg/pch/inline-1.c  (test for excess errors)
FAIL: gcc.dg/pch/inline-1.c (test for excess  errors)
FAIL: gcc.dg/pch/inline-1.c (test for excess errors)
FAIL:  gcc.dg/pch/inline-2.c (test for excess errors)
FAIL: gcc.dg/pch/inline-2.c  (test for excess errors)
FAIL: gcc.dg/pch/inline-2.c (test for excess  errors)
FAIL: gcc.dg/pch/inline-2.c (test for excess errors)
FAIL:  gcc.dg/pch/inline-2.c (test for excess errors)
FAIL: gcc.dg/pch/inline-2.c  (test for excess errors)
FAIL: gcc.dg/pch/inline-2.c (test for excess  errors)
FAIL: gcc.dg/pch/inline-3.c (test for excess errors)
FAIL:  gcc.dg/pch/inline-3.c (test for excess errors)
FAIL: gcc.dg/pch/inline-3.c  (test for excess errors)
FAIL: gcc.dg/pch/inline-3.c (test for excess  errors)
FAIL: gcc.dg/pch/inline-3.c (test for excess errors)
FAIL:  gcc.dg/pch/inline-3.c (test for excess errors)
FAIL: gcc.dg/pch/inline-3.c  (test for excess errors)
FAIL: gcc.dg/pch/inline-4.c (test for excess  errors)
FAIL: gcc.dg/pch/inline-4.c (test for excess errors)
FAIL:  gcc.dg/pch/inline-4.c (test for excess errors)
FAIL: gcc.dg/pch/inline-4.c  (test for excess errors)
FAIL: gcc.dg/pch/inline-4.c (test for excess  errors)
FAIL: gcc.dg/pch/inline-4.c (test for excess errors)
FAIL:  gcc.dg/pch/inline-4.c (test for excess errors)
FAIL: gcc.dg/pch/macro-1.c  (test for excess errors)
FAIL: gcc.dg/pch/macro-1.c (test for excess  errors)
FAIL: gcc.dg/pch/macro-1.c (test for excess errors)
FAIL:  gcc.dg/pch/macro-1.c (test for excess errors)
FAIL: gcc.dg/pch/macro-1.c  (test for excess errors)
FAIL: gcc.dg/pch/macro-1.c (test for excess  errors)
FAIL: gcc.dg/pch/macro-1.c (test for excess errors)
FAIL:  gcc.dg/pch/macro-2.c (test for excess errors)
FAIL: gcc.dg/pch/macro-2.c  (test for excess errors)
FAIL: gcc.dg/pch/macro-2.c (test for excess  errors)
FAIL: gcc.dg/pch/macro-2.c (test for excess errors)
FAIL:  gcc.dg/pch/macro-2.c (test for excess errors)
FAIL: gcc.dg/pch/macro-2.c  (test for excess errors)
FAIL: gcc.dg/pch/macro-2.c (test for excess  errors)
FAIL: gcc.dg/pch/macro-3.c (test for excess errors)
FAIL:  gcc.dg/pch/macro-3.c (test for excess errors)
FAIL: gcc.dg/pch/macro-3.c  (test for excess errors)
FAIL: gcc.dg/pch/macro-3.c (test for excess  errors)
FAIL: gcc.dg/pch/macro-3.c (test for excess errors)
FAIL:  gcc.dg/pch/macro-3.c (test for excess errors)
FAIL: gcc.dg/pch/macro-3.c  (test for excess errors)
FAIL: gcc.dg/pch/macro-4.c (test for excess  errors)
FAIL: gcc.dg/pch/macro-4.c (test for excess errors)
FAIL:  gcc.dg/pch/macro-4.c (test for excess errors)
FAIL: gcc.dg/pch/macro-4.c  (test for excess errors)
FAIL: gcc.dg/pch/macro-4.c (test for excess  errors)
FAIL: gcc.dg/pch/macro-4.c (test for excess errors)
FAIL:  gcc.dg/pch/macro-4.c (test for excess errors)
FAIL: gcc.dg/pch/save-temps-1.c  (test for excess errors)
FAIL: gcc.dg/pch/save-temps-1.c (test for excess  errors)
FAIL: gcc.dg/pch/save-temps-1.c (test for excess errors)
FAIL:  gcc.dg/pch/save-temps-1.c (test for excess errors)
FAIL:  gcc.dg/pch/save-temps-1.c (test for excess errors)
FAIL:  gcc.dg/pch/save-temps-1.c (test for excess errors)
FAIL:  gcc.dg/pch/save-temps-1.c (test for excess errors)
FAIL:  gcc.dg/pch/static-1.c (test for excess errors)
FAIL: gcc.dg/pch/static-1.c  (test for excess errors)
FAIL: gcc.dg/pch/static-1.c (test for excess  errors)
FAIL: gcc.dg/pch/static-1.c (test for excess errors)
FAIL:  gcc.dg/pch/static-1.c (test for excess errors)
FAIL: gcc.dg/pch/static-1.c  (test for excess errors)
FAIL: gcc.dg/pch/static-1.c (test for excess  errors)
FAIL: gcc.dg/pch/static-2.c (test for excess errors)
FAIL:  gcc.dg/pch/static-2.c (test for excess errors)
FAIL: gcc.dg/pch/static-2.c  (test for excess errors)
FAIL: gcc.dg/pch/static-2.c (test for excess  errors)
FAIL: gcc.dg/pch/static-2.c (test for excess errors)
FAIL:  gcc.dg/pch/static-2.c (test for excess errors)
FAIL: gcc.dg/pch/static-2.c  (test for excess errors)
FAIL: gcc.dg/pch/static-3.c (test for excess  errors)
FAIL: gcc.dg/pch/static-3.c (test for excess errors)
FAIL:  gcc.dg/pch/static-3.c (test for excess errors)
FAIL: gcc.dg/pch/static-3.c  (test for excess errors)
FAIL: gcc.dg/pch/static-3.c (test for excess  errors)
FAIL: gcc.dg/pch/static-3.c (test for excess errors)
FAIL:  gcc.dg/pch/static-3.c (test for excess errors)
FAIL: gcc.dg/pch/struct-1.c  (test for excess errors)
FAIL: gcc.dg/pch/struct-1.c (test for excess  errors)
FAIL: gcc.dg/pch/struct-1.c (test for excess errors)
FAIL:  gcc.dg/pch/struct-1.c (test for excess errors)
FAIL: gcc.dg/pch/struct-1.c  (test for excess errors)
FAIL: gcc.dg/pch/struct-1.c (test for excess  errors)
FAIL: gcc.dg/pch/struct-1.c (test for excess errors)
FAIL:  gcc.dg/pch/system-1.c (test for excess errors)
FAIL: gcc.dg/pch/system-1.c  (test for excess errors)
FAIL: gcc.dg/pch/system-1.c (test for excess  errors)
FAIL: gcc.dg/pch/system-1.c (test for excess errors)
FAIL:  gcc.dg/pch/system-1.c (test for excess errors)
FAIL: gcc.dg/pch/system-1.c  (test for excess errors)
FAIL: gcc.dg/pch/system-1.c (test for excess  errors)
FAIL: gcc.dg/pch/valid-1b.c (test for excess errors)
FAIL:  gcc.dg/pch/valid-1b.c (test for excess errors)
FAIL: gcc.dg/pch/valid-1b.c  (test for excess errors)
FAIL: gcc.dg/pch/valid-1b.c (test for excess  errors)
FAIL: gcc.dg/pch/valid-1b.c (test for excess errors)
FAIL:  gcc.dg/pch/valid-1b.c (test for excess errors)
FAIL: gcc.dg/pch/valid-1b.c  (test for excess errors)
FAIL: gcc.dg/pch/valid-4.c  (test for errors,  line 5)
FAIL: gcc.dg/pch/valid-4.c (test for excess errors)
FAIL:  gcc.dg/pch/valid-4.c  (test for errors, line 5)
FAIL:  gcc.dg/pch/valid-4.c (test for excess errors)
FAIL:  gcc.dg/pch/valid-4.c  (test for errors, line 5)
FAIL:  gcc.dg/pch/valid-4.c (test for excess errors)
FAIL:  gcc.dg/pch/valid-4.c  (test for errors, line 5)
FAIL:  gcc.dg/pch/valid-4.c (test for excess errors)
FAIL:  gcc.dg/pch/valid-4.c  (test for errors, line 5)
FAIL:  gcc.dg/pch/valid-4.c (test for excess errors)
FAIL:  gcc.dg/pch/valid-4.c  (test for errors, line 5)
FAIL:  gcc.dg/pch/valid-4.c (test for excess errors)
FAIL:  gcc.dg/pch/valid-4.c  (test for errors, line 5)
FAIL:  gcc.dg/pch/valid-4.c (test for excess errors)
FAIL: gcc.dg/pch/valid-5.c  (test for excess errors)
FAIL: gcc.dg/pch/valid-5.c (test for excess  errors)
FAIL: gcc.dg/pch/valid-5.c (test for excess errors)
FAIL:  gcc.dg/pch/valid-5.c (test for excess errors)
FAIL: gcc.dg/pch/valid-5.c  (test for excess errors)
FAIL: gcc.dg/pch/valid-5.c (test for excess  errors)
FAIL: gcc.dg/pch/valid-5.c (test for excess errors)
FAIL:  gcc.dg/pch/valid-6.c (test for excess errors)
FAIL: gcc.dg/pch/valid-6.c -O0  -g assembly comparison
FAIL: gcc.dg/pch/valid-6.c (test for excess  errors)
FAIL: gcc.dg/pch/valid-6.c  -O0  assembly  comparison
FAIL: gcc.dg/pch/valid-6.c (test for excess errors)
FAIL:  gcc.dg/pch/valid-6.c  -O1  assembly comparison
FAIL:  gcc.dg/pch/valid-6.c (test for excess errors)
FAIL:  gcc.dg/pch/valid-6.c  -O2  assembly comparison
FAIL:  gcc.dg/pch/valid-6.c (test for excess errors)
FAIL:  gcc.dg/pch/valid-6.c  -O3 -fomit-frame-pointer  assembly  comparison
FAIL: gcc.dg/pch/valid-6.c (test for excess errors)
FAIL:  gcc.dg/pch/valid-6.c  -O3 -g  assembly comparison
FAIL:  gcc.dg/pch/valid-6.c (test for excess errors)
FAIL:  gcc.dg/pch/valid-6.c  -Os  assembly comparison
FAIL: largefile.c  (test for excess errors)
FAIL: largefile.c (test for excess errors)
FAIL:  largefile.c (test for excess errors)
FAIL: largefile.c (test for excess  errors)
FAIL: largefile.c (test for excess errors)
FAIL: largefile.c (test  for excess errors)
FAIL: largefile.c (test for excess errors)
FAIL:  gcc.dg/tree-ssa/gen-vect-11.c scan-tree-dump-times vectorized 1 loops 1
FAIL:  gcc.dg/tree-ssa/gen-vect-11a.c scan-tree-dump-times vectorized 1 loops 
 1
FAIL: gcc.dg/tree-ssa/loadpre1.c scan-tree-dump-times Eliminated: 1  1
FAIL: gcc.dg/tree-ssa/loadpre14.c scan-tree-dump-times Eliminated: 1  1
FAIL: gcc.dg/tree-ssa/loadpre15.c scan-tree-dump-times Eliminated: 1  1
FAIL: gcc.dg/tree-ssa/loop-1.c scan-assembler-times foo 5
FAIL: compiler  driver --coverage option(s) (compiler options)
FAIL:  gcc.target/i386/pic-1.c  (test for errors, line 10)
FAIL:  gcc.target/i386/sse3-movddup.c (internal compiler error)
FAIL:  gcc.target/i386/sse3-movddup.c (test for excess errors)
WARNING:  gcc.target/i386/sse3-movddup.c compilation failed to produce 
executable
FAIL:  gcc.target/i386/vectorize1.c (internal compiler error)
FAIL:  gcc.target/i386/vectorize1.c (test for excess errors)
 
  === gcc Summary ===
 
# of expected passes  42613
# of unexpected  failures 262
# of expected failures  111
# of untested  testcases  245
# of unsupported  tests  361
/cygdrive/c/gcc-4_2-branch-build/stage3-gcc/xgcc   version 4.2.0 20070115 
(prerelease)
 

=== gfortran tests ===
 
Running target unix
FAIL: gfortran.dg/secnds-1.f execution test
FAIL:  gfortran.fortran-torture/execute/nan_inf_fmt.f90 execution,  -O0 
FAIL:  gfortran.fortran-torture/execute/nan_inf_fmt.f90 execution,  -O1 
FAIL:  gfortran.fortran-torture/execute/nan_inf_fmt.f90 execution,  -O2 
FAIL:  gfortran.fortran-torture/execute/nan_inf_fmt.f90 execution,  -O3  
-fomit-frame-pointer 
FAIL: gfortran.fortran-torture/execute/nan_inf_fmt.f90  execution,  -O3 
-fomit-frame-pointer -funroll-loops 
FAIL:  gfortran.fortran-torture/execute/nan_inf_fmt.f90 execution,  -O3  
-fomit-frame-pointer -funroll-all-loops -finline-functions 
FAIL:  gfortran.fortran-torture/execute/nan_inf_fmt.f90 execution,  -O3 -g  
FAIL: gfortran.fortran-torture/execute/nan_inf_fmt.f90 execution,  -Os  
FAIL: gfortran.fortran-torture/execute/specifics.f90 compilation,  -O0  
FAIL: gfortran.fortran-torture/execute/specifics.f90 compilation,  -O1  
FAIL: gfortran.fortran-torture/execute/specifics.f90 compilation,  -O2  
FAIL: gfortran.fortran-torture/execute/specifics.f90 compilation,  -O3  
-fomit-frame-pointer 
FAIL: gfortran.fortran-torture/execute/specifics.f90  compilation,  -O3 
-fomit-frame-pointer -funroll-loops 
FAIL:  gfortran.fortran-torture/execute/specifics.f90 compilation,  -O3  
-fomit-frame-pointer -funroll-all-loops -finline-functions 
FAIL:  gfortran.fortran-torture/execute/specifics.f90 compilation,  -O3 -g  
FAIL: gfortran.fortran-torture/execute/specifics.f90 compilation,  -Os 
 
  === gfortran Summary ===
 
# of expected passes  15218
# of unexpected  failures 17
# of expected failures  7
# of untested  testcases  8
# of unsupported  tests  86
/cygdrive/c/gcc-4_2-branch-build/stage3-gcc/testsuite/gfortran/../../gfortran 
  version 4.2.0 20070115 (prerelease)
 

=== gnat tests ===
 
Running target unix
 
  === gnat Summary ===
 
# of expected passes  37
 

=== obj-c++ tests ===
 
Running target unix
FAIL: obj-c++.dg/bitfield-1.mm (internal compiler  error)
FAIL: obj-c++.dg/bitfield-1.mm (test for excess errors)
WARNING:  obj-c++.dg/bitfield-1.mm compilation failed to produce executable
FAIL:  obj-c++.dg/comp-types-10.mm (internal compiler error)
FAIL:  obj-c++.dg/comp-types-10.mm (test for excess errors)
FAIL:  obj-c++.dg/cxx-ivars-2.mm execution test
FAIL: obj-c++.dg/encode-8.mm  execution test
FAIL: obj-c++.dg/isa-field-1.mm (test for excess  errors)
FAIL: obj-c++.dg/lookup-2.mm (test for excess errors)
WARNING:  obj-c++.dg/lookup-2.mm compilation failed to produce executable
FAIL:  obj-c++.dg/try-catch-2.mm (test for excess errors)
WARNING:  obj-c++.dg/try-catch-2.mm compilation failed to produce executable
FAIL:  obj-c++.dg/try-catch-9.mm (internal compiler error)
FAIL:  obj-c++.dg/try-catch-9.mm (test for excess errors)
WARNING:  obj-c++.dg/try-catch-9.mm compilation failed to produce executable
 
  === obj-c++ Summary ===
 
# of expected passes  426
# of unexpected  failures 11
# of unsupported  tests  13
/cygdrive/c/gcc-4_2-branch-build/stage3-gcc/testsuite/obj-c++/../../g++   
version 4.2.0 20070115 (prerelease)
 

=== objc tests ===
 
Running target unix
 
  === objc Summary ===
 
# of expected passes  1824
# of expected  failures  7
# of unsupported  tests  24
/cygdrive/c/gcc-4_2-branch-build/stage3-gcc/xgcc   version 4.2.0 20070115 
(prerelease)
 

Compiler version: 4.2.0 20070115 (prerelease) 
Platform:  i686-pc-cygwin
configure flags: --disable-werror --verbose  --target=i686-pc-cygwin 
--prefix=/usr --exec-prefix=/usr --sysconfdir=/etc  --libdir=/usr/lib 
--libexecdir=/usr/lib --mandir=/usr/share/man  --infodir=/usr/share/info --enable-shared 
--enable-static --enable-nls  --enable-multilib --with-included-gettext 
--enable-version-specific-runtime-libs  --enable-checking 
--with-gxx-include-dir=/usr/include/c++/4.2.0  --enable-concept-checks --enable-sjlj-exceptions 
--enable-libstdcxx-debug  --enable-libgcj --enable-libgcj-debug --enable-java-awt=gtk,xlib  
--enable-java-gc=boehm --enable-gconf-peer --enable-hash-synchronization  
--enable-gc-debug --enable-interpreter --enable-xmlj --enable-qt-peer  
--enable-regen-headers --enable-tool-wrappers --enable-objc-gc  --with-system-zlib 
--enable-threads=posix --enable-libada --enable-libssp  --enable-libmudflap 
--with-tls --enable-win32-registry --with-x  --x-includes=/usr/X11R6/include 
--x-libraries=/usr/X11R6/lib  --with-cpu=athlon-xp --with-arch=athlon-xp 
--with-tune=athlon-xp  --enable-languages=c,ada,c++,fortran,java,objc,obj-c++
 

Additional notes:
 
There is something wrong with the test harness. Here are some examples that  
do not show up above:
 
Not all tests support and report the following:
 
PASS: the test passed as expected 
XPASS: the test unexpectedly passed  
FAIL: the test unexpectedly failed 
XFAIL: the test failed as expected  
UNSUPPORTED: the test is not supported on this platform 
ERROR: the  testsuite detected an error 
WARNING: the testsuite detected a possible  problem 
 
The result is that "un-expect-ed" (not expected by the expect scripts)  
errors are not reported.
 
 
 
In the acats.log file this is not being reflected in the above  results.
 
/cygdrive/c/gcc-4_2-branch-build/gcc/xgcc -c  
-B/cygdrive/c/gcc-4_2-branch-build/gcc/ -gnatws -O2 -gnato -gnatE  enum_check.ads
cannot generate code for file enum_check.ads (package  spec)
to check package spec for errors, use -gnatc
gnatmake:  "enum_check.ads" compilation error
 
 
 
In the gcc.log file this is not being reflected in the above results.
 
Executing on host: /cygdrive/c/gcc-4_2-branch-build/stage3-gcc/xgcc  
-B/cygdrive/c/gcc-4_2-branch-build/stage3-gcc/  -fno-show-column -c   -o int162260.o 
int162260.c    (timeout = 300)
spawn  /cygdrive/c/gcc-4_2-branch-build/stage3-gcc/xgcc  
-B/cygdrive/c/gcc-4_2-branch-build/stage3-gcc/ -fno-show-column -c -o  int162260.o int162260.c 
int162260.c:2: error: size of array 'dummy' is  negative
compiler exited with status 1
output is:
int162260.c:2: error:  size of array 'dummy' is negative
 
spawn /cygdrive/c/gcc-4_2-branch-build/stage3-gcc/xgcc  
-B/cygdrive/c/gcc-4_2-branch-build/stage3-gcc/ dfprt2260.c -fno-show-column -o  dfprt2260.x 
dfprt2260.c:1: error: decimal floating point not supported for  this target
dfprt2260.c:1: error: decimal floating point not supported for  this target
dfprt2260.c:1: error: decimal floating point not supported for  this target
compiler exited with status 1
output is:
dfprt2260.c:1:  error: decimal floating point not supported for this target
dfprt2260.c:1:  error: decimal floating point not supported for this target
dfprt2260.c:1:  error: decimal floating point not supported for this target
 
spawn /cygdrive/c/gcc-4_2-branch-build/stage3-gcc/xgcc  
-B/cygdrive/c/gcc-4_2-branch-build/stage3-gcc/ short_enums2260.c  -fno-show-column -S -o 
short_enums2260.s 
short_enums2260.c:3: error: size of  array 's' is negative
compiler exited with status 1
output  is:
short_enums2260.c:3: error: size of array 's' is negative
 
/cygdrive/C/makecygwin/gcc-4_2-branch/gcc/testsuite/gcc.dg/cpp/19930510-1.c:6:
  error: invalid preprocessing directive #ugly
compiler exited with status  1
output  is:
/cygdrive/C/makecygwin/gcc-4_2-branch/gcc/testsuite/gcc.dg/cpp/19930510-1.c:6:
  error: invalid preprocessing directive #ugly
 
PASS: gcc.dg/cpp/19930510-1.c invalid directive (test for errors, line  6)
PASS: gcc.dg/cpp/19930510-1.c (test for excess errors)
 

That last example passed one that looks like it failed ! - There are  more.
 
 
 
In the gnat.log file this is not being reflected in the above  results.
 

Executing on host: /cygdrive/c/gcc-4_2-branch-build/stage3-gcc/gnatmake  
-I/cygdrive/c/gcc-4_2-branch-build/stage3-gcc/ada/rts  
--GCC=/cygdrive/c/gcc-4_2-branch-build/stage3-gcc/xgcc  
--GNATBIND=/cygdrive/c/gcc-4_2-branch-build/stage3-gcc/gnatbind  
--GNATLINK=/cygdrive/c/gcc-4_2-branch-build/stage3-gcc/gnatlink -cargs  -B/cygdrive/c/gcc-4_2-branch-build/stage3-gcc -largs  
--GCC=/cygdrive/c/gcc-4_2-branch-build/stage3-gcc/xgcc  
-B/cygdrive/c/gcc-4_2-branch-build/stage3-gcc -margs -q  
/cygdrive/C/makecygwin/gcc-4_2-branch/gcc/testsuite/gnat.dg/frame_overflow.adb   -c -I/cygdrive/c/gcc-4_2-branch-build/gcc/ada/rts -S  
-o  frame_overflow.s    (timeout = 300)
spawn  /cygdrive/c/gcc-4_2-branch-build/stage3-gcc/gnatmake  
-I/cygdrive/c/gcc-4_2-branch-build/stage3-gcc/ada/rts  
--GCC=/cygdrive/c/gcc-4_2-branch-build/stage3-gcc/xgcc  
--GNATBIND=/cygdrive/c/gcc-4_2-branch-build/stage3-gcc/gnatbind  --GNATLINK=/cygdrive/c/gcc-4_2-branch-build/stage3-gcc/gnatlink -cargs  
-B/cygdrive/c/gcc-4_2-branch-build/stage3-gcc -largs  
--GCC=/cygdrive/c/gcc-4_2-branch-build/stage3-gcc/xgcc  -B/cygdrive/c/gcc-4_2-branch-build/stage3-gcc 
-margs -q  
/cygdrive/C/makecygwin/gcc-4_2-branch/gcc/testsuite/gnat.dg/frame_overflow.adb  -c -I/cygdrive/c/gcc-4_2-branch-build/gcc/ada/rts -S -o 
frame_overflow.s  
/cygdrive/C/makecygwin/gcc-4_2-branch/gcc/testsuite/gnat.dg/frame_overflow.adb
:  In function  'frame_overflow.negate':
/cygdrive/C/makecygwin/gcc-4_2-branch/gcc/testsuite/gnat.dg/frame_overflow.adb
:21:  error: total size of local objects too  large
/cygdrive/C/makecygwin/gcc-4_2-branch/gcc/testsuite/gnat.dg/frame_overflow.adb
:  In function  'frame_overflow.set_in':
/cygdrive/C/makecygwin/gcc-4_2-branch/gcc/testsuite/gnat.dg/frame_overflow.adb
:12:  error: total size of local objects too large
gnatmake:  
"/cygdrive/C/makecygwin/gcc-4_2-branch/gcc/testsuite/gnat.dg/frame_overflow.adb"  compilation error
compiler exited with status 1
output  is:
/cygdrive/C/makecygwin/gcc-4_2-branch/gcc/testsuite/gnat.dg/frame_overflow.adb
:  In function  'frame_overflow.negate':
/cygdrive/C/makecygwin/gcc-4_2-branch/gcc/testsuite/gnat.dg/frame_overflow.adb
:21:  error: total size of local objects too  large
/cygdrive/C/makecygwin/gcc-4_2-branch/gcc/testsuite/gnat.dg/frame_overflow.adb
:  In function  'frame_overflow.set_in':
/cygdrive/C/makecygwin/gcc-4_2-branch/gcc/testsuite/gnat.dg/frame_overflow.adb
:12:  error: total size of local objects too large
gnatmake:  
"/cygdrive/C/makecygwin/gcc-4_2-branch/gcc/testsuite/gnat.dg/frame_overflow.adb"  compilation error
 
PASS: gnat.dg/frame_overflow.adb  (test for errors, line 12)
PASS:  gnat.dg/frame_overflow.adb  (test for errors, line 21)
PASS:  gnat.dg/frame_overflow.adb (test for excess errors)
 
Again, another failure reported as a pass.
 
 
 
In the g++.log file this is not being reflected in the above results.
 
/cygdrive/c/DOCUME~1/HP_ADM~1/LOCALS~1/Temp/ccPUpUEd.o:iconv3828.c:(.text+0x26
):  undefined reference to `_libiconv_open'
collect2: ld returned 1 exit  status
compiler exited with status 1
output  is:
/cygdrive/c/DOCUME~1/HP_ADM~1/LOCALS~1/Temp/ccPUpUEd.o:iconv3828.c:(.text+0x26
):  undefined reference to `_libiconv_open'
collect2: ld returned 1 exit  status
 
UNSUPPORTED: g++.dg/charset/asm1.c
 
 
 
In the gfortran.log file this is not being reflected in the above  results.
 
/cygdrive/C/makecygwin/gcc-4_2-branch/gcc/testsuite/gfortran.dg/PR19754_1.f90:
7.7-12:
 
   x = x + y ! { dg-error "Shapes for operands at"  }
1    2
Error: Shapes for  operands at (1) and (2) are not conformable
compiler exited with status  1
output  is:
/cygdrive/C/makecygwin/gcc-4_2-branch/gcc/testsuite/gfortran.dg/PR19754_1.f90:
7.7-12:
 
   x = x + y ! { dg-error "Shapes for operands at"  }
1    2
Error: Shapes for  operands at (1) and (2) are not conformable
 
PASS: gfortran.dg/PR19754_1.f90  (test for errors, line 7)
PASS:  gfortran.dg/PR19754_1.f90 (test for excess errors)
 
Another pass for a fail ...
 
Other log files are similar. The libjava results are not reliable because  of 
this error:
 
Running  
/cygdrive/C/makecygwin/gcc-4_2-branch/libjava/testsuite/libjava.cni/cni.exp  ...
byte compile: /cygdrive/c/gcc-4_2-branch-build/gcc/gcj  
-B/cygdrive/c/gcc-4_2-branch-build/i686-pc-cygwin/libjava/  -B/cygdrive/c/gcc-4_2-branch-build/gcc/ 
--encoding=UTF-8 -C  
-I/cygdrive/c/gcc-4_2-branch-build/i686-pc-cygwin/libjava/testsuite/../libgcj-4.2.0.jar  -g  
/cygdrive/C/makecygwin/gcc-4_2-branch/libjava/testsuite/libjava.cni/PR9577.java  -d 
/cygdrive/c/gcc-4_2-branch-build/i686-pc-cygwin/libjava/testsuite 2>@  stdout
PASS: bytecompile  
/cygdrive/C/makecygwin/gcc-4_2-branch/libjava/testsuite/libjava.cni/PR9577.java
spawn  /cygdrive/c/gcc-4_2-branch-build/gcc/jv-scan --encoding=UTF-8  
/cygdrive/C/makecygwin/gcc-4_2-branch/libjava/testsuite/libjava.cni/PR9577.java  
--list-class 
PR9577 spawn /cygdrive/c/gcc-4_2-branch-build/gcc/gcjh PR9577  
gcjh: PR9577: no such class
FAIL: PR9577 header generation
byte  compile: /cygdrive/c/gcc-4_2-branch-build/gcc/gcj  
-B/cygdrive/c/gcc-4_2-branch-build/i686-pc-cygwin/libjava/  
-B/cygdrive/c/gcc-4_2-branch-build/gcc/ --encoding=UTF-8 -C  
-I/cygdrive/c/gcc-4_2-branch-build/i686-pc-cygwin/libjava/testsuite/../libgcj-4.2.0.jar  -g  
/cygdrive/C/makecygwin/gcc-4_2-branch/libjava/testsuite/libjava.cni/longfield.java  -d 
/cygdrive/c/gcc-4_2-branch-build/i686-pc-cygwin/libjava/testsuite 2>@  stdout
PASS: bytecompile  
/cygdrive/C/makecygwin/gcc-4_2-branch/libjava/testsuite/libjava.cni/longfield.java
spawn  /cygdrive/c/gcc-4_2-branch-build/gcc/jv-scan --encoding=UTF-8  
/cygdrive/C/makecygwin/gcc-4_2-branch/libjava/testsuite/libjava.cni/longfield.java  
--list-class 
longfield spawn /cygdrive/c/gcc-4_2-branch-build/gcc/gcjh  longfield 
gcjh: longfield: no such class
FAIL: longfield header  generation
byte compile: /cygdrive/c/gcc-4_2-branch-build/gcc/gcj  
-B/cygdrive/c/gcc-4_2-branch-build/i686-pc-cygwin/libjava/  -B/cygdrive/c/gcc-4_2-branch-build/gcc/ 
--encoding=UTF-8 -C  
-I/cygdrive/c/gcc-4_2-branch-build/i686-pc-cygwin/libjava/testsuite/../libgcj-4.2.0.jar  -g  
/cygdrive/C/makecygwin/gcc-4_2-branch/libjava/testsuite/libjava.cni/shortfield.java  -d 
/cygdrive/c/gcc-4_2-branch-build/i686-pc-cygwin/libjava/testsuite 2>@  stdout
PASS: bytecompile  
/cygdrive/C/makecygwin/gcc-4_2-branch/libjava/testsuite/libjava.cni/shortfield.java
spawn  /cygdrive/c/gcc-4_2-branch-build/gcc/jv-scan --encoding=UTF-8  
/cygdrive/C/makecygwin/gcc-4_2-branch/libjava/testsuite/libjava.cni/shortfield.java  
--list-class 
shortfieldbase shortfield spawn  /cygdrive/c/gcc-4_2-branch-build/gcc/gcjh 
shortfieldbase 
gcjh:  shortfieldbase: no such class
FAIL: shortfieldbase header  generation
testcase  
/cygdrive/C/makecygwin/gcc-4_2-branch/libjava/testsuite/libjava.cni/cni.exp  completed in 11 seconds
Running  
/cygdrive/C/makecygwin/gcc-4_2-branch/libjava/testsuite/libjava.compile/compile.exp  ...
 

The list goes on but I'll leave it there ...
 
 



More information about the Gcc-testresults mailing list