Results for 4.0.4 20070109 (prerelease) testsuite on hppa2.0w-hp-hpux11.11
John David Anglin
dave@hiauly3.hia.nrc.ca
Tue Jan 9 23:47:00 GMT 2007
LAST_UPDATED: Tue Jan 9 04:27:46 UTC 2007 (revision 120607M)
=== acats tests ===
FAIL: c393a06
FAIL: c52104k
FAIL: cc3120a
FAIL: cxa4034
FAIL: cxaca01
Native configuration is hppa2.0w-hp-hpux11.11
=== g++ tests ===
Running target unix
=== g++ Summary ===
# of expected passes 11241
# of expected failures 70
# of unsupported tests 131
/mnt/gnu/gcc/objdir/gcc/testsuite/g++/../../g++ version 4.0.4 20070109 (prerelease)
=== gcc tests ===
Running target unix
XPASS: gcc.dg/cpp/cmdlne-dI-M.c scan-file (^|\\\\n)cmdlne-dI-M.*:[^\\\\n]*cmdlne-dI-M.c
XPASS: gcc.dg/cpp/cmdlne-dM-M.c scan-file (^|\\\\n)cmdlne-dM-M[^\\\\n]*:[^\\\\n]*cmdlne-dM-M.c
FAIL: gcc.dg/20050922-1.c (test for excess errors)
WARNING: gcc.dg/20050922-1.c compilation failed to produce executable
XPASS: gcc.dg/const-elim-1.c scan-assembler-not L\\\\\$?C[^A-Z]
FAIL: gcc.dg/special/weak-1.c execution test
=== gcc Summary ===
# of expected passes 34300
# of unexpected failures 2
# of unexpected successes 3
# of expected failures 67
# of untested testcases 28
# of unsupported tests 584
/mnt/gnu/gcc/objdir/gcc/xgcc version 4.0.4 20070109 (prerelease)
=== gfortran tests ===
Running target unix
FAIL: gfortran.dg/actual_array_constructor_2.f90 -O0 (test for excess errors)
WARNING: gfortran.dg/actual_array_constructor_2.f90 -O0 compilation failed to produce executable
FAIL: gfortran.dg/actual_array_constructor_2.f90 -O1 (test for excess errors)
WARNING: gfortran.dg/actual_array_constructor_2.f90 -O1 compilation failed to produce executable
FAIL: gfortran.dg/actual_array_constructor_2.f90 -O2 (test for excess errors)
WARNING: gfortran.dg/actual_array_constructor_2.f90 -O2 compilation failed to produce executable
FAIL: gfortran.dg/actual_array_constructor_2.f90 -O3 -fomit-frame-pointer (test for excess errors)
WARNING: gfortran.dg/actual_array_constructor_2.f90 -O3 -fomit-frame-pointer compilation failed to produce executable
FAIL: gfortran.dg/actual_array_constructor_2.f90 -O3 -fomit-frame-pointer -funroll-loops (test for excess errors)
WARNING: gfortran.dg/actual_array_constructor_2.f90 -O3 -fomit-frame-pointer -funroll-loops compilation failed to produce executable
FAIL: gfortran.dg/actual_array_constructor_2.f90 -O3 -fomit-frame-pointer -funroll-all-loops -finline-functions (test for excess errors)
WARNING: gfortran.dg/actual_array_constructor_2.f90 -O3 -fomit-frame-pointer -funroll-all-loops -finline-functions compilation failed to produce executable
FAIL: gfortran.dg/actual_array_constructor_2.f90 -O3 -g (test for excess errors)
WARNING: gfortran.dg/actual_array_constructor_2.f90 -O3 -g compilation failed to produce executable
FAIL: gfortran.dg/actual_array_constructor_2.f90 -Os (test for excess errors)
WARNING: gfortran.dg/actual_array_constructor_2.f90 -Os compilation failed to produce executable
FAIL: gfortran.dg/actual_array_substr_2.f90 -O0 (test for excess errors)
WARNING: gfortran.dg/actual_array_substr_2.f90 -O0 compilation failed to produce executable
FAIL: gfortran.dg/actual_array_substr_2.f90 -O1 (test for excess errors)
WARNING: gfortran.dg/actual_array_substr_2.f90 -O1 compilation failed to produce executable
FAIL: gfortran.dg/actual_array_substr_2.f90 -O2 (test for excess errors)
WARNING: gfortran.dg/actual_array_substr_2.f90 -O2 compilation failed to produce executable
FAIL: gfortran.dg/actual_array_substr_2.f90 -O3 -fomit-frame-pointer (test for excess errors)
WARNING: gfortran.dg/actual_array_substr_2.f90 -O3 -fomit-frame-pointer compilation failed to produce executable
FAIL: gfortran.dg/actual_array_substr_2.f90 -O3 -fomit-frame-pointer -funroll-loops (test for excess errors)
WARNING: gfortran.dg/actual_array_substr_2.f90 -O3 -fomit-frame-pointer -funroll-loops compilation failed to produce executable
FAIL: gfortran.dg/actual_array_substr_2.f90 -O3 -fomit-frame-pointer -funroll-all-loops -finline-functions (test for excess errors)
WARNING: gfortran.dg/actual_array_substr_2.f90 -O3 -fomit-frame-pointer -funroll-all-loops -finline-functions compilation failed to produce executable
FAIL: gfortran.dg/actual_array_substr_2.f90 -O3 -g (test for excess errors)
WARNING: gfortran.dg/actual_array_substr_2.f90 -O3 -g compilation failed to produce executable
FAIL: gfortran.dg/actual_array_substr_2.f90 -Os (test for excess errors)
WARNING: gfortran.dg/actual_array_substr_2.f90 -Os compilation failed to produce executable
=== gfortran Summary ===
# of expected passes 8821
# of unexpected failures 16
# of expected failures 1
# of unsupported tests 17
/mnt/gnu/gcc/objdir/gcc/testsuite/gfortran/../../gfortran version 4.0.4 20070109 (prerelease)
=== objc tests ===
Running target unix
=== objc Summary ===
# of expected passes 1552
# of unsupported tests 11
/mnt/gnu/gcc/objdir/gcc/xgcc version 4.0.4 20070109 (prerelease)
=== libstdc++ tests ===
Running target unix
=== libstdc++ Summary ===
# of expected passes 3676
# of expected failures 12
# of unsupported tests 19
Compiler version: 4.0.4 20070109 (prerelease)
Platform: hppa2.0w-hp-hpux11.11
configure flags: --with-gnu-as --with-as=/opt/gnu/bin/as --enable-shared --with-local-prefix=/opt/gnu --prefix=/opt/gnu/gcc/gcc-4.0.4 --with-gmp=/opt/gnu/gcc/gcc-4.0.4 --enable-threads=posix --enable-debug=no --disable-nls --disable-checking --enable-languages=c,ada,c++,f95,java,objc
More information about the Gcc-testresults
mailing list