Results for 4.1.2 20070108 (prerelease) [gcc-4_1-branch revision 120583] testsuite on x86_64-unknown-linux-gnu
H.J. Lu
hjl@gnu-2.sc.intel.com
Mon Jan 8 19:29:00 GMT 2007
LAST_UPDATED: Mon Jan 8 18:11:46 UTC 2007 (revision 120583)
Native configuration is x86_64-unknown-linux-gnu
=== gcc tests ===
Running target unix/-m32
=== gcc Summary for unix/-m32 ===
# of expected passes 38971
# of expected failures 101
# of untested testcases 28
# of unsupported tests 249
Running target unix
=== gcc Summary for unix ===
# of expected passes 38834
# of expected failures 100
# of untested testcases 28
# of unsupported tests 359
=== gcc Summary ===
# of expected passes 77805
# of expected failures 201
# of untested testcases 56
# of unsupported tests 608
/export/build/gnu/gcc-4.1-generic/build-x86_64-linux/gcc/xgcc version 4.1.2 20070108 (prerelease) [gcc-4_1-branch revision 120583]
=== g++ tests ===
Running target unix/-m32
XPASS: g++.dg/tree-ssa/pr14814.C scan-tree-dump-times &this 0
=== g++ Summary for unix/-m32 ===
# of expected passes 12428
# of unexpected successes 1
# of expected failures 67
# of unsupported tests 69
Running target unix
XPASS: g++.dg/tree-ssa/pr14814.C scan-tree-dump-times &this 0
=== g++ Summary for unix ===
# of expected passes 12343
# of unexpected successes 1
# of expected failures 67
# of unsupported tests 98
=== g++ Summary ===
# of expected passes 24771
# of unexpected successes 2
# of expected failures 134
# of unsupported tests 167
/export/build/gnu/gcc-4.1-generic/build-x86_64-linux/gcc/testsuite/g++/../../g++ version 4.1.2 20070108 (prerelease) [gcc-4_1-branch revision 120583]
=== libmudflap tests ===
Running target unix/-m32
=== libmudflap Summary for unix/-m32 ===
# of expected passes 1799
Running target unix
FAIL: libmudflap.c/fail8-frag.c (-static) output pattern test
FAIL: libmudflap.c/fail9-frag.c (-static) output pattern test
=== libmudflap Summary for unix ===
# of expected passes 1797
# of unexpected failures 2
=== libmudflap Summary ===
# of expected passes 3596
# of unexpected failures 2
=== libstdc++ tests ===
Running target unix/-m32
FAIL: 22_locale/messages/members/char/1.cc execution test
FAIL: 22_locale/messages/members/char/2.cc execution test
FAIL: 22_locale/messages/members/char/wrapped_env.cc execution test
FAIL: 22_locale/messages/members/char/wrapped_locale.cc execution test
FAIL: 22_locale/messages_byname/named_equivalence.cc execution test
XPASS: 26_numerics/cmath/c99_classification_macros_c.cc (test for excess errors)
=== libstdc++ Summary for unix/-m32 ===
# of expected passes 4007
# of unexpected failures 5
# of unexpected successes 1
# of expected failures 12
# of unsupported tests 17
Running target unix
XPASS: 26_numerics/cmath/c99_classification_macros_c.cc (test for excess errors)
XPASS: 27_io/fpos/14320-1.cc execution test
=== libstdc++ Summary for unix ===
# of expected passes 4012
# of unexpected successes 2
# of expected failures 11
# of unsupported tests 17
=== libstdc++ Summary ===
# of expected passes 8019
# of unexpected failures 5
# of unexpected successes 3
# of expected failures 23
# of unsupported tests 34
Compiler version: 4.1.2 20070108 (prerelease) [gcc-4_1-branch revision 120583]
Platform: x86_64-unknown-linux-gnu
configure flags: --enable-clocale=gnu --with-system-zlib --with-demangler-in-ld --enable-shared --enable-threads=posix --enable-haifa --enable-checking=assert --prefix=/usr/gcc-4.1-generic --with-local-prefix=/usr/local --enable-languages=c,c++
More information about the Gcc-testresults
mailing list