Results for 4.3.0 20070108 (experimental) testsuite on ia64-suse-linux-gnu
Andreas Schwab
schwab@suse.de
Mon Jan 8 10:54:00 GMT 2007
LAST_UPDATED: Mon Jan 8 09:00:21 UTC 2007 (revision 120570M)
=== acats tests ===
FAIL: c38005a
FAIL: c94002f
FAIL: c99005a
FAIL: cxh1001
=== acats Summary ===
# of expected passes 2311
# of unexpected failures 4
Native configuration is ia64-suse-linux-gnu
=== g++ tests ===
Running target unix
FAIL: g++.dg/warn/Woverflow-1.C (test for excess errors)
FAIL: g++.dg/warn/Woverflow-2.C (test for excess errors)
FAIL: g++.dg/warn/Woverflow-3.C (test for excess errors)
FAIL: g++.dg/warn/multiple-overflow-warn-2.C (test for bogus messages, line 10)
FAIL: g++.dg/warn/multiple-overflow-warn-2.C (test for warnings, line 10)
FAIL: g++.dg/warn/multiple-overflow-warn-2.C (test for warnings, line 10)
FAIL: g++.dg/warn/multiple-overflow-warn-2.C (test for warnings, line 10)
XPASS: g++.dg/warn/overflow-warn-1.C (test for bogus messages, line 14)
FAIL: g++.dg/warn/overflow-warn-1.C enum error (test for errors, line 15)
FAIL: g++.dg/warn/overflow-warn-1.C (test for warnings, line 154)
FAIL: g++.dg/warn/overflow-warn-1.C (test for warnings, line 155)
FAIL: g++.dg/warn/overflow-warn-1.C null (test for errors, line 48)
XPASS: g++.dg/warn/overflow-warn-1.C (test for bogus messages, line 52)
XPASS: g++.dg/warn/overflow-warn-1.C (test for bogus messages, line 14)
FAIL: g++.dg/warn/overflow-warn-1.C enum error (test for errors, line 15)
FAIL: g++.dg/warn/overflow-warn-1.C (test for warnings, line 275)
FAIL: g++.dg/warn/overflow-warn-1.C (test for warnings, line 276)
FAIL: g++.dg/warn/overflow-warn-1.C null (test for errors, line 51)
XPASS: g++.dg/warn/overflow-warn-1.C (test for bogus messages, line 55)
FAIL: g++.dg/warn/overflow-warn-1.C (test for excess errors)
XPASS: g++.dg/warn/overflow-warn-3.C (test for bogus messages, line 14)
FAIL: g++.dg/warn/overflow-warn-3.C enum error (test for errors, line 15)
FAIL: g++.dg/warn/overflow-warn-3.C constant (test for warnings, line 21)
FAIL: g++.dg/warn/overflow-warn-3.C constant (test for warnings, line 24)
FAIL: g++.dg/warn/overflow-warn-3.C (test for warnings, line 162)
FAIL: g++.dg/warn/overflow-warn-3.C (test for warnings, line 163)
FAIL: g++.dg/warn/overflow-warn-3.C constant (test for warnings, line 33)
FAIL: g++.dg/warn/overflow-warn-3.C null (test for errors, line 53)
XPASS: g++.dg/warn/overflow-warn-3.C (test for bogus messages, line 58)
FAIL: g++.dg/warn/overflow-warn-3.C constant (test for warnings, line 67)
XPASS: g++.dg/warn/overflow-warn-3.C (test for bogus messages, line 14)
FAIL: g++.dg/warn/overflow-warn-3.C enum error (test for errors, line 15)
FAIL: g++.dg/warn/overflow-warn-3.C constant (test for warnings, line 21)
FAIL: g++.dg/warn/overflow-warn-3.C constant (test for warnings, line 24)
FAIL: g++.dg/warn/overflow-warn-3.C (test for warnings, line 290)
FAIL: g++.dg/warn/overflow-warn-3.C (test for warnings, line 291)
FAIL: g++.dg/warn/overflow-warn-3.C constant (test for warnings, line 33)
FAIL: g++.dg/warn/overflow-warn-3.C null (test for errors, line 55)
XPASS: g++.dg/warn/overflow-warn-3.C (test for bogus messages, line 60)
FAIL: g++.dg/warn/overflow-warn-3.C constant (test for warnings, line 69)
FAIL: g++.dg/warn/overflow-warn-3.C (test for excess errors)
XPASS: g++.dg/warn/overflow-warn-4.C (test for bogus messages, line 14)
FAIL: g++.dg/warn/overflow-warn-4.C enum error (test for errors, line 15)
FAIL: g++.dg/warn/overflow-warn-4.C constant (test for errors, line 21)
FAIL: g++.dg/warn/overflow-warn-4.C constant (test for errors, line 24)
FAIL: g++.dg/warn/overflow-warn-4.C (test for warnings, line 162)
FAIL: g++.dg/warn/overflow-warn-4.C (test for warnings, line 163)
FAIL: g++.dg/warn/overflow-warn-4.C constant (test for errors, line 33)
FAIL: g++.dg/warn/overflow-warn-4.C null (test for errors, line 53)
XPASS: g++.dg/warn/overflow-warn-4.C (test for bogus messages, line 58)
FAIL: g++.dg/warn/overflow-warn-4.C constant (test for errors, line 67)
XPASS: g++.dg/warn/overflow-warn-4.C (test for bogus messages, line 14)
FAIL: g++.dg/warn/overflow-warn-4.C enum error (test for errors, line 15)
FAIL: g++.dg/warn/overflow-warn-4.C constant (test for errors, line 21)
FAIL: g++.dg/warn/overflow-warn-4.C constant (test for errors, line 24)
FAIL: g++.dg/warn/overflow-warn-4.C (test for warnings, line 290)
FAIL: g++.dg/warn/overflow-warn-4.C (test for warnings, line 291)
FAIL: g++.dg/warn/overflow-warn-4.C constant (test for errors, line 33)
FAIL: g++.dg/warn/overflow-warn-4.C null (test for errors, line 55)
XPASS: g++.dg/warn/overflow-warn-4.C (test for bogus messages, line 60)
FAIL: g++.dg/warn/overflow-warn-4.C constant (test for errors, line 69)
FAIL: g++.dg/warn/overflow-warn-4.C (test for excess errors)
FAIL: g++.dg/warn/overflow-warn-5.C (test for excess errors)
FAIL: g++.dg/warn/overflow-warn-6.C (test for excess errors)
=== g++ Summary ===
# of expected passes 13320
# of unexpected failures 52
# of unexpected successes 12
# of expected failures 93
# of unsupported tests 114
/tmp/cvs/gcc-20070108/Build/gcc/testsuite/g++/../../g++ version 4.3.0 20070108 (experimental)
=== gcc tests ===
Running target unix
FAIL: gcc.c-torture/execute/mayalias-2.c compilation, -O3 -g (internal compiler error)
UNRESOLVED: gcc.c-torture/execute/mayalias-2.c execution, -O3 -g
FAIL: gcc.c-torture/execute/mayalias-3.c compilation, -O3 -g (internal compiler error)
UNRESOLVED: gcc.c-torture/execute/mayalias-3.c execution, -O3 -g
FAIL: gcc.c-torture/execute/pr15262-1.c execution, -O2
FAIL: gcc.c-torture/execute/pr15262-1.c execution, -O3 -fomit-frame-pointer
FAIL: gcc.c-torture/execute/pr15262-1.c execution, -O3 -g
FAIL: gcc.c-torture/execute/pr15262-1.c execution, -Os
FAIL: gcc.dg/builtin-apply4.c execution test
FAIL: gcc.dg/pr16194.c (test for errors, line 59)
FAIL: gcc.dg/pr16194.c (test for errors, line 66)
FAIL: gcc.dg/ipa/ipa-1.c (internal compiler error)
FAIL: gcc.dg/ipa/ipa-1.c (test for excess errors)
FAIL: gcc.dg/ipa/ipa-1.c scan-ipa-dump-times versioned function 2
FAIL: gcc.dg/ipa/ipa-1.c scan-ipa-dump-times propagating const 2
FAIL: gcc.dg/ipa/ipa-2.c (internal compiler error)
FAIL: gcc.dg/ipa/ipa-2.c (test for excess errors)
FAIL: gcc.dg/ipa/ipa-3.c (internal compiler error)
FAIL: gcc.dg/ipa/ipa-3.c (test for excess errors)
FAIL: gcc.dg/ipa/ipa-3.c scan-ipa-dump-times propagating const 3
FAIL: gcc.dg/ipa/ipa-4.c (internal compiler error)
FAIL: gcc.dg/ipa/ipa-4.c (test for excess errors)
FAIL: gcc.dg/ipa/ipa-5.c (internal compiler error)
FAIL: gcc.dg/ipa/ipa-5.c (test for excess errors)
FAIL: gcc.dg/ipa/ipa-6.c (internal compiler error)
FAIL: gcc.dg/ipa/ipa-6.c (test for excess errors)
WARNING: gcc.dg/torture/fp-int-convert-float128-timode.c -O0 compilation failed to produce executable
WARNING: gcc.dg/torture/fp-int-convert-float128-timode.c -O1 compilation failed to produce executable
WARNING: gcc.dg/torture/fp-int-convert-float128-timode.c -O2 compilation failed to produce executable
WARNING: gcc.dg/torture/fp-int-convert-float128-timode.c -O3 -fomit-frame-pointer compilation failed to produce executable
WARNING: gcc.dg/torture/fp-int-convert-float128-timode.c -O3 -g compilation failed to produce executable
WARNING: gcc.dg/torture/fp-int-convert-float128-timode.c -Os compilation failed to produce executable
FAIL: gcc.dg/torture/fp-int-convert-float128.c -O0 (test for excess errors)
WARNING: gcc.dg/torture/fp-int-convert-float128.c -O0 compilation failed to produce executable
FAIL: gcc.dg/torture/fp-int-convert-float128.c -O1 (test for excess errors)
WARNING: gcc.dg/torture/fp-int-convert-float128.c -O1 compilation failed to produce executable
FAIL: gcc.dg/torture/fp-int-convert-float128.c -O2 (test for excess errors)
WARNING: gcc.dg/torture/fp-int-convert-float128.c -O2 compilation failed to produce executable
FAIL: gcc.dg/torture/fp-int-convert-float128.c -O3 -fomit-frame-pointer (test for excess errors)
WARNING: gcc.dg/torture/fp-int-convert-float128.c -O3 -fomit-frame-pointer compilation failed to produce executable
FAIL: gcc.dg/torture/fp-int-convert-float128.c -O3 -g (test for excess errors)
WARNING: gcc.dg/torture/fp-int-convert-float128.c -O3 -g compilation failed to produce executable
FAIL: gcc.dg/torture/fp-int-convert-float128.c -Os (test for excess errors)
WARNING: gcc.dg/torture/fp-int-convert-float128.c -Os compilation failed to produce executable
FAIL: gcc.dg/tree-prof/stringop-1.c scan-tree-dump memcpy.*4\\)
FAIL: gcc.dg/tree-ssa/loadpre1.c scan-tree-dump-times Eliminated: 1 1
XPASS: gcc.dg/tree-ssa/loop-1.c scan-assembler-times foo 5
FAIL: gcc.dg/vect/vect-reduc-dot-s16b.c scan-tree-dump-times vectorized 1 loops 0
FAIL: gcc.dg/vect/vect-reduc-pattern-1a.c scan-tree-dump-times vectorized 1 loops 0
FAIL: gcc.dg/vect/vect-reduc-pattern-1c.c scan-tree-dump-times vectorized 1 loops 0
FAIL: gcc.dg/vect/vect-reduc-pattern-2a.c scan-tree-dump-times vectorized 1 loops 0
FAIL: gcc.dg/vect/wrapv-vect-reduc-pattern-2c.c scan-tree-dump-times vectorized 1 loops 0
FAIL: gcc.dg/vect/no-section-anchors-vect-69.c scan-tree-dump-times Alignment of access forced using peeling 3
=== gcc Summary ===
# of expected passes 41257
# of unexpected failures 38
# of unexpected successes 1
# of expected failures 154
# of unresolved testcases 2
# of untested testcases 28
# of unsupported tests 360
/tmp/cvs/gcc-20070108/Build/gcc/xgcc version 4.3.0 20070108 (experimental)
=== gfortran tests ===
Running target unix
FAIL: gfortran.dg/c_by_val_1.f -O0 execution test
FAIL: gfortran.dg/c_by_val_1.f -O1 execution test
FAIL: gfortran.dg/c_by_val_1.f -O2 execution test
FAIL: gfortran.dg/c_by_val_1.f -O3 -fomit-frame-pointer execution test
FAIL: gfortran.dg/c_by_val_1.f -O3 -fomit-frame-pointer -funroll-loops execution test
FAIL: gfortran.dg/c_by_val_1.f -O3 -fomit-frame-pointer -funroll-all-loops -finline-functions execution test
FAIL: gfortran.dg/c_by_val_1.f -O3 -g execution test
FAIL: gfortran.dg/c_by_val_1.f -Os execution test
FAIL: gfortran.dg/vect/vect-4.f90 -O scan-tree-dump-times Alignment of access forced using peeling 1
FAIL: gfortran.dg/vect/vect-4.f90 -O scan-tree-dump-times Vectorizing an unaligned access 1
=== gfortran Summary ===
# of expected passes 15847
# of unexpected failures 10
# of expected failures 11
# of unsupported tests 27
/tmp/cvs/gcc-20070108/Build/gcc/testsuite/gfortran/../../gfortran version 4.3.0 20070108 (experimental)
=== gnat tests ===
Running target unix
FAIL: gnat.dg/address_conversion.adb execution test
FAIL: gnat.dg/frame_overflow.adb (test for errors, line 12)
FAIL: gnat.dg/frame_overflow.adb (test for errors, line 21)
=== gnat Summary ===
# of expected passes 112
# of unexpected failures 3
=== objc tests ===
Running target unix
=== objc Summary ===
# of expected passes 1764
# of expected failures 7
# of unsupported tests 25
/tmp/cvs/gcc-20070108/Build/gcc/xgcc version 4.3.0 20070108 (experimental)
=== libffi tests ===
Running target unix
=== libffi Summary ===
# of expected passes 1096
# of unsupported tests 8
=== libgomp tests ===
Running target unix
=== libgomp Summary ===
# of expected passes 1548
=== libjava tests ===
Running target unix
FAIL: Throw_3 -O3 output - source compiled test
FAIL: Throw_3 -O3 output - bytecode->native test
FAIL: Throw_3 -O3 -findirect-dispatch output - bytecode->native test
=== libjava Summary ===
# of expected passes 7033
# of unexpected failures 3
# of expected failures 12
# of untested testcases 8
=== libmudflap tests ===
Running target unix
FAIL: libmudflap.cth/pass59-frag.c (test for excess errors)
FAIL: libmudflap.cth/pass59-frag.c (-O2) (test for excess errors)
FAIL: libmudflap.cth/pass59-frag.c (-O3) (test for excess errors)
=== libmudflap Summary ===
# of expected passes 1372
# of unexpected failures 3
=== libstdc++ tests ===
Running target unix
XPASS: 26_numerics/cmath/c99_classification_macros_c.cc (test for excess errors)
XPASS: 27_io/fpos/14320-1.cc execution test
=== libstdc++ Summary ===
# of expected passes 4466
# of unexpected successes 2
# of expected failures 14
Compiler version: 4.3.0 20070108 (experimental)
Platform: ia64-suse-linux-gnu
configure flags: --prefix=/tmp/cvs/gcc-20070108/Build/root --host=ia64-suse-linux --enable-shared --enable-threads --enable-__cxa_atexit --with-system-zlib --with-system-libunwind --enable-languages=c,ada,c++,fortran,java,objc
More information about the Gcc-testresults
mailing list