Results for 3.4.6 (Debian 3.4.6-5) testsuite on x86_64-linux-gnu
Matthias Klose
doko@debian.org
Fri Jan 5 00:55:00 GMT 2007
LAST_UPDATED: Obtained from SVN: tags/gcc_3_4_6_release revision 111785
Native configuration is x86_64-linux-gnu (excelsior)
=== gpc tests ===
Running target any
FAIL: chief40.pas
FAIL: chuck6.pas
FAIL: fieldw.pas
FAIL: fjf23.pas
FAIL: fjf30b.pas
FAIL: fjf327.pas
FAIL: fjf526a.pas
FAIL: fjf526b.pas
FAIL: fsc22.pas
FAIL: fsc24.pas
FAIL: shl.pas
FAIL: writeb.pas
FAIL: writec.pas
FAIL: writee.pas
FAIL: writeg.pas
=== gpc Summary ===
# of tests 5057
# of expected passes 5040
# of unexpected failures 15
# of unsupported tests 2
/build/buildd/gcc-3.4-3.4.6ds1/build/gcc/xgpc version 20060325, based on gcc-3.4.6 (Debian 3.4.6-5)
=== g++ tests ===
Running target unix
XPASS: g++.old-deja/g++.other/init5.C execution test
=== g++ Summary for unix ===
# of expected passes 9956
# of unexpected successes 1
# of expected failures 66
# of unsupported tests 76
Running target unix/-m32
XPASS: g++.old-deja/g++.other/init5.C execution test
=== g++ Summary for unix/-m32 ===
# of expected passes 10007
# of unexpected successes 1
# of expected failures 66
# of unsupported tests 50
=== g++ Summary ===
# of expected passes 19963
# of unexpected successes 2
# of expected failures 132
# of unsupported tests 126
/build/buildd/gcc-3.4-3.4.6ds1/build/gcc/testsuite/../g++ version 3.4.6 (Debian 3.4.6-5)
=== g77 tests ===
Running target unix
=== g77 Summary for unix ===
# of expected passes 1812
# of unsupported tests 6
Running target unix/-m32
=== g77 Summary for unix/-m32 ===
# of expected passes 1824
=== g77 Summary ===
# of expected passes 3636
# of unsupported tests 6
/build/buildd/gcc-3.4-3.4.6ds1/build/gcc/testsuite/../g77 version 3.4.6 (Debian 3.4.6-5)
=== gcc tests ===
Running target unix
FAIL: gcc.dg/compat/vector-1 c_compat_x_tst.o compile
FAIL: gcc.dg/compat/vector-1 c_compat_y_tst.o compile
UNRESOLVED: gcc.dg/compat/vector-1 c_compat_x_tst.o-c_compat_y_tst.o link
UNRESOLVED: gcc.dg/compat/vector-1 c_compat_x_tst.o-c_compat_y_tst.o execute
FAIL: gcc.dg/compat/vector-2 c_compat_x_tst.o compile
FAIL: gcc.dg/compat/vector-2 c_compat_y_tst.o compile
UNRESOLVED: gcc.dg/compat/vector-2 c_compat_x_tst.o-c_compat_y_tst.o link
UNRESOLVED: gcc.dg/compat/vector-2 c_compat_x_tst.o-c_compat_y_tst.o execute
FAIL: gcc.dg/i386-sse-2.c (test for excess errors)
FAIL: gcc.dg/titype-1.c (test for excess errors)
UNRESOLVED: gcc.dg/titype-1.c compilation failed to produce executable
=== gcc Summary for unix ===
# of expected passes 25131
# of unexpected failures 6
# of expected failures 69
# of unresolved testcases 5
# of untested testcases 7
# of unsupported tests 293
Running target unix/-m32
FAIL: gcc.c-torture/execute/loop-2e.c execution, -Os
FAIL: gcc.c-torture/execute/va-arg-25.c execution, -Os
FAIL: gcc.c-torture/execute/ieee/20010114-2.c execution, -O1
FAIL: gcc.c-torture/execute/ieee/20010114-2.c execution, -O2
FAIL: gcc.c-torture/execute/ieee/20010114-2.c execution, -Os
FAIL: gcc.c-torture/execute/ieee/20030331-1.c execution, -O1
FAIL: gcc.c-torture/execute/ieee/20030331-1.c execution, -O2
FAIL: gcc.c-torture/execute/ieee/20030331-1.c execution, -O3 -fomit-frame-pointer
FAIL: gcc.c-torture/execute/ieee/20030331-1.c execution, -O3 -g
FAIL: gcc.c-torture/execute/ieee/20030331-1.c execution, -Os
FAIL: gcc.c-torture/execute/ieee/980619-1.c execution, -O1
FAIL: gcc.c-torture/execute/ieee/980619-1.c execution, -O2
FAIL: gcc.c-torture/execute/ieee/980619-1.c execution, -O3 -fomit-frame-pointer
FAIL: gcc.c-torture/execute/ieee/980619-1.c execution, -O3 -fomit-frame-pointer -funroll-loops
FAIL: gcc.c-torture/execute/ieee/980619-1.c execution, -O3 -fomit-frame-pointer -funroll-all-loops -finline-functions
FAIL: gcc.c-torture/execute/ieee/980619-1.c execution, -O3 -g
FAIL: gcc.c-torture/execute/ieee/980619-1.c execution, -Os
FAIL: linkage.c
=== gcc Summary for unix/-m32 ===
# of expected passes 25358
# of unexpected failures 18
# of expected failures 69
# of untested testcases 7
# of unsupported tests 213
=== gcc Summary ===
# of expected passes 50489
# of unexpected failures 24
# of expected failures 138
# of unresolved testcases 5
# of untested testcases 14
# of unsupported tests 506
/build/buildd/gcc-3.4-3.4.6ds1/build/gcc/xgcc version 3.4.6 (Debian 3.4.6-5)
=== libstdc++ tests ===
Running target unix
XPASS: 22_locale/locale/cons/12658_thread.cc execution test
XPASS: 26_numerics/c99_classification_macros_c.cc (test for excess errors)
XPASS: 27_io/fpos/14320-1.cc execution test
=== libstdc++ Summary for unix ===
# of expected passes 2737
# of unexpected successes 3
# of expected failures 4
Running target unix/-m32
XPASS: 22_locale/locale/cons/12658_thread.cc execution test
FAIL: 22_locale/messages/members/char/1.cc execution test
FAIL: 22_locale/messages/members/char/2.cc execution test
FAIL: 22_locale/messages/members/char/wrapped_env.cc execution test
FAIL: 22_locale/messages/members/char/wrapped_locale.cc execution test
FAIL: 22_locale/messages_byname/named_equivalence.cc execution test
XPASS: 26_numerics/c99_classification_macros_c.cc (test for excess errors)
=== libstdc++ Summary for unix/-m32 ===
# of expected passes 2732
# of unexpected failures 5
# of unexpected successes 2
# of expected failures 5
=== libstdc++ Summary ===
# of expected passes 5469
# of unexpected failures 5
# of unexpected successes 5
# of expected failures 9
Compiler version: 3.4.6 (Debian 3.4.6-5)
Platform: x86_64-linux-gnu
configure flags: -v --enable-languages=c,c++,f77,pascal --prefix=/usr --libexecdir=/usr/lib --with-gxx-include-dir=/usr/include/c++/3.4 --enable-shared --with-system-zlib --enable-nls --without-included-gettext --program-suffix=-3.4 --enable-__cxa_atexit --enable-clocale=gnu --enable-libstdcxx-debug x86_64-linux-gnu
BOOT_CFLAGS=-O2
Build Dependencies:
Desired=Unknown/Install/Remove/Purge/Hold
| Status=Not/Installed/Config-files/Unpacked/Failed-config/Half-installed
|/ Err?=(none)/Hold/Reinst-required/X=both-problems (Status,Err: uppercase=bad)
||/ Name Version Description
+++-==============-==============-==============================================
ii binutils 2.17-3 The GNU assembler, linker and binary utilities
Patches that Debian applied in this version:
gcc-textdomain:
Set gettext's domain and textdomain to the versioned package name.
libstdc++-pic:
Build and install libstdc++_pic.a library.
libstdc++-doclink:
adjust hrefs to point to the local documentation
libstdc++-doxygen-syntax:
fix doxygen syntax error in header that causes segfaults with some
versions
amd64-specs:
On x86-64 use 64bits mode assembly except with -m32.
gccbug:
Use sensible-editor instead of vi as fallback editor
gccbug-posix:
Make gccbug POSIX compliant (patch by David Weinehall)
http://www.opengroup.org/onlinepubs/009695399/utilities/test.html
hppa-toplevel:
For hppa-linux enable libgcj and dependent libs in the toplevel directory
hppa-libffi:
libffi support for hppa
hppa-libjava:
Enable libjava support for hppa
hppa-libjava-update:
MD_FALLBACK_FRAME_STATE_FOR definition for pa32-linux
fastjar-update:
Implement fastjar -u (PR 7854).
fastjar-version:
Append GCC version to the fastjar version string.
boehm-gc-nocheck:
Disable the boehm-gc testsuite. Hangs forever on this architecture
libltdl:
* libltdl.dpatch: Search the versioned extension, when loading a shared
library (i.e. gij looks for .so.5 for loading additional libraries
like the GTK based AWT peers.
m68k-update:
Add two m68k specfic patches backported from 4.0 concerning wrong code
generation (Richard Zidlicky).
libf2c-mxunit:
libf2c/libI77/fio.c: Set MXUNIT to 1000.
arm-bigendian:
cpu-default-i486:
set default 32bit ix86 architecture to i486
fastjar-doc:
fastjar.texi: Directly define the gcctabopt and gccoptlist macros.
libffi-soversion:
Install libffi with soversion 3.
gpc-20060215-20060322:
gpc update 20060215-20060322
gpc-3.x:
The gpc patch from the gpc tarball.
gpc-doc:
gpc documentation: Fix hyperlinks to the example files.
gpc-updates:
gpc-bison-2.2:
gpc fixes for bison-2.2
gpc-names:
versioned gpc names
libffi-mips:
libffi mips update
libjava-mips:
libjava-mips patch from Thiemo Seufer <ica2_ts@csv.ica.uni-stuttgart.de>
libstdc++-mips-atomic:
Fix libstdc++ atomic ops for mips/mipsel
biarch-include:
biarch-include.dpatch
Adds biarch include directories
/usr/include/c++/<ver>/<arch>-linux-gnu
/usr/local/include/<arch>-linux-gnu
/usr/include/<arch>-linux-gnu
to the system include paths, depending on 32/64 bit mode.
config-ml:
disable some biarch libraries for biarch builds
amd64-biarch:
biarch patches for i386/x86_64
link-libs:
reporting:
Add Debian URL for bug reporting isntructions.
gcc-version:
Add package identification to the gcc version string
configure-deplibs_check_method:
In all configure scripts for libraries, generated with autoconf2.13, use
deplibs_check_method=pass_all unconditionally for all linux architectures.
Counting all warnings,
there are 156 warnings in stage3 of this bootstrap.
Number of warnings per file:
50 gcc/p/gpc.h
16 ./auto-host.h
12 gcc/cppdefault.c
11 pascal-lex.c
8 gcc/tsystem.h
8 gcc/defaults.h
5 gcc/p/typecheck.c
4 gcc/p/statements.c
4 gcc/p/rts/constants.def
4 gcc/p/predef.c
4 gcc/config/i386/i386.md
3 insn-conditions.c
3 gengtype-lex.c
3 gcc/p/types.c
3 gcc/p/lang.c
3 gcc/p/gpc.c
3 gcc/p/expressions.c
3 gcc/gcc.c
2 gcc/p/plant.c
2 gcc/p/declarations.c
2 gcc/libgcc2.c
1 libiberty/choose-temp.c
1 gcc/p/gpcpp.c
1 gcc/dbxout.c
Number of warning types:
35 C++ style comments are not allowed in ISO C90
35 (this will be reported only once per input file)
16 this is the location of the previous definition
9 string length `???' is greater than the length `???' ISO C89 compilers are required to support
8 `HAVE_DECL_GETOPT' redefined
8 `DEFAULT_USE_CXA_ATEXIT' redefined
6 missing initializer
6 (near initialization for `???')
4 unused variable `???'
3 old-style parameter declaration
2 source missing a mode?
2 operand 1 missing mode?
2 no previous prototype for '__enable_execute_stack'
2 `return' with a value, in function returning void
1 unused parameter 'argtype'
1 the use of `???' is dangerous, better use `???'
1 suggest explicit braces to avoid ambiguous `else'
1 no previous prototype for 'yyset_out'
1 no previous prototype for 'yyset_lineno'
1 no previous prototype for 'yyset_in'
1 no previous prototype for 'yyset_debug'
1 no previous prototype for 'yylex_destroy'
1 no previous prototype for 'yyget_text'
1 no previous prototype for 'yyget_out'
1 no previous prototype for 'yyget_lineno'
1 no previous prototype for 'yyget_leng'
1 no previous prototype for 'yyget_in'
1 no previous prototype for 'yyget_debug'
1 no previous prototype for 'xnon_lvalue'
1 no previous prototype for 'pascal_mark_addressable'
1 't' might be used uninitialized in this function
1 'is_discriminant_of' declared `static' but never defined
More information about the Gcc-testresults
mailing list