Results for 3.3.6 (Debian 1:3.3.6-15) testsuite on alpha-unknown-linux-gnu
Matthias Klose
doko@debian.org
Fri Jan 5 00:54:00 GMT 2007
LAST_UPDATED:
=== libstdc++-v3 check-abi Summary ===
# of added symbols: 11
# of missing symbols: 1998
# of incompatible symbols: 2000
using: /build/buildd/gcc-3.3-3.3.6ds1/src/libstdc++-v3/config/abi/alpha-linux-gnu/baseline_symbols.txt
Native configuration is alpha-unknown-linux-gnu
=== libstdc++-v3 tests ===
Running target unix
FAIL: 18_support/numeric_limits.cc execution test
XPASS: 22_locale/collate_byname.cc execution test
XPASS: 22_locale/collate_members_char.cc execution test
XPASS: 22_locale/collate_members_wchar_t.cc execution test
XPASS: 22_locale/ctype_is_char.cc execution test
XPASS: 22_locale/ctype_is_wchar_t.cc execution test
XPASS: 22_locale/members.cc execution test
XPASS: 22_locale/messages_byname.cc execution test
XPASS: 22_locale/messages_members_char.cc execution test
XPASS: 22_locale/money_get_members_char.cc execution test
XPASS: 22_locale/money_get_members_wchar_t.cc execution test
XPASS: 22_locale/money_put_members_char.cc execution test
XPASS: 22_locale/money_put_members_wchar_t.cc execution test
XPASS: 22_locale/moneypunct_byname.cc execution test
XPASS: 22_locale/moneypunct_members_char.cc execution test
XPASS: 22_locale/moneypunct_members_wchar_t.cc execution test
XPASS: 22_locale/num_get_members_char.cc execution test
XPASS: 22_locale/num_get_members_wchar_t.cc execution test
XPASS: 22_locale/num_put_members_char.cc execution test
XPASS: 22_locale/num_put_members_wchar_t.cc execution test
XPASS: 22_locale/numpunct_byname.cc execution test
XPASS: 22_locale/numpunct_members_char.cc execution test
XPASS: 22_locale/numpunct_members_wchar_t.cc execution test
XPASS: 22_locale/time_get_members_char.cc execution test
XPASS: 22_locale/time_get_members_wchar_t.cc execution test
XPASS: 22_locale/time_put_members_char.cc execution test
XPASS: 22_locale/time_put_members_wchar_t.cc execution test
FAIL: 26_numerics/fabs_inline.cc (test for excess errors)
UNRESOLVED: 26_numerics/fabs_inline.cc compilation failed to produce executable
=== libstdc++-v3 Summary ===
# of expected passes 450
# of unexpected failures 2
# of unexpected successes 26
# of expected failures 2
# of unresolved testcases 1
=== g++ tests ===
Running target unix
XPASS: g++.other/init5.C Execution test
=== g++ Summary ===
# of expected passes 8215
# of unexpected successes 1
# of expected failures 97
# of untested testcases 22
# of unsupported tests 29
/build/buildd/gcc-3.3-3.3.6ds1/build/gcc/testsuite/../g++ version 3.3.6 (Debian 1:3.3.6-15)
=== gcc tests ===
Running target unix
FAIL: gcc.c-torture/execute/20020227-1.c compilation, -O0
UNRESOLVED: gcc.c-torture/execute/20020227-1.c execution, -O0
FAIL: gcc.c-torture/execute/20020227-1.c compilation, -O1
UNRESOLVED: gcc.c-torture/execute/20020227-1.c execution, -O1
FAIL: gcc.c-torture/execute/20020227-1.c compilation, -O2
UNRESOLVED: gcc.c-torture/execute/20020227-1.c execution, -O2
FAIL: gcc.c-torture/execute/20020227-1.c compilation, -O3 -fomit-frame-pointer
UNRESOLVED: gcc.c-torture/execute/20020227-1.c execution, -O3 -fomit-frame-pointer
FAIL: gcc.c-torture/execute/20020227-1.c compilation, -O3 -g
UNRESOLVED: gcc.c-torture/execute/20020227-1.c execution, -O3 -g
FAIL: gcc.c-torture/execute/20020227-1.c compilation, -Os
UNRESOLVED: gcc.c-torture/execute/20020227-1.c execution, -Os
FAIL: gcc.c-torture/execute/simd-2.c compilation, -O3 -fomit-frame-pointer
UNRESOLVED: gcc.c-torture/execute/simd-2.c execution, -O3 -fomit-frame-pointer
FAIL: gcc.c-torture/execute/simd-2.c compilation, -O3 -g
UNRESOLVED: gcc.c-torture/execute/simd-2.c execution, -O3 -g
FAIL: gcc.c-torture/execute/ieee/20000320-1.c execution, -O0
FAIL: gcc.c-torture/execute/ieee/20000320-1.c execution, -O1
FAIL: gcc.c-torture/execute/ieee/20000320-1.c execution, -O2
FAIL: gcc.c-torture/execute/ieee/20000320-1.c execution, -O3 -fomit-frame-pointer
FAIL: gcc.c-torture/execute/ieee/20000320-1.c execution, -O3 -g
FAIL: gcc.c-torture/execute/ieee/20000320-1.c execution, -Os
FAIL: gcc.dg/duff-2.c (test for excess errors)
FAIL: gcc.dg/special/gcsec-1.c -ffunction-sections -fdata-sections -Wl,--gc-sections -static (test for excess errors)
=== gcc Summary ===
# of expected passes 21237
# of unexpected failures 16
# of expected failures 72
# of unresolved testcases 8
# of unsupported tests 187
/build/buildd/gcc-3.3-3.3.6ds1/build/gcc/xgcc version 3.3.6 (Debian 1:3.3.6-15)
Compiler version: 3.3.6 (Debian 1:3.3.6-15)
Platform: alpha-unknown-linux-gnu
configure flags: --host=alpha-linux-gnu -v --enable-languages=c,c++ --prefix=/usr --mandir=/usr/share/man --infodir=/usr/share/info --with-gxx-include-dir=/usr/include/c++/3.3 --enable-shared --enable-__cxa_atexit --with-system-zlib --enable-nls --without-included-gettext --enable-clocale=gnu --enable-debug
BOOT_CFLAGS=-g -O2
Build Dependencies:
Desired=Unknown/Install/Remove/Purge/Hold
| Status=Not/Installed/Config-files/Unpacked/Failed-config/Half-installed
|/ Err?=(none)/Hold/Reinst-required/X=both-problems (Status,Err: uppercase=bad)
||/ Name Version Description
+++-==============-==============-==============================================
ii binutils 2.17-3 The GNU assembler, linker and binary utilities
ii libc6.1-dev 2.3.6.ds1-9 GNU C Library: Development Libraries and Heade
Patches that Debian applied in this version:
pr14925:
Backport of PR14925 to the gcc-3.3 branch
pr17684:
Backport of PR17684 to the gcc-3.3 branch
pr18153:
Backport of PR18153 to the gcc-3.3 branch
pr18380:
Backport of PR18380 to the gcc-3.3 branch
pr18508:
Backport of PR18508 to the gcc-3.3 branch
pr10692:
2005-01-05 Richard Henderson <rth@redhat.com>
PR rtl-opt/10692
* reload1.c (do_input_reload): Restrict the optimization deleteing
a previous output reload to RELOAD_FOR_INPUT.
pr23241:
Fix PR rtl-optimization/23241
gcc-version:
Add "(Debian <package version>)" to the gcc version string
libf2c-update:
libf2c update taken from the 3.4.1 release.
libobjc-update:
libobjc update taken from the 3.4.1 release.
libstdc++-pic:
Build and install libstdc++_pic.a library.
libstdc++-doclink:
link local libstdc++ documentation to local source-level documentation
gccbug:
Use sensible-editor instead of vi as fallback editor
gccbug-posix:
Make gccbug POSIX compliant (patch by David Weinehall)
http://www.opengroup.org/onlinepubs/009695399/utilities/test.html
hppa-libffi:
libffi support for hppa
hppa-libjava:
Enable libjava support for hppa
libffi-config:
ffi.h.in: correctly #define ffi_type_[us]long on 32bit archs
i386-mtune:
2004-07-08 Paolo Bonzini <bonzini@gnu.org>
Jakub Jelinek <jakub@redhat.com>
* config/i386/i386.c (override_options): Enable
SSE prefetches with -mtune, as long as we are
compiling for i686 or higher. All i686 processors
accept SSE prefetches as NOPS, some i586's don't.
link-libs:
gcc-mips-update:
http://gcc.gnu.org/ml/gcc-patches/2004-06/msg01187.html
Backport from 3.4: Don't use empic relocs for mips-linux eh
fastjar-doc:
fastjar.texi: Directly define the gcctabopt and gccoptlist macros.
libtool-rpath:
2003-03-10 Andreas Schwab <schwab at suse dot de>
With the introduction of multi-os-directory the libdir specification in
*.la files have /. appended to \$(libdir). This confuses libtool when it
tries to find out whether to add -rpath, because it only matches literally
against sys_lib_dlsearch_path members. Tested on i386-linux.
alpha-ieee:
#212912
on alpha-linux, make -mieee default and add -mieee-disable switch
to turn default off
multiarch-include:
reporting:
Add Debian URL for bug reporting isntructions.
configure-deplibs_check_method:
In all configure scripts for libraries, use
deplibs_check_method=pass_all unconditionally for all linux architectures.
Counting all warnings,
there are 25 warnings in stage3 of this bootstrap.
Number of warnings per file:
5 c-p15339.c
3 gcc/tlink.c
3 gcc/gcc.c
2 gengtype-yacc.c
2 gcc/crtstuff.c
2 gcc/cppdefault.c
1 insn-conditions.c
1 gcc/varasm.c
1 gcc/regrename.c
1 gcc/ra-colorize.c
1 gcc/ra-build.c
1 gcc/diagnostic.c
1 gcc/config/alpha/alpha.c
1 gcc/collect2.c
Number of warning types:
7 traditional C rejects ISO C style function definitions
4 comparison of unsigned expression < 0 is always false
3 traditional C rejects string concatenation
3 string length `???' is greater than the length `???' ISO C89 compilers are required to support
2 passing arg ??? of `???' discards qualifiers from pointer target type
1 unused variable `???'
1 unused parameter `???'
1 too many arguments for format
1 `long' switch expression not converted to `int' in ISO C
1 `???' might be used uninitialized in this function
1 `???' defined but not used
More information about the Gcc-testresults
mailing list