Results for 4.3.0 20070226 (experimental) testsuite on hppa64-hp-hpux11.11
John David Anglin
dave@hiauly3.hia.nrc.ca
Tue Feb 27 14:17:00 GMT 2007
LAST_UPDATED: Mon Feb 26 16:29:45 UTC 2007 (revision 122335M)
Native configuration is hppa64-hp-hpux11.11
=== g++ tests ===
Running target unix
XPASS: g++.dg/eh/weak1.C execution test
XPASS: g++.dg/tree-ssa/ivopts-1.C scan-tree-dump-not offset: -4B
XPASS: g++.dg/tree-ssa/ivopts-1.C scan-tree-dump-not &x\\[5\\]
FAIL: g++.dg/special/conpr-1.C (test for excess errors)
WARNING: g++.dg/special/conpr-1.C compilation failed to produce executable
FAIL: g++.dg/special/conpr-2.C (test for excess errors)
WARNING: g++.dg/special/conpr-2.C compilation failed to produce executable
FAIL: g++.dg/special/conpr-3.C (test for excess errors)
WARNING: g++.dg/special/conpr-3.C compilation failed to produce executable
FAIL: g++.dg/special/conpr-4.C (test for excess errors)
WARNING: g++.dg/special/conpr-4.C compilation failed to produce executable
FAIL: g++.dg/special/initp1.C (test for excess errors)
WARNING: g++.dg/special/initp1.C compilation failed to produce executable
FAIL: g++.dg/special/initpri1.C execution test
=== g++ Summary ===
# of expected passes 13164
# of unexpected failures 6
# of unexpected successes 3
# of expected failures 83
# of unsupported tests 149
/test/gnu/gcc/objdir/gcc/testsuite/g++/../../g++ version 4.3.0 20070226 (experimental)
=== gcc tests ===
Running target unix
FAIL: gcc.c-torture/execute/mayalias-2.c compilation, -O3 -g (internal compiler error)
UNRESOLVED: gcc.c-torture/execute/mayalias-2.c execution, -O3 -g
FAIL: gcc.c-torture/execute/mayalias-3.c compilation, -O3 -g (internal compiler error)
UNRESOLVED: gcc.c-torture/execute/mayalias-3.c execution, -O3 -g
XPASS: gcc.dg/cpp/cmdlne-dI-M.c scan-file (^|\\\\n)cmdlne-dI-M.*:[^\\\\n]*cmdlne-dI-M.c
XPASS: gcc.dg/cpp/cmdlne-dM-M.c scan-file (^|\\\\n)cmdlne-dM-M[^\\\\n]*:[^\\\\n]*cmdlne-dM-M.c
FAIL: gcc.dg/builtins-20.c (test for excess errors)
FAIL: gcc.dg/builtins-59.c scan-tree-dump __builtin_cexpi
FAIL: gcc.dg/builtins-59.c scan-tree-dump-not sincos
FAIL: gcc.dg/builtins-61.c scan-tree-dump cexpi
FAIL: gcc.dg/builtins-61.c scan-tree-dump sin
FAIL: gcc.dg/builtins-61.c scan-tree-dump cos
FAIL: gcc.dg/builtins-61.c scan-tree-dump return 0.0
FAIL: gcc.dg/builtins-62.c scan-tree-dump-times cexpi 3
XPASS: gcc.dg/funcorder.c scan-assembler-not link_error,%r
FAIL: gcc.dg/initpri1.c execution test
FAIL: gcc.dg/tree-ssa/loadpre1.c scan-tree-dump-times Eliminated: 1 1
XPASS: gcc.dg/tree-ssa/update-threading.c scan-tree-dump-times Invalid sum 0
=== gcc Summary ===
# of expected passes 40906
# of unexpected failures 12
# of unexpected successes 4
# of expected failures 79
# of unresolved testcases 2
# of untested testcases 28
# of unsupported tests 441
/test/gnu/gcc/objdir/gcc/xgcc version 4.3.0 20070226 (experimental)
=== gfortran tests ===
Running target unix
FAIL: gfortran.dg/assumed_charlen_function_5.f90 -O (test for excess errors)
FAIL: gfortran.dg/char_result_7.f90 -O0 (test for excess errors)
WARNING: gfortran.dg/char_result_7.f90 -O0 compilation failed to produce executable
FAIL: gfortran.dg/char_result_7.f90 -O1 (test for excess errors)
WARNING: gfortran.dg/char_result_7.f90 -O1 compilation failed to produce executable
FAIL: gfortran.dg/char_result_7.f90 -O2 (test for excess errors)
WARNING: gfortran.dg/char_result_7.f90 -O2 compilation failed to produce executable
FAIL: gfortran.dg/char_result_7.f90 -O3 -fomit-frame-pointer (test for excess errors)
WARNING: gfortran.dg/char_result_7.f90 -O3 -fomit-frame-pointer compilation failed to produce executable
FAIL: gfortran.dg/char_result_7.f90 -O3 -fomit-frame-pointer -funroll-loops (test for excess errors)
WARNING: gfortran.dg/char_result_7.f90 -O3 -fomit-frame-pointer -funroll-loops compilation failed to produce executable
FAIL: gfortran.dg/char_result_7.f90 -O3 -fomit-frame-pointer -funroll-all-loops -finline-functions (test for excess errors)
WARNING: gfortran.dg/char_result_7.f90 -O3 -fomit-frame-pointer -funroll-all-loops -finline-functions compilation failed to produce executable
FAIL: gfortran.dg/char_result_7.f90 -O3 -g (test for excess errors)
WARNING: gfortran.dg/char_result_7.f90 -O3 -g compilation failed to produce executable
FAIL: gfortran.dg/char_result_7.f90 -Os (test for excess errors)
WARNING: gfortran.dg/char_result_7.f90 -Os compilation failed to produce executable
FAIL: gfortran.dg/dummy_functions_1.f90 -O (test for excess errors)
FAIL: gfortran.dg/dummy_procedure_1.f90 -O (test for errors, line 36)
FAIL: gfortran.dg/dummy_procedure_1.f90 -O (test for errors, line 40)
FAIL: gfortran.dg/dummy_procedure_1.f90 -O (test for excess errors)
FAIL: gfortran.dg/dummy_procedure_2.f90 -O (test for errors, line 27)
FAIL: gfortran.dg/dummy_procedure_2.f90 -O (test for excess errors)
FAIL: gfortran.dg/entry_1.f90 -O0 (test for excess errors)
WARNING: gfortran.dg/entry_1.f90 -O0 compilation failed to produce executable
FAIL: gfortran.dg/entry_1.f90 -O1 (test for excess errors)
WARNING: gfortran.dg/entry_1.f90 -O1 compilation failed to produce executable
FAIL: gfortran.dg/entry_1.f90 -O2 (test for excess errors)
WARNING: gfortran.dg/entry_1.f90 -O2 compilation failed to produce executable
FAIL: gfortran.dg/entry_1.f90 -O3 -fomit-frame-pointer (test for excess errors)
WARNING: gfortran.dg/entry_1.f90 -O3 -fomit-frame-pointer compilation failed to produce executable
FAIL: gfortran.dg/entry_1.f90 -O3 -fomit-frame-pointer -funroll-loops (test for excess errors)
WARNING: gfortran.dg/entry_1.f90 -O3 -fomit-frame-pointer -funroll-loops compilation failed to produce executable
FAIL: gfortran.dg/entry_1.f90 -O3 -fomit-frame-pointer -funroll-all-loops -finline-functions (test for excess errors)
WARNING: gfortran.dg/entry_1.f90 -O3 -fomit-frame-pointer -funroll-all-loops -finline-functions compilation failed to produce executable
FAIL: gfortran.dg/entry_1.f90 -O3 -g (test for excess errors)
WARNING: gfortran.dg/entry_1.f90 -O3 -g compilation failed to produce executable
FAIL: gfortran.dg/entry_1.f90 -Os (test for excess errors)
WARNING: gfortran.dg/entry_1.f90 -Os compilation failed to produce executable
FAIL: gfortran.dg/external_procedures_2.f90 -O (test for excess errors)
FAIL: gfortran.dg/internal_dummy_1.f90 -O (test for excess errors)
FAIL: gfortran.dg/module_proc_external_dummy.f90 -O (test for excess errors)
FAIL: gfortran.dg/sibling_dummy_procedure_1.f90 -O (test for excess errors)
FAIL: gfortran.dg/sibling_dummy_procedure_2.f90 -O (test for excess errors)
FAIL: gfortran.fortran-torture/compile/actual.f90, "-O"
=== gfortran Summary ===
# of expected passes 16233
# of unexpected failures 29
# of expected failures 6
# of unsupported tests 90
/test/gnu/gcc/objdir/gcc/testsuite/gfortran/../../gfortran version 4.3.0 20070226 (experimental)
=== obj-c++ tests ===
Running target unix
FAIL: obj-c++.dg/bitfield-1.mm (internal compiler error)
FAIL: obj-c++.dg/bitfield-1.mm (test for excess errors)
WARNING: obj-c++.dg/bitfield-1.mm compilation failed to produce executable
FAIL: obj-c++.dg/bitfield-4.mm (test for excess errors)
FAIL: obj-c++.dg/comp-types-10.mm (internal compiler error)
FAIL: obj-c++.dg/comp-types-10.mm (test for excess errors)
FAIL: obj-c++.dg/cxx-ivars-2.mm execution test
FAIL: obj-c++.dg/encode-2.mm scan-assembler {Vec<float>=ffi}
FAIL: obj-c++.dg/encode-2.mm scan-assembler {Vec<double>=ddi}
FAIL: obj-c++.dg/encode-3.mm execution test
FAIL: obj-c++.dg/encode-8.mm execution test
FAIL: obj-c++.dg/gnu-runtime-2.mm (test for excess errors)
FAIL: obj-c++.dg/isa-field-1.mm (test for excess errors)
FAIL: obj-c++.dg/layout-1.mm (test for excess errors)
FAIL: obj-c++.dg/lookup-2.mm (test for excess errors)
WARNING: obj-c++.dg/lookup-2.mm compilation failed to produce executable
FAIL: obj-c++.dg/qual-types-1.mm (internal compiler error)
FAIL: obj-c++.dg/qual-types-1.mm (test for excess errors)
WARNING: obj-c++.dg/qual-types-1.mm compilation failed to produce executable
FAIL: obj-c++.dg/template-1.mm (internal compiler error)
FAIL: obj-c++.dg/template-1.mm (test for excess errors)
WARNING: obj-c++.dg/template-1.mm compilation failed to produce executable
FAIL: obj-c++.dg/template-3.mm (internal compiler error)
FAIL: obj-c++.dg/template-3.mm (test for excess errors)
WARNING: obj-c++.dg/template-3.mm compilation failed to produce executable
FAIL: obj-c++.dg/template-4.mm (internal compiler error)
FAIL: obj-c++.dg/template-4.mm (test for excess errors)
WARNING: obj-c++.dg/template-4.mm compilation failed to produce executable
FAIL: obj-c++.dg/try-catch-2.mm (test for excess errors)
WARNING: obj-c++.dg/try-catch-2.mm compilation failed to produce executable
FAIL: obj-c++.dg/try-catch-9.mm (internal compiler error)
FAIL: obj-c++.dg/try-catch-9.mm (test for excess errors)
WARNING: obj-c++.dg/try-catch-9.mm compilation failed to produce executable
=== obj-c++ Summary ===
# of expected passes 412
# of unexpected failures 25
# of unsupported tests 13
/test/gnu/gcc/objdir/gcc/testsuite/obj-c++/../../g++ version 4.3.0 20070226 (experimental)
=== objc tests ===
Running target unix
=== objc Summary ===
# of expected passes 1794
# of expected failures 7
# of unsupported tests 25
/test/gnu/gcc/objdir/gcc/xgcc version 4.3.0 20070226 (experimental)
=== libgomp tests ===
Running target unix
FAIL: libgomp.fortran/threadprivate3.f90 -O3 -fomit-frame-pointer execution test
=== libgomp Summary ===
# of expected passes 1549
# of unexpected failures 1
# of unsupported tests 9
=== libstdc++ tests ===
Running target unix
=== libstdc++ Summary ===
# of expected passes 3942
# of expected failures 15
# of unsupported tests 340
Compiler version: 4.3.0 20070226 (experimental)
Platform: hppa64-hp-hpux11.11
configure flags: --with-gnu-as --with-as=/opt/gnu64/bin/as --with-ld=/usr/ccs/bin/ld --enable-shared --disable-nls --with-local-prefix=/opt/gnu64 --prefix=/opt/gnu64/gcc/gcc-4.3.0 --host=hppa64-hp-hpux11.11 --enable-threads=posix --disable-libmudflap --with-gmp=/opt/gnu64/gcc/gcc-4.3.0 --enable-languages=c,c++,fortran,objc,obj-c++,java
More information about the Gcc-testresults
mailing list