Results for 4.1.3 20070226 (prerelease) testsuite on arm-none-eabi
CodeSourcery Automatic Testing System
gcc@codesourcery.com
Tue Feb 27 06:02:00 GMT 2007
LAST_UPDATED: Mon Feb 26 08:22:04 UTC 2007 (/branches/gcc-4_1-branch revision 122328)
Target is arm-none-eabi
Host is i686-pc-linux-gnu
=== g++ tests ===
Running target arm-sim
FAIL: g++.dg/abi/local1.C execution test
FAIL: g++.dg/opt/switch4.C (test for excess errors)
XPASS: g++.dg/other/packed1.C execution test
XPASS: g++.dg/tree-ssa/pr14814.C scan-tree-dump-times &this 0
XPASS: g++.old-deja/g++.other/init5.C execution test
=== g++ Summary ===
# of expected passes 12268
# of unexpected failures 2
# of unexpected successes 3
# of expected failures 67
# of unsupported tests 122
/scratch/gcc/nightly-2007-02-26-4.1/arm-none-eabi/build_gcc/build/test-4.1-0-arm-none-eabi/host-i686-pc-linux-gnu/fsf-4.1/bin/arm-none-eabi-c++ version 4.1.3 20070226 (prerelease)
Host is i686-pc-linux-gnu
=== gcc tests ===
Running target arm-sim
FAIL: gcc.dg/compat/struct-layout-1 c_compat_x_tst.o compile
FAIL: gcc.dg/compat/struct-layout-1 c_compat_y_tst.o compile
UNRESOLVED: gcc.dg/compat/struct-layout-1 c_compat_x_tst.o-c_compat_y_tst.o link
UNRESOLVED: gcc.dg/compat/struct-layout-1 c_compat_x_tst.o-c_compat_y_tst.o execute
FAIL: gcc.dg/tls/alias-1.c (test for excess errors)
FAIL: gcc.dg/tls/opt-2.c (test for excess errors)
=== gcc Summary ===
# of expected passes 37711
# of unexpected failures 4
# of expected failures 77
# of unresolved testcases 2
# of untested testcases 28
# of unsupported tests 351
/scratch/gcc/nightly-2007-02-26-4.1/arm-none-eabi/build_gcc/build/test-4.1-0-arm-none-eabi/host-i686-pc-linux-gnu/fsf-4.1/bin/arm-none-eabi-gcc version 4.1.3 20070226 (prerelease)
Host is i686-pc-linux-gnu
=== libstdc++ tests ===
Running target arm-sim
FAIL: 23_containers/set/modifiers/16728.cc execution test
WARNING: program timed out.
FAIL: 25_algorithms/search_n/iterator.cc execution test
FAIL: 26_numerics/cmath/c99_classification_macros_c.cc (test for excess errors)
FAIL: 27_io/basic_stringbuf/overflow/char/1.cc execution test
FAIL: 27_io/ios_base/sync_with_stdio/1.cc execution test
XPASS: ext/stdio_filebuf/char/10063-2.cc execution test
XPASS: ext/stdio_filebuf/char/10063-3.cc execution test
=== libstdc++ Summary ===
# of expected passes 2600
# of unexpected failures 5
# of unexpected successes 2
# of expected failures 15
# of unsupported tests 151
Host is i686-pc-linux-gnu
=== g++ tests ===
Running target arm-sim/-mthumb
FAIL: g++.dg/compat/init/init-ref2 cp_compat_y_tst.o compile
UNRESOLVED: g++.dg/compat/init/init-ref2 cp_compat_x_tst.o-cp_compat_y_tst.o link
UNRESOLVED: g++.dg/compat/init/init-ref2 cp_compat_x_tst.o-cp_compat_y_tst.o execute
WARNING: Could not compile g++.dg/compat/struct-layout-1 generator
FAIL: g++.dg/debug/anonunion1.C -gdwarf-21 (test for excess errors)
FAIL: g++.dg/debug/anonunion1.C -gdwarf-21 -O2 (test for excess errors)
FAIL: g++.dg/debug/anonunion1.C -gdwarf-21 -O3 (test for excess errors)
FAIL: g++.dg/debug/anonunion1.C -gdwarf-2 (test for excess errors)
FAIL: g++.dg/debug/anonunion1.C -gdwarf-2 -O2 (test for excess errors)
FAIL: g++.dg/debug/anonunion1.C -gdwarf-2 -O3 (test for excess errors)
FAIL: g++.dg/debug/anonunion1.C -gdwarf-23 (test for excess errors)
FAIL: g++.dg/debug/anonunion1.C -gdwarf-23 -O2 (test for excess errors)
FAIL: g++.dg/debug/anonunion1.C -gdwarf-23 -O3 (test for excess errors)
FAIL: g++.dg/debug/anonunion1.C -gstabs1 (test for excess errors)
FAIL: g++.dg/debug/anonunion1.C -gstabs1 -O2 (test for excess errors)
FAIL: g++.dg/debug/anonunion1.C -gstabs1 -O3 (test for excess errors)
FAIL: g++.dg/debug/anonunion1.C -gstabs (test for excess errors)
FAIL: g++.dg/debug/anonunion1.C -gstabs -O2 (test for excess errors)
FAIL: g++.dg/debug/anonunion1.C -gstabs -O3 (test for excess errors)
FAIL: g++.dg/debug/anonunion1.C -gstabs3 (test for excess errors)
FAIL: g++.dg/debug/anonunion1.C -gstabs3 -O2 (test for excess errors)
FAIL: g++.dg/debug/anonunion1.C -gstabs3 -O3 (test for excess errors)
FAIL: g++.dg/debug/anonunion1.C -gstabs+1 (test for excess errors)
FAIL: g++.dg/debug/anonunion1.C -gstabs+1 -O2 (test for excess errors)
FAIL: g++.dg/debug/anonunion1.C -gstabs+1 -O3 (test for excess errors)
FAIL: g++.dg/debug/anonunion1.C -gstabs+ (test for excess errors)
FAIL: g++.dg/debug/trivial.C -gdwarf-21 execution test
FAIL: g++.dg/debug/trivial.C -gdwarf-21 -O2 execution test
FAIL: g++.dg/debug/trivial.C -gdwarf-21 -O3 execution test
FAIL: g++.dg/debug/trivial.C -gdwarf-2 execution test
FAIL: g++.dg/debug/trivial.C -gdwarf-2 -O2 execution test
FAIL: g++.dg/debug/trivial.C -gdwarf-2 -O3 execution test
FAIL: g++.dg/debug/trivial.C -gdwarf-23 execution test
FAIL: g++.dg/debug/trivial.C -gdwarf-23 -O2 execution test
FAIL: g++.dg/debug/trivial.C -gdwarf-23 -O3 execution test
FAIL: g++.dg/debug/trivial.C -gstabs1 execution test
FAIL: g++.dg/debug/trivial.C -gstabs1 -O2 execution test
FAIL: g++.dg/debug/trivial.C -gstabs1 -O3 execution test
FAIL: g++.dg/debug/trivial.C -gstabs execution test
FAIL: g++.dg/debug/trivial.C -gstabs -O2 execution test
FAIL: g++.dg/debug/trivial.C -gstabs -O3 execution test
FAIL: g++.dg/debug/trivial.C -gstabs3 execution test
FAIL: g++.dg/debug/trivial.C -gstabs3 -O2 execution test
FAIL: g++.dg/debug/trivial.C -gstabs3 -O3 execution test
FAIL: g++.dg/debug/trivial.C -gstabs+1 execution test
FAIL: g++.dg/debug/trivial.C -gstabs+1 -O2 execution test
FAIL: g++.dg/debug/trivial.C -gstabs+1 -O3 execution test
FAIL: g++.dg/debug/trivial.C -gstabs+ execution test
FAIL: g++.dg/debug/trivial.C -gstabs+ -O2 execution test
FAIL: g++.dg/debug/trivial.C -gstabs+ -O3 execution test
FAIL: g++.dg/debug/trivial.C -gstabs+3 execution test
FAIL: g++.dg/debug/trivial.C -gstabs+3 -O2 execution test
FAIL: g++.dg/debug/trivial.C -gstabs+3 -O3 execution test
FAIL: g++.dg/abi/local1.C execution test
FAIL: g++.dg/opt/switch4.C (test for excess errors)
XPASS: g++.dg/other/packed1.C execution test
XPASS: g++.dg/tree-ssa/pr14814.C scan-tree-dump-times &this 0
XPASS: g++.old-deja/g++.other/init5.C execution test
=== g++ Summary ===
# of expected passes 12074
# of unexpected failures 52
# of unexpected successes 3
# of expected failures 67
# of unresolved testcases 2
# of unsupported tests 123
/scratch/gcc/nightly-2007-02-26-4.1/arm-none-eabi/build_gcc/build/test-4.1-0-arm-none-eabi/host-i686-pc-linux-gnu/fsf-4.1/bin/arm-none-eabi-c++ version 4.1.3 20070226 (prerelease)
Host is i686-pc-linux-gnu
=== gcc tests ===
Running target arm-sim/-mthumb
FAIL: gcc.c-torture/compile/20030530-3.c -O0 (test for excess errors)
FAIL: gcc.c-torture/compile/20030530-3.c -O1 (test for excess errors)
FAIL: gcc.c-torture/compile/20030530-3.c -O2 (test for excess errors)
FAIL: gcc.c-torture/compile/20030530-3.c -O3 -g (test for excess errors)
FAIL: gcc.c-torture/compile/20030530-3.c -Os (test for excess errors)
FAIL: gcc.c-torture/compile/20030604-1.c -O0 (test for excess errors)
FAIL: gcc.c-torture/compile/20030604-1.c -O1 (test for excess errors)
FAIL: gcc.c-torture/compile/20030604-1.c -O3 -fomit-frame-pointer (test for excess errors)
FAIL: gcc.c-torture/compile/20030604-1.c -O3 -fomit-frame-pointer -funroll-loops (test for excess errors)
FAIL: gcc.c-torture/compile/20030604-1.c -O3 -fomit-frame-pointer -funroll-all-loops -finline-functions (test for excess errors)
FAIL: gcc.c-torture/compile/20030604-1.c -O3 -g (test for excess errors)
FAIL: gcc.c-torture/compile/20030604-1.c -Os (test for excess errors)
FAIL: gcc.c-torture/compile/20030605-1.c -O0 (test for excess errors)
FAIL: gcc.c-torture/compile/20030605-1.c -O1 (test for excess errors)
FAIL: gcc.c-torture/compile/20030605-1.c -O2 (test for excess errors)
FAIL: gcc.c-torture/compile/20030605-1.c -O3 -fomit-frame-pointer (test for excess errors)
FAIL: gcc.c-torture/compile/20030605-1.c -O3 -g (test for excess errors)
FAIL: gcc.c-torture/compile/20030605-1.c -Os (test for excess errors)
FAIL: gcc.c-torture/compile/20030612-1.c -O0 (test for excess errors)
FAIL: gcc.c-torture/compile/20030612-1.c -O1 (test for excess errors)
FAIL: gcc.c-torture/compile/20030612-1.c -O2 (test for excess errors)
FAIL: gcc.c-torture/compile/20030612-1.c -O3 -fomit-frame-pointer (test for excess errors)
FAIL: gcc.c-torture/compile/20030612-1.c -O3 -g (test for excess errors)
FAIL: gcc.c-torture/compile/20030612-1.c -Os (test for excess errors)
FAIL: gcc.c-torture/compile/20030624-1.c -O0 (test for excess errors)
FAIL: gcc.c-torture/compile/20030624-1.c -O1 (test for excess errors)
FAIL: gcc.c-torture/compile/20030624-1.c -O2 (test for excess errors)
FAIL: gcc.c-torture/compile/20030624-1.c -O3 -fomit-frame-pointer (test for excess errors)
FAIL: gcc.c-torture/compile/20030624-1.c -O3 -g (test for excess errors)
FAIL: gcc.c-torture/compile/20030624-1.c -Os (test for excess errors)
FAIL: gcc.c-torture/compile/20030703-1.c -O0 (test for excess errors)
FAIL: gcc.c-torture/compile/20030703-1.c -O1 (test for excess errors)
FAIL: gcc.c-torture/compile/20030703-1.c -O2 (test for excess errors)
XPASS: gcc.c-torture/execute/941014-1.c execution, -O0
FAIL: gcc.dg/compat/struct-layout-1 c_compat_x_tst.o compile
FAIL: gcc.dg/compat/struct-layout-1 c_compat_y_tst.o compile
UNRESOLVED: gcc.dg/compat/struct-layout-1 c_compat_x_tst.o-c_compat_y_tst.o link
UNRESOLVED: gcc.dg/compat/struct-layout-1 c_compat_x_tst.o-c_compat_y_tst.o execute
FAIL: gcc.dg/debug/20050907-1.c -gstabs1 (test for excess errors)
FAIL: gcc.dg/debug/20050907-1.c -gstabs (test for excess errors)
FAIL: gcc.dg/debug/20050907-1.c -gstabs3 (test for excess errors)
FAIL: gcc.dg/debug/20050907-1.c -gstabs+1 (test for excess errors)
FAIL: gcc.dg/debug/20050907-1.c -gstabs+ (test for excess errors)
FAIL: gcc.dg/debug/20050907-1.c -gstabs+3 (test for excess errors)
FAIL: gcc.dg/sibcall-3.c execution test
FAIL: gcc.dg/sibcall-4.c execution test
FAIL: gcc.dg/tls/alias-1.c (test for excess errors)
FAIL: gcc.dg/tls/opt-2.c (test for excess errors)
XPASS: gcc.dg/tree-ssa/20040204-1.c scan-tree-dump-times link_error 0
=== gcc Summary ===
# of expected passes 37626
# of unexpected failures 45
# of unexpected successes 2
# of expected failures 76
# of unresolved testcases 2
# of untested testcases 28
# of unsupported tests 356
/scratch/gcc/nightly-2007-02-26-4.1/arm-none-eabi/build_gcc/build/test-4.1-0-arm-none-eabi/host-i686-pc-linux-gnu/fsf-4.1/bin/arm-none-eabi-gcc version 4.1.3 20070226 (prerelease)
Host is i686-pc-linux-gnu
=== libstdc++ tests ===
Running target arm-sim/-mthumb
FAIL: 22_locale/money_put/put/char/12971.cc execution test
FAIL: 22_locale/money_put/put/char/6.cc execution test
FAIL: 22_locale/num_put/put/char/4.cc execution test
FAIL: 23_containers/set/modifiers/16728.cc execution test
FAIL: 26_numerics/cmath/c99_classification_macros_c.cc (test for excess errors)
WARNING: program timed out.
FAIL: 27_io/basic_stringbuf/overflow/char/1.cc execution test
FAIL: 27_io/ios_base/sync_with_stdio/1.cc execution test
XPASS: ext/stdio_filebuf/char/10063-2.cc execution test
XPASS: ext/stdio_filebuf/char/10063-3.cc execution test
=== libstdc++ Summary ===
# of expected passes 2598
# of unexpected failures 7
# of unexpected successes 2
# of expected failures 15
# of unsupported tests 151
Compiler version: 4.1.3 20070226 (prerelease)
Platform: arm-none-eabi
configure flags: --build=i686-pc-linux-gnu --host=i686-pc-linux-gnu --target=arm-none-eabi --enable-shared --enable-threads --disable-libmudflap --disable-libssp --disable-libgomp --disable-libstdcxx-pch --with-gnu-as --with-gnu-ld --prefix=/scratch/gcc/nightly-2007-02-26-4.1/arm-none-eabi/build_gcc/install --enable-languages=c,c++ --with-newlib --disable-nls --with-headers=yes --with-sysroot=/scratch/gcc/nightly-2007-02-26-4.1/arm-none-eabi/build_gcc/install/arm-none-eabi
More information about the Gcc-testresults
mailing list