Results for 4.3.0 20070225 (experimental) testsuite on arm-none-eabi
CodeSourcery Automatic Testing System
gcc@codesourcery.com
Sun Feb 25 22:25:00 GMT 2007
LAST_UPDATED: Sun Feb 25 08:13:12 UTC 2007 (/trunk revision 122311)
Target is arm-none-eabi
Host is i686-pc-linux-gnu
=== g++ tests ===
Running target arm-sim
FAIL: g++.dg/cpp/_Pragma1.C (test for excess errors)
XPASS: g++.dg/other/packed1.C execution test
FAIL: g++.old-deja/g++.other/init19.C execution test
=== g++ Summary ===
# of expected passes 13516
# of unexpected failures 2
# of unexpected successes 1
# of expected failures 81
# of unsupported tests 131
/scratch/gcc/nightly-2007-02-25-mainline/arm-none-eabi/build_gcc/build/test-mainline-0-arm-none-eabi/host-i686-pc-linux-gnu/fsf-mainline/bin/arm-none-eabi-c++ version 4.3.0 20070225 (experimental)
Host is i686-pc-linux-gnu
=== gcc tests ===
Running target arm-sim
FAIL: gcc.c-torture/execute/mayalias-2.c compilation, -O3 -g (internal compiler error)
UNRESOLVED: gcc.c-torture/execute/mayalias-2.c execution, -O3 -g
FAIL: gcc.c-torture/execute/mayalias-3.c compilation, -O3 -g (internal compiler error)
UNRESOLVED: gcc.c-torture/execute/mayalias-3.c execution, -O3 -g
FAIL: gcc.dg/compat/struct-layout-1 c_compat_x_tst.o compile
FAIL: gcc.dg/compat/struct-layout-1 c_compat_y_tst.o compile
UNRESOLVED: gcc.dg/compat/struct-layout-1 c_compat_x_tst.o-c_compat_y_tst.o link
UNRESOLVED: gcc.dg/compat/struct-layout-1 c_compat_x_tst.o-c_compat_y_tst.o execute
FAIL: gcc.dg/cpp/_Pragma6.c (test for excess errors)
FAIL: gcc.dg/arm-g2.c scan-assembler mla[ \\t].*
FAIL: gcc.dg/builtins-20.c (test for excess errors)
FAIL: gcc.dg/builtins-59.c scan-tree-dump __builtin_cexpi
FAIL: gcc.dg/builtins-59.c scan-tree-dump-not sincos
FAIL: gcc.dg/builtins-61.c scan-tree-dump cexpi
FAIL: gcc.dg/builtins-61.c scan-tree-dump sin
FAIL: gcc.dg/builtins-61.c scan-tree-dump cos
FAIL: gcc.dg/builtins-61.c scan-tree-dump return 0.0
FAIL: gcc.dg/builtins-62.c scan-tree-dump-times cexpi 3
WARNING: program timed out.
FAIL: gcc.dg/c99-intconst-1.c (test for excess errors)
FAIL: gcc.dg/memcpy-1.c scan-tree-dump-times nasty_local 0
FAIL: gcc.dg/tls/alias-1.c (test for excess errors)
FAIL: gcc.dg/tls/opt-2.c (test for excess errors)
FAIL: gcc.dg/tree-ssa/loadpre1.c scan-tree-dump-times Eliminated: 1 1
XPASS: gcc.dg/tree-ssa/update-threading.c scan-tree-dump-times Invalid sum 0
=== gcc Summary ===
# of expected passes 41175
# of unexpected failures 19
# of unexpected successes 1
# of expected failures 74
# of unresolved testcases 4
# of untested testcases 28
# of unsupported tests 424
/scratch/gcc/nightly-2007-02-25-mainline/arm-none-eabi/build_gcc/build/test-mainline-0-arm-none-eabi/host-i686-pc-linux-gnu/fsf-mainline/bin/arm-none-eabi-gcc version 4.3.0 20070225 (experimental)
Host is i686-pc-linux-gnu
=== libstdc++ tests ===
Running target arm-sim
ERROR: tcl error sourcing /scratch/gcc/nightly-2007-02-25-mainline/src/gcc-mainline/libstdc++-v3/testsuite/libstdc++-abi/abi.exp.
ERROR: could not compile testsuite_abi.cc
ERROR: tcl error sourcing /scratch/gcc/nightly-2007-02-25-mainline/src/gcc-mainline/libstdc++-v3/testsuite/libstdc++-dg/conformance.exp.
ERROR: could not compile testsuite_abi.cc
=== libstdc++ Summary ===
Host is i686-pc-linux-gnu
=== g++ tests ===
Running target arm-sim/-mthumb
FAIL: g++.dg/cpp/_Pragma1.C (test for excess errors)
XPASS: g++.dg/other/packed1.C execution test
FAIL: g++.old-deja/g++.other/init19.C execution test
=== g++ Summary ===
# of expected passes 13514
# of unexpected failures 2
# of unexpected successes 1
# of expected failures 81
# of unsupported tests 132
/scratch/gcc/nightly-2007-02-25-mainline/arm-none-eabi/build_gcc/build/test-mainline-0-arm-none-eabi/host-i686-pc-linux-gnu/fsf-mainline/bin/arm-none-eabi-c++ version 4.3.0 20070225 (experimental)
Host is i686-pc-linux-gnu
=== gcc tests ===
Running target arm-sim/-mthumb
XPASS: gcc.c-torture/execute/941014-1.c execution, -O0
FAIL: gcc.c-torture/execute/mayalias-2.c compilation, -O3 -g (internal compiler error)
UNRESOLVED: gcc.c-torture/execute/mayalias-2.c execution, -O3 -g
FAIL: gcc.c-torture/execute/mayalias-3.c compilation, -O3 -g (internal compiler error)
UNRESOLVED: gcc.c-torture/execute/mayalias-3.c execution, -O3 -g
FAIL: gcc.dg/compat/struct-layout-1 c_compat_x_tst.o compile
FAIL: gcc.dg/compat/struct-layout-1 c_compat_y_tst.o compile
UNRESOLVED: gcc.dg/compat/struct-layout-1 c_compat_x_tst.o-c_compat_y_tst.o link
UNRESOLVED: gcc.dg/compat/struct-layout-1 c_compat_x_tst.o-c_compat_y_tst.o execute
FAIL: gcc.dg/cpp/_Pragma6.c (test for excess errors)
FAIL: gcc.dg/builtins-20.c (test for excess errors)
FAIL: gcc.dg/builtins-59.c scan-tree-dump __builtin_cexpi
FAIL: gcc.dg/builtins-59.c scan-tree-dump-not sincos
FAIL: gcc.dg/builtins-61.c scan-tree-dump cexpi
FAIL: gcc.dg/builtins-61.c scan-tree-dump sin
FAIL: gcc.dg/builtins-61.c scan-tree-dump cos
FAIL: gcc.dg/builtins-61.c scan-tree-dump return 0.0
FAIL: gcc.dg/builtins-62.c scan-tree-dump-times cexpi 3
FAIL: gcc.dg/memcpy-1.c scan-tree-dump-times nasty_local 0
FAIL: gcc.dg/sibcall-3.c execution test
FAIL: gcc.dg/sibcall-4.c execution test
FAIL: gcc.dg/tls/alias-1.c (test for excess errors)
FAIL: gcc.dg/tls/opt-2.c (test for excess errors)
FAIL: gcc.dg/tree-ssa/loadpre1.c scan-tree-dump-times Eliminated: 1 1
XPASS: gcc.dg/tree-ssa/update-threading.c scan-tree-dump-times Invalid sum 0
=== gcc Summary ===
# of expected passes 41123
# of unexpected failures 19
# of unexpected successes 2
# of expected failures 74
# of unresolved testcases 4
# of untested testcases 28
# of unsupported tests 430
/scratch/gcc/nightly-2007-02-25-mainline/arm-none-eabi/build_gcc/build/test-mainline-0-arm-none-eabi/host-i686-pc-linux-gnu/fsf-mainline/bin/arm-none-eabi-gcc version 4.3.0 20070225 (experimental)
Host is i686-pc-linux-gnu
=== libstdc++ tests ===
Running target arm-sim/-mthumb
ERROR: tcl error sourcing /scratch/gcc/nightly-2007-02-25-mainline/src/gcc-mainline/libstdc++-v3/testsuite/libstdc++-abi/abi.exp.
ERROR: could not compile testsuite_abi.cc
ERROR: tcl error sourcing /scratch/gcc/nightly-2007-02-25-mainline/src/gcc-mainline/libstdc++-v3/testsuite/libstdc++-dg/conformance.exp.
ERROR: could not compile testsuite_abi.cc
=== libstdc++ Summary ===
Compiler version: 4.3.0 20070225 (experimental)
Platform: arm-none-eabi
configure flags: --build=i686-pc-linux-gnu --host=i686-pc-linux-gnu --target=arm-none-eabi --enable-shared --enable-threads --disable-libmudflap --disable-libssp --disable-libgomp --disable-libstdcxx-pch --with-gnu-as --with-gnu-ld --prefix=/opt/codesourcery --enable-languages=c,c++ --with-newlib --disable-nls --with-headers=yes --with-sysroot=/opt/codesourcery/arm-none-eabi --with-build-sysroot=/scratch/gcc/nightly-2007-02-25-mainline/arm-none-eabi/build_gcc/install/arm-none-eabi --with-gmp=/scratch/gcc/nightly-2007-02-25-mainline/arm-none-eabi/build_gcc/build/host-libs-mainline-0-arm-none-eabi-i686-pc-linux-gnu/usr --with-mpfr=/scratch/gcc/nightly-2007-02-25-mainline/arm-none-eabi/build_gcc/build/host-libs-mainline-0-arm-none-eabi-i686-pc-linux-gnu/usr --with-build-time-tools=/scratch/gcc/nightly-2007-02-25-mainline/arm-none-eabi/build_gcc/install/arm-none-eabi/bin --with-build-time-tools=/scratch/gcc/nightly-2007-02-25-mainline/arm-none-eabi/build_gcc/install/arm-none-eab!
i/bin
More information about the Gcc-testresults
mailing list